54.246.70.46 - - [26/May/2026:20:46:03 -0300] "GET /worker/.env HTTP/1.1" 406 226 "-" "Mozilla/5.0 (Windows NT 10.0; Win64; x64) AppleWebKit/537.36 (KHTML, like Gecko) Chrome/131.0.0.0 Safari/537.36" netodolele.com.br.meumercado.app 10.53.184.85
54.246.70.46 - - [26/May/2026:20:46:03 -0300] "GET /job/.env HTTP/1.1" 406 226 "-" "Mozilla/5.0 (Windows NT 10.0; Win64; x64) AppleWebKit/537.36 (KHTML, like Gecko) Chrome/131.0.0.0 Safari/537.36" netodolele.com.br.meumercado.app 10.53.184.85
54.246.70.46 - - [26/May/2026:20:46:03 -0300] "GET /test/.env HTTP/1.1" 406 226 "-" "Mozilla/5.0 (Windows NT 10.0; Win64; x64) AppleWebKit/537.36 (KHTML, like Gecko) Chrome/131.0.0.0 Safari/537.36" netodolele.com.br.meumercado.app 10.53.184.85
54.246.70.46 - - [26/May/2026:20:46:03 -0300] "GET /qa/.env HTTP/1.1" 406 226 "-" "Mozilla/5.0 (Windows NT 10.0; Win64; x64) AppleWebKit/537.36 (KHTML, like Gecko) Chrome/131.0.0.0 Safari/537.36" netodolele.com.br.meumercado.app 10.53.184.85
54.246.70.46 - - [26/May/2026:20:46:04 -0300] "GET /preview/.env HTTP/1.1" 406 226 "-" "Mozilla/5.0 (Windows NT 10.0; Win64; x64) AppleWebKit/537.36 (KHTML, like Gecko) Chrome/131.0.0.0 Safari/537.36" netodolele.com.br.meumercado.app 10.53.184.85
54.246.70.46 - - [26/May/2026:20:46:04 -0300] "GET /beta/.env HTTP/1.1" 406 226 "-" "Mozilla/5.0 (Windows NT 10.0; Win64; x64) AppleWebKit/537.36 (KHTML, like Gecko) Chrome/131.0.0.0 Safari/537.36" netodolele.com.br.meumercado.app 10.53.184.85
54.246.70.46 - - [26/May/2026:20:46:04 -0300] "GET /uat/.env HTTP/1.1" 406 226 "-" "Mozilla/5.0 (Windows NT 10.0; Win64; x64) AppleWebKit/537.36 (KHTML, like Gecko) Chrome/131.0.0.0 Safari/537.36" netodolele.com.br.meumercado.app 10.53.184.85
54.246.70.46 - - [26/May/2026:20:46:05 -0300] "GET /stage/.env HTTP/1.1" 406 226 "-" "Mozilla/5.0 (Windows NT 10.0; Win64; x64) AppleWebKit/537.36 (KHTML, like Gecko) Chrome/131.0.0.0 Safari/537.36" netodolele.com.br.meumercado.app 10.53.184.85
54.246.70.46 - - [26/May/2026:20:46:05 -0300] "GET /development/.env HTTP/1.1" 406 226 "-" "Mozilla/5.0 (Windows NT 10.0; Win64; x64) AppleWebKit/537.36 (KHTML, like Gecko) Chrome/131.0.0.0 Safari/537.36" netodolele.com.br.meumercado.app 10.53.184.85
54.246.70.46 - - [26/May/2026:20:46:05 -0300] "GET /production/.env HTTP/1.1" 406 226 "-" "Mozilla/5.0 (Windows NT 10.0; Win64; x64) AppleWebKit/537.36 (KHTML, like Gecko) Chrome/131.0.0.0 Safari/537.36" netodolele.com.br.meumercado.app 10.53.184.85
54.246.70.46 - - [26/May/2026:20:46:06 -0300] "GET /config/app/.env HTTP/1.1" 406 226 "-" "Mozilla/5.0 (Windows NT 10.0; Win64; x64) AppleWebKit/537.36 (KHTML, like Gecko) Chrome/131.0.0.0 Safari/537.36" netodolele.com.br.meumercado.app 10.53.184.85
54.246.70.46 - - [26/May/2026:20:46:06 -0300] "GET / HTTP/1.1" 200 21 "-" "Mozilla/5.0 (Windows NT 10.0; Win64; x64) AppleWebKit/537.36 (KHTML, like Gecko) Chrome/131.0.0.0 Safari/537.36" netodolele.com.br.meumercado.app 10.53.184.85
54.246.70.46 - - [26/May/2026:20:46:07 -0300] "GET /service-account.json HTTP/1.1" 200 26603 "-" "Mozilla/5.0 (Windows NT 10.0; Win64; x64) AppleWebKit/537.36 (KHTML, like Gecko) Chrome/131.0.0.0 Safari/537.36" netodolele.com.br.meumercado.app 10.53.184.85
54.246.70.46 - - [26/May/2026:20:46:09 -0300] "GET /sa.json HTTP/1.1" 200 26603 "-" "Mozilla/5.0 (Windows NT 10.0; Win64; x64) AppleWebKit/537.36 (KHTML, like Gecko) Chrome/131.0.0.0 Safari/537.36" netodolele.com.br.meumercado.app 10.53.184.85
54.246.70.46 - - [26/May/2026:20:46:11 -0300] "GET /gcp-key.json HTTP/1.1" 200 26603 "-" "Mozilla/5.0 (Windows NT 10.0; Win64; x64) AppleWebKit/537.36 (KHTML, like Gecko) Chrome/131.0.0.0 Safari/537.36" netodolele.com.br.meumercado.app 10.53.184.85
54.246.70.46 - - [26/May/2026:20:46:12 -0300] "GET /gcp-credentials.json HTTP/1.1" 200 26603 "-" "Mozilla/5.0 (Windows NT 10.0; Win64; x64) AppleWebKit/537.36 (KHTML, like Gecko) Chrome/131.0.0.0 Safari/537.36" netodolele.com.br.meumercado.app 10.53.184.85
54.246.70.46 - - [26/May/2026:20:46:15 -0300] "GET /gcp-sa.json HTTP/1.1" 200 26603 "-" "Mozilla/5.0 (Windows NT 10.0; Win64; x64) AppleWebKit/537.36 (KHTML, like Gecko) Chrome/131.0.0.0 Safari/537.36" netodolele.com.br.meumercado.app 10.53.184.85
54.246.70.46 - - [26/May/2026:20:46:17 -0300] "GET /credentials.json HTTP/1.1" 200 26603 "-" "Mozilla/5.0 (Windows NT 10.0; Win64; x64) AppleWebKit/537.36 (KHTML, like Gecko) Chrome/131.0.0.0 Safari/537.36" netodolele.com.br.meumercado.app 10.53.184.85
54.246.70.46 - - [26/May/2026:20:46:18 -0300] "GET /google-credentials.json HTTP/1.1" 200 26603 "-" "Mozilla/5.0 (Windows NT 10.0; Win64; x64) AppleWebKit/537.36 (KHTML, like Gecko) Chrome/131.0.0.0 Safari/537.36" netodolele.com.br.meumercado.app 10.53.184.85
54.246.70.46 - - [26/May/2026:20:46:20 -0300] "GET /google-key.json HTTP/1.1" 200 26603 "-" "Mozilla/5.0 (Windows NT 10.0; Win64; x64) AppleWebKit/537.36 (KHTML, like Gecko) Chrome/131.0.0.0 Safari/537.36" netodolele.com.br.meumercado.app 10.53.184.85
54.246.70.46 - - [26/May/2026:20:46:22 -0300] "GET /.config/gcloud/application_default_credentials.json HTTP/1.1" 200 28870 "-" "Mozilla/5.0 (Windows NT 10.0; Win64; x64) AppleWebKit/537.36 (KHTML, like Gecko) Chrome/131.0.0.0 Safari/537.36" netodolele.com.br.meumercado.app 10.53.184.85
54.246.70.46 - - [26/May/2026:20:46:24 -0300] "GET /application_default_credentials.json HTTP/1.1" 200 26603 "-" "Mozilla/5.0 (Windows NT 10.0; Win64; x64) AppleWebKit/537.36 (KHTML, like Gecko) Chrome/131.0.0.0 Safari/537.36" netodolele.com.br.meumercado.app 10.53.184.85
54.246.70.46 - - [26/May/2026:20:46:26 -0300] "GET /key.json HTTP/1.1" 200 26603 "-" "Mozilla/5.0 (Windows NT 10.0; Win64; x64) AppleWebKit/537.36 (KHTML, like Gecko) Chrome/131.0.0.0 Safari/537.36" netodolele.com.br.meumercado.app 10.53.184.85
54.246.70.46 - - [26/May/2026:20:46:28 -0300] "GET /keyfile.json HTTP/1.1" 200 26603 "-" "Mozilla/5.0 (Windows NT 10.0; Win64; x64) AppleWebKit/537.36 (KHTML, like Gecko) Chrome/131.0.0.0 Safari/537.36" netodolele.com.br.meumercado.app 10.53.184.85
54.246.70.46 - - [26/May/2026:20:46:29 -0300] "GET /firebase-adminsdk.json HTTP/1.1" 200 26603 "-" "Mozilla/5.0 (Windows NT 10.0; Win64; x64) AppleWebKit/537.36 (KHTML, like Gecko) Chrome/131.0.0.0 Safari/537.36" netodolele.com.br.meumercado.app 10.53.184.85
54.246.70.46 - - [26/May/2026:20:46:31 -0300] "GET /firebase-key.json HTTP/1.1" 200 26603 "-" "Mozilla/5.0 (Windows NT 10.0; Win64; x64) AppleWebKit/537.36 (KHTML, like Gecko) Chrome/131.0.0.0 Safari/537.36" netodolele.com.br.meumercado.app 10.53.184.85
54.246.70.46 - - [26/May/2026:20:46:33 -0300] "GET /firebase-config.json HTTP/1.1" 200 26603 "-" "Mozilla/5.0 (Windows NT 10.0; Win64; x64) AppleWebKit/537.36 (KHTML, like Gecko) Chrome/131.0.0.0 Safari/537.36" netodolele.com.br.meumercado.app 10.53.184.85
54.246.70.46 - - [26/May/2026:20:46:34 -0300] "GET /gcloud-service-key.json HTTP/1.1" 200 26603 "-" "Mozilla/5.0 (Windows NT 10.0; Win64; x64) AppleWebKit/537.36 (KHTML, like Gecko) Chrome/131.0.0.0 Safari/537.36" netodolele.com.br.meumercado.app 10.53.184.85
54.246.70.46 - - [26/May/2026:20:46:36 -0300] "GET /service_account.json HTTP/1.1" 200 26603 "-" "Mozilla/5.0 (Windows NT 10.0; Win64; x64) AppleWebKit/537.36 (KHTML, like Gecko) Chrome/131.0.0.0 Safari/537.36" netodolele.com.br.meumercado.app 10.53.184.85
54.246.70.46 - - [26/May/2026:20:46:38 -0300] "GET /gcp_key.json HTTP/1.1" 200 26603 "-" "Mozilla/5.0 (Windows NT 10.0; Win64; x64) AppleWebKit/537.36 (KHTML, like Gecko) Chrome/131.0.0.0 Safari/537.36" netodolele.com.br.meumercado.app 10.53.184.85
54.246.70.46 - - [26/May/2026:20:46:39 -0300] "GET /google-service-account.json HTTP/1.1" 200 26603 "-" "Mozilla/5.0 (Windows NT 10.0; Win64; x64) AppleWebKit/537.36 (KHTML, like Gecko) Chrome/131.0.0.0 Safari/537.36" netodolele.com.br.meumercado.app 10.53.184.85
54.246.70.46 - - [26/May/2026:20:46:40 -0300] "GET /cloud-key.json HTTP/1.1" 200 26603 "-" "Mozilla/5.0 (Windows NT 10.0; Win64; x64) AppleWebKit/537.36 (KHTML, like Gecko) Chrome/131.0.0.0 Safari/537.36" netodolele.com.br.meumercado.app 10.53.184.85
72.14.147.177 - - [26/May/2026:22:02:02 -0300] "HEAD / HTTP/1.1" 200 - "-" "Mozilla/5.0 (Macintosh; Intel Mac OS X 10_15_7) AppleWebKit/537.36 (KHTML, like Gecko) Chrome/147.0.0.0 Safari/537.36" netodolele.com.br.meumercado.app 10.53.184.85
72.14.147.177 - - [26/May/2026:22:02:08 -0300] "GET /.git/HEAD HTTP/1.1" 200 26603 "-" "Mozilla/5.0 (Windows NT 10.0; Win64; x64) AppleWebKit/537.36 (KHTML, like Gecko) Chrome/147.0.0.0 Safari/537.36" netodolele.com.br.meumercado.app 10.53.184.85
72.14.147.177 - - [26/May/2026:22:02:08 -0300] "GET /.git/config HTTP/1.1" 200 26603 "-" "Mozilla/5.0 (Macintosh; Intel Mac OS X 15.7; rv:149.0) Gecko/20100101 Firefox/149.0" netodolele.com.br.meumercado.app 10.53.184.85
64.50.191.33 - - [27/May/2026:01:18:22 -0300] "GET /.git/config HTTP/1.1" 200 26603 "-" "Mozilla/5.0 (compatible; YandexBot/3.0; +http://yandex.com/bots)" www.netodolele.com.br.meumercado.app 10.53.184.85
64.50.191.33 - - [27/May/2026:01:18:22 -0300] "GET /.git/HEAD HTTP/1.1" 200 26603 "-" "Mozilla/5.0 AppleWebKit/537.36 (KHTML, like Gecko; compatible; ChatGPT-User/1.0; +https://openai.com/bot)" www.netodolele.com.br.meumercado.app 10.53.184.85
64.50.191.33 - - [27/May/2026:01:18:22 -0300] "GET / HTTP/1.1" 200 21 "-" "Mozilla/5.0 (compatible; OAI-SearchBot/1.3; +https://openai.com/searchbot)" www.netodolele.com.br.meumercado.app 10.53.184.85
64.50.191.33 - - [27/May/2026:01:18:23 -0300] "GET /.env HTTP/1.1" 406 226 "-" "Mozilla/5.0 (compatible; xAI-SearchBot/1.0; +https://x.ai)" www.netodolele.com.br.meumercado.app 10.53.184.85
64.50.191.33 - - [27/May/2026:01:18:24 -0300] "GET /.env.development HTTP/1.1" 200 26603 "-" "Mozilla/5.0 (compatible; OAI-SearchBot/1.3; +https://openai.com/searchbot)" www.netodolele.com.br.meumercado.app 10.53.184.85
64.50.191.33 - - [27/May/2026:01:18:25 -0300] "GET /sitemap.xml HTTP/1.1" 406 226 "-" "CCBot/2.0 (https://commoncrawl.org/faq/)" www.netodolele.com.br.meumercado.app 10.53.184.85
64.50.191.33 - - [27/May/2026:01:18:25 -0300] "GET /.env.bak HTTP/1.1" 406 226 "-" "Mozilla/5.0 (compatible; xAI-SearchBot/1.0; +https://x.ai)" www.netodolele.com.br.meumercado.app 10.53.184.85
64.50.191.33 - - [27/May/2026:01:18:25 -0300] "GET /robots.txt HTTP/1.1" 200 97 "-" "Mozilla/5.0 (compatible; xAI-SearchBot/1.0; +https://x.ai)" www.netodolele.com.br.meumercado.app 10.53.184.85
64.50.191.33 - - [27/May/2026:01:18:25 -0300] "GET /.env.backup HTTP/1.1" 406 226 "-" "Mozilla/5.0 (compatible; Googlebot/2.1; +http://www.google.com/bot.html)" www.netodolele.com.br.meumercado.app 10.53.184.85
64.50.191.33 - - [27/May/2026:01:18:23 -0300] "GET /.env.local HTTP/1.1" 200 26603 "-" "Mozilla/5.0 AppleWebKit/537.36 (KHTML, like Gecko; compatible; GPTBot/1.3; +https://openai.com/gptbot)" www.netodolele.com.br.meumercado.app 10.53.184.85
64.50.191.33 - - [27/May/2026:01:18:23 -0300] "GET /.env.production HTTP/1.1" 200 26603 "-" "Mozilla/5.0 (compatible; Baiduspider/2.0; +http://www.baidu.com/search/spider.html)" www.netodolele.com.br.meumercado.app 10.53.184.85
64.50.191.33 - - [27/May/2026:01:18:24 -0300] "GET /secrets.json HTTP/1.1" 200 26603 "-" "Mozilla/5.0 (compatible; PerplexityBot/1.0; +https://perplexity.ai/perplexitybot)" www.netodolele.com.br.meumercado.app 10.53.184.85
64.50.191.33 - - [27/May/2026:01:18:24 -0300] "GET /keyfile.json HTTP/1.1" 200 26603 "-" "Mozilla/5.0 (compatible; xAI-SearchBot/1.0; +https://x.ai)" www.netodolele.com.br.meumercado.app 10.53.184.85
64.50.191.33 - - [27/May/2026:01:18:24 -0300] "GET /key.json HTTP/1.1" 200 26603 "-" "Mozilla/5.0 (compatible; OAI-SearchBot/1.3; +https://openai.com/searchbot)" www.netodolele.com.br.meumercado.app 10.53.184.85
64.50.191.33 - - [27/May/2026:01:18:25 -0300] "GET /appsettings.json HTTP/1.1" 200 26603 "-" "Mozilla/5.0 (compatible; ClaudeBot/1.0; +claudebot@anthropic.com)" www.netodolele.com.br.meumercado.app 10.53.184.85
64.50.191.33 - - [27/May/2026:01:18:24 -0300] "GET /config.json HTTP/1.1" 200 26603 "-" "Mozilla/5.0 (compatible; OAI-SearchBot/1.3; +https://openai.com/searchbot)" www.netodolele.com.br.meumercado.app 10.53.184.85
64.50.191.33 - - [27/May/2026:01:18:25 -0300] "GET /account.json HTTP/1.1" 200 26603 "-" "Mozilla/5.0 (compatible; Baiduspider/2.0; +http://www.baidu.com/search/spider.html)" www.netodolele.com.br.meumercado.app 10.53.184.85
64.50.191.33 - - [27/May/2026:01:18:24 -0300] "GET /api/env HTTP/1.1" 200 26634 "-" "Mozilla/5.0 (compatible; OAI-SearchBot/1.3; +https://openai.com/searchbot)" www.netodolele.com.br.meumercado.app 10.53.184.85
64.50.191.33 - - [27/May/2026:01:18:25 -0300] "GET /gcp-credentials.json HTTP/1.1" 200 26603 "-" "Mozilla/5.0 AppleWebKit/537.36 (KHTML, like Gecko; compatible; GPTBot/1.3; +https://openai.com/gptbot)" www.netodolele.com.br.meumercado.app 10.53.184.85
64.50.191.33 - - [27/May/2026:01:18:25 -0300] "GET /google-credentials.json HTTP/1.1" 200 26603 "-" "Mozilla/5.0 (compatible; DeepSeekBot/1.0; +https://www.deepseek.com/bot)" www.netodolele.com.br.meumercado.app 10.53.184.85
64.50.191.33 - - [27/May/2026:01:18:25 -0300] "GET /credentials.json HTTP/1.1" 200 26603 "-" "Mozilla/5.0 (compatible; ClaudeBot/1.0; +claudebot@anthropic.com)" www.netodolele.com.br.meumercado.app 10.53.184.85
64.50.191.33 - - [27/May/2026:01:18:25 -0300] "GET /api/config HTTP/1.1" 200 26634 "-" "Mozilla/5.0 (compatible; ClaudeBot/1.0; +claudebot@anthropic.com)" www.netodolele.com.br.meumercado.app 10.53.184.85
64.50.191.33 - - [27/May/2026:01:18:25 -0300] "GET /firebase.json HTTP/1.1" 200 26603 "-" "Mozilla/5.0 (compatible; DeepSeekBot/1.0; +https://www.deepseek.com/bot)" www.netodolele.com.br.meumercado.app 10.53.184.85
64.50.191.33 - - [27/May/2026:01:18:25 -0300] "GET /firebase-adminsdk.json HTTP/1.1" 200 26603 "-" "Mozilla/5.0 (compatible; YandexBot/3.0; +http://yandex.com/bots)" www.netodolele.com.br.meumercado.app 10.53.184.85
64.50.191.33 - - [27/May/2026:01:18:25 -0300] "GET /service-account.json HTTP/1.1" 200 26603 "-" "Mozilla/5.0 (compatible; PerplexityBot/1.0; +https://perplexity.ai/perplexitybot)" www.netodolele.com.br.meumercado.app 10.53.184.85
64.50.191.33 - - [27/May/2026:01:18:25 -0300] "GET /actuator/env HTTP/1.1" 200 26634 "-" "Mozilla/5.0 (compatible; OAI-SearchBot/1.3; +https://openai.com/searchbot)" www.netodolele.com.br.meumercado.app 10.53.184.85
173.212.242.49 - - [27/May/2026:02:16:25 -0300] "POST / HTTP/1.1" 406 226 "-" "Mozilla/5.0" netodolele.com.br.meumercado.app 10.53.184.85
177.136.249.107 - - [27/May/2026:02:18:21 -0300] "POST / HTTP/1.1" 406 226 "-" "Mozilla/5.0" www.netodolele.com.br.meumercado.app 10.53.184.85
64.23.136.52 - - [27/May/2026:03:18:43 -0300] "GET / HTTP/1.1" 200 21 "-" "Mozilla/5.0 (X11; Linux x86_64; rv:142.0) Gecko/20100101 Firefox/142.0" www.netodolele.com.br.meumercado.app 10.53.184.85
64.23.136.52 - - [27/May/2026:03:18:48 -0300] "GET /favicon.ico HTTP/1.1" 200 21 "https://www.netodolele.com.br.meumercado.app/" "Mozilla/5.0 (X11; Linux x86_64; rv:142.0) Gecko/20100101 Firefox/142.0" www.netodolele.com.br.meumercado.app 10.53.184.85
74.7.228.41 - - [27/May/2026:05:40:36 -0300] "GET /robots.txt HTTP/2.0" 200 97 "-" "Mozilla/5.0 (Macintosh; Intel Mac OS X 10_15_7) AppleWebKit/537.36 (KHTML, like Gecko) Chrome/131.0.0.0 Safari/537.36; compatible; OAI-SearchBot/1.4; robots.txt; +https://openai.com/searchbot" netodolele.com.br.meumercado.app 10.53.184.85
43.162.95.226 - - [27/May/2026:07:16:07 -0300] "GET /wp-json/wp/v2/pages HTTP/1.1" 200 32107 "https://netodolele.com.br.meumercado.app" "Mozilla/5.0 (iPhone; CPU iPhone OS 18_3_2 like Mac OS X) AppleWebKit/605.1.15 (KHTML, like Gecko) Version/18.3.1 Mobile/15E148 Safari/604.1" netodolele.com.br.meumercado.app 10.53.184.85
104.23.168.51 - - [27/May/2026:13:36:40 -0300] "GET /_rNd9xZ7kL3 HTTP/2.0" 200 26641 "-" "Mozilla/5.0 (Linux; Android 14; Pixel 8) AppleWebKit/537.36 (KHTML, like Gecko) Chrome/135.0.6422.113 Mobile Safari/537.36" netodolele.com.br.meumercado.app 10.53.184.85
172.71.103.62 - - [27/May/2026:13:36:57 -0300] "HEAD / HTTP/2.0" 200 - "-" "-" netodolele.com.br.meumercado.app 10.53.184.85
172.71.103.62 - - [27/May/2026:13:36:58 -0300] "GET / HTTP/2.0" 200 21 "-" "-" netodolele.com.br.meumercado.app 10.53.184.85
172.71.95.107 - - [27/May/2026:13:37:01 -0300] "GET / HTTP/2.0" 200 21 "-" "Mozilla/5.0 (Windows NT 10.0; Win64; x64) AppleWebKit/537.36 (KHTML, like Gecko) Chrome/131.0.0.0 Safari/537.36" www.netodolele.com.br.meumercado.app 10.53.184.85
74.7.175.142 - - [27/May/2026:19:21:20 -0300] "GET /robots.txt HTTP/2.0" 200 97 "-" "Mozilla/5.0 (Macintosh; Intel Mac OS X 10_15_7) AppleWebKit/537.36 (KHTML, like Gecko) Chrome/131.0.0.0 Safari/537.36; compatible; OAI-SearchBot/1.4; robots.txt; +https://openai.com/searchbot" www.netodolele.com.br.meumercado.app 10.53.184.85
205.210.31.57 - - [27/May/2026:20:03:41 -0300] "GET / HTTP/1.1" 200 1 "-" "Hello from Palo Alto Networks, find out more about our scans in https://docs-cortex.paloaltonetworks.com/r/1/Cortex-Xpanse/Scanning-activity" netodolele.com.br.meumercado.app 10.53.184.85
176.65.139.232 - - [28/May/2026:04:33:40 -0300] "GET /.env HTTP/1.1" 406 226 "-" "Mozilla/5.0 (Windows NT 10.0; Win64; x64) AppleWebKit/537.36 (KHTML, like Gecko) Chrome/147.0.0.0 Safari/537.36" netodolele.com.br.meumercado.app 10.53.184.85
18.235.110.182 - - [28/May/2026:04:44:14 -0300] "GET / HTTP/1.1" 421 362 "-" "RecordedFuture Global Inventory Crawler" www.netodolele.com.br.meumercado.app 10.53.184.85
74.7.228.41 - - [28/May/2026:11:36:18 -0300] "GET /robots.txt HTTP/2.0" 200 97 "-" "Mozilla/5.0 (Macintosh; Intel Mac OS X 10_15_7) AppleWebKit/537.36 (KHTML, like Gecko) Chrome/131.0.0.0 Safari/537.36; compatible; OAI-SearchBot/1.4; robots.txt; +https://openai.com/searchbot" netodolele.com.br.meumercado.app 10.53.184.85
74.7.241.15 - - [28/May/2026:11:36:17 -0300] "GET / HTTP/2.0" 200 21 "-" "Mozilla/5.0 AppleWebKit/537.36 (KHTML, like Gecko; compatible; GPTBot/1.4; +https://openai.com/gptbot)" netodolele.com.br.meumercado.app 10.53.184.85
5.255.127.96 - - [28/May/2026:14:41:43 -0300] "GET / HTTP/1.1" 200 21 "-" "Mozilla/5.0 (X11; Linux x86_64; rv:149.0) Gecko/20100101 Firefox/149.0" netodolele.com.br.meumercado.app 10.53.184.85
157.15.40.6 - - [28/May/2026:17:18:24 -0300] "HEAD / HTTP/1.1" 200 - "-" "Mozilla/5.0 (Windows NT 10.0; Win64; x64) AppleWebKit/537.36" netodolele.com.br.meumercado.app 10.53.184.85
157.15.40.6 - - [28/May/2026:17:22:22 -0300] "GET / HTTP/1.1" 200 21 "-" "Mozilla/5.0 (compatible; Googlebot/2.1; +http://www.google.com/bot.html)" netodolele.com.br.meumercado.app 10.53.184.85
195.178.110.241 - - [28/May/2026:18:03:24 -0300] "GET /.git/config HTTP/1.1" 200 26603 "-" "Mozilla/5.0 (X11; Linux x86_64; rv:109.0) Gecko/20100101 Firefox/115.0" www.netodolele.com.br.meumercado.app 10.53.184.85
176.65.139.231 - - [28/May/2026:19:46:28 -0300] "GET / HTTP/1.1" 200 1 "-" "Mozilla/5.0 (Windows NT 10.0; Win64; x64) AppleWebKit/537.36 (KHTML, like Gecko) Chrome/147.0.0.0 Safari/537.36" netodolele.com.br.meumercado.app 10.53.184.85
74.7.175.142 - - [29/May/2026:01:48:42 -0300] "GET /robots.txt HTTP/2.0" 200 97 "-" "Mozilla/5.0 (Macintosh; Intel Mac OS X 10_15_7) AppleWebKit/537.36 (KHTML, like Gecko) Chrome/131.0.0.0 Safari/537.36; compatible; OAI-SearchBot/1.4; robots.txt; +https://openai.com/searchbot" www.netodolele.com.br.meumercado.app 10.53.184.85
74.7.243.248 - - [29/May/2026:01:48:42 -0300] "GET / HTTP/2.0" 200 21 "-" "Mozilla/5.0 AppleWebKit/537.36 (KHTML, like Gecko; compatible; GPTBot/1.4; +https://openai.com/gptbot)" www.netodolele.com.br.meumercado.app 10.53.184.85
64.227.175.137 - - [29/May/2026:02:38:30 -0300] "GET / HTTP/1.1" 400 52 "-" "Mozilla/5.0 (X11; Linux x86_64) AppleWebKit/537.36 (KHTML, like Gecko) Chrome/142.0.0.0 Safari/537.36" autodiscover.netodolele.com.br 10.53.184.85
64.227.175.137 - - [29/May/2026:02:38:38 -0300] "GET /favicon.ico HTTP/1.1" 400 52 "https://autodiscover.netodolele.com.br/" "Mozilla/5.0 (X11; Linux x86_64) AppleWebKit/537.36 (KHTML, like Gecko) Chrome/142.0.0.0 Safari/537.36" autodiscover.netodolele.com.br 10.53.184.85
195.178.110.241 - - [29/May/2026:08:21:05 -0300] "GET /.git/config HTTP/1.1" 200 26603 "-" "Mozilla/5.0 (Macintosh; Intel Mac OS X 15_0_0) AppleWebKit/605.1.15 (KHTML, like Gecko) Version/19.0 Safari/605.1.15" netodolele.com.br.meumercado.app 10.53.184.85
74.7.228.41 - - [29/May/2026:08:36:10 -0300] "GET /robots.txt HTTP/2.0" 200 97 "-" "Mozilla/5.0 (Macintosh; Intel Mac OS X 10_15_7) AppleWebKit/537.36 (KHTML, like Gecko) Chrome/131.0.0.0 Safari/537.36; compatible; OAI-SearchBot/1.4; robots.txt; +https://openai.com/searchbot" netodolele.com.br.meumercado.app 10.53.184.85
74.7.175.142 - - [29/May/2026:10:41:58 -0300] "GET /robots.txt HTTP/2.0" 200 97 "-" "Mozilla/5.0 (Macintosh; Intel Mac OS X 10_15_7) AppleWebKit/537.36 (KHTML, like Gecko) Chrome/131.0.0.0 Safari/537.36; compatible; OAI-SearchBot/1.4; robots.txt; +https://openai.com/searchbot" www.netodolele.com.br.meumercado.app 10.53.184.85
163.245.192.49 - - [29/May/2026:13:14:36 -0300] "GET / HTTP/1.1" 200 21 "-" "Mozilla/5.0 (Windows NT 10.0; Win64; x64) AppleWebKit/537.36 (KHTML, like Gecko) Chrome/125.0.0.0 Safari/537.36" netodolele.com.br.meumercado.app 10.53.184.85
52.0.245.198 - - [29/May/2026:23:06:24 -0300] "GET / HTTP/1.1" 200 21 "-" "Mozilla/5.0 (X11; Linux x86_64) AppleWebKit/537.36 (KHTML, like Gecko) Chrome/112.0.0.0 Safari/537.36" www.netodolele.com.br.meumercado.app 10.53.184.85
45.227.253.15 - - [30/May/2026:03:33:54 -0300] "GET /index.php/jk HTTP/1.1" 409 83 "-" "Mozilla/5.0 (Macintosh; Intel Mac OS X 10.11; rv:103.0) Gecko/20100101 Firefox/103.0" netodolele.com.br 10.53.184.85
176.65.139.234 - - [30/May/2026:05:35:42 -0300] "GET /.env HTTP/1.1" 406 226 "-" "Mozilla/5.0 (Windows NT 10.0; Win64; x64) AppleWebKit/537.36 (KHTML, like Gecko) Chrome/147.0.0.0 Safari/537.36" netodolele.com.br.meumercado.app 10.53.184.85
176.65.139.237 - - [30/May/2026:05:35:43 -0300] "GET /.env HTTP/1.1" 406 226 "-" "Mozilla/5.0 (Windows NT 10.0; Win64; x64) AppleWebKit/537.36 (KHTML, like Gecko) Chrome/147.0.0.0 Safari/537.36" netodolele.com.br 10.53.184.85
162.241.203.72 - - [30/May/2026:07:02:57 -0300] "POST /wp-cron.php?doing_wp_cron=1780135377.8163099288940429687500 HTTP/1.1" 200 - "-" "WordPress/7.0; https://netodolele.com.br" netodolele.com.br 10.53.184.85
205.210.31.90 - - [30/May/2026:07:02:56 -0300] "GET / HTTP/1.1" 200 1 "-" "Hello from Palo Alto Networks, find out more about our scans in https://docs-cortex.paloaltonetworks.com/r/1/Cortex-Xpanse/Scanning-activity" netodolele.com.br.meumercado.app 10.53.184.85
138.246.253.24 - - [30/May/2026:07:10:52 -0300] "GET /robots.txt HTTP/1.1" 200 122 "-" "Mozilla/5.0 (Windows NT 10.0; Win64; x64) AppleWebKit/537.36 (KHTML, like Gecko) Chrome/103.0.5060.134 Safari/537.36" netodolele.com.br 10.53.184.85
45.227.253.15 - - [30/May/2026:08:12:53 -0300] "GET /index.php/jk HTTP/1.1" 409 83 "-" "Mozilla/5.0 (Macintosh; Intel Mac OS X 10.11; rv:103.0) Gecko/20100101 Firefox/103.0" netodolele.com.br 10.53.184.85
162.241.203.72 - - [30/May/2026:12:45:39 -0300] "POST /wp-cron.php?doing_wp_cron=1780155939.7109930515289306640625 HTTP/1.1" 200 - "-" "WordPress/7.0; https://netodolele.com.br" netodolele.com.br 10.53.184.85
162.241.203.72 - - [30/May/2026:12:45:39 -0300] "POST /wp-cron.php?doing_wp_cron=1780155939.7111020088195800781250 HTTP/1.1" 200 - "-" "WordPress/7.0; https://netodolele.com.br" netodolele.com.br 10.53.184.85
93.123.109.221 - - [30/May/2026:12:45:37 -0300] "GET /.git/config HTTP/1.1" 200 26603 "-" "Mozilla/5.0 (Macintosh; Intel Mac OS X 10_11_2) AppleWebKit/601.3.9 (KHTML, like Gecko) Version/9.0.2 Safari/601.3.9" netodolele.com.br.meumercado.app 10.53.184.85
93.123.109.221 - - [30/May/2026:12:45:37 -0300] "GET /.git/config HTTP/1.1" 200 26587 "-" "Mozilla/5.0 (Fedora; Linux x86_64) AppleWebKit/537.36 (KHTML, like Gecko) Chrome/135.0.0.0 Safari/537.36" netodolele.com.br 10.53.184.85
45.227.253.15 - - [30/May/2026:13:05:14 -0300] "GET /index.php/jk HTTP/1.1" 409 83 "-" "Mozilla/5.0 (Macintosh; Intel Mac OS X 10.15; rv:82.0) Gecko/20100101 Firefox/82.0" netodolele.com.br 10.53.184.85
104.37.84.101 - - [30/May/2026:13:52:08 -0300] "GET /wp-login.php HTTP/1.1" 409 83 "-" "Mozilla/5.0 (X11; Linux x86_64) AppleWebKit/537.36 (KHTML, like Gecko) Chrome/143.0.0.0 Safari/537.36" netodolele.com.br 10.53.184.85
104.37.84.101 - - [30/May/2026:13:52:09 -0300] "GET /xmlrpc.php HTTP/1.1" 409 83 "-" "Mozilla/5.0 (X11; Linux x86_64) AppleWebKit/537.36 (KHTML, like Gecko) Chrome/143.0.0.0 Safari/537.36" netodolele.com.br 10.53.184.85
157.15.40.6 - - [30/May/2026:14:18:08 -0300] "HEAD / HTTP/1.1" 200 - "-" "Mozilla/5.0 (Windows NT 10.0; Win64; x64) AppleWebKit/537.36" www.netodolele.com.br.meumercado.app 10.53.184.85
162.241.203.72 - - [30/May/2026:14:18:10 -0300] "POST /wp-cron.php?doing_wp_cron=1780161490.0620028972625732421875 HTTP/1.1" 200 - "-" "WordPress/7.0; https://netodolele.com.br" netodolele.com.br 10.53.184.85
157.15.40.6 - - [30/May/2026:14:21:38 -0300] "GET / HTTP/1.1" 200 21 "-" "Mozilla/5.0 (compatible; Googlebot/2.1; +http://www.google.com/bot.html)" www.netodolele.com.br.meumercado.app 10.53.184.85
45.227.253.15 - - [30/May/2026:18:00:34 -0300] "GET /index.php/jk HTTP/1.1" 409 83 "-" "Mozilla/5.0 (iPad; U; CPU OS 4_2_1 like Mac OS X; ja) AppleWebKit/533.17.9 (KHTML, like Gecko) Version/5.0.2 Mobile/8C148 Safari/6533.18.5" netodolele.com.br 10.53.184.85
159.192.99.12 - - [30/May/2026:20:35:31 -0300] "GET / HTTP/2.0" 200 - "-" "Mozilla/5.0 (X11; Linux x86_64; rv:133.0) Gecko/20100101 Firefox/133.0" netodolele.com.br 10.53.184.85
162.241.203.72 - - [30/May/2026:20:36:11 -0300] "POST /wp-cron.php?doing_wp_cron=1780184171.7813680171966552734375 HTTP/1.1" 200 - "-" "WordPress/7.0; https://netodolele.com.br" netodolele.com.br 10.53.184.85
45.227.253.15 - - [30/May/2026:20:42:48 -0300] "GET /index.php/jk HTTP/1.1" 409 83 "-" "Mozilla/5.0 (Windows NT 6.2; WOW64; rv:73.0) Gecko/20100101 Firefox/73.0" netodolele.com.br 10.53.184.85
74.7.175.142 - - [30/May/2026:20:45:40 -0300] "GET /robots.txt HTTP/2.0" 200 97 "-" "Mozilla/5.0 (Macintosh; Intel Mac OS X 10_15_7) AppleWebKit/537.36 (KHTML, like Gecko) Chrome/131.0.0.0 Safari/537.36; compatible; OAI-SearchBot/1.4; robots.txt; +https://openai.com/searchbot" www.netodolele.com.br.meumercado.app 10.53.184.85
176.65.139.231 - - [30/May/2026:20:57:23 -0300] "GET / HTTP/1.1" 200 1 "-" "Mozilla/5.0 (Windows NT 10.0; Win64; x64) AppleWebKit/537.36 (KHTML, like Gecko) Chrome/147.0.0.0 Safari/537.36" netodolele.com.br.meumercado.app 10.53.184.85
176.65.139.232 - - [30/May/2026:20:57:24 -0300] "GET / HTTP/1.1" 200 141169 "-" "Mozilla/5.0 (Windows NT 10.0; Win64; x64) AppleWebKit/537.36 (KHTML, like Gecko) Chrome/147.0.0.0 Safari/537.36" netodolele.com.br 10.53.184.85
74.7.241.148 - - [30/May/2026:21:44:24 -0300] "GET /robots.txt HTTP/2.0" 200 97 "-" "Mozilla/5.0 (Macintosh; Intel Mac OS X 10_15_7) AppleWebKit/537.36 (KHTML, like Gecko) Chrome/131.0.0.0 Safari/537.36; compatible; OAI-SearchBot/1.4; robots.txt; +https://openai.com/searchbot" netodolele.com.br 10.53.184.85
74.7.228.41 - - [30/May/2026:21:44:24 -0300] "GET /robots.txt HTTP/2.0" 200 97 "-" "Mozilla/5.0 (Macintosh; Intel Mac OS X 10_15_7) AppleWebKit/537.36 (KHTML, like Gecko) Chrome/131.0.0.0 Safari/537.36; compatible; OAI-SearchBot/1.4; robots.txt; +https://openai.com/searchbot" netodolele.com.br.meumercado.app 10.53.184.85
162.241.203.72 - - [30/May/2026:21:44:25 -0300] "POST /wp-cron.php?doing_wp_cron=1780188265.9187240600585937500000 HTTP/1.1" 200 - "-" "WordPress/7.0; https://netodolele.com.br" netodolele.com.br 10.53.184.85
74.7.227.33 - - [30/May/2026:21:44:23 -0300] "GET / HTTP/2.0" 200 38496 "-" "Mozilla/5.0 AppleWebKit/537.36 (KHTML, like Gecko; compatible; GPTBot/1.4; +https://openai.com/gptbot)" netodolele.com.br 10.53.184.85
74.7.241.15 - - [30/May/2026:21:44:23 -0300] "GET / HTTP/2.0" 200 21 "-" "Mozilla/5.0 AppleWebKit/537.36 (KHTML, like Gecko; compatible; GPTBot/1.4; +https://openai.com/gptbot)" netodolele.com.br.meumercado.app 10.53.184.85
74.7.227.33 - - [30/May/2026:21:44:26 -0300] "GET /wp-content/uploads/elementor/css/post-6.css?ver=1779344458 HTTP/2.0" 200 468 "https://netodolele.com.br/" "Mozilla/5.0 AppleWebKit/537.36 (KHTML, like Gecko; compatible; GPTBot/1.4; +https://openai.com/gptbot)" netodolele.com.br 10.53.184.85
74.7.227.33 - - [30/May/2026:21:44:29 -0300] "GET /wp-includes/js/dist/hooks.min.js?ver=7496969728ca0f95732d HTTP/2.0" 200 1870 "https://netodolele.com.br/" "Mozilla/5.0 AppleWebKit/537.36 (KHTML, like Gecko; compatible; GPTBot/1.4; +https://openai.com/gptbot)" netodolele.com.br 10.53.184.85
74.7.227.33 - - [30/May/2026:21:44:32 -0300] "GET /wp-content/uploads/elementor/css/post-7.css?ver=1779344458 HTTP/2.0" 200 13754 "https://netodolele.com.br/" "Mozilla/5.0 AppleWebKit/537.36 (KHTML, like Gecko; compatible; GPTBot/1.4; +https://openai.com/gptbot)" netodolele.com.br 10.53.184.85
74.7.227.33 - - [30/May/2026:21:44:34 -0300] "GET /wp-includes/js/wp-emoji-release.min.js?ver=7.0 HTTP/2.0" 200 5657 "https://netodolele.com.br/" "Mozilla/5.0 AppleWebKit/537.36 (KHTML, like Gecko; compatible; GPTBot/1.4; +https://openai.com/gptbot)" netodolele.com.br 10.53.184.85
74.7.227.33 - - [30/May/2026:21:44:36 -0300] "GET /wp-includes/js/dist/i18n.min.js?ver=781d11515ad3d91786ec HTTP/2.0" 200 2543 "https://netodolele.com.br/" "Mozilla/5.0 AppleWebKit/537.36 (KHTML, like Gecko; compatible; GPTBot/1.4; +https://openai.com/gptbot)" netodolele.com.br 10.53.184.85
74.7.227.33 - - [30/May/2026:21:44:38 -0300] "GET /wp-content/uploads/elementor/css/custom-frontend.min.css?ver=1779344458 HTTP/2.0" 200 9961 "https://netodolele.com.br/" "Mozilla/5.0 AppleWebKit/537.36 (KHTML, like Gecko; compatible; GPTBot/1.4; +https://openai.com/gptbot)" netodolele.com.br 10.53.184.85
198.235.24.71 - - [30/May/2026:21:50:53 -0300] "GET /.well-known/security.txt HTTP/1.1" 200 106264 "-" "Hello from Palo Alto Networks, find out more about our scans in https://docs-cortex.paloaltonetworks.com/r/1/Cortex-Xpanse/Scanning-activity" netodolele.com.br.meumercado.app 10.53.184.85
74.207.252.187 - - [31/May/2026:00:52:26 -0300] "GET /xmlrpc.php HTTP/1.1" 409 83 "-" "Mozilla/5.0 (X11; Linux x86_64) AppleWebKit/537.36 (KHTML, like Gecko) Chrome/143.0.0.0 Safari/537.36" netodolele.com.br.meumercado.app 10.53.184.85
74.207.252.187 - - [31/May/2026:00:52:27 -0300] "GET /wp-login.php HTTP/1.1" 409 83 "-" "Mozilla/5.0 (X11; Linux x86_64) AppleWebKit/537.36 (KHTML, like Gecko) Chrome/143.0.0.0 Safari/537.36" netodolele.com.br.meumercado.app 10.53.184.85
162.241.203.72 - - [31/May/2026:00:52:29 -0300] "POST /wp-cron.php?doing_wp_cron=1780199549.4197509288787841796875 HTTP/1.1" 200 - "-" "WordPress/7.0; https://netodolele.com.br" netodolele.com.br 10.53.184.85
74.207.252.187 - - [31/May/2026:00:52:27 -0300] "GET /wp-admin/ HTTP/1.1" 200 21 "-" "Mozilla/5.0 (X11; Linux x86_64) AppleWebKit/537.36 (KHTML, like Gecko) Chrome/143.0.0.0 Safari/537.36" netodolele.com.br.meumercado.app 10.53.184.85
45.227.253.15 - - [31/May/2026:01:02:32 -0300] "GET /index.php/jk HTTP/1.1" 409 83 "-" "Mozilla/5.0 (iPad; U; CPU OS 4_3_3 like Mac OS X; ja) AppleWebKit/533.17.9 (KHTML, like Gecko) Version/5.0.2 Mobile/8J2 Safari/6533.18.5" netodolele.com.br 10.53.184.85
209.50.188.188 - - [31/May/2026:01:07:45 -0300] "GET /.git/config HTTP/1.1" 200 26603 "-" "Mozilla/5.0 (Windows NT 10.0; WOW64) AppleWebKit/537.36 (KHTML, like Gecko) Chrome/48.0.2564.116 UBrowser/5.6.13705.206 Safari/537.36" www.netodolele.com.br.meumercado.app 10.53.184.85
45.3.52.95 - - [31/May/2026:01:08:02 -0300] "GET /.git/config HTTP/1.1" 200 26587 "-" "Mozilla/5.0 (X11; U; NetBSD amd64; en-US; rv:1.9.2.15) Gecko/20110308 Namoroka/3.6.15" netodolele.com.br 10.53.184.85
45.3.52.95 - - [31/May/2026:01:08:02 -0300] "GET /.git/config HTTP/1.1" 200 26603 "-" "Mozilla/5.0 (Macintosh; Intel Mac OS X 10_10_1) AppleWebKit/537.36 (KHTML, like Gecko) Chrome/41.0.2227.1 Safari/537.36" netodolele.com.br.meumercado.app 10.53.184.85
45.146.54.112 - - [31/May/2026:04:06:50 -0300] "GET /wp-login.php HTTP/1.1" 406 226 "-" "Mozilla/5.0" netodolele.com.br 10.53.184.85
98.84.1.175 - - [31/May/2026:05:15:30 -0300] "GET / HTTP/1.1" 421 362 "-" "RecordedFuture Global Inventory Crawler" mail.netodolele.com.br 10.53.184.85
45.227.253.15 - - [31/May/2026:05:41:43 -0300] "GET /index.php/jk HTTP/1.1" 409 83 "-" "Mozilla/5.0 (Windows NT 6.2; Win64; x64) AppleWebKit/537.36 (KHTML, like Gecko) Chrome/86.0.4240.111 Safari/537.36" netodolele.com.br 10.53.184.85
149.57.180.127 - - [31/May/2026:08:34:36 -0300] "GET / HTTP/1.1" 200 38496 "-" "Mozilla/5.0 (X11; Linux i686; rv:109.0) Gecko/20100101 Firefox/120.0" netodolele.com.br 10.53.184.85
165.227.187.160 - - [31/May/2026:08:38:48 -0300] "GET / HTTP/1.1" 200 21 "-" "Mozilla/5.0 (X11; Linux x86_64; rv:142.0) Gecko/20100101 Firefox/142.0" mail.netodolele.com.br 10.53.184.85
165.227.187.160 - - [31/May/2026:08:38:51 -0300] "GET /favicon.ico HTTP/1.1" 200 21 "https://mail.netodolele.com.br/" "Mozilla/5.0 (X11; Linux x86_64; rv:142.0) Gecko/20100101 Firefox/142.0" mail.netodolele.com.br 10.53.184.85
45.227.253.15 - - [31/May/2026:11:00:12 -0300] "GET /index.php/jk HTTP/1.1" 409 83 "-" "Mozilla/5.0 (Windows NT 10.0; Win64; x64) AppleWebKit/537.36 (KHTML, like Gecko) Chrome/78.0.3790 Safari/537.36 Edg/78.0.142.6" netodolele.com.br 10.53.184.85
159.203.63.249 - - [31/May/2026:11:31:30 -0300] "GET / HTTP/1.1" 200 38495 "-" "Mozilla/5.0 (Windows NT 10.0; Win64; x64) AppleWebKit/537.36 (KHTML, like Gecko) Chrome/132.0.0.0 Safari/537.36" netodolele.com.br 10.53.184.85
159.203.63.249 - - [31/May/2026:11:31:36 -0300] "GET /.git/config HTTP/1.1" 200 26587 "-" "Mozilla/5.0 (Windows NT 10.0; Win64; x64) AppleWebKit/537.36 (KHTML, like Gecko) Chrome/132.0.0.0 Safari/537.36" netodolele.com.br 10.53.184.85
162.241.203.72 - - [31/May/2026:11:58:33 -0300] "POST /wp-cron.php?doing_wp_cron=1780239513.7738559246063232421875 HTTP/1.1" 200 - "-" "WordPress/7.0; https://netodolele.com.br" netodolele.com.br 10.53.184.85
198.235.24.58 - - [31/May/2026:11:58:32 -0300] "GET / HTTP/1.1" 200 1 "-" "Hello from Palo Alto Networks, find out more about our scans in https://docs-cortex.paloaltonetworks.com/r/1/Cortex-Xpanse/Scanning-activity" netodolele.com.br.meumercado.app 10.53.184.85
162.241.203.72 - - [31/May/2026:12:05:33 -0300] "POST /wp-cron.php?doing_wp_cron=1780239933.0899469852447509765625 HTTP/1.1" 200 - "-" "WordPress/7.0; https://netodolele.com.br" netodolele.com.br 10.53.184.85
140.245.56.193 - - [31/May/2026:12:05:32 -0300] "GET / HTTP/2.0" 200 21 "-" "Mozilla/5.0 (Windows NT 10.0; Win64; x64) AppleWebKit/537.36 Chrome/116.0 Safari/537.36" netodolele.com.br.meumercado.app 10.53.184.85
140.245.56.193 - - [31/May/2026:12:05:33 -0300] "GET / HTTP/2.0" 406 226 "-" "Go-http-client/2.0" netodolele.com.br.meumercado.app 10.53.184.85
140.245.56.193 - - [31/May/2026:12:05:33 -0300] "GET /wp-login.php HTTP/2.0" 409 83 "-" "Mozilla/5.0 (Android 13; Mobile; rv:117.0) Gecko/117.0 Firefox/117.0" netodolele.com.br.meumercado.app 10.53.184.85
140.245.56.193 - - [31/May/2026:12:05:34 -0300] "GET /wp-admin/ HTTP/2.0" 200 21 "-" "Mozilla/5.0 (iPad; CPU OS 17_4 like Mac OS X) AppleWebKit/605.1.15 Mobile/15E148" netodolele.com.br.meumercado.app 10.53.184.85
140.245.56.193 - - [31/May/2026:12:05:35 -0300] "GET /administrator/ HTTP/2.0" 200 26634 "-" "Mozilla/5.0 (X11; Linux x86_64) Gecko/20100101 Firefox/117.0" netodolele.com.br.meumercado.app 10.53.184.85
140.245.56.193 - - [31/May/2026:12:05:37 -0300] "GET /user/login HTTP/2.0" 200 26634 "-" "Mozilla/5.0 (Windows NT 10.0; Win64; x64) AppleWebKit/537.36 Chrome/116.0 Safari/537.36" netodolele.com.br.meumercado.app 10.53.184.85
140.245.56.193 - - [31/May/2026:12:05:38 -0300] "GET /admin HTTP/2.0" 200 21 "-" "Mozilla/5.0 (Macintosh; Intel Mac OS X 13_5_1) AppleWebKit/605.1.15 Safari/605.1.15" netodolele.com.br.meumercado.app 10.53.184.85
140.245.56.193 - - [31/May/2026:12:05:39 -0300] "GET /login HTTP/2.0" 200 21 "-" "Mozilla/5.0 (Macintosh; Intel Mac OS X 13_5_1) AppleWebKit/605.1.15 Safari/605.1.15" netodolele.com.br.meumercado.app 10.53.184.85
140.245.56.193 - - [31/May/2026:12:05:40 -0300] "GET /register HTTP/2.0" 200 26641 "-" "Mozilla/5.0 (Android 13; Mobile; rv:117.0) Gecko/117.0 Firefox/117.0" netodolele.com.br.meumercado.app 10.53.184.85
140.245.56.193 - - [31/May/2026:12:05:41 -0300] "GET /admin HTTP/2.0" 200 21 "-" "Mozilla/5.0 (X11; Linux x86_64) Gecko/20100101 Firefox/117.0" netodolele.com.br.meumercado.app 10.53.184.85
140.245.56.193 - - [31/May/2026:12:05:42 -0300] "GET /login HTTP/2.0" 200 21 "-" "Mozilla/5.0 (X11; Linux x86_64) Gecko/20100101 Firefox/117.0" netodolele.com.br.meumercado.app 10.53.184.85
74.7.175.142 - - [31/May/2026:13:20:40 -0300] "GET /robots.txt HTTP/2.0" 200 97 "-" "Mozilla/5.0 (Macintosh; Intel Mac OS X 10_15_7) AppleWebKit/537.36 (KHTML, like Gecko) Chrome/131.0.0.0 Safari/537.36; compatible; OAI-SearchBot/1.4; robots.txt; +https://openai.com/searchbot" www.netodolele.com.br.meumercado.app 10.53.184.85
162.241.203.72 - - [31/May/2026:13:20:41 -0300] "POST /wp-cron.php?doing_wp_cron=1780244440.9821410179138183593750 HTTP/1.1" 200 - "-" "WordPress/7.0; https://netodolele.com.br" netodolele.com.br 10.53.184.85
74.7.243.248 - - [31/May/2026:13:20:39 -0300] "GET / HTTP/2.0" 200 21 "-" "Mozilla/5.0 AppleWebKit/537.36 (KHTML, like Gecko; compatible; GPTBot/1.4; +https://openai.com/gptbot)" www.netodolele.com.br.meumercado.app 10.53.184.85
162.241.203.72 - - [31/May/2026:13:59:57 -0300] "POST /wp-cron.php?doing_wp_cron=1780246797.5001690387725830078125 HTTP/1.1" 200 - "-" "WordPress/7.0; https://netodolele.com.br" netodolele.com.br 10.53.184.85
74.50.84.247 - - [31/May/2026:13:59:55 -0300] "GET / HTTP/1.1" 200 21 "-" "Mozilla/5.0 (Windows NT 10.0; Win64; x64) AppleWebKit/537.36 (KHTML, like Gecko) Chrome/125.0.0.0 Safari/537.36" www.netodolele.com.br.meumercado.app 10.53.184.85
162.241.203.72 - - [31/May/2026:14:26:41 -0300] "POST /wp-cron.php?doing_wp_cron=1780248401.7627630233764648437500 HTTP/1.1" 200 - "-" "WordPress/7.0; https://netodolele.com.br" netodolele.com.br 10.53.184.85
178.120.93.153 - - [31/May/2026:14:26:40 -0300] "GET / HTTP/1.1" 200 21 "-" "Mozilla/5.0 (Windows NT 10.0; Win64; x64) AppleWebKit/537.36" netodolele.com.br.meumercado.app 10.53.184.85
198.235.24.176 - - [31/May/2026:14:55:20 -0300] "GET / HTTP/1.1" 200 1 "-" "Hello from Palo Alto Networks, find out more about our scans in https://docs-cortex.paloaltonetworks.com/r/1/Cortex-Xpanse/Scanning-activity" www.netodolele.com.br 10.53.184.85
45.227.253.15 - - [31/May/2026:15:43:00 -0300] "GET /index.php/jk HTTP/1.1" 409 83 "-" "Mozilla/5.0 (Windows NT 6.2; WOW64; rv:73.0) Gecko/20100101 Firefox/73.0" netodolele.com.br 10.53.184.85
45.227.253.15 - - [31/May/2026:18:38:36 -0300] "GET /index.php/jk HTTP/1.1" 409 83 "-" "Mozilla/5.0 (iPad; U; CPU OS 4_1_3 like Mac OS X; ja) AppleWebKit/533.17.9 (KHTML, like Gecko) Version/5.0.2 Mobile/8J2 Safari/6533.18.5" netodolele.com.br 10.53.184.85
74.7.241.148 - - [31/May/2026:20:13:04 -0300] "GET /robots.txt HTTP/2.0" 200 97 "-" "Mozilla/5.0 (Macintosh; Intel Mac OS X 10_15_7) AppleWebKit/537.36 (KHTML, like Gecko) Chrome/131.0.0.0 Safari/537.36; compatible; OAI-SearchBot/1.4; robots.txt; +https://openai.com/searchbot" netodolele.com.br 10.53.184.85
74.7.228.41 - - [31/May/2026:20:13:04 -0300] "GET /robots.txt HTTP/2.0" 200 97 "-" "Mozilla/5.0 (Macintosh; Intel Mac OS X 10_15_7) AppleWebKit/537.36 (KHTML, like Gecko) Chrome/131.0.0.0 Safari/537.36; compatible; OAI-SearchBot/1.4; robots.txt; +https://openai.com/searchbot" netodolele.com.br.meumercado.app 10.53.184.85
136.116.198.170 - - [31/May/2026:20:51:24 -0300] "POST / HTTP/1.1" 200 44854 "https://netodolele.com.br.meumercado.app/" "Mozilla/5.0 (Macintosh; Intel Mac OS X 10_15_7) AppleWebKit/537.36 (KHTML, like Gecko) Chrome/144.0.0.0 Safari/537.36" netodolele.com.br.meumercado.app 10.53.184.85
136.116.198.170 - - [31/May/2026:20:51:25 -0300] "POST / HTTP/1.1" 200 44810 "https://netodolele.com.br/" "Mozilla/5.0 (Macintosh; Intel Mac OS X 10_15_7) AppleWebKit/537.36 (KHTML, like Gecko) Chrome/146.0.0.0 Safari/537.36" netodolele.com.br 10.53.184.85
45.227.253.15 - - [31/May/2026:22:23:35 -0300] "GET /index.php/jk HTTP/1.1" 409 83 "-" "Mozilla/5.0 (iPhone; CPU iPhone OS 13_5_1 like Mac OS X) AppleWebKit/605.1.15 (KHTML, like Gecko) Version/13.1.1 Mobile/15E148 Safari/604.1" netodolele.com.br 10.53.184.85
176.65.139.233 - - [31/May/2026:22:33:35 -0300] "GET /.env HTTP/1.1" 406 226 "-" "Mozilla/5.0 (Windows NT 10.0; Win64; x64) AppleWebKit/537.36 (KHTML, like Gecko) Chrome/147.0.0.0 Safari/537.36" netodolele.com.br.meumercado.app 10.53.184.85
176.65.139.233 - - [31/May/2026:22:33:36 -0300] "GET /.env HTTP/1.1" 406 226 "-" "Mozilla/5.0 (Windows NT 10.0; Win64; x64) AppleWebKit/537.36 (KHTML, like Gecko) Chrome/147.0.0.0 Safari/537.36" netodolele.com.br 10.53.184.85
162.241.203.72 - - [01/Jun/2026:03:25:49 -0300] "POST /wp-cron.php?doing_wp_cron=1780295149.7170441150665283203125 HTTP/1.1" 200 - "-" "WordPress/7.0; https://netodolele.com.br" netodolele.com.br 10.53.184.85
136.116.198.170 - - [01/Jun/2026:03:25:47 -0300] "POST / HTTP/1.1" 200 44856 "https://www.netodolele.com.br.meumercado.app/" "Mozilla/5.0 (Windows NT 10.0; Win64; x64) AppleWebKit/537.36 (KHTML, like Gecko) Chrome/145.0.0.0 Safari/537.36" www.netodolele.com.br.meumercado.app 10.53.184.85
45.227.253.15 - - [01/Jun/2026:03:33:35 -0300] "GET /index.php/jk HTTP/1.1" 409 83 "-" "Mozilla/5.0 (Windows NT 6.2; WOW64) AppleWebKit/535.24 (KHTML, like Gecko) Chrome/83.0.1055.1 Safari/535.24" netodolele.com.br 10.53.184.85
162.241.203.72 - - [01/Jun/2026:05:39:40 -0300] "POST /wp-cron.php?doing_wp_cron=1780303180.0658860206604003906250 HTTP/1.1" 200 - "-" "WordPress/7.0; https://netodolele.com.br" netodolele.com.br 10.53.184.85
178.120.93.153 - - [01/Jun/2026:05:39:38 -0300] "GET /pzrnXjCc?utm_term=BY_Svitlana_video&utm_campaign=1632535177769131_19&utm_source=Instagram_Feed&utm_content=BY_GP_1865:Fred&campaign_id=120242112102780207&adset_id=120242112102790207&ad_id=120242112102770207&fbpixel=11227117946016657&utm_medium=paid&utm_id=120242112102780207&fbclid=PAZXh0bgNhZW0BMABhZGlkAasvkGWL2X9zcnRjBmFwcF9pZA8xMjQwMjQ1NzQyODc0MTQAAafEvV0hpJdOd__BZnJ9mGq3qImLzIJ1ovSkWgn5Qx3lnvO-QwaPf5VhRF4BfQ_aem_8A6LK4aMSlkTSasGnwAgQA HTTP/1.1" 200 26603 "-" "Mozilla/5.0 (Windows NT 10.0; Win64; x64) AppleWebKit/537.36 (KHTML, like Gecko) Chrome/91.0.4472.124 Safari/537.36" netodolele.com.br.meumercado.app 10.53.184.85
198.235.24.19 - - [01/Jun/2026:06:50:14 -0300] "GET / HTTP/1.1" 200 141210 "-" "Hello from Palo Alto Networks, find out more about our scans in https://docs-cortex.paloaltonetworks.com/r/1/Cortex-Xpanse/Scanning-activity" netodolele.com.br 10.53.184.85
162.241.203.72 - - [01/Jun/2026:06:57:58 -0300] "POST /wp-cron.php?doing_wp_cron=1780307878.2018361091613769531250 HTTP/1.1" 200 - "-" "WordPress/7.0; https://netodolele.com.br" netodolele.com.br 10.53.184.85
98.84.1.175 - - [01/Jun/2026:08:33:15 -0300] "GET / HTTP/1.1" 421 362 "-" "RecordedFuture Global Inventory Crawler" netodolele.com.br 10.53.184.85
162.241.203.72 - - [01/Jun/2026:08:35:41 -0300] "POST /wp-cron.php?doing_wp_cron=1780313741.0399029254913330078125 HTTP/1.1" 200 - "-" "WordPress/7.0; https://netodolele.com.br" netodolele.com.br 10.53.184.85
198.235.24.148 - - [01/Jun/2026:08:35:38 -0300] "GET / HTTP/1.1" 200 1 "-" "Hello from Palo Alto Networks, find out more about our scans in https://docs-cortex.paloaltonetworks.com/r/1/Cortex-Xpanse/Scanning-activity" netodolele.com.br.meumercado.app 10.53.184.85
216.73.163.182 - - [01/Jun/2026:10:16:51 -0300] "GET /wp-login.php HTTP/1.1" 200 170 "-" "Mozilla/5.0 (Macintosh; Intel Mac OS X 10_15_7) AppleWebKit/605.1.15 Version/17.0 Safari/605.1.15" netodolele.com.br 10.53.184.85
205.210.31.11 - - [01/Jun/2026:12:03:06 -0300] "GET / HTTP/1.1" 200 170 "-" "Hello from Palo Alto Networks, find out more about our scans in https://docs-cortex.paloaltonetworks.com/r/1/Cortex-Xpanse/Scanning-activity" www.netodolele.com.br.meumercado.app 10.53.184.85
43.130.56.207 - - [01/Jun/2026:12:12:06 -0300] "GET / HTTP/1.1" 200 117 "-" "Mozilla/5.0 (Linux; Android 10; K) AppleWebKit/537.36 (KHTML, like Gecko) Chrome/135.0.0.0 Mobile Safari/537.36" netodolele.com.br 10.53.184.85
3.18.186.238 - - [01/Jun/2026:13:06:32 -0300] "GET / HTTP/1.1" 200 117 "-" "visionheight.com/scan Mozilla/5.0 (Macintosh; Intel Mac OS X 10_15_7) Chrome/126.0.0.0 Safari/537.36" netodolele.com.br.meumercado.app 10.53.184.85
176.65.139.233 - - [01/Jun/2026:13:48:04 -0300] "GET / HTTP/1.1" 200 170 "-" "Mozilla/5.0 (Windows NT 10.0; Win64; x64) AppleWebKit/537.36 (KHTML, like Gecko) Chrome/147.0.0.0 Safari/537.36" netodolele.com.br.meumercado.app 10.53.184.85
176.65.139.231 - - [01/Jun/2026:13:48:05 -0300] "GET / HTTP/1.1" 200 170 "-" "Mozilla/5.0 (Windows NT 10.0; Win64; x64) AppleWebKit/537.36 (KHTML, like Gecko) Chrome/147.0.0.0 Safari/537.36" netodolele.com.br 10.53.184.85
45.227.253.15 - - [01/Jun/2026:13:54:29 -0300] "GET /index.php/jk HTTP/1.1" 409 83 "-" "Mozilla/5.0 (Macintosh; Intel Mac OS X 10.15; rv:82.0) Gecko/20100101 Firefox/82.0" netodolele.com.br 10.53.184.85
89.163.146.197 - - [01/Jun/2026:14:44:17 -0300] "GET /txets.php HTTP/1.1" 409 83 "www.google.com" "Mozlila/5.0 (Linux; Android 7.0; SM-G892A Bulid/NRD90M; wv) AppleWebKit/537.36 (KHTML, like Gecko) Version/4.0 Chrome/60.0.3112.107 Moblie Safari/537.36" netodolele.com.br 10.53.184.85
89.163.146.197 - - [01/Jun/2026:14:44:25 -0300] "GET /wp-content/txets.php HTTP/1.1" 409 83 "www.google.com" "Mozlila/5.0 (Linux; Android 7.0; SM-G892A Bulid/NRD90M; wv) AppleWebKit/537.36 (KHTML, like Gecko) Version/4.0 Chrome/60.0.3112.107 Moblie Safari/537.36" netodolele.com.br 10.53.184.85
89.163.146.197 - - [01/Jun/2026:14:44:34 -0300] "GET /wp-content/txets.php HTTP/1.1" 409 83 "www.google.com" "Mozlila/5.0 (Linux; Android 7.0; SM-G892A Bulid/NRD90M; wv) AppleWebKit/537.36 (KHTML, like Gecko) Version/4.0 Chrome/60.0.3112.107 Moblie Safari/537.36" netodolele.com.br 10.53.184.85
74.7.228.41 - - [01/Jun/2026:15:14:44 -0300] "GET /robots.txt HTTP/2.0" 200 97 "-" "Mozilla/5.0 (Macintosh; Intel Mac OS X 10_15_7) AppleWebKit/537.36 (KHTML, like Gecko) Chrome/131.0.0.0 Safari/537.36; compatible; OAI-SearchBot/1.4; robots.txt; +https://openai.com/searchbot" netodolele.com.br.meumercado.app 10.53.184.85
74.7.241.148 - - [01/Jun/2026:15:14:44 -0300] "GET /robots.txt HTTP/2.0" 200 97 "-" "Mozilla/5.0 (Macintosh; Intel Mac OS X 10_15_7) AppleWebKit/537.36 (KHTML, like Gecko) Chrome/131.0.0.0 Safari/537.36; compatible; OAI-SearchBot/1.4; robots.txt; +https://openai.com/searchbot" netodolele.com.br 10.53.184.85
149.57.180.34 - - [01/Jun/2026:16:04:20 -0300] "GET / HTTP/1.1" 200 117 "-" "Mozilla/5.0 (X11; Linux i686; rv:109.0) Gecko/20100101 Firefox/120.0" www.netodolele.com.br 10.53.184.85
155.2.215.68 - - [01/Jun/2026:16:26:04 -0300] "GET /wp-login.php HTTP/1.1" 406 226 "-" "Mozilla/5.0" netodolele.com.br 10.53.184.85
74.7.175.142 - - [01/Jun/2026:17:21:53 -0300] "GET /robots.txt HTTP/2.0" 200 97 "-" "Mozilla/5.0 (Macintosh; Intel Mac OS X 10_15_7) AppleWebKit/537.36 (KHTML, like Gecko) Chrome/131.0.0.0 Safari/537.36; compatible; OAI-SearchBot/1.4; robots.txt; +https://openai.com/searchbot" www.netodolele.com.br.meumercado.app 10.53.184.85
46.59.69.147 - - [01/Jun/2026:17:29:45 -0300] "POST / HTTP/1.1" 406 226 "-" "Mozilla/5.0" netodolele.com.br 10.53.184.85
34.106.248.69 - - [01/Jun/2026:17:52:10 -0300] "GET /.git/config HTTP/1.1" 200 117 "-" "-" www.netodolele.com.br.meumercado.app 10.53.184.85
45.227.253.15 - - [01/Jun/2026:22:03:18 -0300] "GET /index.php/jk HTTP/1.1" 409 83 "-" "Mozilla/5.0 (iPhone; CPU iPhone OS 14_1 like Mac OS X) AppleWebKit/605.1.15 (KHTML, like Gecko) Version/14.0 Mobile/15E148 Safari/604.1" netodolele.com.br 10.53.184.85
157.254.221.199 - - [01/Jun/2026:23:15:38 -0300] "GET / HTTP/2.0" 200 - "-" "Mozilla/5.0 (iPhone; CPU iPhone OS 18_0 like Mac OS X) AppleWebKit/605.1.15 (KHTML, like Gecko) Version/18.0 Mobile/15E148 Safari/604.1" netodolele.com.br 10.53.184.85
162.241.203.72 - - [01/Jun/2026:23:29:55 -0300] "POST /wp-cron.php?doing_wp_cron=1780367395.9577960968017578125000 HTTP/1.1" 200 - "-" "WordPress/7.0; https://netodolele.com.br" netodolele.com.br 10.53.184.85
85.121.127.86 - - [01/Jun/2026:23:29:53 -0300] "GET / HTTP/2.0" 200 38501 "-" "Mozilla/5.0 (iPad; CPU OS 17_7 like Mac OS X) AppleWebKit/605.1.15 (KHTML, like Gecko) Version/17.7 Mobile/15E148 Safari/604.1" netodolele.com.br 10.53.184.85
85.121.127.86 - - [01/Jun/2026:23:30:11 -0300] "GET /app/.env HTTP/2.0" 406 226 "-" "Mozilla/5.0 (compatible; Google-Extended/1.0; +http://www.google.com/bot.html)" netodolele.com.br 10.53.184.85
85.121.127.86 - - [01/Jun/2026:23:30:11 -0300] "GET /.ssh/id_ed25519 HTTP/2.0" 406 226 "-" "Mozilla/5.0 (compatible; Bytespider; spider-feedback@bytedance.com)" netodolele.com.br 10.53.184.85
85.121.127.86 - - [01/Jun/2026:23:30:11 -0300] "GET /.ssh/id_dsa HTTP/2.0" 406 226 "-" "Mozilla/5.0 (compatible; Bytespider; spider-feedback@bytedance.com)" netodolele.com.br 10.53.184.85
85.121.127.86 - - [01/Jun/2026:23:30:11 -0300] "GET /.ssh/id_rsa HTTP/2.0" 406 226 "-" "Mozilla/5.0 AppleWebKit/537.36 (KHTML, like Gecko); compatible; ChatGPT-User/1.0; +https://openai.com/bot" netodolele.com.br 10.53.184.85
85.121.127.86 - - [01/Jun/2026:23:30:12 -0300] "GET /public/.env HTTP/2.0" 406 226 "-" "Mozilla/5.0 AppleWebKit/537.36 (KHTML, like Gecko); compatible; ClaudeBot/1.0; +mailto:support@anthropic.com" netodolele.com.br 10.53.184.85
85.121.127.86 - - [01/Jun/2026:23:30:11 -0300] "GET /vault.env HTTP/2.0" 200 26587 "-" "Mozilla/5.0 (compatible; Applebot/0.1; +http://www.apple.com/go/applebot)" netodolele.com.br 10.53.184.85
