162.241.203.72 - - [18/Jun/2026:09:19:58 -0300] "PURGE /.* HTTP/1.1" 204 - "-" "WordPress/7.0; https://netodolele.com.br; EPC/v2.2.2/epc_scheduled_purge_all" netodolele.com.br 10.53.184.85
162.241.203.72 - - [18/Jun/2026:09:19:58 -0300] "PURGE /.* HTTP/1.1" 204 - "-" "WordPress/7.0; https://netodolele.com.br; EPC/v2.2.2/epc_scheduled_purge_all" netodolele.com.br 10.53.184.85
45.227.253.15 - - [18/Jun/2026:09:42:14 -0300] "GET /index.php/jk HTTP/1.1" 409 83 "-" "Mozilla/5.0 (Windows NT 10.0; Win64; x64; rv:81.0) Gecko/20100101 Firefox/81.0" netodolele.com.br 10.53.184.85
45.227.253.15 - - [18/Jun/2026:12:30:33 -0300] "GET /index.php/jk HTTP/1.1" 409 83 "-" "Mozilla/5.0 (Windows NT 6.2; WOW64; rv:72.0) Gecko/20100101 Firefox/72.0" netodolele.com.br 10.53.184.85
37.187.137.193 - - [18/Jun/2026:13:55:11 -0300] "HEAD / HTTP/1.1" 200 - "-" "PragmaticSecurity-Scanner/2.0 (+https://www.domainscores.net/headers; check your domain security free)" netodolele.com.br 10.53.184.85
162.241.203.72 - - [18/Jun/2026:15:18:26 -0300] "POST /wp-cron.php?doing_wp_cron=1781806706.7488849163055419921875 HTTP/1.1" 200 - "-" "WordPress/7.0; https://netodolele.com.br" netodolele.com.br 10.53.184.85
162.241.203.72 - - [18/Jun/2026:15:18:26 -0300] "POST /wp-cron.php?doing_wp_cron=1781806706.7491490840911865234375 HTTP/1.1" 200 - "-" "WordPress/7.0; https://netodolele.com.br" netodolele.com.br 10.53.184.85
34.31.88.250 - - [18/Jun/2026:15:18:24 -0300] "POST / HTTP/1.1" 200 44577 "https://netodolele.com.br.meumercado.app/" "Mozilla/5.0 (Windows NT 10.0; Win64; x64) AppleWebKit/537.36 (KHTML, like Gecko) Chrome/146.0.0.0 Safari/537.36" netodolele.com.br.meumercado.app 10.53.184.85
34.31.88.250 - - [18/Jun/2026:15:18:24 -0300] "POST / HTTP/1.1" 200 44584 "https://netodolele.com.br/" "Mozilla/5.0 (Windows NT 10.0; Win64; x64) AppleWebKit/537.36 (KHTML, like Gecko) Chrome/146.0.0.0 Safari/537.36" netodolele.com.br 10.53.184.85
162.241.203.72 - - [18/Jun/2026:16:14:03 -0300] "PURGE /.* HTTP/1.1" 204 - "-" "WordPress/7.0; https://netodolele.com.br; EPC/v2.2.2/epc_scheduled_purge_all" netodolele.com.br 10.53.184.85
162.241.203.72 - - [18/Jun/2026:16:14:03 -0300] "PURGE /.* HTTP/1.1" 204 - "-" "WordPress/7.0; https://netodolele.com.br; EPC/v2.2.2/epc_scheduled_purge_all" netodolele.com.br 10.53.184.85
45.227.253.15 - - [18/Jun/2026:19:43:38 -0300] "GET /index.php/jk HTTP/1.1" 409 83 "-" "Mozilla/5.0 (iPhone; CPU iPhone OS 12_4 like Mac OS X) AppleWebKit/605.1.15 (KHTML, like Gecko) Version/12.4.2 Mobile/15E148 Safari/604.1" netodolele.com.br 10.53.184.85
162.241.203.72 - - [18/Jun/2026:22:16:59 -0300] "POST /wp-cron.php?doing_wp_cron=1781831819.1496798992156982421875 HTTP/1.1" 200 - "-" "WordPress/7.0; https://netodolele.com.br" netodolele.com.br 10.53.184.85
106.63.26.139 - - [18/Jun/2026:22:16:56 -0300] "GET / HTTP/1.1" 200 1 "-" "Mozilla/5.0 (Macintosh; Intel Mac OS X 10_15_7) AppleWebKit/537.36 (KHTML, like Gecko) Chrome/120.0.0.0 Safari/537.36 Edg/120.0.0.0" netodolele.com.br.meumercado.app 10.53.184.85
106.63.26.139 - - [18/Jun/2026:22:16:56 -0300] "GET / HTTP/1.1" 200 1 "-" "Mozilla/5.0 (Macintosh; Intel Mac OS X 10_15_7) AppleWebKit/537.36 (KHTML, like Gecko) Chrome/120.0.0.0 Safari/537.36 Edg/120.0.0.0" netodolele.com.br.meumercado.app 10.53.184.85
142.93.36.227 - - [18/Jun/2026:23:50:10 -0300] "GET /___proxy_subdomain_cpanel/ HTTP/1.1" 500 726 "-" "Mozilla/5.0 (X11; Linux x86_64; rv:142.0) Gecko/20100101 Firefox/142.0" cpanel.netodolele.com.br 10.53.184.85
142.93.36.227 - - [18/Jun/2026:23:50:10 -0300] "GET / HTTP/1.1" 500 726 "-" "Mozilla/5.0 (X11; Linux x86_64; rv:142.0) Gecko/20100101 Firefox/142.0" cpanel.netodolele.com.br 10.53.184.85
142.93.36.227 - - [18/Jun/2026:23:50:15 -0300] "GET /___proxy_subdomain_cpanel/favicon.ico HTTP/1.1" 500 726 "https://cpanel.netodolele.com.br/" "Mozilla/5.0 (X11; Linux x86_64; rv:142.0) Gecko/20100101 Firefox/142.0" cpanel.netodolele.com.br 10.53.184.85
142.93.36.227 - - [18/Jun/2026:23:50:15 -0300] "GET /favicon.ico HTTP/1.1" 500 726 "https://cpanel.netodolele.com.br/" "Mozilla/5.0 (X11; Linux x86_64; rv:142.0) Gecko/20100101 Firefox/142.0" cpanel.netodolele.com.br 10.53.184.85
35.89.37.234 - - [19/Jun/2026:00:10:35 -0300] "GET / HTTP/1.1" 200 114381 "-" "Mozilla/5.0 (Macintosh; Intel Mac OS X 10_15_7) AppleWebKit/537.36 (KHTML, like Gecko) Chrome/134.0.0.0 Safari/537.36" netodolele.com.br 10.53.184.85
35.89.37.234 - - [19/Jun/2026:00:10:35 -0300] "GET / HTTP/1.1" 200 141210 "-" "Mozilla/5.0 (Macintosh; Intel Mac OS X 10_15_7) AppleWebKit/537.36 (KHTML, like Gecko) Chrome/134.0.0.0 Safari/537.36" netodolele.com.br 10.53.184.85
35.89.37.234 - - [19/Jun/2026:00:10:43 -0300] "GET / HTTP/1.1" 200 141169 "-" "Mozilla/5.0 (Macintosh; Intel Mac OS X 10_15_7) AppleWebKit/537.36 (KHTML, like Gecko) Chrome/134.0.0.0 Safari/537.36" netodolele.com.br 10.53.184.85
162.241.203.72 - - [19/Jun/2026:00:10:43 -0300] "POST /wp-cron.php?doing_wp_cron=1781838643.3030819892883300781250 HTTP/1.1" 200 - "-" "WordPress/7.0; https://netodolele.com.br" netodolele.com.br 10.53.184.85
35.89.37.234 - - [19/Jun/2026:00:10:43 -0300] "GET / HTTP/1.1" 200 141169 "-" "Mozilla/5.0 (Macintosh; Intel Mac OS X 10_15_7) AppleWebKit/537.36 (KHTML, like Gecko) Chrome/134.0.0.0 Safari/537.36" netodolele.com.br 10.53.184.85
35.89.37.234 - - [19/Jun/2026:00:10:50 -0300] "GET / HTTP/1.1" 200 1 "-" "Mozilla/5.0 (Macintosh; Intel Mac OS X 10_15_7) AppleWebKit/537.36 (KHTML, like Gecko) Chrome/134.0.0.0 Safari/537.36" www.netodolele.com.br 10.53.184.85
35.89.37.234 - - [19/Jun/2026:00:10:50 -0300] "GET / HTTP/1.1" 200 1 "-" "Mozilla/5.0 (Macintosh; Intel Mac OS X 10_15_7) AppleWebKit/537.36 (KHTML, like Gecko) Chrome/134.0.0.0 Safari/537.36" www.netodolele.com.br 10.53.184.85
35.89.37.234 - - [19/Jun/2026:00:11:02 -0300] "GET / HTTP/1.1" 200 1 "-" "Mozilla/5.0 (Macintosh; Intel Mac OS X 10_15_7) AppleWebKit/537.36 (KHTML, like Gecko) Chrome/134.0.0.0 Safari/537.36" www.netodolele.com.br 10.53.184.85
35.89.37.234 - - [19/Jun/2026:00:11:02 -0300] "GET / HTTP/1.1" 200 1 "-" "Mozilla/5.0 (Macintosh; Intel Mac OS X 10_15_7) AppleWebKit/537.36 (KHTML, like Gecko) Chrome/134.0.0.0 Safari/537.36" www.netodolele.com.br 10.53.184.85
138.246.253.24 - - [19/Jun/2026:00:11:31 -0300] "GET /robots.txt HTTP/1.1" 200 122 "-" "Mozilla/5.0 (Windows NT 10.0; Win64; x64) AppleWebKit/537.36 (KHTML, like Gecko) Chrome/103.0.5060.134 Safari/537.36" netodolele.com.br 10.53.184.85
138.246.253.24 - - [19/Jun/2026:00:11:31 -0300] "GET /robots.txt HTTP/1.1" 200 122 "-" "Mozilla/5.0 (Windows NT 10.0; Win64; x64) AppleWebKit/537.36 (KHTML, like Gecko) Chrome/103.0.5060.134 Safari/537.36" netodolele.com.br 10.53.184.85
45.227.253.15 - - [19/Jun/2026:00:23:27 -0300] "GET /index.php/jk HTTP/1.1" 409 83 "-" "Mozilla/5.0 (iPhone; CPU iPhone OS 13_5 like Mac OS X) AppleWebKit/605.1.15 (KHTML, like Gecko) Version/13.5.1 Mobile/15E148 Safari/604.1" netodolele.com.br 10.53.184.85
74.7.244.41 - - [19/Jun/2026:00:48:10 -0300] "GET /robots.txt HTTP/1.1" 200 97 "-" "Mozilla/5.0 (Macintosh; Intel Mac OS X 10_15_7) AppleWebKit/537.36 (KHTML, like Gecko) Chrome/131.0.0.0 Safari/537.36; compatible; OAI-SearchBot/1.4; robots.txt; +https://openai.com/searchbot" netodolele.com.br 10.53.184.85
74.7.244.41 - - [19/Jun/2026:00:48:10 -0300] "GET /robots.txt HTTP/2.0" 200 97 "-" "Mozilla/5.0 (Macintosh; Intel Mac OS X 10_15_7) AppleWebKit/537.36 (KHTML, like Gecko) Chrome/131.0.0.0 Safari/537.36; compatible; OAI-SearchBot/1.4; robots.txt; +https://openai.com/searchbot" netodolele.com.br 10.53.184.85
74.7.175.151 - - [19/Jun/2026:00:48:11 -0300] "GET /robots.txt HTTP/1.1" 200 97 "-" "Mozilla/5.0 (Macintosh; Intel Mac OS X 10_15_7) AppleWebKit/537.36 (KHTML, like Gecko) Chrome/131.0.0.0 Safari/537.36; compatible; OAI-SearchBot/1.4; robots.txt; +https://openai.com/searchbot" netodolele.com.br.meumercado.app 10.53.184.85
74.7.175.151 - - [19/Jun/2026:00:48:11 -0300] "GET /robots.txt HTTP/2.0" 200 97 "-" "Mozilla/5.0 (Macintosh; Intel Mac OS X 10_15_7) AppleWebKit/537.36 (KHTML, like Gecko) Chrome/131.0.0.0 Safari/537.36; compatible; OAI-SearchBot/1.4; robots.txt; +https://openai.com/searchbot" netodolele.com.br.meumercado.app 10.53.184.85
162.241.203.72 - - [19/Jun/2026:00:48:12 -0300] "POST /wp-cron.php?doing_wp_cron=1781840892.4670090675354003906250 HTTP/1.1" 200 - "-" "WordPress/7.0; https://netodolele.com.br" netodolele.com.br 10.53.184.85
74.7.241.2 - - [19/Jun/2026:00:48:10 -0300] "GET / HTTP/1.1" 200 21 "-" "Mozilla/5.0 AppleWebKit/537.36 (KHTML, like Gecko; compatible; GPTBot/1.4; +https://openai.com/gptbot)" netodolele.com.br.meumercado.app 10.53.184.85
74.7.241.2 - - [19/Jun/2026:00:48:10 -0300] "GET / HTTP/2.0" 200 21 "-" "Mozilla/5.0 AppleWebKit/537.36 (KHTML, like Gecko; compatible; GPTBot/1.4; +https://openai.com/gptbot)" netodolele.com.br.meumercado.app 10.53.184.85
74.7.243.196 - - [19/Jun/2026:00:48:10 -0300] "GET / HTTP/1.1" 200 38464 "-" "Mozilla/5.0 AppleWebKit/537.36 (KHTML, like Gecko; compatible; GPTBot/1.4; +https://openai.com/gptbot)" netodolele.com.br 10.53.184.85
74.7.243.196 - - [19/Jun/2026:00:48:10 -0300] "GET / HTTP/2.0" 200 38464 "-" "Mozilla/5.0 AppleWebKit/537.36 (KHTML, like Gecko; compatible; GPTBot/1.4; +https://openai.com/gptbot)" netodolele.com.br 10.53.184.85
74.7.243.196 - - [19/Jun/2026:00:48:13 -0300] "GET /wp-content/uploads/elementor/css/post-7.css?ver=1781806706 HTTP/2.0" 200 - "https://netodolele.com.br/" "Mozilla/5.0 AppleWebKit/537.36 (KHTML, like Gecko; compatible; GPTBot/1.4; +https://openai.com/gptbot)" netodolele.com.br 10.53.184.85
74.7.243.196 - - [19/Jun/2026:00:48:16 -0300] "GET /wp-content/uploads/elementor/css/post-6.css?ver=1781806706 HTTP/2.0" 200 - "https://netodolele.com.br/" "Mozilla/5.0 AppleWebKit/537.36 (KHTML, like Gecko; compatible; GPTBot/1.4; +https://openai.com/gptbot)" netodolele.com.br 10.53.184.85
74.7.243.196 - - [19/Jun/2026:00:48:18 -0300] "GET /wp-content/uploads/elementor/css/custom-frontend.min.css?ver=1781806706 HTTP/2.0" 200 28852 "https://netodolele.com.br/" "Mozilla/5.0 AppleWebKit/537.36 (KHTML, like Gecko; compatible; GPTBot/1.4; +https://openai.com/gptbot)" netodolele.com.br 10.53.184.85
162.241.203.72 - - [19/Jun/2026:02:49:36 -0300] "PURGE /.* HTTP/1.1" 204 - "-" "WordPress/7.0; https://netodolele.com.br; EPC/v2.2.2/epc_scheduled_purge_all" netodolele.com.br 10.53.184.85
162.241.203.72 - - [19/Jun/2026:02:49:36 -0300] "PURGE /.* HTTP/1.1" 204 - "-" "WordPress/7.0; https://netodolele.com.br; EPC/v2.2.2/epc_scheduled_purge_all" netodolele.com.br 10.53.184.85
162.241.203.72 - - [19/Jun/2026:05:03:03 -0300] "POST /wp-cron.php?doing_wp_cron=1781856183.2734279632568359375000 HTTP/1.1" 200 - "-" "WordPress/7.0; https://netodolele.com.br" netodolele.com.br 10.53.184.85
93.158.91.12 - - [19/Jun/2026:05:02:59 -0300] "GET / HTTP/1.1" 200 38507 "-" "Mozilla/5.0 (Windows NT 10.0; Win64; x64) AppleWebKit/537.36 (KHTML, like Gecko) Chrome/105.0.0.0 Safari/537.36" netodolele.com.br 10.53.184.85
93.158.91.12 - - [19/Jun/2026:05:02:58 -0300] "GET / HTTP/1.1" 200 38507 "-" "Mozilla/5.0 (Windows NT 10.0; Win64; x64) AppleWebKit/537.36 (KHTML, like Gecko) Chrome/105.0.0.0 Safari/537.36" netodolele.com.br 10.53.184.85
93.158.91.12 - - [19/Jun/2026:05:03:04 -0300] "GET /favicon.ico HTTP/1.1" 200 21 "-" "Mozilla/5.0 (Windows NT 10.0; Win64; x64) AppleWebKit/537.36 (KHTML, like Gecko) Chrome/105.0.0.0 Safari/537.36" netodolele.com.br 10.53.184.85
93.158.91.12 - - [19/Jun/2026:05:03:04 -0300] "GET /favicon.ico HTTP/1.1" 200 21 "-" "Mozilla/5.0 (Windows NT 10.0; Win64; x64) AppleWebKit/537.36 (KHTML, like Gecko) Chrome/105.0.0.0 Safari/537.36" netodolele.com.br 10.53.184.85
162.241.203.72 - - [19/Jun/2026:07:12:50 -0300] "POST /wp-cron.php?doing_wp_cron=1781863970.2397289276123046875000 HTTP/1.1" 200 - "-" "WordPress/7.0; https://netodolele.com.br" netodolele.com.br 10.53.184.85
198.235.24.226 - - [19/Jun/2026:07:12:48 -0300] "GET / HTTP/1.1" 200 1 "-" "Hello from Palo Alto Networks, find out more about our scans in https://docs-cortex.paloaltonetworks.com/r/1/Cortex-Xpanse/Scanning-activity" netodolele.com.br.meumercado.app 10.53.184.85
198.235.24.226 - - [19/Jun/2026:07:12:48 -0300] "GET / HTTP/1.1" 200 1 "-" "Hello from Palo Alto Networks, find out more about our scans in https://docs-cortex.paloaltonetworks.com/r/1/Cortex-Xpanse/Scanning-activity" netodolele.com.br.meumercado.app 10.53.184.85
159.203.167.42 - - [19/Jun/2026:07:13:06 -0300] "GET / HTTP/1.1" 200 21 "-" "Mozilla/5.0 (X11; Linux x86_64) AppleWebKit/537.36 (KHTML, like Gecko) Chrome/142.0.0.0 Safari/537.36" netodolele.com.br.meumercado.app 10.53.184.85
159.203.167.42 - - [19/Jun/2026:07:13:06 -0300] "GET / HTTP/1.1" 200 21 "-" "Mozilla/5.0 (X11; Linux x86_64) AppleWebKit/537.36 (KHTML, like Gecko) Chrome/142.0.0.0 Safari/537.36" netodolele.com.br.meumercado.app 10.53.184.85
159.203.167.42 - - [19/Jun/2026:07:13:10 -0300] "GET /favicon.ico HTTP/1.1" 200 21 "https://netodolele.com.br.meumercado.app/" "Mozilla/5.0 (X11; Linux x86_64) AppleWebKit/537.36 (KHTML, like Gecko) Chrome/142.0.0.0 Safari/537.36" netodolele.com.br.meumercado.app 10.53.184.85
159.203.167.42 - - [19/Jun/2026:07:13:10 -0300] "GET /favicon.ico HTTP/1.1" 200 21 "https://netodolele.com.br.meumercado.app/" "Mozilla/5.0 (X11; Linux x86_64) AppleWebKit/537.36 (KHTML, like Gecko) Chrome/142.0.0.0 Safari/537.36" netodolele.com.br.meumercado.app 10.53.184.85
45.227.253.15 - - [19/Jun/2026:08:57:54 -0300] "GET /index.php/jk HTTP/1.1" 409 83 "-" "Mozilla/5.0 (iPhone; CPU iPhone OS 12_3 like Mac OS X) AppleWebKit/605.1.15 (KHTML, like Gecko) Version/12.0.4 Mobile/15E148 Safari/604.1" netodolele.com.br 10.53.184.85
74.7.175.189 - - [19/Jun/2026:10:43:04 -0300] "GET /robots.txt HTTP/1.1" 200 97 "-" "Mozilla/5.0 (Macintosh; Intel Mac OS X 10_15_7) AppleWebKit/537.36 (KHTML, like Gecko) Chrome/131.0.0.0 Safari/537.36; compatible; OAI-SearchBot/1.4; robots.txt; +https://openai.com/searchbot" www.netodolele.com.br.meumercado.app 10.53.184.85
74.7.175.189 - - [19/Jun/2026:10:43:04 -0300] "GET /robots.txt HTTP/2.0" 200 97 "-" "Mozilla/5.0 (Macintosh; Intel Mac OS X 10_15_7) AppleWebKit/537.36 (KHTML, like Gecko) Chrome/131.0.0.0 Safari/537.36; compatible; OAI-SearchBot/1.4; robots.txt; +https://openai.com/searchbot" www.netodolele.com.br.meumercado.app 10.53.184.85
74.7.242.55 - - [19/Jun/2026:10:43:04 -0300] "GET / HTTP/1.1" 200 21 "-" "Mozilla/5.0 AppleWebKit/537.36 (KHTML, like Gecko; compatible; GPTBot/1.4; +https://openai.com/gptbot)" www.netodolele.com.br.meumercado.app 10.53.184.85
74.7.242.55 - - [19/Jun/2026:10:43:04 -0300] "GET / HTTP/2.0" 200 21 "-" "Mozilla/5.0 AppleWebKit/537.36 (KHTML, like Gecko; compatible; GPTBot/1.4; +https://openai.com/gptbot)" www.netodolele.com.br.meumercado.app 10.53.184.85
45.227.253.15 - - [19/Jun/2026:11:17:30 -0300] "GET /index.php/jk HTTP/1.1" 409 83 "-" "Mozilla/5.0 (iPad; U; CPU OS 4_2_3 like Mac OS X; ja) AppleWebKit/533.17.9 (KHTML, like Gecko) Version/5.0.2 Mobile/8J2 Safari/6533.18.5" netodolele.com.br 10.53.184.85
74.7.244.41 - - [19/Jun/2026:17:54:16 -0300] "GET /robots.txt HTTP/1.1" 200 97 "-" "Mozilla/5.0 (Macintosh; Intel Mac OS X 10_15_7) AppleWebKit/537.36 (KHTML, like Gecko) Chrome/131.0.0.0 Safari/537.36; compatible; OAI-SearchBot/1.4; robots.txt; +https://openai.com/searchbot" netodolele.com.br 10.53.184.85
74.7.244.41 - - [19/Jun/2026:17:54:16 -0300] "GET /robots.txt HTTP/2.0" 200 97 "-" "Mozilla/5.0 (Macintosh; Intel Mac OS X 10_15_7) AppleWebKit/537.36 (KHTML, like Gecko) Chrome/131.0.0.0 Safari/537.36; compatible; OAI-SearchBot/1.4; robots.txt; +https://openai.com/searchbot" netodolele.com.br 10.53.184.85
74.7.175.151 - - [19/Jun/2026:17:54:18 -0300] "GET /robots.txt HTTP/1.1" 200 97 "-" "Mozilla/5.0 (Macintosh; Intel Mac OS X 10_15_7) AppleWebKit/537.36 (KHTML, like Gecko) Chrome/131.0.0.0 Safari/537.36; compatible; OAI-SearchBot/1.4; robots.txt; +https://openai.com/searchbot" netodolele.com.br.meumercado.app 10.53.184.85
74.7.175.151 - - [19/Jun/2026:17:54:18 -0300] "GET /robots.txt HTTP/2.0" 200 97 "-" "Mozilla/5.0 (Macintosh; Intel Mac OS X 10_15_7) AppleWebKit/537.36 (KHTML, like Gecko) Chrome/131.0.0.0 Safari/537.36; compatible; OAI-SearchBot/1.4; robots.txt; +https://openai.com/searchbot" netodolele.com.br.meumercado.app 10.53.184.85
45.227.253.15 - - [19/Jun/2026:19:07:03 -0300] "GET /index.php/jk HTTP/1.1" 409 83 "-" "Mozilla/5.0 (Windows NT 6.1; WOW64; Trident/7.0; rv:11.0) like Gecko" netodolele.com.br 10.53.184.85
45.227.253.15 - - [19/Jun/2026:21:32:32 -0300] "GET /index.php/jk HTTP/1.1" 409 83 "-" "Mozilla/5.0 (Windows NT 10.0; Win64; x64) AppleWebKit/537.36 (KHTML, like Gecko) Chrome/81.0.3282.140 Safari/537.36 Edge/18.17763" netodolele.com.br 10.53.184.85
195.96.139.213 - - [19/Jun/2026:21:47:55 -0300] "GET / HTTP/1.1" 200 21 "-" "Mozilla/5.0 (compatible; InternetMeasurement/1.0; +https://internet-measurement.com/)" www.netodolele.com.br.meumercado.app 10.53.184.85
195.96.139.213 - - [19/Jun/2026:21:47:55 -0300] "GET / HTTP/1.1" 200 21 "-" "Mozilla/5.0 (compatible; InternetMeasurement/1.0; +https://internet-measurement.com/)" www.netodolele.com.br.meumercado.app 10.53.184.85
162.241.203.72 - - [19/Jun/2026:21:47:58 -0300] "POST /wp-cron.php?doing_wp_cron=1781916478.5893340110778808593750 HTTP/1.1" 200 - "-" "WordPress/7.0; https://netodolele.com.br" netodolele.com.br 10.53.184.85
45.132.115.157 - - [19/Jun/2026:22:35:46 -0300] "GET /wp-login.php HTTP/1.1" 409 83 "-" "Mozilla/5.0 (Macintosh; Intel Mac OS X 10.15) Gecko/20100101 Firefox/120.0.1" netodolele.com.br 10.53.184.85
45.132.115.169 - - [19/Jun/2026:22:35:47 -0300] "GET /administrator/ HTTP/1.1" 409 83 "-" "Mozilla/5.0 (X11; Linux x86_64) Gecko/20100101 Firefox/121.0" netodolele.com.br 10.53.184.85
162.241.203.72 - - [19/Jun/2026:23:47:12 -0300] "PURGE /.* HTTP/1.1" 204 - "-" "WordPress/7.0; https://netodolele.com.br; EPC/v2.2.2/epc_scheduled_purge_all" netodolele.com.br 10.53.184.85
162.241.203.72 - - [19/Jun/2026:23:47:12 -0300] "PURGE /.* HTTP/1.1" 204 - "-" "WordPress/7.0; https://netodolele.com.br; EPC/v2.2.2/epc_scheduled_purge_all" netodolele.com.br 10.53.184.85
162.241.203.72 - - [20/Jun/2026:00:02:50 -0300] "POST /wp-cron.php?doing_wp_cron=1781924570.0202660560607910156250 HTTP/1.1" 200 - "-" "WordPress/7.0; https://netodolele.com.br" netodolele.com.br 10.53.184.85
34.106.230.180 - - [20/Jun/2026:00:02:49 -0300] "GET / HTTP/1.1" 200 21 "https://www.bing.com/" "Mozilla/5.0 (Windows NT 10.0; Win64; x64) AppleWebKit/537.36 (KHTML, like Gecko) Chrome/124.0.0.0 Safari/537.36" www.netodolele.com.br.meumercado.app 10.53.184.85
34.106.230.180 - - [20/Jun/2026:00:02:49 -0300] "GET / HTTP/1.1" 200 21 "https://www.bing.com/" "Mozilla/5.0 (Windows NT 10.0; Win64; x64) AppleWebKit/537.36 (KHTML, like Gecko) Chrome/124.0.0.0 Safari/537.36" www.netodolele.com.br.meumercado.app 10.53.184.85
34.174.209.193 - - [20/Jun/2026:01:07:47 -0300] "GET / HTTP/1.1" 200 38502 "https://www.google.com/" "Mozilla/5.0 (Macintosh; Intel Mac OS X 10_15_7) AppleWebKit/537.36 (KHTML, like Gecko) Chrome/123.0.0.0 Safari/537.36" netodolele.com.br 10.53.184.85
34.174.209.193 - - [20/Jun/2026:01:07:47 -0300] "GET / HTTP/1.1" 200 38502 "https://www.google.com/" "Mozilla/5.0 (Macintosh; Intel Mac OS X 10_15_7) AppleWebKit/537.36 (KHTML, like Gecko) Chrome/123.0.0.0 Safari/537.36" netodolele.com.br 10.53.184.85
34.174.209.193 - - [20/Jun/2026:01:07:50 -0300] "GET /wp-includes/js/jquery/ui/core.min.js?ver=1.13.3 HTTP/1.1" 200 8375 "https://netodolele.com.br" "Mozilla/5.0 (Macintosh; Intel Mac OS X 10_15_7) AppleWebKit/537.36 (KHTML, like Gecko) Chrome/123.0.0.0 Safari/537.36" netodolele.com.br 10.53.184.85
34.174.209.193 - - [20/Jun/2026:01:07:50 -0300] "GET /wp-includes/js/jquery/jquery.min.js?ver=3.7.1 HTTP/1.1" 200 38349 "https://netodolele.com.br" "Mozilla/5.0 (Macintosh; Intel Mac OS X 10_15_7) AppleWebKit/537.36 (KHTML, like Gecko) Chrome/123.0.0.0 Safari/537.36" netodolele.com.br 10.53.184.85
162.241.203.72 - - [20/Jun/2026:01:07:49 -0300] "POST /wp-cron.php?doing_wp_cron=1781928469.4104919433593750000000 HTTP/1.1" 200 - "-" "WordPress/7.0; https://netodolele.com.br" netodolele.com.br 10.53.184.85
34.174.209.193 - - [20/Jun/2026:01:07:50 -0300] "GET /wp-includes/js/jquery/jquery-migrate.min.js?ver=3.4.1 HTTP/1.1" 200 5422 "https://netodolele.com.br" "Mozilla/5.0 (Macintosh; Intel Mac OS X 10_15_7) AppleWebKit/537.36 (KHTML, like Gecko) Chrome/123.0.0.0 Safari/537.36" netodolele.com.br 10.53.184.85
34.174.209.193 - - [20/Jun/2026:01:07:50 -0300] "GET /wp-content/plugins/elementor/assets/js/webpack.runtime.min.js?ver=3.30.3 HTTP/1.1" 200 2657 "https://netodolele.com.br" "Mozilla/5.0 (Macintosh; Intel Mac OS X 10_15_7) AppleWebKit/537.36 (KHTML, like Gecko) Chrome/123.0.0.0 Safari/537.36" netodolele.com.br 10.53.184.85
34.174.209.193 - - [20/Jun/2026:01:07:50 -0300] "GET /wp-content/themes/astra/assets/js/minified/frontend.min.js?ver=4.11.1 HTTP/1.1" 200 8439 "https://netodolele.com.br" "Mozilla/5.0 (Macintosh; Intel Mac OS X 10_15_7) AppleWebKit/537.36 (KHTML, like Gecko) Chrome/123.0.0.0 Safari/537.36" netodolele.com.br 10.53.184.85
34.174.209.193 - - [20/Jun/2026:01:07:50 -0300] "GET /wp-includes/js/dist/hooks.min.js?ver=7496969728ca0f95732d HTTP/1.1" 200 1870 "https://netodolele.com.br" "Mozilla/5.0 (Macintosh; Intel Mac OS X 10_15_7) AppleWebKit/537.36 (KHTML, like Gecko) Chrome/123.0.0.0 Safari/537.36" netodolele.com.br 10.53.184.85
34.174.209.193 - - [20/Jun/2026:01:07:50 -0300] "GET /wp-content/plugins/elementor/assets/js/frontend.min.js?ver=3.30.3 HTTP/1.1" 200 13613 "https://netodolele.com.br" "Mozilla/5.0 (Macintosh; Intel Mac OS X 10_15_7) AppleWebKit/537.36 (KHTML, like Gecko) Chrome/123.0.0.0 Safari/537.36" netodolele.com.br 10.53.184.85
34.174.209.193 - - [20/Jun/2026:01:07:50 -0300] "GET /wp-content/plugins/elementor/assets/js/frontend-modules.min.js?ver=3.30.3 HTTP/1.1" 200 19099 "https://netodolele.com.br" "Mozilla/5.0 (Macintosh; Intel Mac OS X 10_15_7) AppleWebKit/537.36 (KHTML, like Gecko) Chrome/123.0.0.0 Safari/537.36" netodolele.com.br 10.53.184.85
34.174.209.193 - - [20/Jun/2026:01:07:50 -0300] "GET /wp-content/plugins/elementor-pro/assets/js/webpack-pro.runtime.min.js?ver=3.28.1 HTTP/1.1" 200 2954 "https://netodolele.com.br" "Mozilla/5.0 (Macintosh; Intel Mac OS X 10_15_7) AppleWebKit/537.36 (KHTML, like Gecko) Chrome/123.0.0.0 Safari/537.36" netodolele.com.br 10.53.184.85
34.174.209.193 - - [20/Jun/2026:01:07:50 -0300] "GET /wp-includes/js/dist/i18n.min.js?ver=781d11515ad3d91786ec HTTP/1.1" 200 2543 "https://netodolele.com.br" "Mozilla/5.0 (Macintosh; Intel Mac OS X 10_15_7) AppleWebKit/537.36 (KHTML, like Gecko) Chrome/123.0.0.0 Safari/537.36" netodolele.com.br 10.53.184.85
34.174.209.193 - - [20/Jun/2026:01:07:51 -0300] "GET /wp-content/plugins/elementor-pro/assets/js/elements-handlers.min.js?ver=3.28.1 HTTP/1.1" 200 14420 "https://netodolele.com.br" "Mozilla/5.0 (Macintosh; Intel Mac OS X 10_15_7) AppleWebKit/537.36 (KHTML, like Gecko) Chrome/123.0.0.0 Safari/537.36" netodolele.com.br 10.53.184.85
34.174.209.193 - - [20/Jun/2026:01:07:51 -0300] "GET /wp-content/plugins/elementor-pro/assets/js/frontend.min.js?ver=3.28.1 HTTP/1.1" 200 8612 "https://netodolele.com.br" "Mozilla/5.0 (Macintosh; Intel Mac OS X 10_15_7) AppleWebKit/537.36 (KHTML, like Gecko) Chrome/123.0.0.0 Safari/537.36" netodolele.com.br 10.53.184.85
3.236.149.81 - - [20/Jun/2026:02:31:37 -0300] "GET /.git/config HTTP/1.1" 200 26603 "-" "git/2.39.2" www.netodolele.com.br.meumercado.app 10.53.184.85
3.236.149.81 - - [20/Jun/2026:02:31:37 -0300] "GET /.git/config HTTP/1.1" 200 26603 "-" "git/2.39.2" www.netodolele.com.br.meumercado.app 10.53.184.85
162.241.203.72 - - [20/Jun/2026:02:31:39 -0300] "POST /wp-cron.php?doing_wp_cron=1781933499.6778318881988525390625 HTTP/1.1" 200 - "-" "WordPress/7.0; https://netodolele.com.br" netodolele.com.br 10.53.184.85
3.236.149.81 - - [20/Jun/2026:02:31:37 -0300] "GET /.git/HEAD HTTP/1.1" 200 26603 "-" "git/2.39.2" www.netodolele.com.br.meumercado.app 10.53.184.85
3.236.149.81 - - [20/Jun/2026:02:31:37 -0300] "GET /.git/HEAD HTTP/1.1" 200 26603 "-" "git/2.39.2" www.netodolele.com.br.meumercado.app 10.53.184.85
162.241.203.72 - - [20/Jun/2026:04:07:46 -0300] "PURGE /.* HTTP/1.1" 204 - "-" "WordPress/7.0; https://netodolele.com.br; EPC/v2.2.2/epc_scheduled_purge_all" netodolele.com.br 10.53.184.85
162.241.203.72 - - [20/Jun/2026:04:07:46 -0300] "PURGE /.* HTTP/1.1" 204 - "-" "WordPress/7.0; https://netodolele.com.br; EPC/v2.2.2/epc_scheduled_purge_all" netodolele.com.br 10.53.184.85
74.7.175.189 - - [20/Jun/2026:04:23:38 -0300] "GET /robots.txt HTTP/1.1" 200 97 "-" "Mozilla/5.0 (Macintosh; Intel Mac OS X 10_15_7) AppleWebKit/537.36 (KHTML, like Gecko) Chrome/131.0.0.0 Safari/537.36; compatible; OAI-SearchBot/1.4; robots.txt; +https://openai.com/searchbot" www.netodolele.com.br.meumercado.app 10.53.184.85
74.7.175.189 - - [20/Jun/2026:04:23:38 -0300] "GET /robots.txt HTTP/2.0" 200 97 "-" "Mozilla/5.0 (Macintosh; Intel Mac OS X 10_15_7) AppleWebKit/537.36 (KHTML, like Gecko) Chrome/131.0.0.0 Safari/537.36; compatible; OAI-SearchBot/1.4; robots.txt; +https://openai.com/searchbot" www.netodolele.com.br.meumercado.app 10.53.184.85
45.227.253.15 - - [20/Jun/2026:05:10:32 -0300] "GET /index.php/jk HTTP/1.1" 409 83 "-" "Mozilla/5.0 (Macintosh; Intel Mac OS X 10.13; rv:103.0) Gecko/20100101 Firefox/101.0" netodolele.com.br 10.53.184.85
3.233.59.216 - - [20/Jun/2026:05:59:22 -0300] "GET / HTTP/1.1" 421 362 "-" "RecordedFuture Global Inventory Crawler" netodolele.com.br.meumercado.app 10.53.184.85
64.227.141.64 - - [20/Jun/2026:06:43:38 -0300] "GET / HTTP/1.1" 200 21 "-" "Mozilla/5.0 (X11; Linux x86_64; rv:142.0) Gecko/20100101 Firefox/142.0" www.netodolele.com.br 10.53.184.85
64.227.141.64 - - [20/Jun/2026:06:43:38 -0300] "GET / HTTP/1.1" 200 21 "-" "Mozilla/5.0 (X11; Linux x86_64; rv:142.0) Gecko/20100101 Firefox/142.0" www.netodolele.com.br 10.53.184.85
64.227.141.64 - - [20/Jun/2026:06:43:47 -0300] "GET /favicon.ico HTTP/1.1" 200 21 "https://www.netodolele.com.br/" "Mozilla/5.0 (X11; Linux x86_64; rv:142.0) Gecko/20100101 Firefox/142.0" www.netodolele.com.br 10.53.184.85
64.227.141.64 - - [20/Jun/2026:06:43:47 -0300] "GET /favicon.ico HTTP/1.1" 200 21 "https://www.netodolele.com.br/" "Mozilla/5.0 (X11; Linux x86_64; rv:142.0) Gecko/20100101 Firefox/142.0" www.netodolele.com.br 10.53.184.85
134.209.65.153 - - [20/Jun/2026:07:12:30 -0300] "GET / HTTP/1.1" 200 38503 "-" "Mozilla/5.0 (Windows NT 10.0; Win64; x64) AppleWebKit/537.36" netodolele.com.br 10.53.184.85
134.209.65.153 - - [20/Jun/2026:07:12:30 -0300] "GET / HTTP/1.1" 200 38503 "-" "Mozilla/5.0 (Windows NT 10.0; Win64; x64) AppleWebKit/537.36" netodolele.com.br 10.53.184.85
45.227.253.15 - - [20/Jun/2026:08:33:05 -0300] "GET /index.php/jk HTTP/1.1" 409 83 "-" "Mozilla/5.0 (iPhone; CPU iPhone OS 11_3 like Mac OS X) AppleWebKit/605.1.15 (KHTML, like Gecko) Version/11.0.4 Mobile/15E148 Safari/604.1" netodolele.com.br 10.53.184.85
147.182.191.96 - - [20/Jun/2026:12:16:12 -0300] "GET /___proxy_subdomain_cpcalendars/ HTTP/1.1" 500 726 "-" "Mozilla/5.0 (X11; Linux x86_64) AppleWebKit/537.36 (KHTML, like Gecko) Chrome/142.0.0.0 Safari/537.36" cpcalendars.netodolele.com.br 10.53.184.85
147.182.191.96 - - [20/Jun/2026:12:16:12 -0300] "GET / HTTP/1.1" 500 726 "-" "Mozilla/5.0 (X11; Linux x86_64) AppleWebKit/537.36 (KHTML, like Gecko) Chrome/142.0.0.0 Safari/537.36" cpcalendars.netodolele.com.br 10.53.184.85
147.182.191.96 - - [20/Jun/2026:12:16:15 -0300] "GET /___proxy_subdomain_cpcalendars/favicon.ico HTTP/1.1" 500 726 "https://cpcalendars.netodolele.com.br/" "Mozilla/5.0 (X11; Linux x86_64) AppleWebKit/537.36 (KHTML, like Gecko) Chrome/142.0.0.0 Safari/537.36" cpcalendars.netodolele.com.br 10.53.184.85
147.182.191.96 - - [20/Jun/2026:12:16:15 -0300] "GET /favicon.ico HTTP/1.1" 500 726 "https://cpcalendars.netodolele.com.br/" "Mozilla/5.0 (X11; Linux x86_64) AppleWebKit/537.36 (KHTML, like Gecko) Chrome/142.0.0.0 Safari/537.36" cpcalendars.netodolele.com.br 10.53.184.85
74.7.244.41 - - [20/Jun/2026:13:42:44 -0300] "GET /robots.txt HTTP/1.1" 200 97 "-" "Mozilla/5.0 (Macintosh; Intel Mac OS X 10_15_7) AppleWebKit/537.36 (KHTML, like Gecko) Chrome/131.0.0.0 Safari/537.36; compatible; OAI-SearchBot/1.4; robots.txt; +https://openai.com/searchbot" netodolele.com.br 10.53.184.85
74.7.244.41 - - [20/Jun/2026:13:42:44 -0300] "GET /robots.txt HTTP/2.0" 200 97 "-" "Mozilla/5.0 (Macintosh; Intel Mac OS X 10_15_7) AppleWebKit/537.36 (KHTML, like Gecko) Chrome/131.0.0.0 Safari/537.36; compatible; OAI-SearchBot/1.4; robots.txt; +https://openai.com/searchbot" netodolele.com.br 10.53.184.85
74.7.175.151 - - [20/Jun/2026:13:42:44 -0300] "GET /robots.txt HTTP/1.1" 200 97 "-" "Mozilla/5.0 (Macintosh; Intel Mac OS X 10_15_7) AppleWebKit/537.36 (KHTML, like Gecko) Chrome/131.0.0.0 Safari/537.36; compatible; OAI-SearchBot/1.4; robots.txt; +https://openai.com/searchbot" netodolele.com.br.meumercado.app 10.53.184.85
74.7.175.151 - - [20/Jun/2026:13:42:44 -0300] "GET /robots.txt HTTP/2.0" 200 97 "-" "Mozilla/5.0 (Macintosh; Intel Mac OS X 10_15_7) AppleWebKit/537.36 (KHTML, like Gecko) Chrome/131.0.0.0 Safari/537.36; compatible; OAI-SearchBot/1.4; robots.txt; +https://openai.com/searchbot" netodolele.com.br.meumercado.app 10.53.184.85
162.241.203.72 - - [20/Jun/2026:13:50:34 -0300] "POST /wp-cron.php?doing_wp_cron=1781974234.9220960140228271484375 HTTP/1.1" 200 - "-" "WordPress/7.0; https://netodolele.com.br" netodolele.com.br 10.53.184.85
205.210.31.141 - - [20/Jun/2026:13:50:34 -0300] "GET / HTTP/1.1" 200 1 "-" "Hello from Palo Alto Networks, find out more about our scans in https://docs-cortex.paloaltonetworks.com/r/1/Cortex-Xpanse/Scanning-activity" www.netodolele.com.br.meumercado.app 10.53.184.85
205.210.31.141 - - [20/Jun/2026:13:50:34 -0300] "GET / HTTP/1.1" 200 1 "-" "Hello from Palo Alto Networks, find out more about our scans in https://docs-cortex.paloaltonetworks.com/r/1/Cortex-Xpanse/Scanning-activity" www.netodolele.com.br.meumercado.app 10.53.184.85
45.227.253.15 - - [20/Jun/2026:14:38:49 -0300] "GET /index.php/jk HTTP/1.1" 409 83 "-" "Mozilla/5.0 (iPhone; CPU iPhone OS 10_3 like Mac OS X) AppleWebKit/605.1.15 (KHTML, like Gecko) Version/10.0.4 Mobile/15E148 Safari/604.1" netodolele.com.br 10.53.184.85
208.84.100.215 - - [20/Jun/2026:18:37:49 -0300] "GET / HTTP/1.1" 200 38498 "-" "Mozilla/5.0 (X11; Linux x86_64; rv:150.0) Gecko/20100101 Firefox/150.0" netodolele.com.br 10.53.184.85
208.84.100.215 - - [20/Jun/2026:18:37:49 -0300] "GET / HTTP/1.1" 200 38498 "-" "Mozilla/5.0 (X11; Linux x86_64; rv:150.0) Gecko/20100101 Firefox/150.0" netodolele.com.br 10.53.184.85
74.7.175.189 - - [20/Jun/2026:19:22:49 -0300] "GET /robots.txt HTTP/1.1" 200 97 "-" "Mozilla/5.0 (Macintosh; Intel Mac OS X 10_15_7) AppleWebKit/537.36 (KHTML, like Gecko) Chrome/131.0.0.0 Safari/537.36; compatible; OAI-SearchBot/1.4; robots.txt; +https://openai.com/searchbot" www.netodolele.com.br.meumercado.app 10.53.184.85
74.7.175.189 - - [20/Jun/2026:19:22:49 -0300] "GET /robots.txt HTTP/2.0" 200 97 "-" "Mozilla/5.0 (Macintosh; Intel Mac OS X 10_15_7) AppleWebKit/537.36 (KHTML, like Gecko) Chrome/131.0.0.0 Safari/537.36; compatible; OAI-SearchBot/1.4; robots.txt; +https://openai.com/searchbot" www.netodolele.com.br.meumercado.app 10.53.184.85
45.227.253.15 - - [20/Jun/2026:20:04:26 -0300] "GET /index.php/jk HTTP/1.1" 409 83 "-" "Mozilla/5.0 (Windows NT 10.0; Win64; x64) AppleWebKit/537.36 (KHTML, like Gecko) Chrome/75.0.3780 Safari/537.36 Edg/75.0.139" netodolele.com.br 10.53.184.85
162.241.203.72 - - [20/Jun/2026:21:06:21 -0300] "POST /wp-cron.php?doing_wp_cron=1782000381.6236889362335205078125 HTTP/1.1" 200 - "-" "WordPress/7.0; https://netodolele.com.br" netodolele.com.br 10.53.184.85
162.241.203.72 - - [20/Jun/2026:21:06:21 -0300] "POST /wp-cron.php?doing_wp_cron=1782000381.6236898899078369140625 HTTP/1.1" 200 - "-" "WordPress/7.0; https://netodolele.com.br" netodolele.com.br 10.53.184.85
4.227.232.143 - - [20/Jun/2026:21:06:19 -0300] "POST / HTTP/1.1" 200 44862 "https://netodolele.com.br.meumercado.app/" "Mozilla/5.0 (Windows NT 10.0; Win64; x64) AppleWebKit/537.36 (KHTML, like Gecko) Chrome/146.0.0.0 Safari/537.36" netodolele.com.br.meumercado.app 10.53.184.85
4.227.232.143 - - [20/Jun/2026:21:06:20 -0300] "POST / HTTP/1.1" 200 44819 "https://netodolele.com.br/" "Mozilla/5.0 (Windows NT 10.0; Win64; x64) AppleWebKit/537.36 (KHTML, like Gecko) Chrome/146.0.0.0 Safari/537.36" netodolele.com.br 10.53.184.85
45.227.253.15 - - [21/Jun/2026:03:07:58 -0300] "GET /index.php/jk HTTP/1.1" 409 83 "-" "Mozilla/5.0 (Windows NT 6.1; WOW64; Trident/7.0; rv:11.0) like Gecko" netodolele.com.br 10.53.184.85
162.241.203.72 - - [21/Jun/2026:03:17:50 -0300] "PURGE /.* HTTP/1.1" 204 - "-" "WordPress/7.0; https://netodolele.com.br; EPC/v2.2.2/epc_scheduled_purge_all" netodolele.com.br 10.53.184.85
162.241.203.72 - - [21/Jun/2026:03:17:50 -0300] "PURGE /.* HTTP/1.1" 204 - "-" "WordPress/7.0; https://netodolele.com.br; EPC/v2.2.2/epc_scheduled_purge_all" netodolele.com.br 10.53.184.85
165.227.221.135 - - [21/Jun/2026:03:36:57 -0300] "GET /___proxy_subdomain_cpcontacts/ HTTP/1.1" 500 726 "-" "Mozilla/5.0 (X11; Linux x86_64) AppleWebKit/537.36 (KHTML, like Gecko) Chrome/142.0.0.0 Safari/537.36" cpcontacts.netodolele.com.br 10.53.184.85
165.227.221.135 - - [21/Jun/2026:03:36:57 -0300] "GET / HTTP/1.1" 500 726 "-" "Mozilla/5.0 (X11; Linux x86_64) AppleWebKit/537.36 (KHTML, like Gecko) Chrome/142.0.0.0 Safari/537.36" cpcontacts.netodolele.com.br 10.53.184.85
165.227.221.135 - - [21/Jun/2026:03:37:00 -0300] "GET /___proxy_subdomain_cpcontacts/favicon.ico HTTP/1.1" 500 726 "https://cpcontacts.netodolele.com.br/" "Mozilla/5.0 (X11; Linux x86_64) AppleWebKit/537.36 (KHTML, like Gecko) Chrome/142.0.0.0 Safari/537.36" cpcontacts.netodolele.com.br 10.53.184.85
165.227.221.135 - - [21/Jun/2026:03:37:00 -0300] "GET /favicon.ico HTTP/1.1" 500 726 "https://cpcontacts.netodolele.com.br/" "Mozilla/5.0 (X11; Linux x86_64) AppleWebKit/537.36 (KHTML, like Gecko) Chrome/142.0.0.0 Safari/537.36" cpcontacts.netodolele.com.br 10.53.184.85
205.210.31.96 - - [21/Jun/2026:04:50:49 -0300] "GET /.well-known/security.txt HTTP/1.1" 200 106264 "-" "Hello from Palo Alto Networks, find out more about our scans in https://docs-cortex.paloaltonetworks.com/r/1/Cortex-Xpanse/Scanning-activity" netodolele.com.br.meumercado.app 10.53.184.85
205.210.31.96 - - [21/Jun/2026:04:50:49 -0300] "GET /.well-known/security.txt HTTP/1.1" 200 106264 "-" "Hello from Palo Alto Networks, find out more about our scans in https://docs-cortex.paloaltonetworks.com/r/1/Cortex-Xpanse/Scanning-activity" netodolele.com.br.meumercado.app 10.53.184.85
162.241.203.72 - - [21/Jun/2026:04:50:53 -0300] "POST /wp-cron.php?doing_wp_cron=1782028253.9485249519348144531250 HTTP/1.1" 200 - "-" "WordPress/7.0; https://netodolele.com.br" netodolele.com.br 10.53.184.85
45.227.253.15 - - [21/Jun/2026:07:16:22 -0300] "GET /index.php/jk HTTP/1.1" 409 83 "-" "Mozilla/5.0 (Macintosh; Intel Mac OS X 10.15; rv:103.0) Gecko/20100101 Firefox/103.0" netodolele.com.br 10.53.184.85
162.241.203.72 - - [21/Jun/2026:09:59:21 -0300] "POST /wp-cron.php?doing_wp_cron=1782046761.3284440040588378906250 HTTP/1.1" 200 - "-" "WordPress/7.0; https://netodolele.com.br" netodolele.com.br 10.53.184.85
2a06:98c0:3600::103 - - [21/Jun/2026:09:59:19 -0300] "GET /_rNd9xZ7kL3 HTTP/1.1" 200 26634 "-" "Mozilla/5.0 (Windows NT 10.0; Win64; x64) AppleWebKit/537.36 (KHTML, like Gecko) Chrome/135.0.0.0 Safari/537.36" www.netodolele.com.br.meumercado.app 10.53.184.85
2a06:98c0:3600::103 - - [21/Jun/2026:09:59:19 -0300] "GET /_rNd9xZ7kL3 HTTP/2.0" 200 26634 "-" "Mozilla/5.0 (Windows NT 10.0; Win64; x64) AppleWebKit/537.36 (KHTML, like Gecko) Chrome/135.0.0.0 Safari/537.36" www.netodolele.com.br.meumercado.app 10.53.184.85
2a06:98c0:3600::103 - - [21/Jun/2026:09:59:24 -0300] "GET /sitemap.xml HTTP/1.1" 200 229 "-" "Mozilla/5.0 AppleWebKit/537.36 (KHTML, like Gecko; compatible; ChatGPT-User/1.0; +https://openai.com/bot)" www.netodolele.com.br.meumercado.app 10.53.184.85
2a06:98c0:3600::103 - - [21/Jun/2026:09:59:24 -0300] "GET /sitemap.xml HTTP/2.0" 200 229 "-" "Mozilla/5.0 AppleWebKit/537.36 (KHTML, like Gecko; compatible; ChatGPT-User/1.0; +https://openai.com/bot)" www.netodolele.com.br.meumercado.app 10.53.184.85
2a06:98c0:3600::103 - - [21/Jun/2026:09:59:26 -0300] "GET /sitemap_index.xml HTTP/1.1" 200 26603 "https://www.google.com/search?q=www.netodolele.com.br.meumercado.app" "Mozilla/5.0 AppleWebKit/537.36 (KHTML, like Gecko; compatible; ChatGPT-User/1.0; +https://openai.com/bot)" www.netodolele.com.br.meumercado.app 10.53.184.85
2a06:98c0:3600::103 - - [21/Jun/2026:09:59:26 -0300] "GET /sitemap_index.xml HTTP/2.0" 200 26603 "https://www.google.com/search?q=www.netodolele.com.br.meumercado.app" "Mozilla/5.0 AppleWebKit/537.36 (KHTML, like Gecko; compatible; ChatGPT-User/1.0; +https://openai.com/bot)" www.netodolele.com.br.meumercado.app 10.53.184.85
2a06:98c0:3600::103 - - [21/Jun/2026:10:00:01 -0300] "GET /sitemap-index.xml HTTP/1.1" 200 26603 "-" "Mozilla/5.0 (Macintosh; Intel Mac OS X 14_5) AppleWebKit/605.1.15 (KHTML, like Gecko) Version/18.4 Safari/605.1.15" www.netodolele.com.br.meumercado.app 10.53.184.85
2a06:98c0:3600::103 - - [21/Jun/2026:10:00:01 -0300] "GET /sitemap-index.xml HTTP/2.0" 200 26603 "-" "Mozilla/5.0 (Macintosh; Intel Mac OS X 14_5) AppleWebKit/605.1.15 (KHTML, like Gecko) Version/18.4 Safari/605.1.15" www.netodolele.com.br.meumercado.app 10.53.184.85
217.181.88.165 - - [21/Jun/2026:10:00:22 -0300] "HEAD /.env.old HTTP/1.1" 406 - "-" "Mozilla/5.0 (Macintosh; Intel Mac OS X 14_5) AppleWebKit/605.1.15 (KHTML, like Gecko) Version/18.4 Safari/605.1.15" www.netodolele.com.br.meumercado.app 10.53.184.85
195.63.25.78 - - [21/Jun/2026:10:00:22 -0300] "HEAD /wp-config.php HTTP/1.1" 409 - "-" "Mozilla/5.0 AppleWebKit/537.36 (KHTML, like Gecko; compatible; ChatGPT-User/1.0; +https://openai.com/bot)" www.netodolele.com.br.meumercado.app 10.53.184.85
195.63.22.95 - - [21/Jun/2026:10:00:23 -0300] "HEAD /.env.backup HTTP/1.1" 406 - "https://www.google.com/search?q=www.netodolele.com.br.meumercado.app" "Mozilla/5.0 (Macintosh; Intel Mac OS X 14_5) AppleWebKit/605.1.15 (KHTML, like Gecko) Version/18.4 Safari/605.1.15" www.netodolele.com.br.meumercado.app 10.53.184.85
217.181.81.19 - - [21/Jun/2026:10:00:23 -0300] "HEAD /.env HTTP/1.1" 406 - "-" "Mozilla/5.0 (Windows NT 10.0; Win64; x64) AppleWebKit/537.36 (KHTML, like Gecko) Chrome/135.0.0.0 Safari/537.36" www.netodolele.com.br.meumercado.app 10.53.184.85
217.181.81.19 - - [21/Jun/2026:10:00:23 -0300] "HEAD /wp-config.php.bak HTTP/1.1" 406 - "https://www.google.com/search?q=www.netodolele.com.br.meumercado.app" "Mozilla/5.0 (Windows NT 10.0; Win64; x64; rv:137.0) Gecko/20100101 Firefox/137.0" www.netodolele.com.br.meumercado.app 10.53.184.85
195.63.22.95 - - [21/Jun/2026:10:00:23 -0300] "HEAD /bootstrap/cache/config.php HTTP/1.1" 409 - "-" "Mozilla/5.0 (Macintosh; Intel Mac OS X 14_5) AppleWebKit/605.1.15 (KHTML, like Gecko) Version/18.4 Safari/605.1.15" www.netodolele.com.br.meumercado.app 10.53.184.85
195.63.25.78 - - [21/Jun/2026:10:00:22 -0300] "HEAD /api/config HTTP/1.1" 200 - "https://www.google.com/search?q=www.netodolele.com.br.meumercado.app" "Mozilla/5.0 (Linux; Android 14; Pixel 8) AppleWebKit/537.36 (KHTML, like Gecko) Chrome/135.0.6422.113 Mobile Safari/537.36" www.netodolele.com.br.meumercado.app 10.53.184.85
217.181.81.89 - - [21/Jun/2026:10:00:22 -0300] "HEAD /config.json HTTP/1.1" 200 - "https://www.google.com/search?q=www.netodolele.com.br.meumercado.app" "Mozilla/5.0 (Linux; Android 14; Pixel 8) AppleWebKit/537.36 (KHTML, like Gecko) Chrome/135.0.6422.113 Mobile Safari/537.36" www.netodolele.com.br.meumercado.app 10.53.184.85
217.181.87.118 - - [21/Jun/2026:10:00:22 -0300] "HEAD /.continue/config.json HTTP/1.1" 200 - "-" "Mozilla/5.0 (Macintosh; Intel Mac OS X 10_15_7) AppleWebKit/537.36 (KHTML, like Gecko) Chrome/135.0.0.0 Safari/537.36" www.netodolele.com.br.meumercado.app 10.53.184.85
217.181.81.89 - - [21/Jun/2026:10:00:23 -0300] "HEAD /.env.dist HTTP/1.1" 200 - "-" "Mozilla/5.0 AppleWebKit/537.36 (KHTML, like Gecko; compatible; ChatGPT-User/1.0; +https://openai.com/bot)" www.netodolele.com.br.meumercado.app 10.53.184.85
217.181.82.216 - - [21/Jun/2026:10:00:23 -0300] "HEAD /.pgpass HTTP/1.1" 200 - "-" "Mozilla/5.0 (Linux; Android 14; Pixel 8) AppleWebKit/537.36 (KHTML, like Gecko) Chrome/135.0.6422.113 Mobile Safari/537.36" www.netodolele.com.br.meumercado.app 10.53.184.85
195.63.15.90 - - [21/Jun/2026:10:00:23 -0300] "HEAD /secrets.yaml HTTP/1.1" 200 - "-" "Mozilla/5.0 (Windows NT 10.0; Win64; x64; rv:137.0) Gecko/20100101 Firefox/137.0" www.netodolele.com.br.meumercado.app 10.53.184.85
217.181.81.19 - - [21/Jun/2026:10:00:23 -0300] "HEAD /.cursor/mcp.json HTTP/1.1" 200 - "-" "Mozilla/5.0 (Windows NT 10.0; Win64; x64; rv:137.0) Gecko/20100101 Firefox/137.0" www.netodolele.com.br.meumercado.app 10.53.184.85
217.181.88.165 - - [21/Jun/2026:10:00:23 -0300] "HEAD /.vscode/settings.json HTTP/1.1" 200 - "-" "Mozilla/5.0 (Linux; Android 14; Pixel 8) AppleWebKit/537.36 (KHTML, like Gecko) Chrome/135.0.6422.113 Mobile Safari/537.36" www.netodolele.com.br.meumercado.app 10.53.184.85
217.181.82.216 - - [21/Jun/2026:10:00:23 -0300] "HEAD /.git/config HTTP/1.1" 200 - "-" "Mozilla/5.0 (Windows NT 10.0; Win64; x64) AppleWebKit/537.36 (KHTML, like Gecko) Chrome/135.0.0.0 Safari/537.36" www.netodolele.com.br.meumercado.app 10.53.184.85
217.181.82.216 - - [21/Jun/2026:10:00:23 -0300] "HEAD /.pypirc HTTP/1.1" 200 - "-" "Mozilla/5.0 (Macintosh; Intel Mac OS X 10_15_7) AppleWebKit/537.36 (KHTML, like Gecko) Chrome/135.0.0.0 Safari/537.36" www.netodolele.com.br.meumercado.app 10.53.184.85
195.63.25.46 - - [21/Jun/2026:10:00:23 -0300] "HEAD /.aws/credentials HTTP/1.1" 200 - "https://www.google.com/search?q=www.netodolele.com.br.meumercado.app" "Mozilla/5.0 (compatible; Googlebot/2.1; +http://www.google.com/bot.html)" www.netodolele.com.br.meumercado.app 10.53.184.85
195.63.18.245 - - [21/Jun/2026:10:00:23 -0300] "HEAD /.git/HEAD HTTP/1.1" 200 - "-" "Mozilla/5.0 (Linux; Android 14; Pixel 8) AppleWebKit/537.36 (KHTML, like Gecko) Chrome/135.0.6422.113 Mobile Safari/537.36" www.netodolele.com.br.meumercado.app 10.53.184.85
195.63.25.78 - - [21/Jun/2026:10:00:23 -0300] "HEAD /.env.local HTTP/1.1" 200 - "-" "Mozilla/5.0 (Windows NT 10.0; Win64; x64; rv:137.0) Gecko/20100101 Firefox/137.0" www.netodolele.com.br.meumercado.app 10.53.184.85
217.181.87.118 - - [21/Jun/2026:10:00:23 -0300] "HEAD /.dev.vars HTTP/1.1" 200 - "https://www.google.com/search?q=www.netodolele.com.br.meumercado.app" "Mozilla/5.0 (Windows NT 10.0; Win64; x64) AppleWebKit/537.36 (KHTML, like Gecko) Chrome/135.0.0.0 Safari/537.36" www.netodolele.com.br.meumercado.app 10.53.184.85
195.63.15.90 - - [21/Jun/2026:10:00:23 -0300] "HEAD /secrets.json HTTP/1.1" 200 - "-" "Mozilla/5.0 (Macintosh; Intel Mac OS X 10_15_7) AppleWebKit/537.36 (KHTML, like Gecko) Chrome/135.0.0.0 Safari/537.36" www.netodolele.com.br.meumercado.app 10.53.184.85
195.63.22.95 - - [21/Jun/2026:10:00:23 -0300] "HEAD /config.yaml HTTP/1.1" 200 - "-" "Mozilla/5.0 (compatible; Googlebot/2.1; +http://www.google.com/bot.html)" www.netodolele.com.br.meumercado.app 10.53.184.85
217.181.88.165 - - [21/Jun/2026:10:00:23 -0300] "HEAD /.env.production HTTP/1.1" 200 - "https://www.google.com/search?q=www.netodolele.com.br.meumercado.app" "Mozilla/5.0 (Windows NT 10.0; Win64; x64; rv:137.0) Gecko/20100101 Firefox/137.0" www.netodolele.com.br.meumercado.app 10.53.184.85
195.63.25.46 - - [21/Jun/2026:10:00:23 -0300] "HEAD /client_secret.json HTTP/1.1" 200 - "https://www.google.com/search?q=www.netodolele.com.br.meumercado.app" "Mozilla/5.0 AppleWebKit/537.36 (KHTML, like Gecko; compatible; ChatGPT-User/1.0; +https://openai.com/bot)" www.netodolele.com.br.meumercado.app 10.53.184.85
2a06:98c0:3600::103 - - [21/Jun/2026:10:00:33 -0300] "GET /.env HTTP/2.0" 406 226 "-" "Mozilla/5.0 (Windows NT 10.0; Win64; x64) AppleWebKit/537.36 (KHTML, like Gecko) Chrome/131.0.0.0 Safari/537.36" www.netodolele.com.br.meumercado.app 10.53.184.85
2a06:98c0:3600::103 - - [21/Jun/2026:10:00:34 -0300] "GET /.git/config HTTP/1.1" 200 26603 "-" "Mozilla/5.0 (Windows NT 10.0; Win64; x64; rv:137.0) Gecko/20100101 Firefox/137.0" www.netodolele.com.br.meumercado.app 10.53.184.85
2a06:98c0:3600::103 - - [21/Jun/2026:10:00:34 -0300] "GET /.git/config HTTP/2.0" 200 26603 "-" "Mozilla/5.0 (Windows NT 10.0; Win64; x64; rv:137.0) Gecko/20100101 Firefox/137.0" www.netodolele.com.br.meumercado.app 10.53.184.85
2a06:98c0:3600::103 - - [21/Jun/2026:10:00:35 -0300] "GET /.env.old HTTP/2.0" 406 226 "https://www.google.com/search?q=www.netodolele.com.br.meumercado.app" "Mozilla/5.0 (Macintosh; Intel Mac OS X 14_5) AppleWebKit/605.1.15 (KHTML, like Gecko) Version/18.4 Safari/605.1.15" www.netodolele.com.br.meumercado.app 10.53.184.85
2a06:98c0:3600::103 - - [21/Jun/2026:10:00:35 -0300] "GET /.env.dist HTTP/1.1" 200 26603 "https://www.google.com/search?q=www.netodolele.com.br.meumercado.app" "Mozilla/5.0 (Windows NT 10.0; Win64; x64; rv:137.0) Gecko/20100101 Firefox/137.0" www.netodolele.com.br.meumercado.app 10.53.184.85
2a06:98c0:3600::103 - - [21/Jun/2026:10:00:35 -0300] "GET /.env.dist HTTP/2.0" 200 26603 "https://www.google.com/search?q=www.netodolele.com.br.meumercado.app" "Mozilla/5.0 (Windows NT 10.0; Win64; x64; rv:137.0) Gecko/20100101 Firefox/137.0" www.netodolele.com.br.meumercado.app 10.53.184.85
2a06:98c0:3600::103 - - [21/Jun/2026:10:00:35 -0300] "GET /secrets.json HTTP/2.0" 200 26611 "-" "Mozilla/5.0 (Linux; Android 14; Pixel 8) AppleWebKit/537.36 (KHTML, like Gecko) Chrome/135.0.6422.113 Mobile Safari/537.36" www.netodolele.com.br.meumercado.app 10.53.184.85
2a06:98c0:3600::103 - - [21/Jun/2026:10:00:35 -0300] "GET /client_secret.json HTTP/2.0" 200 26603 "-" "Mozilla/5.0 (Macintosh; Intel Mac OS X 10_15_7) AppleWebKit/537.36 (KHTML, like Gecko) Chrome/135.0.0.0 Safari/537.36" www.netodolele.com.br.meumercado.app 10.53.184.85
2a06:98c0:3600::103 - - [21/Jun/2026:10:00:35 -0300] "GET /.env.local HTTP/1.1" 200 26603 "https://www.google.com/search?q=www.netodolele.com.br.meumercado.app" "Mozilla/5.0 (Macintosh; Intel Mac OS X 14_5) AppleWebKit/605.1.15 (KHTML, like Gecko) Version/18.4 Safari/605.1.15" www.netodolele.com.br.meumercado.app 10.53.184.85
2a06:98c0:3600::103 - - [21/Jun/2026:10:00:35 -0300] "GET /.env.local HTTP/2.0" 200 26603 "https://www.google.com/search?q=www.netodolele.com.br.meumercado.app" "Mozilla/5.0 (Macintosh; Intel Mac OS X 14_5) AppleWebKit/605.1.15 (KHTML, like Gecko) Version/18.4 Safari/605.1.15" www.netodolele.com.br.meumercado.app 10.53.184.85
2a06:98c0:3600::103 - - [21/Jun/2026:10:00:35 -0300] "GET /api/config HTTP/1.1" 200 26634 "-" "-" www.netodolele.com.br.meumercado.app 10.53.184.85
2a06:98c0:3600::103 - - [21/Jun/2026:10:00:35 -0300] "GET /api/config HTTP/2.0" 200 26634 "-" "-" www.netodolele.com.br.meumercado.app 10.53.184.85
2a06:98c0:3600::103 - - [21/Jun/2026:10:00:35 -0300] "GET /secrets.yaml HTTP/1.1" 200 26603 "-" "Mozilla/5.0 AppleWebKit/537.36 (KHTML, like Gecko; compatible; ChatGPT-User/1.0; +https://openai.com/bot)" www.netodolele.com.br.meumercado.app 10.53.184.85
2a06:98c0:3600::103 - - [21/Jun/2026:10:00:35 -0300] "GET /secrets.yaml HTTP/2.0" 200 26603 "-" "Mozilla/5.0 AppleWebKit/537.36 (KHTML, like Gecko; compatible; ChatGPT-User/1.0; +https://openai.com/bot)" www.netodolele.com.br.meumercado.app 10.53.184.85
2a06:98c0:3600::103 - - [21/Jun/2026:10:00:36 -0300] "GET /.continue/config.json HTTP/2.0" 200 26611 "https://www.google.com/search?q=www.netodolele.com.br.meumercado.app" "Mozilla/5.0 (Linux; Android 14; Pixel 8) AppleWebKit/537.36 (KHTML, like Gecko) Chrome/135.0.6422.113 Mobile Safari/537.36" www.netodolele.com.br.meumercado.app 10.53.184.85
2a06:98c0:3600::103 - - [21/Jun/2026:10:00:36 -0300] "GET /.env.production HTTP/1.1" 200 26603 "https://www.google.com/search?q=www.netodolele.com.br.meumercado.app" "Mozilla/5.0 AppleWebKit/537.36 (KHTML, like Gecko; compatible; ChatGPT-User/1.0; +https://openai.com/bot)" www.netodolele.com.br.meumercado.app 10.53.184.85
2a06:98c0:3600::103 - - [21/Jun/2026:10:00:36 -0300] "GET /.env.production HTTP/2.0" 200 26603 "https://www.google.com/search?q=www.netodolele.com.br.meumercado.app" "Mozilla/5.0 AppleWebKit/537.36 (KHTML, like Gecko; compatible; ChatGPT-User/1.0; +https://openai.com/bot)" www.netodolele.com.br.meumercado.app 10.53.184.85
8.215.47.191 - - [21/Jun/2026:10:00:36 -0300] "GET /config.yaml HTTP/1.1" 200 26603 "-" "Mozilla/5.0 (Windows NT 10.0; Win64; x64; rv:137.0) Gecko/20100101 Firefox/137.0" www.netodolele.com.br.meumercado.app 10.53.184.85
8.215.47.191 - - [21/Jun/2026:10:00:36 -0300] "GET /config.yaml HTTP/1.1" 200 26603 "-" "Mozilla/5.0 (Windows NT 10.0; Win64; x64; rv:137.0) Gecko/20100101 Firefox/137.0" www.netodolele.com.br.meumercado.app 10.53.184.85
162.241.203.72 - - [21/Jun/2026:10:00:48 -0300] "POST /wp-cron.php?doing_wp_cron=1782046848.0656929016113281250000 HTTP/1.1" 200 - "-" "WordPress/7.0; https://netodolele.com.br" netodolele.com.br 10.53.184.85
2a06:98c0:3600::103 - - [21/Jun/2026:10:00:47 -0300] "GET /.continue/config.json HTTP/2.0" 200 26603 "-" "Mozilla/5.0 AppleWebKit/537.36 (KHTML, like Gecko; compatible; ChatGPT-User/1.0; +https://openai.com/bot)" www.netodolele.com.br.meumercado.app 10.53.184.85
74.7.244.41 - - [21/Jun/2026:13:43:52 -0300] "GET /robots.txt HTTP/1.1" 200 97 "-" "Mozilla/5.0 (Macintosh; Intel Mac OS X 10_15_7) AppleWebKit/537.36 (KHTML, like Gecko) Chrome/131.0.0.0 Safari/537.36; compatible; OAI-SearchBot/1.4; robots.txt; +https://openai.com/searchbot" netodolele.com.br 10.53.184.85
