45.227.253.15 - - [12/Jun/2026:13:55:05 -0300] "GET /index.php/jk HTTP/1.1" 409 83 "-" "Mozilla/5.0 (Windows NT 10.0; Win64; x64) AppleWebKit/537.36 (KHTML, like Gecko) Chrome/82.0.3292.140 Safari/537.36 Edge/18.18761" sasakisushi.meumercado.app 10.53.184.85
74.7.228.22 - - [12/Jun/2026:18:06:35 -0300] "GET /robots.txt HTTP/2.0" 200 104 "-" "Mozilla/5.0 (Macintosh; Intel Mac OS X 10_15_7) AppleWebKit/537.36 (KHTML, like Gecko) Chrome/131.0.0.0 Safari/537.36; compatible; OAI-SearchBot/1.4; robots.txt; +https://openai.com/searchbot" www.sasakisushi.meumercado.app 10.53.184.85
74.7.228.8 - - [12/Jun/2026:18:06:36 -0300] "GET /robots.txt HTTP/2.0" 200 104 "-" "Mozilla/5.0 (Macintosh; Intel Mac OS X 10_15_7) AppleWebKit/537.36 (KHTML, like Gecko) Chrome/131.0.0.0 Safari/537.36; compatible; OAI-SearchBot/1.4; robots.txt; +https://openai.com/searchbot" sasakisushi.meumercado.app 10.53.184.85
74.7.227.16 - - [12/Jun/2026:18:06:36 -0300] "GET / HTTP/2.0" 200 7338 "-" "Mozilla/5.0 AppleWebKit/537.36 (KHTML, like Gecko; compatible; GPTBot/1.4; +https://openai.com/gptbot)" www.sasakisushi.meumercado.app 10.53.184.85
45.227.253.15 - - [12/Jun/2026:18:41:19 -0300] "GET /index.php/jk HTTP/1.1" 409 83 "-" "Mozilla/5.0 (Windows NT 10.0; Win64; x64; rv:80.0) Gecko/20100101 Firefox/80.0" sasakisushi.meumercado.app 10.53.184.85
34.123.82.129 - - [12/Jun/2026:19:02:36 -0300] "GET /.env HTTP/1.1" 406 226 "-" "Mozilla/5.0 (Macintosh; Intel Mac OS X 10_15_7) AppleWebKit/537.36 (KHTML, like Gecko) Chrome/142.0.0.0 Safari/537.36" www.sasakisushi.meumercado.app 10.53.184.85
34.238.162.167 - - [12/Jun/2026:20:35:20 -0300] "GET / HTTP/1.1" 200 7338 "https://www.google.com/" "Mozilla/5.0 (X11; Linux x86_64) AppleWebKit/537.36 (KHTML, like Gecko) Chrome/124.0.0.0 Safari/537.36" www.sasakisushi.meumercado.app 10.53.184.85
45.227.253.15 - - [12/Jun/2026:22:18:54 -0300] "GET /index.php/jk HTTP/1.1" 409 83 "-" "Mozilla/5.0 (Windows NT 6.2; Win64; x64) AppleWebKit/537.36 (KHTML, like Gecko) Chrome/86.0.4240.111 Safari/537.36" sasakisushi.meumercado.app 10.53.184.85
45.227.253.15 - - [13/Jun/2026:02:48:46 -0300] "GET /index.php/jk HTTP/1.1" 409 83 "-" "Mozilla/5.0 (iPhone; CPU iPhone OS 14_1 like Mac OS X) AppleWebKit/605.1.15 (KHTML, like Gecko) Version/14.0 Mobile/15E148 Safari/604.1" sasakisushi.meumercado.app 10.53.184.85
34.123.82.129 - - [13/Jun/2026:04:24:54 -0300] "GET /.env HTTP/1.1" 406 226 "-" "Mozilla/5.0 (Macintosh; Intel Mac OS X 10_15_7) AppleWebKit/537.36 (KHTML, like Gecko) Chrome/142.0.0.0 Safari/537.36" www.sasakisushi.meumercado.app 10.53.184.85
85.121.120.141 - - [13/Jun/2026:05:19:42 -0300] "GET / HTTP/2.0" 200 - "-" "Mozilla/5.0 (iPad; CPU OS 19_0 like Mac OS X) AppleWebKit/605.1.15 (KHTML, like Gecko) Version/19.0 Mobile/15E148 Safari/604.1" sasakisushi.meumercado.app 10.53.184.85
198.235.24.185 - - [13/Jun/2026:06:01:39 -0300] "GET / HTTP/1.1" 200 8708 "-" "Hello from Palo Alto Networks, find out more about our scans in https://docs-cortex.paloaltonetworks.com/r/1/Cortex-Xpanse/Scanning-activity" www.sasakisushi.meumercado.app 10.53.184.85
45.227.253.15 - - [13/Jun/2026:07:42:39 -0300] "GET /index.php/jk HTTP/1.1" 409 83 "-" "Mozilla/5.0 (Windows NT 6.1; Win64; x64) AppleWebKit/537.36 (KHTML, like Gecko) Chrome/86.0.4240.111 Safari/537.36" sasakisushi.meumercado.app 10.53.184.85
74.7.228.8 - - [13/Jun/2026:10:25:44 -0300] "GET /robots.txt HTTP/2.0" 200 104 "-" "Mozilla/5.0 (Macintosh; Intel Mac OS X 10_15_7) AppleWebKit/537.36 (KHTML, like Gecko) Chrome/131.0.0.0 Safari/537.36; compatible; OAI-SearchBot/1.4; robots.txt; +https://openai.com/searchbot" sasakisushi.meumercado.app 10.53.184.85
74.7.242.57 - - [13/Jun/2026:10:25:44 -0300] "GET /?sitemap.xml HTTP/2.0" 200 7338 "-" "Mozilla/5.0 AppleWebKit/537.36 (KHTML, like Gecko; compatible; GPTBot/1.4; +https://openai.com/gptbot)" sasakisushi.meumercado.app 10.53.184.85
74.7.242.57 - - [13/Jun/2026:10:27:54 -0300] "GET /sitemap.xml HTTP/2.0" 200 7338 "-" "Mozilla/5.0 AppleWebKit/537.36 (KHTML, like Gecko; compatible; GPTBot/1.4; +https://openai.com/gptbot)" sasakisushi.meumercado.app 10.53.184.85
45.227.253.15 - - [13/Jun/2026:15:20:34 -0300] "GET /index.php/jk HTTP/1.1" 409 83 "-" "Mozilla/5.0 (Macintosh; Intel Mac OS X 10_15_7) AppleWebKit/537.36 (KHTML, like Gecko) Chrome/86.0.4240.111 Safari/537.36 Edg/86.0.622.51" sasakisushi.meumercado.app 10.53.184.85
45.227.253.15 - - [13/Jun/2026:18:53:00 -0300] "GET /index.php/jk HTTP/1.1" 409 83 "-" "Mozilla/5.0 (Macintosh; Intel Mac OS X 10.13; rv:103.0) Gecko/20100101 Firefox/103.0" sasakisushi.meumercado.app 10.53.184.85
34.123.82.129 - - [13/Jun/2026:19:17:02 -0300] "GET /.env HTTP/1.1" 406 226 "-" "Mozilla/5.0 (Macintosh; Intel Mac OS X 10_15_7) AppleWebKit/537.36 (KHTML, like Gecko) Chrome/142.0.0.0 Safari/537.36" www.sasakisushi.meumercado.app 10.53.184.85
167.99.220.204 - - [13/Jun/2026:22:24:20 -0300] "GET / HTTP/1.1" 200 7338 "-" "Mozilla/5.0 (X11; Linux x86_64; rv:142.0) Gecko/20100101 Firefox/142.0" www.sasakisushi.meumercado.app 10.53.184.85
167.99.220.204 - - [13/Jun/2026:22:24:28 -0300] "GET /favicon.ico HTTP/1.1" 200 7338 "https://www.sasakisushi.meumercado.app/" "Mozilla/5.0 (X11; Linux x86_64; rv:142.0) Gecko/20100101 Firefox/142.0" www.sasakisushi.meumercado.app 10.53.184.85
45.227.253.15 - - [14/Jun/2026:00:25:56 -0300] "GET /index.php/jk HTTP/1.1" 200 7338 "-" "Mozilla/5.0 (iPhone; CPU iPhone OS 11_3 like Mac OS X) AppleWebKit/605.1.15 (KHTML, like Gecko) Version/11.0.4 Mobile/15E148 Safari/604.1" sasakisushi.meumercado.app 10.53.184.85
34.31.88.250 - - [14/Jun/2026:02:33:18 -0300] "GET /.env HTTP/1.1" 406 226 "-" "Mozilla/5.0 (Macintosh; Intel Mac OS X 10_15_7) AppleWebKit/537.36 (KHTML, like Gecko) Chrome/142.0.0.0 Safari/537.36" www.sasakisushi.meumercado.app 10.53.184.85
34.122.16.212 - - [14/Jun/2026:05:44:32 -0300] "POST / HTTP/1.1" 200 7338 "https://www.sasakisushi.meumercado.app/" "Mozilla/5.0 (Windows NT 10.0; Win64; x64) AppleWebKit/537.36 (KHTML, like Gecko) Chrome/146.0.0.0 Safari/537.36" www.sasakisushi.meumercado.app 10.53.184.85
45.227.253.15 - - [14/Jun/2026:06:43:13 -0300] "GET /index.php/jk HTTP/1.1" 409 83 "-" "Mozilla/5.0 (Windows NT 10.0; Win64; x64) AppleWebKit/537.36 (KHTML, like Gecko) Chrome/79.0.3970 Safari/537.36 Edg/79.0.143.5" sasakisushi.meumercado.app 10.53.184.85
34.123.82.129 - - [14/Jun/2026:09:53:07 -0300] "GET /.env HTTP/1.1" 406 226 "-" "Mozilla/5.0 (Macintosh; Intel Mac OS X 10_15_7) AppleWebKit/537.36 (KHTML, like Gecko) Chrome/142.0.0.0 Safari/537.36" www.sasakisushi.meumercado.app 10.53.184.85
74.7.228.8 - - [14/Jun/2026:10:26:56 -0300] "GET /robots.txt HTTP/2.0" 200 104 "-" "Mozilla/5.0 (Macintosh; Intel Mac OS X 10_15_7) AppleWebKit/537.36 (KHTML, like Gecko) Chrome/131.0.0.0 Safari/537.36; compatible; OAI-SearchBot/1.4; robots.txt; +https://openai.com/searchbot" sasakisushi.meumercado.app 10.53.184.85
74.7.242.57 - - [14/Jun/2026:10:26:56 -0300] "GET /?sitemap.xml HTTP/2.0" 200 7338 "-" "Mozilla/5.0 AppleWebKit/537.36 (KHTML, like Gecko; compatible; GPTBot/1.4; +https://openai.com/gptbot)" sasakisushi.meumercado.app 10.53.184.85
74.7.242.57 - - [14/Jun/2026:10:30:06 -0300] "GET /sitemap.xml HTTP/2.0" 200 7338 "-" "Mozilla/5.0 AppleWebKit/537.36 (KHTML, like Gecko; compatible; GPTBot/1.4; +https://openai.com/gptbot)" sasakisushi.meumercado.app 10.53.184.85
147.185.132.237 - - [14/Jun/2026:13:20:25 -0300] "GET / HTTP/1.1" 200 8708 "-" "Hello from Palo Alto Networks, find out more about our scans in https://docs-cortex.paloaltonetworks.com/r/1/Cortex-Xpanse/Scanning-activity" www.sasakisushi.meumercado.app 10.53.184.85
45.227.253.15 - - [14/Jun/2026:14:27:35 -0300] "GET /index.php/jk HTTP/1.1" 409 83 "-" "Mozilla/5.0 (Macintosh; Intel Mac OS X 10.12; rv:103.0) Gecko/20100101 Firefox/101.0" sasakisushi.meumercado.app 10.53.184.85
34.123.82.129 - - [14/Jun/2026:16:37:48 -0300] "GET /.env HTTP/1.1" 406 226 "-" "Mozilla/5.0 (Macintosh; Intel Mac OS X 10_15_7) AppleWebKit/537.36 (KHTML, like Gecko) Chrome/142.0.0.0 Safari/537.36" www.sasakisushi.meumercado.app 10.53.184.85
45.227.253.15 - - [14/Jun/2026:19:45:06 -0300] "GET /index.php/jk HTTP/1.1" 409 83 "-" "Mozilla/5.0 (Macintosh; Intel Mac OS X 10.13; rv:103.0) Gecko/20100101 Firefox/101.0" sasakisushi.meumercado.app 10.53.184.85
34.31.88.250 - - [15/Jun/2026:00:24:55 -0300] "GET /.env HTTP/1.1" 406 226 "-" "Mozilla/5.0 (Macintosh; Intel Mac OS X 10_15_7) AppleWebKit/537.36 (KHTML, like Gecko) Chrome/142.0.0.0 Safari/537.36" www.sasakisushi.meumercado.app 10.53.184.85
45.227.253.15 - - [15/Jun/2026:01:29:20 -0300] "GET /index.php/jk HTTP/1.1" 409 83 "-" "Mozilla/5.0 (Macintosh; Intel Mac OS X 10.15; rv:103.0) Gecko/20100101 Firefox/102.0" sasakisushi.meumercado.app 10.53.184.85
45.227.253.15 - - [15/Jun/2026:06:34:17 -0300] "GET /index.php/jk HTTP/1.1" 409 83 "-" "Mozilla/5.0 (iPad; U; CPU OS 4_3_4 like Mac OS X; ja) AppleWebKit/533.17.9 (KHTML, like Gecko) Version/5.0.2 Mobile/8J2 Safari/6533.18.5" sasakisushi.meumercado.app 10.53.184.85
34.31.88.250 - - [15/Jun/2026:07:18:55 -0300] "GET /.env HTTP/1.1" 406 226 "-" "Mozilla/5.0 (Macintosh; Intel Mac OS X 10_15_7) AppleWebKit/537.36 (KHTML, like Gecko) Chrome/142.0.0.0 Safari/537.36" www.sasakisushi.meumercado.app 10.53.184.85
35.192.232.168 - - [15/Jun/2026:08:23:40 -0300] "POST / HTTP/1.1" 200 7338 "https://www.sasakisushi.meumercado.app/" "Mozilla/5.0 (Windows NT 10.0; Win64; x64) AppleWebKit/537.36 (KHTML, like Gecko) Chrome/145.0.0.0 Safari/537.36" www.sasakisushi.meumercado.app 10.53.184.85
45.227.253.15 - - [15/Jun/2026:08:42:53 -0300] "GET /index.php/jk HTTP/1.1" 409 83 "-" "Mozilla/5.0 (Windows NT 10.0; Win64; x64) AppleWebKit/537.36 (KHTML, like Gecko) Chrome/80.0.3980 Safari/537.36 Edg/80.0.145.1" sasakisushi.meumercado.app 10.53.184.85
74.7.228.8 - - [15/Jun/2026:10:28:51 -0300] "GET /robots.txt HTTP/2.0" 200 104 "-" "Mozilla/5.0 (Macintosh; Intel Mac OS X 10_15_7) AppleWebKit/537.36 (KHTML, like Gecko) Chrome/131.0.0.0 Safari/537.36; compatible; OAI-SearchBot/1.4; robots.txt; +https://openai.com/searchbot" sasakisushi.meumercado.app 10.53.184.85
74.7.242.57 - - [15/Jun/2026:10:28:51 -0300] "GET /?sitemap.xml HTTP/2.0" 200 - "-" "Mozilla/5.0 AppleWebKit/537.36 (KHTML, like Gecko; compatible; GPTBot/1.4; +https://openai.com/gptbot)" sasakisushi.meumercado.app 10.53.184.85
74.7.242.57 - - [15/Jun/2026:10:30:39 -0300] "GET /sitemap.xml HTTP/2.0" 200 - "-" "Mozilla/5.0 AppleWebKit/537.36 (KHTML, like Gecko; compatible; GPTBot/1.4; +https://openai.com/gptbot)" sasakisushi.meumercado.app 10.53.184.85
45.130.203.218 - - [15/Jun/2026:11:42:11 -0300] "GET /.env.production HTTP/1.1" 406 226 "-" "Python-urllib/3.10" www.sasakisushi.meumercado.app 10.53.184.85
45.130.203.233 - - [15/Jun/2026:11:42:11 -0300] "GET /.env HTTP/1.1" 406 226 "-" "Python-urllib/3.10" www.sasakisushi.meumercado.app 10.53.184.85
34.31.88.250 - - [15/Jun/2026:14:11:15 -0300] "GET /.env HTTP/1.1" 406 226 "-" "Mozilla/5.0 (Macintosh; Intel Mac OS X 10_15_7) AppleWebKit/537.36 (KHTML, like Gecko) Chrome/142.0.0.0 Safari/537.36" www.sasakisushi.meumercado.app 10.53.184.85
45.227.253.15 - - [15/Jun/2026:15:50:54 -0300] "GET /index.php/jk HTTP/1.1" 409 83 "-" "Mozilla/5.0 (Macintosh; Intel Mac OS X 10.11; rv:103.0) Gecko/20100101 Firefox/103.0" sasakisushi.meumercado.app 10.53.184.85
45.227.253.15 - - [15/Jun/2026:20:28:39 -0300] "GET /index.php/jk HTTP/1.1" 409 83 "-" "Mozilla/5.0 (Windows NT 6.1; Win64; x64) AppleWebKit/537.36 (KHTML, like Gecko) Chrome/86.0.4240.111 Safari/537.36" sasakisushi.meumercado.app 10.53.184.85
34.31.88.250 - - [15/Jun/2026:21:02:50 -0300] "GET /.env HTTP/1.1" 406 226 "-" "Mozilla/5.0 (Macintosh; Intel Mac OS X 10_15_7) AppleWebKit/537.36 (KHTML, like Gecko) Chrome/142.0.0.0 Safari/537.36" www.sasakisushi.meumercado.app 10.53.184.85
40.114.79.135 - - [16/Jun/2026:02:34:41 -0300] "POST / HTTP/1.1" 200 7338 "https://www.sasakisushi.meumercado.app/" "Mozilla/5.0 (Windows NT 10.0; Win64; x64) AppleWebKit/537.36 (KHTML, like Gecko) Chrome/145.0.0.0 Safari/537.36" www.sasakisushi.meumercado.app 10.53.184.85
35.246.223.13 - - [16/Jun/2026:03:27:15 -0300] "GET /.git/config HTTP/1.1" 200 7338 "-" "Mozilla/5.0 (X11; Linux i686; rv:40.0) Gecko/20100101 Firefox/40.0" www.sasakisushi.meumercado.app 10.53.184.85
35.246.223.13 - - [16/Jun/2026:03:27:15 -0300] "GET /src/.git/config HTTP/1.1" 200 7338 "-" "Mozilla/5.0 (Windows NT 6.1; WOW64; rv:15.0) Gecko/20120427 Firefox/15.0a1" www.sasakisushi.meumercado.app 10.53.184.85
35.246.223.13 - - [16/Jun/2026:03:27:15 -0300] "GET /frontend/.git/config HTTP/1.1" 200 7338 "-" "Mozilla/5.0 (X11; Linux x86_64; rv:2.0.1) Gecko/20100101 Firefox/4.0.1" www.sasakisushi.meumercado.app 10.53.184.85
35.246.223.13 - - [16/Jun/2026:03:27:15 -0300] "GET /html/.git/config HTTP/1.1" 200 7338 "-" "Mozilla/5.0 (Linux; Android 9; Pixel 3a) AppleWebKit/537.36 (KHTML, like Gecko) Chrome/76.0.3809.89 Mobile Safari/537.36" www.sasakisushi.meumercado.app 10.53.184.85
35.246.223.13 - - [16/Jun/2026:03:27:15 -0300] "GET /dashboard/.git/config HTTP/1.1" 200 7338 "-" "Mozilla/5.0 (Linux; U; Android 6.0; he-il; Redmi Note 4X Build/MRA58K) AppleWebKit/537.36 (KHTML, like Gecko) Version/4.0 Chrome/71.0.3578.141 Mobile Safari/537.36 XiaoMi/MiuiBrowser/10.9.7-g" www.sasakisushi.meumercado.app 10.53.184.85
35.246.223.13 - - [16/Jun/2026:03:27:15 -0300] "GET /backend/.git/config HTTP/1.1" 200 7338 "-" "Mozilla/5.0 (Linux; Android 9; ELE-L09) AppleWebKit/537.36 (KHTML, like Gecko) Chrome/76.0.3809.111 Mobile Safari/537.36" www.sasakisushi.meumercado.app 10.53.184.85
35.246.223.13 - - [16/Jun/2026:03:27:15 -0300] "GET /v1/.git/config HTTP/1.1" 200 7338 "-" "Mozilla/5.0 (Linux; U; Android 4.3; en-us; sdk Build/MR1) AppleWebKit/536.23 (KHTML, like Gecko) Version/4.3 Mobile Safari/536.23" www.sasakisushi.meumercado.app 10.53.184.85
35.246.223.13 - - [16/Jun/2026:03:27:15 -0300] "GET /v2/.git/config HTTP/1.1" 200 7338 "-" "Mozilla/5.0 (Linux; Android 9; SM-A505FN) AppleWebKit/537.36 (KHTML, like Gecko) Chrome/76.0.3809.111 Mobile Safari/537.36" www.sasakisushi.meumercado.app 10.53.184.85
35.246.223.13 - - [16/Jun/2026:03:27:15 -0300] "GET /www/.git/config HTTP/1.1" 200 7338 "-" "Mozilla/5.0 (X11; Linux) KHTML/4.9.1 (like Gecko) Konqueror/4.9" www.sasakisushi.meumercado.app 10.53.184.85
35.246.223.13 - - [16/Jun/2026:03:27:15 -0300] "GET /v3/.git/config HTTP/1.1" 200 7338 "-" "Mozilla/5.0 (Linux; Android 8.0.0; moto e5 plus) AppleWebKit/537.36 (KHTML, like Gecko) Chrome/76.0.3809.89 Mobile Safari/537.36" www.sasakisushi.meumercado.app 10.53.184.85
35.246.223.13 - - [16/Jun/2026:03:27:15 -0300] "GET /api/.git/config HTTP/1.1" 200 7338 "-" "Mozilla/5.0 (Linux; Android 9; Mi A1) AppleWebKit/537.36 (KHTML, like Gecko) Chrome/76.0.3809.111 Mobile Safari/537.36" www.sasakisushi.meumercado.app 10.53.184.85
35.246.223.13 - - [16/Jun/2026:03:27:15 -0300] "GET /build/.git/config HTTP/1.1" 200 7338 "-" "Mozilla/5.0 (X11; U; Linux i686; en-US) AppleWebKit/532.4 (KHTML, like Gecko) Chrome/4.0.237.0 Safari/532.4 Debian" www.sasakisushi.meumercado.app 10.53.184.85
35.246.223.13 - - [16/Jun/2026:03:27:15 -0300] "GET /app/.git/config HTTP/1.1" 200 7338 "-" "Mozilla/5.0 (Linux; Android 9; Redmi Note 7 Pro Build/PKQ1.181203.001; wv) AppleWebKit/537.36 (KHTML, like Gecko) Version/4.0 Chrome/66.0.3359.126 MQQBrowser/6.2 TBS/044807 Mobile Safari/537.36 MMWEBID/7272 MicroMessenger/7.0.6.1460(0x27000634) Process/tools NetType/WIFI Language/zh_CN" www.sasakisushi.meumercado.app 10.53.184.85
35.246.223.13 - - [16/Jun/2026:03:27:15 -0300] "GET /wordpress/.git/config HTTP/1.1" 200 7338 "-" "Mozilla/5.0 (Macintosh; Intel Mac OS X 10_12_1) AppleWebKit/537.36 (KHTML, like Gecko) Chrome/76.0.3809.100 Safari/537.36" www.sasakisushi.meumercado.app 10.53.184.85
35.246.223.13 - - [16/Jun/2026:03:27:15 -0300] "GET /code/.git/config HTTP/1.1" 200 7338 "-" "Mozilla/5.0 (Linux; Android 5.1.1; SM-J111F) AppleWebKit/537.36 (KHTML, like Gecko) Chrome/76.0.3809.111 Mobile Safari/537.36" www.sasakisushi.meumercado.app 10.53.184.85
35.246.223.13 - - [16/Jun/2026:03:27:15 -0300] "GET /assets/.git/config HTTP/1.1" 200 7338 "-" "Mozilla/5.0 (Linux; Android 8.1.0; Redmi 6) AppleWebKit/537.36 (KHTML, like Gecko) Chrome/76.0.3809.111 Mobile Safari/537.36" www.sasakisushi.meumercado.app 10.53.184.85
35.246.223.13 - - [16/Jun/2026:03:27:15 -0300] "GET /dist/.git/config HTTP/1.1" 200 7338 "-" "Mozilla/5.0 (iPhone; CPU iPhone OS 12_4 like Mac OS X) AppleWebKit/602.1.50 (KHTML, like Gecko) CriOS/56.0.2924.79 Mobile/16G77 Safari/602.1" www.sasakisushi.meumercado.app 10.53.184.85
35.246.223.13 - - [16/Jun/2026:03:27:15 -0300] "GET /htdocs/.git/config HTTP/1.1" 200 7338 "-" "Mozilla/5.0 (X11; U; Linux; en-US) AppleWebKit/527 (KHTML, like Gecko, Safari/419.3) Arora/0.10.1" www.sasakisushi.meumercado.app 10.53.184.85
35.246.223.13 - - [16/Jun/2026:03:27:15 -0300] "GET /static/.git/config HTTP/1.1" 200 7338 "-" "Nokia6630/1.0 (2.39.15) SymbianOS/8.0 Series60/2.6 Profile/MIDP-2.0 Configuration/CLDC-1.1" www.sasakisushi.meumercado.app 10.53.184.85
35.246.223.13 - - [16/Jun/2026:03:27:15 -0300] "GET /admin/.git/config HTTP/1.1" 200 7338 "-" "Mozilla/5.0 (Windows NT 6.1; WOW64) AppleWebKit/537.36 (KHTML, like Gecko) Chrome/75.0.3770.80 Safari/537.36" www.sasakisushi.meumercado.app 10.53.184.85
35.246.223.13 - - [16/Jun/2026:03:27:15 -0300] "GET /blog/.git/config HTTP/1.1" 200 7338 "-" "Mozilla/5.0 (Linux; U; Android 3.0.1; fr-fr; A500 Build/HRI66) AppleWebKit/534.13 (KHTML, like Gecko) Version/4.0 Safari/534.13" www.sasakisushi.meumercado.app 10.53.184.85
35.246.223.13 - - [16/Jun/2026:03:27:15 -0300] "GET /site/.git/config HTTP/1.1" 200 7338 "-" "Mozilla/5.0 (Linux; U; Android 3.0.1; fr-fr; A500 Build/HRI66) AppleWebKit/534.13 (KHTML, like Gecko) Version/4.0 Safari/534.13" www.sasakisushi.meumercado.app 10.53.184.85
35.246.223.13 - - [16/Jun/2026:03:27:15 -0300] "GET /web/.git/config HTTP/1.1" 200 7338 "-" "Mozilla/5.0 (Linux; Android 7.0; KIICAA POWER) AppleWebKit/537.36 (KHTML, like Gecko) Chrome/75.0.3770.101 Mobile Safari/537.36" www.sasakisushi.meumercado.app 10.53.184.85
35.246.223.13 - - [16/Jun/2026:03:27:15 -0300] "GET /portal/.git/config HTTP/1.1" 200 7338 "-" "Mozilla/5.0 (Macintosh; Intel Mac OS X 10_9_2) AppleWebKit/537.36 (KHTML, like Gecko) Chrome/66.0.3359.181 Safari/537.36" www.sasakisushi.meumercado.app 10.53.184.85
35.246.223.13 - - [16/Jun/2026:03:27:15 -0300] "GET /wp-content/.git/config HTTP/1.1" 200 7338 "-" "Mozilla/5.0 (X11; Linux x86_64) AppleWebKit/537.36 (KHTML, like Gecko) Chrome/76.0.3809.100 Safari/537.36" www.sasakisushi.meumercado.app 10.53.184.85
35.246.223.13 - - [16/Jun/2026:03:27:15 -0300] "GET /public/.git/config HTTP/1.1" 200 7338 "-" "Mozilla/5.0 (Windows NT 6.1; WOW64) AppleWebKit/537.36 (KHTML, like Gecko) SFive/64.0 Chrome/64.0.3282.204 Safari/537.36" www.sasakisushi.meumercado.app 10.53.184.85
35.246.223.13 - - [16/Jun/2026:03:27:15 -0300] "GET /laravel/.git/config HTTP/1.1" 200 7338 "-" "Mozilla/5.0 (X11; Linux x86_64) AppleWebKit/537.36 (KHTML, like Gecko) Chrome/66.0.3359.170 Safari/537.36" www.sasakisushi.meumercado.app 10.53.184.85
35.246.223.13 - - [16/Jun/2026:03:27:15 -0300] "GET /symfony/.git/config HTTP/1.1" 200 7338 "-" "Mozilla/5.0 (X11; Linux x86_64) AppleWebKit/537.36 (KHTML, like Gecko) Chrome/45.0.2454.85 Safari/537.36 OPR/32.0.1948.25" www.sasakisushi.meumercado.app 10.53.184.85
35.246.223.13 - - [16/Jun/2026:03:27:15 -0300] "GET /shop/.git/config HTTP/1.1" 200 7338 "-" "Mozilla/5.0 (Windows NT 10.0; Win64; x64) AppleWebKit/537.36 (KHTML, like Gecko) Chrome/78.0.3880.4 Safari/537.36" www.sasakisushi.meumercado.app 10.53.184.85
35.246.223.13 - - [16/Jun/2026:03:27:15 -0300] "GET /project/.git/config HTTP/1.1" 200 7338 "-" "Mozilla/5.0 (OS/2; Warp 4.5; rv:31.0) Gecko/20100101 Firefox/31.0" www.sasakisushi.meumercado.app 10.53.184.85
34.31.88.250 - - [16/Jun/2026:03:51:07 -0300] "GET /.env HTTP/1.1" 406 226 "-" "Mozilla/5.0 (Macintosh; Intel Mac OS X 10_15_7) AppleWebKit/537.36 (KHTML, like Gecko) Chrome/142.0.0.0 Safari/537.36" www.sasakisushi.meumercado.app 10.53.184.85
34.139.93.162 - - [16/Jun/2026:04:30:44 -0300] "GET / HTTP/2.0" 200 7338 "-" "Mozilla/5.0 (X11; Linux x86_64) AppleWebKit/537.36 (KHTML, like Gecko) Chrome/124.0 Safari/537.36" www.sasakisushi.meumercado.app 10.53.184.85
45.227.253.15 - - [16/Jun/2026:04:31:55 -0300] "GET /index.php/jk HTTP/1.1" 409 83 "-" "Mozilla/5.0 (Windows NT 10.0; Win64; x64) AppleWebKit/537.36 (KHTML, like Gecko) Chrome/84.0.4183.83 Safari/537.36" sasakisushi.meumercado.app 10.53.184.85
3.18.186.238 - - [16/Jun/2026:06:48:26 -0300] "GET / HTTP/1.1" 200 7338 "-" "visionheight.com/scan Mozilla/5.0 (Macintosh; Intel Mac OS X 10_15_7) Chrome/126.0.0.0 Safari/537.36" sasakisushi.meumercado.app 10.53.184.85
45.227.253.15 - - [16/Jun/2026:07:55:55 -0300] "GET /index.php/jk HTTP/1.1" 409 83 "-" "Mozilla/5.0 (Windows NT 10.0; Win64; x64) AppleWebKit/537.36 (KHTML, like Gecko) Chrome/76.0.3800 Safari/537.36 Edg/76.0.140.6" sasakisushi.meumercado.app 10.53.184.85
74.7.228.8 - - [16/Jun/2026:10:31:42 -0300] "GET /robots.txt HTTP/2.0" 200 104 "-" "Mozilla/5.0 (Macintosh; Intel Mac OS X 10_15_7) AppleWebKit/537.36 (KHTML, like Gecko) Chrome/131.0.0.0 Safari/537.36; compatible; OAI-SearchBot/1.4; robots.txt; +https://openai.com/searchbot" sasakisushi.meumercado.app 10.53.184.85
74.7.242.57 - - [16/Jun/2026:10:31:41 -0300] "GET /?sitemap.xml HTTP/2.0" 200 7338 "-" "Mozilla/5.0 AppleWebKit/537.36 (KHTML, like Gecko; compatible; GPTBot/1.4; +https://openai.com/gptbot)" sasakisushi.meumercado.app 10.53.184.85
74.7.242.57 - - [16/Jun/2026:10:32:14 -0300] "GET /sitemap.xml HTTP/2.0" 200 7338 "-" "Mozilla/5.0 AppleWebKit/537.36 (KHTML, like Gecko; compatible; GPTBot/1.4; +https://openai.com/gptbot)" sasakisushi.meumercado.app 10.53.184.85
34.31.88.250 - - [16/Jun/2026:10:37:10 -0300] "GET /.env HTTP/1.1" 406 226 "-" "Mozilla/5.0 (Macintosh; Intel Mac OS X 10_15_7) AppleWebKit/537.36 (KHTML, like Gecko) Chrome/142.0.0.0 Safari/537.36" www.sasakisushi.meumercado.app 10.53.184.85
45.227.253.15 - - [16/Jun/2026:11:32:26 -0300] "GET /index.php/jk HTTP/1.1" 409 83 "-" "Mozilla/5.0 (iPhone; CPU iPhone OS 13_4 like Mac OS X) AppleWebKit/605.1.15 (KHTML, like Gecko) Version/13.4.4 Mobile/15E148 Safari/604.1" sasakisushi.meumercado.app 10.53.184.85
45.227.253.15 - - [16/Jun/2026:19:24:49 -0300] "GET /index.php/jk HTTP/1.1" 409 83 "-" "Mozilla/5.0 (iPhone; CPU iPhone OS 14_1 like Mac OS X) AppleWebKit/605.1.15 (KHTML, like Gecko) Version/14.0 Mobile/15E148 Safari/604.1" sasakisushi.meumercado.app 10.53.184.85
45.227.253.15 - - [16/Jun/2026:23:12:49 -0300] "GET /index.php/jk HTTP/1.1" 409 83 "-" "Mozilla/5.0 (Windows NT 6.2; WOW64) AppleWebKit/535.24 (KHTML, like Gecko) Chrome/83.0.1055.1 Safari/535.24" sasakisushi.meumercado.app 10.53.184.85
45.227.253.15 - - [17/Jun/2026:07:00:06 -0300] "GET /index.php/jk HTTP/1.1" 409 83 "-" "Mozilla/5.0 (Macintosh; Intel Mac OS X 10.12; rv:103.0) Gecko/20100101 Firefox/103.0" sasakisushi.meumercado.app 10.53.184.85
45.227.253.15 - - [17/Jun/2026:09:54:39 -0300] "GET /index.php/jk HTTP/1.1" 409 83 "-" "Mozilla/5.0 (Windows NT 10.0; Win64; x64; rv:81.0) Gecko/20100101 Firefox/81.0" sasakisushi.meumercado.app 10.53.184.85
74.7.228.8 - - [17/Jun/2026:10:35:08 -0300] "GET /robots.txt HTTP/2.0" 200 104 "-" "Mozilla/5.0 (Macintosh; Intel Mac OS X 10_15_7) AppleWebKit/537.36 (KHTML, like Gecko) Chrome/131.0.0.0 Safari/537.36; compatible; OAI-SearchBot/1.4; robots.txt; +https://openai.com/searchbot" sasakisushi.meumercado.app 10.53.184.85
74.7.242.57 - - [17/Jun/2026:10:35:08 -0300] "GET /sitemap.xml HTTP/2.0" 200 7338 "-" "Mozilla/5.0 AppleWebKit/537.36 (KHTML, like Gecko; compatible; GPTBot/1.4; +https://openai.com/gptbot)" sasakisushi.meumercado.app 10.53.184.85
74.7.242.57 - - [17/Jun/2026:10:35:59 -0300] "GET /?sitemap.xml HTTP/2.0" 200 7338 "-" "Mozilla/5.0 AppleWebKit/537.36 (KHTML, like Gecko; compatible; GPTBot/1.4; +https://openai.com/gptbot)" sasakisushi.meumercado.app 10.53.184.85
45.227.253.15 - - [17/Jun/2026:16:55:37 -0300] "GET /index.php/jk HTTP/1.1" 409 83 "-" "Mozilla/5.0 (Macintosh; Intel Mac OS X 10.11; rv:103.0) Gecko/20100101 Firefox/103.0" sasakisushi.meumercado.app 10.53.184.85
45.227.253.15 - - [17/Jun/2026:23:13:26 -0300] "GET /index.php/jk HTTP/1.1" 409 83 "-" "Mozilla/5.0 (Windows NT 10.0; Win64; x64; rv:82.0) Gecko/20100101 Firefox/82.0" sasakisushi.meumercado.app 10.53.184.85
129.159.56.14 - - [18/Jun/2026:01:11:55 -0300] "GET /.env HTTP/1.1" 406 226 "-" "Mozilla/5.0 (Windows NT 10.0; Win64; x64) AppleWebKit/537.36" www.sasakisushi.meumercado.app 10.53.184.85
45.227.253.15 - - [18/Jun/2026:02:46:22 -0300] "GET /index.php/jk HTTP/1.1" 409 83 "-" "Mozilla/5.0 (Macintosh; Intel Mac OS X 10.15; rv:103.0) Gecko/20100101 Firefox/103.0" sasakisushi.meumercado.app 10.53.184.85
74.7.228.22 - - [18/Jun/2026:06:49:44 -0300] "GET /robots.txt HTTP/2.0" 200 104 "-" "Mozilla/5.0 (Macintosh; Intel Mac OS X 10_15_7) AppleWebKit/537.36 (KHTML, like Gecko) Chrome/131.0.0.0 Safari/537.36; compatible; OAI-SearchBot/1.4; robots.txt; +https://openai.com/searchbot" www.sasakisushi.meumercado.app 10.53.184.85
74.7.227.181 - - [18/Jun/2026:06:49:43 -0300] "GET / HTTP/2.0" 200 7338 "-" "Mozilla/5.0 AppleWebKit/537.36 (KHTML, like Gecko; compatible; GPTBot/1.4; +https://openai.com/gptbot)" www.sasakisushi.meumercado.app 10.53.184.85
45.227.253.15 - - [18/Jun/2026:08:36:52 -0300] "GET /index.php/jk HTTP/1.1" 409 83 "-" "Mozilla/5.0 (Macintosh; Intel Mac OS X 10_15_7) AppleWebKit/537.36 (KHTML, like Gecko) Chrome/86.0.4240.111 Safari/537.36" sasakisushi.meumercado.app 10.53.184.85
74.7.228.8 - - [18/Jun/2026:10:35:21 -0300] "GET /robots.txt HTTP/2.0" 200 104 "-" "Mozilla/5.0 (Macintosh; Intel Mac OS X 10_15_7) AppleWebKit/537.36 (KHTML, like Gecko) Chrome/131.0.0.0 Safari/537.36; compatible; OAI-SearchBot/1.4; robots.txt; +https://openai.com/searchbot" sasakisushi.meumercado.app 10.53.184.85
74.7.243.199 - - [18/Jun/2026:10:35:21 -0300] "GET /sitemap.xml HTTP/2.0" 200 7338 "-" "Mozilla/5.0 AppleWebKit/537.36 (KHTML, like Gecko; compatible; GPTBot/1.4; +https://openai.com/gptbot)" sasakisushi.meumercado.app 10.53.184.85
74.7.243.199 - - [18/Jun/2026:10:36:08 -0300] "GET /?sitemap.xml HTTP/2.0" 200 7338 "-" "Mozilla/5.0 AppleWebKit/537.36 (KHTML, like Gecko; compatible; GPTBot/1.4; +https://openai.com/gptbot)" sasakisushi.meumercado.app 10.53.184.85
45.227.253.15 - - [18/Jun/2026:15:39:33 -0300] "GET /index.php/jk HTTP/1.1" 409 83 "-" "Mozilla/5.0 (Macintosh; Intel Mac OS X 10.13; rv:103.0) Gecko/20100101 Firefox/102.0" sasakisushi.meumercado.app 10.53.184.85
34.11.8.82 - - [18/Jun/2026:19:26:09 -0300] "GET /.git/config HTTP/1.1" 200 7338 "-" "-" sasakisushi.meumercado.app 10.53.184.85
45.227.253.15 - - [18/Jun/2026:21:46:06 -0300] "GET /index.php/jk HTTP/1.1" 409 83 "-" "Mozilla/5.0 (Windows NT 10.0; Win64; x64) AppleWebKit/537.36 (KHTML, like Gecko) Chrome/78.0.3790 Safari/537.36 Edg/78.0.142.6" sasakisushi.meumercado.app 10.53.184.85
45.227.253.15 - - [19/Jun/2026:03:00:13 -0300] "GET /index.php/jk HTTP/1.1" 409 83 "-" "Mozilla/5.0 (Windows NT 6.3; WOW64; rv:74.0) Gecko/20100101 Firefox/74.0" sasakisushi.meumercado.app 10.53.184.85
45.227.253.15 - - [19/Jun/2026:04:42:48 -0300] "GET /index.php/jk HTTP/1.1" 409 83 "-" "Mozilla/5.0 (iPad; U; CPU OS 4_2_3 like Mac OS X; ja) AppleWebKit/533.17.9 (KHTML, like Gecko) Version/5.0.2 Mobile/8J2 Safari/6533.18.5" sasakisushi.meumercado.app 10.53.184.85
74.7.228.8 - - [19/Jun/2026:10:39:30 -0300] "GET /robots.txt HTTP/2.0" 200 104 "-" "Mozilla/5.0 (Macintosh; Intel Mac OS X 10_15_7) AppleWebKit/537.36 (KHTML, like Gecko) Chrome/131.0.0.0 Safari/537.36; compatible; OAI-SearchBot/1.4; robots.txt; +https://openai.com/searchbot" sasakisushi.meumercado.app 10.53.184.85
74.7.243.199 - - [19/Jun/2026:10:39:30 -0300] "GET /sitemap.xml HTTP/2.0" 200 7338 "-" "Mozilla/5.0 AppleWebKit/537.36 (KHTML, like Gecko; compatible; GPTBot/1.4; +https://openai.com/gptbot)" sasakisushi.meumercado.app 10.53.184.85
74.7.243.199 - - [19/Jun/2026:10:40:29 -0300] "GET /?sitemap.xml HTTP/2.0" 200 7338 "-" "Mozilla/5.0 AppleWebKit/537.36 (KHTML, like Gecko; compatible; GPTBot/1.4; +https://openai.com/gptbot)" sasakisushi.meumercado.app 10.53.184.85
74.7.228.22 - - [19/Jun/2026:11:43:54 -0300] "GET /robots.txt HTTP/2.0" 200 104 "-" "Mozilla/5.0 (Macintosh; Intel Mac OS X 10_15_7) AppleWebKit/537.36 (KHTML, like Gecko) Chrome/131.0.0.0 Safari/537.36; compatible; OAI-SearchBot/1.4; robots.txt; +https://openai.com/searchbot" www.sasakisushi.meumercado.app 10.53.184.85
45.227.253.15 - - [19/Jun/2026:13:27:29 -0300] "GET /index.php/jk HTTP/1.1" 409 83 "-" "Mozilla/5.0 (Windows NT 6.2; WOW64; rv:72.0) Gecko/20100101 Firefox/72.0" sasakisushi.meumercado.app 10.53.184.85
45.227.253.15 - - [19/Jun/2026:19:20:36 -0300] "GET /index.php/jk HTTP/1.1" 409 83 "-" "Mozilla/5.0 (Windows NT 10.0; Win64; x64; rv:81.0) Gecko/20100101 Firefox/81.0" sasakisushi.meumercado.app 10.53.184.85
45.227.253.15 - - [19/Jun/2026:22:18:58 -0300] "GET /index.php/jk HTTP/1.1" 409 83 "-" "Mozilla/5.0 (Windows NT 6.2; WOW64; rv:72.0) Gecko/20100101 Firefox/72.0" sasakisushi.meumercado.app 10.53.184.85
34.90.235.227 - - [19/Jun/2026:22:43:38 -0300] "GET / HTTP/1.1" 406 226 "-" "Scrapy/2.16.0 (+https://scrapy.org)" www.sasakisushi.meumercado.app 10.53.184.85
34.22.50.155 - - [20/Jun/2026:01:09:09 -0300] "GET / HTTP/1.1" 200 7338 "https://www.google.com/" "Mozilla/5.0 (X11; Linux x86_64) AppleWebKit/537.36 (KHTML, like Gecko) Chrome/124.0.0.0 Safari/537.36" www.sasakisushi.meumercado.app 10.53.184.85
198.235.24.38 - - [20/Jun/2026:05:41:05 -0300] "GET / HTTP/1.1" 200 8708 "-" "Hello from Palo Alto Networks, find out more about our scans in https://docs-cortex.paloaltonetworks.com/r/1/Cortex-Xpanse/Scanning-activity" sasakisushi.meumercado.app 10.53.184.85
45.227.253.15 - - [20/Jun/2026:06:59:36 -0300] "GET /index.php/jk HTTP/1.1" 409 83 "-" "Mozilla/5.0 (Windows NT 6.2; WOW64) AppleWebKit/535.24 (KHTML, like Gecko) Chrome/80.0.1055.1 Safari/535.24" sasakisushi.meumercado.app 10.53.184.85
74.7.228.8 - - [20/Jun/2026:10:40:22 -0300] "GET /robots.txt HTTP/2.0" 200 104 "-" "Mozilla/5.0 (Macintosh; Intel Mac OS X 10_15_7) AppleWebKit/537.36 (KHTML, like Gecko) Chrome/131.0.0.0 Safari/537.36; compatible; OAI-SearchBot/1.4; robots.txt; +https://openai.com/searchbot" sasakisushi.meumercado.app 10.53.184.85
74.7.243.199 - - [20/Jun/2026:10:40:22 -0300] "GET /sitemap.xml HTTP/2.0" 200 7338 "-" "Mozilla/5.0 AppleWebKit/537.36 (KHTML, like Gecko; compatible; GPTBot/1.4; +https://openai.com/gptbot)" sasakisushi.meumercado.app 10.53.184.85
74.7.243.199 - - [20/Jun/2026:10:42:21 -0300] "GET /?sitemap.xml HTTP/2.0" 200 7338 "-" "Mozilla/5.0 AppleWebKit/537.36 (KHTML, like Gecko; compatible; GPTBot/1.4; +https://openai.com/gptbot)" sasakisushi.meumercado.app 10.53.184.85
45.227.253.15 - - [20/Jun/2026:11:45:21 -0300] "GET /index.php/jk HTTP/1.1" 409 83 "-" "Mozilla/5.0 (iPhone; CPU iPhone OS 13_6 like Mac OS X) AppleWebKit/605.1.15 (KHTML, like Gecko) Version/13.6 Mobile/15E148 Safari/604.1" sasakisushi.meumercado.app 10.53.184.85
45.227.253.15 - - [20/Jun/2026:14:39:15 -0300] "GET /index.php/jk HTTP/1.1" 409 83 "-" "Mozilla/5.0 (Macintosh; Intel Mac OS X 10.13; rv:103.0) Gecko/20100101 Firefox/103.0" sasakisushi.meumercado.app 10.53.184.85
74.7.228.22 - - [20/Jun/2026:23:02:34 -0300] "GET /robots.txt HTTP/2.0" 200 104 "-" "Mozilla/5.0 (Macintosh; Intel Mac OS X 10_15_7) AppleWebKit/537.36 (KHTML, like Gecko) Chrome/131.0.0.0 Safari/537.36; compatible; OAI-SearchBot/1.4; robots.txt; +https://openai.com/searchbot" www.sasakisushi.meumercado.app 10.53.184.85
74.7.227.181 - - [20/Jun/2026:23:02:34 -0300] "GET / HTTP/2.0" 200 7338 "-" "Mozilla/5.0 AppleWebKit/537.36 (KHTML, like Gecko; compatible; GPTBot/1.4; +https://openai.com/gptbot)" www.sasakisushi.meumercado.app 10.53.184.85
45.227.253.15 - - [20/Jun/2026:23:28:12 -0300] "GET /index.php/jk HTTP/1.1" 409 83 "-" "Mozilla/5.0 (Linux; Android 10; Z832 Build/MMB29M) AppleWebKit/537.36 (KHTML, like Gecko) Chrome/85.0.4183.83 Mobile Safari/537.36" sasakisushi.meumercado.app 10.53.184.85
45.227.253.15 - - [21/Jun/2026:02:55:23 -0300] "GET /index.php/jk HTTP/1.1" 409 83 "-" "Mozilla/5.0 (Windows NT 10.0; Win64; x64; rv:81.0) Gecko/20100101 Firefox/81.0" sasakisushi.meumercado.app 10.53.184.85
45.227.253.15 - - [21/Jun/2026:10:17:54 -0300] "GET /index.php/jk HTTP/1.1" 409 83 "-" "Mozilla/5.0 (Windows NT 6.3; Win64; x64) AppleWebKit/537.36 (KHTML, like Gecko) Chrome/86.0.4240.111 Safari/537.36" sasakisushi.meumercado.app 10.53.184.85
74.7.228.8 - - [21/Jun/2026:10:42:17 -0300] "GET /robots.txt HTTP/2.0" 200 104 "-" "Mozilla/5.0 (Macintosh; Intel Mac OS X 10_15_7) AppleWebKit/537.36 (KHTML, like Gecko) Chrome/131.0.0.0 Safari/537.36; compatible; OAI-SearchBot/1.4; robots.txt; +https://openai.com/searchbot" sasakisushi.meumercado.app 10.53.184.85
74.7.243.199 - - [21/Jun/2026:10:42:17 -0300] "GET /sitemap.xml HTTP/2.0" 200 7338 "-" "Mozilla/5.0 AppleWebKit/537.36 (KHTML, like Gecko; compatible; GPTBot/1.4; +https://openai.com/gptbot)" sasakisushi.meumercado.app 10.53.184.85
74.7.243.199 - - [21/Jun/2026:10:42:58 -0300] "GET /?sitemap.xml HTTP/2.0" 200 7338 "-" "Mozilla/5.0 AppleWebKit/537.36 (KHTML, like Gecko; compatible; GPTBot/1.4; +https://openai.com/gptbot)" sasakisushi.meumercado.app 10.53.184.85
45.227.253.15 - - [21/Jun/2026:14:17:15 -0300] "GET /index.php/jk HTTP/1.1" 409 83 "-" "Mozilla/5.0 (Windows NT 10.0; Win64; x64; rv:82.0) Gecko/20100101 Firefox/82.0" sasakisushi.meumercado.app 10.53.184.85
192.200.97.130 - - [21/Jun/2026:18:50:02 -0300] "GET / HTTP/2.0" 200 7338 "-" "Mozilla/5.0 (Windows NT 10.0; Win64; x64) AppleWebKit/537.36 (KHTML, like Gecko) Chrome/120.0.0.0 Safari/537.36" sasakisushi.meumercado.app 10.53.184.85
192.200.97.130 - - [21/Jun/2026:18:50:02 -0300] "GET / HTTP/2.0" 200 7338 "-" "Mozilla/5.0 (Windows NT 10.0; Win64; x64) AppleWebKit/537.36 (KHTML, like Gecko) Chrome/120.0.0.0 Safari/537.36" www.sasakisushi.meumercado.app 10.53.184.85
45.227.253.15 - - [21/Jun/2026:19:39:04 -0300] "GET /index.php/jk HTTP/1.1" 409 83 "-" "Mozilla/5.0 (iPhone; CPU iPhone OS 14_1 like Mac OS X) AppleWebKit/605.1.15 (KHTML, like Gecko) Version/14.0 Mobile/15E148 Safari/604.1" sasakisushi.meumercado.app 10.53.184.85
100.27.32.54 - - [21/Jun/2026:21:07:24 -0300] "GET /.git/config HTTP/1.1" 200 7338 "-" "git/2.39.2" sasakisushi.meumercado.app 10.53.184.85
100.27.32.54 - - [21/Jun/2026:21:07:24 -0300] "GET /.git/HEAD HTTP/1.1" 200 7338 "-" "git/2.39.2" sasakisushi.meumercado.app 10.53.184.85
3.85.98.128 - - [21/Jun/2026:22:11:09 -0300] "GET /.git/config HTTP/1.1" 200 7338 "-" "git/2.39.2" www.sasakisushi.meumercado.app 10.53.184.85
3.85.98.128 - - [21/Jun/2026:22:11:09 -0300] "GET /.git/HEAD HTTP/1.1" 200 7338 "-" "git/2.39.2" www.sasakisushi.meumercado.app 10.53.184.85
74.7.228.22 - - [21/Jun/2026:22:59:01 -0300] "GET /robots.txt HTTP/2.0" 200 104 "-" "Mozilla/5.0 (Macintosh; Intel Mac OS X 10_15_7) AppleWebKit/537.36 (KHTML, like Gecko) Chrome/131.0.0.0 Safari/537.36; compatible; OAI-SearchBot/1.4; robots.txt; +https://openai.com/searchbot" www.sasakisushi.meumercado.app 10.53.184.85
45.227.253.15 - - [22/Jun/2026:00:22:53 -0300] "GET /index.php/jk HTTP/1.1" 409 83 "-" "Mozilla/5.0 (Macintosh; Intel Mac OS X 10.14; rv:103.0) Gecko/20100101 Firefox/101.0" sasakisushi.meumercado.app 10.53.184.85
156.226.18.206 - - [22/Jun/2026:03:07:13 -0300] "GET /index.php/jk HTTP/1.1" 406 226 "-" "Go-http-client/1.1" sasakisushi.meumercado.app 10.53.184.85
3.139.242.79 - - [22/Jun/2026:07:37:39 -0300] "GET / HTTP/1.1" 200 7338 "-" "visionheight.com/scan Mozilla/5.0 (Macintosh; Intel Mac OS X 10_15_7) Chrome/126.0.0.0 Safari/537.36" sasakisushi.meumercado.app 10.53.184.85
74.7.228.22 - - [22/Jun/2026:10:15:58 -0300] "GET /robots.txt HTTP/2.0" 200 104 "-" "Mozilla/5.0 (Macintosh; Intel Mac OS X 10_15_7) AppleWebKit/537.36 (KHTML, like Gecko) Chrome/131.0.0.0 Safari/537.36; compatible; OAI-SearchBot/1.4; robots.txt; +https://openai.com/searchbot" www.sasakisushi.meumercado.app 10.53.184.85
74.7.228.8 - - [22/Jun/2026:10:42:27 -0300] "GET /robots.txt HTTP/2.0" 200 104 "-" "Mozilla/5.0 (Macintosh; Intel Mac OS X 10_15_7) AppleWebKit/537.36 (KHTML, like Gecko) Chrome/131.0.0.0 Safari/537.36; compatible; OAI-SearchBot/1.4; robots.txt; +https://openai.com/searchbot" sasakisushi.meumercado.app 10.53.184.85
74.7.243.199 - - [22/Jun/2026:10:42:27 -0300] "GET /sitemap.xml HTTP/2.0" 200 7338 "-" "Mozilla/5.0 AppleWebKit/537.36 (KHTML, like Gecko; compatible; GPTBot/1.4; +https://openai.com/gptbot)" sasakisushi.meumercado.app 10.53.184.85
74.7.243.199 - - [22/Jun/2026:10:46:54 -0300] "GET /?sitemap.xml HTTP/2.0" 200 7338 "-" "Mozilla/5.0 AppleWebKit/537.36 (KHTML, like Gecko; compatible; GPTBot/1.4; +https://openai.com/gptbot)" sasakisushi.meumercado.app 10.53.184.85
144.172.106.24 - - [23/Jun/2026:00:30:58 -0300] "GET /.git/config HTTP/1.1" 200 7338 "-" "Mozilla/5.0 (X11; Linux x86_64)" www.sasakisushi.meumercado.app 10.53.184.85
205.210.31.21 - - [23/Jun/2026:04:55:04 -0300] "GET / HTTP/1.1" 200 8708 "-" "Hello from Palo Alto Networks, find out more about our scans in https://docs-cortex.paloaltonetworks.com/r/1/Cortex-Xpanse/Scanning-activity" www.sasakisushi.meumercado.app 10.53.184.85
74.7.228.8 - - [23/Jun/2026:10:43:21 -0300] "GET /robots.txt HTTP/2.0" 200 104 "-" "Mozilla/5.0 (Macintosh; Intel Mac OS X 10_15_7) AppleWebKit/537.36 (KHTML, like Gecko) Chrome/131.0.0.0 Safari/537.36; compatible; OAI-SearchBot/1.4; robots.txt; +https://openai.com/searchbot" sasakisushi.meumercado.app 10.53.184.85
74.7.243.199 - - [23/Jun/2026:10:43:21 -0300] "GET /sitemap.xml HTTP/2.0" 200 7338 "-" "Mozilla/5.0 AppleWebKit/537.36 (KHTML, like Gecko; compatible; GPTBot/1.4; +https://openai.com/gptbot)" sasakisushi.meumercado.app 10.53.184.85
74.7.243.199 - - [23/Jun/2026:10:51:49 -0300] "GET /?sitemap.xml HTTP/2.0" 200 7338 "-" "Mozilla/5.0 AppleWebKit/537.36 (KHTML, like Gecko; compatible; GPTBot/1.4; +https://openai.com/gptbot)" sasakisushi.meumercado.app 10.53.184.85
74.7.228.22 - - [23/Jun/2026:13:35:53 -0300] "GET /robots.txt HTTP/2.0" 200 104 "-" "Mozilla/5.0 (Macintosh; Intel Mac OS X 10_15_7) AppleWebKit/537.36 (KHTML, like Gecko) Chrome/131.0.0.0 Safari/537.36; compatible; OAI-SearchBot/1.4; robots.txt; +https://openai.com/searchbot" www.sasakisushi.meumercado.app 10.53.184.85
74.7.227.181 - - [23/Jun/2026:13:35:53 -0300] "GET / HTTP/2.0" 200 7338 "-" "Mozilla/5.0 AppleWebKit/537.36 (KHTML, like Gecko; compatible; GPTBot/1.4; +https://openai.com/gptbot)" www.sasakisushi.meumercado.app 10.53.184.85
54.144.190.193 - - [23/Jun/2026:16:51:14 -0300] "GET / HTTP/1.1" 200 7338 "-" "Mozilla/5.0 (Windows NT 10.0; Win64; x64) AppleWebKit/537.36 (KHTML, like Gecko) Chrome/81.0.4044.129 Safari/537.36" www.sasakisushi.meumercado.app 10.53.184.85
18.235.110.182 - - [24/Jun/2026:07:03:08 -0300] "GET / HTTP/1.1" 421 362 "-" "RecordedFuture Global Inventory Crawler" sasakisushi.meumercado.app 10.53.184.85
74.7.228.22 - - [24/Jun/2026:08:32:47 -0300] "GET /robots.txt HTTP/2.0" 200 104 "-" "Mozilla/5.0 (Macintosh; Intel Mac OS X 10_15_7) AppleWebKit/537.36 (KHTML, like Gecko) Chrome/131.0.0.0 Safari/537.36; compatible; OAI-SearchBot/1.4; robots.txt; +https://openai.com/searchbot" www.sasakisushi.meumercado.app 10.53.184.85
74.7.228.8 - - [24/Jun/2026:10:44:33 -0300] "GET /robots.txt HTTP/2.0" 200 104 "-" "Mozilla/5.0 (Macintosh; Intel Mac OS X 10_15_7) AppleWebKit/537.36 (KHTML, like Gecko) Chrome/131.0.0.0 Safari/537.36; compatible; OAI-SearchBot/1.4; robots.txt; +https://openai.com/searchbot" sasakisushi.meumercado.app 10.53.184.85
74.7.243.199 - - [24/Jun/2026:10:44:33 -0300] "GET /sitemap.xml HTTP/2.0" 200 7338 "-" "Mozilla/5.0 AppleWebKit/537.36 (KHTML, like Gecko; compatible; GPTBot/1.4; +https://openai.com/gptbot)" sasakisushi.meumercado.app 10.53.184.85
74.7.243.199 - - [24/Jun/2026:10:56:44 -0300] "GET /?sitemap.xml HTTP/2.0" 200 7338 "-" "Mozilla/5.0 AppleWebKit/537.36 (KHTML, like Gecko; compatible; GPTBot/1.4; +https://openai.com/gptbot)" sasakisushi.meumercado.app 10.53.184.85
143.198.105.209 - - [25/Jun/2026:03:38:24 -0300] "GET / HTTP/1.1" 200 7338 "-" "Mozilla/5.0 (X11; Linux x86_64; rv:142.0) Gecko/20100101 Firefox/142.0" sasakisushi.meumercado.app 10.53.184.85
143.198.105.209 - - [25/Jun/2026:03:38:29 -0300] "GET /favicon.ico HTTP/1.1" 200 7338 "https://sasakisushi.meumercado.app/" "Mozilla/5.0 (X11; Linux x86_64; rv:142.0) Gecko/20100101 Firefox/142.0" sasakisushi.meumercado.app 10.53.184.85
74.7.228.8 - - [25/Jun/2026:10:48:06 -0300] "GET /robots.txt HTTP/2.0" 200 104 "-" "Mozilla/5.0 (Macintosh; Intel Mac OS X 10_15_7) AppleWebKit/537.36 (KHTML, like Gecko) Chrome/131.0.0.0 Safari/537.36; compatible; OAI-SearchBot/1.4; robots.txt; +https://openai.com/searchbot" sasakisushi.meumercado.app 10.53.184.85
74.7.243.239 - - [25/Jun/2026:10:48:06 -0300] "GET /sitemap.xml HTTP/2.0" 200 7338 "-" "Mozilla/5.0 AppleWebKit/537.36 (KHTML, like Gecko; compatible; GPTBot/1.4; +https://openai.com/gptbot)" sasakisushi.meumercado.app 10.53.184.85
74.7.243.239 - - [25/Jun/2026:11:01:04 -0300] "GET /?sitemap.xml HTTP/2.0" 200 7338 "-" "Mozilla/5.0 AppleWebKit/537.36 (KHTML, like Gecko; compatible; GPTBot/1.4; +https://openai.com/gptbot)" sasakisushi.meumercado.app 10.53.184.85
74.7.228.8 - - [26/Jun/2026:10:49:29 -0300] "GET /robots.txt HTTP/2.0" 200 104 "-" "Mozilla/5.0 (Macintosh; Intel Mac OS X 10_15_7) AppleWebKit/537.36 (KHTML, like Gecko) Chrome/131.0.0.0 Safari/537.36; compatible; OAI-SearchBot/1.4; robots.txt; +https://openai.com/searchbot" sasakisushi.meumercado.app 10.53.184.85
74.7.243.239 - - [26/Jun/2026:10:49:29 -0300] "GET /sitemap.xml HTTP/2.0" 200 7338 "-" "Mozilla/5.0 AppleWebKit/537.36 (KHTML, like Gecko; compatible; GPTBot/1.4; +https://openai.com/gptbot)" sasakisushi.meumercado.app 10.53.184.85
74.7.243.239 - - [26/Jun/2026:11:04:49 -0300] "GET /?sitemap.xml HTTP/2.0" 200 7338 "-" "Mozilla/5.0 AppleWebKit/537.36 (KHTML, like Gecko; compatible; GPTBot/1.4; +https://openai.com/gptbot)" sasakisushi.meumercado.app 10.53.184.85
100.51.194.111 - - [27/Jun/2026:04:38:53 -0300] "GET / HTTP/1.1" 200 7338 "-" "Mozilla/5.0 (X11; Linux x86_64) AppleWebKit/537.36 (KHTML, like Gecko) Chrome/131.0.0.0 Safari/537.36" www.sasakisushi.meumercado.app 10.53.184.85
74.7.228.8 - - [27/Jun/2026:10:54:23 -0300] "GET /robots.txt HTTP/2.0" 200 104 "-" "Mozilla/5.0 (Macintosh; Intel Mac OS X 10_15_7) AppleWebKit/537.36 (KHTML, like Gecko) Chrome/131.0.0.0 Safari/537.36; compatible; OAI-SearchBot/1.4; robots.txt; +https://openai.com/searchbot" sasakisushi.meumercado.app 10.53.184.85
74.7.243.239 - - [27/Jun/2026:10:54:23 -0300] "GET /sitemap.xml HTTP/2.0" 200 7338 "-" "Mozilla/5.0 AppleWebKit/537.36 (KHTML, like Gecko; compatible; GPTBot/1.4; +https://openai.com/gptbot)" sasakisushi.meumercado.app 10.53.184.85
74.7.243.239 - - [27/Jun/2026:11:05:57 -0300] "GET /?sitemap.xml HTTP/2.0" 200 7338 "-" "Mozilla/5.0 AppleWebKit/537.36 (KHTML, like Gecko; compatible; GPTBot/1.4; +https://openai.com/gptbot)" sasakisushi.meumercado.app 10.53.184.85
74.7.228.22 - - [27/Jun/2026:13:39:07 -0300] "GET /robots.txt HTTP/2.0" 200 104 "-" "Mozilla/5.0 (Macintosh; Intel Mac OS X 10_15_7) AppleWebKit/537.36 (KHTML, like Gecko) Chrome/131.0.0.0 Safari/537.36; compatible; OAI-SearchBot/1.4; robots.txt; +https://openai.com/searchbot" www.sasakisushi.meumercado.app 10.53.184.85
74.7.241.43 - - [27/Jun/2026:13:39:07 -0300] "GET / HTTP/2.0" 200 7338 "-" "Mozilla/5.0 AppleWebKit/537.36 (KHTML, like Gecko; compatible; GPTBot/1.4; +https://openai.com/gptbot)" www.sasakisushi.meumercado.app 10.53.184.85
64.23.183.102 - - [28/Jun/2026:10:39:45 -0300] "GET / HTTP/1.1" 200 7332 "-" "Mozilla/5.0 (X11; Linux x86_64) AppleWebKit/537.36 (KHTML, like Gecko) Chrome/142.0.0.0 Safari/537.36" www.sasakisushi.meumercado.app 10.53.184.85
74.7.228.8 - - [28/Jun/2026:10:56:56 -0300] "GET /robots.txt HTTP/2.0" 200 104 "-" "Mozilla/5.0 (Macintosh; Intel Mac OS X 10_15_7) AppleWebKit/537.36 (KHTML, like Gecko) Chrome/131.0.0.0 Safari/537.36; compatible; OAI-SearchBot/1.4; robots.txt; +https://openai.com/searchbot" sasakisushi.meumercado.app 10.53.184.85
74.7.243.239 - - [28/Jun/2026:10:56:56 -0300] "GET /sitemap.xml HTTP/2.0" 200 7332 "-" "Mozilla/5.0 AppleWebKit/537.36 (KHTML, like Gecko; compatible; GPTBot/1.4; +https://openai.com/gptbot)" sasakisushi.meumercado.app 10.53.184.85
74.7.243.239 - - [28/Jun/2026:11:09:43 -0300] "GET /?sitemap.xml HTTP/2.0" 200 7332 "-" "Mozilla/5.0 AppleWebKit/537.36 (KHTML, like Gecko; compatible; GPTBot/1.4; +https://openai.com/gptbot)" sasakisushi.meumercado.app 10.53.184.85
3.217.128.115 - - [28/Jun/2026:18:44:47 -0300] "GET / HTTP/1.1" 200 7332 "-" "Mozilla/5.0 (X11; Linux x86_64) AppleWebKit/537.36 (KHTML, like Gecko) Chrome/128.0.0.0 Safari/537.36" sasakisushi.meumercado.app 10.53.184.85
34.92.146.166 - - [28/Jun/2026:21:22:55 -0300] "GET /www/.git/config HTTP/1.1" 200 7332 "-" "Mozilla/5.0 (X11; Linux i686; rv:12.0) Gecko/20100101 Firefox/12.0" www.sasakisushi.meumercado.app 10.53.184.85
34.92.146.166 - - [28/Jun/2026:21:22:55 -0300] "GET /backend/.git/config HTTP/1.1" 200 7332 "-" "Mozilla/5.0 (Windows NT 10.0; Win64; x64) AppleWebKit/537.36 (KHTML, like Gecko) Chrome/39.0.2171.71 Safari/537.36 Edge/12.0" www.sasakisushi.meumercado.app 10.53.184.85
34.92.146.166 - - [28/Jun/2026:21:22:55 -0300] "GET /api/.git/config HTTP/1.1" 200 7332 "-" "Mozilla/5.0 (Windows NT 10.0; WOW64) AppleWebKit/537.36 (KHTML, like Gecko) Chrome/66.0.3359.139 Safari/537.36" www.sasakisushi.meumercado.app 10.53.184.85
34.92.146.166 - - [28/Jun/2026:21:22:55 -0300] "GET /web/.git/config HTTP/1.1" 200 7332 "-" "Mozilla/5.0 (Linux; U; Android 2.2; en-ca; GT-P1000M Build/FROYO) AppleWebKit/533.1 (KHTML, like Gecko) Version/4.0 Mobile Safari/533.1" www.sasakisushi.meumercado.app 10.53.184.85
34.92.146.166 - - [28/Jun/2026:21:22:55 -0300] "GET /src/.git/config HTTP/1.1" 200 7332 "-" "Mozilla/5.0 (compatible; MSIE 10.0; Windows Phone 8.0; Trident/6.0; IEMobile/10.0; ARM; Touch; NOKIA; Lumia 920)" www.sasakisushi.meumercado.app 10.53.184.85
34.92.146.166 - - [28/Jun/2026:21:22:55 -0300] "GET /site/.git/config HTTP/1.1" 200 7332 "-" "Mozilla/5.0 (Linux; Android 7.1.2; Redmi 4X) AppleWebKit/537.36 (KHTML, like Gecko) Chrome/76.0.3809.111 Mobile Safari/537.36" www.sasakisushi.meumercado.app 10.53.184.85
34.92.146.166 - - [28/Jun/2026:21:22:55 -0300] "GET /v1/.git/config HTTP/1.1" 200 7332 "-" "Mozilla/5.0 (Linux; U; Android 3.0; en-us; Xoom Build/HRI39) AppleWebKit/525.10 (KHTML, like Gecko) Version/3.0.4 Mobile Safari/523.12.2" www.sasakisushi.meumercado.app 10.53.184.85
34.92.146.166 - - [28/Jun/2026:21:22:55 -0300] "GET /dist/.git/config HTTP/1.1" 200 7332 "-" "Mozilla/5.0 (Android; Mobile; rv:35.0) Gecko/35.0 Firefox/35.0" www.sasakisushi.meumercado.app 10.53.184.85
34.92.146.166 - - [28/Jun/2026:21:22:55 -0300] "GET /wordpress/.git/config HTTP/1.1" 200 7332 "-" "TurnitinBot (https://turnitin.com/robot/crawlerinfo.html)" www.sasakisushi.meumercado.app 10.53.184.85
34.92.146.166 - - [28/Jun/2026:21:22:55 -0300] "GET /shop/.git/config HTTP/1.1" 200 7332 "-" "Mozilla/5.0 (Macintosh; Intel Mac OS X 10_14_4) AppleWebKit/537.36 (KHTML, like Gecko) Chrome/77.0.3844.0 Safari/537.36" www.sasakisushi.meumercado.app 10.53.184.85
34.92.146.166 - - [28/Jun/2026:21:22:55 -0300] "GET /symfony/.git/config HTTP/1.1" 200 7332 "-" "Mozilla/5.0 (Linux; U; Android 7.1.2; el-gr; Redmi 4X Build/N2G47H) AppleWebKit/537.36 (KHTML, like Gecko) Version/4.0 Chrome/71.0.3578.141 Mobile Safari/537.36 XiaoMi/MiuiBrowser/10.9.7-g" www.sasakisushi.meumercado.app 10.53.184.85
34.92.146.166 - - [28/Jun/2026:21:22:55 -0300] "GET /dashboard/.git/config HTTP/1.1" 200 7332 "-" "Mozilla/5.0 (Macintosh; U; Intel Mac OS X 10_6_5; de-de) AppleWebKit/534.15 (KHTML, like Gecko) Version/5.0.3 Safari/533.19.4" www.sasakisushi.meumercado.app 10.53.184.85
34.92.146.166 - - [28/Jun/2026:21:22:55 -0300] "GET /wp-content/.git/config HTTP/1.1" 200 7332 "-" "Mozilla/5.0 (iPad; CPU OS 9_3_5 like Mac OS X) AppleWebKit/601.1.46 (KHTML, like Gecko) Version/9.0 Mobile/13G36 Safari/601.1" www.sasakisushi.meumercado.app 10.53.184.85
34.92.146.166 - - [28/Jun/2026:21:22:55 -0300] "GET /blog/.git/config HTTP/1.1" 200 7332 "-" "Lynx/2.8.5rel.1 libwww-FM/2.14 SSL-MM/1.4.1 GNUTLS/0.8.12" www.sasakisushi.meumercado.app 10.53.184.85
34.92.146.166 - - [28/Jun/2026:21:22:55 -0300] "GET /project/.git/config HTTP/1.1" 200 7332 "-" "Mozilla/5.0 (X11; NetBSD amd64; rv:30.0) Gecko/20100101 Firefox/30.0" www.sasakisushi.meumercado.app 10.53.184.85
34.92.146.166 - - [28/Jun/2026:21:22:55 -0300] "GET /v2/.git/config HTTP/1.1" 200 7332 "-" "Mozilla/5.0 (Linux; Android 9; Pixel 3 XL) AppleWebKit/537.36 (KHTML, like Gecko) Chrome/76.0.3809.89 Mobile Safari/537.36" www.sasakisushi.meumercado.app 10.53.184.85
34.92.146.166 - - [28/Jun/2026:21:22:55 -0300] "GET /public/.git/config HTTP/1.1" 200 7332 "-" "SonyEricssonW950i/R100 Mozilla/4.0 (compatible; MSIE 6.0; Symbian OS; 323) Opera 8.60 [en-US]" www.sasakisushi.meumercado.app 10.53.184.85
34.92.146.166 - - [28/Jun/2026:21:22:55 -0300] "GET /v3/.git/config HTTP/1.1" 200 7332 "-" "Mozilla/5.0 (X11; U; Linux i686; en-US; rv:1.8.0.7) Gecko/20060909 Firefox/1.5.0.7 MG(Novarra-Vision/6.9)" www.sasakisushi.meumercado.app 10.53.184.85
34.92.146.166 - - [28/Jun/2026:21:22:55 -0300] "GET /htdocs/.git/config HTTP/1.1" 200 7332 "-" "Mozilla/5.0 (Windows NT 10.0; WOW64) AppleWebKit/537.36 (KHTML, like Gecko) Chrome/70.0.3538.25 Safari/537.36 Core/1.70.3676.400 QQBrowser/10.4.3469.400" www.sasakisushi.meumercado.app 10.53.184.85
34.92.146.166 - - [28/Jun/2026:21:22:55 -0300] "GET /html/.git/config HTTP/1.1" 200 7332 "-" "Mozilla/5.0 (Macintosh; Intel Mac OS X 10.9; rv:47.0) Gecko/20100101 Firefox/47.0" www.sasakisushi.meumercado.app 10.53.184.85
