151.243.143.47 - - [07/Jun/2026:02:38:39 -0300] "GET /actuator/env HTTP/1.1" 200 7338 "-" "Mozilla/5.0 (compatible; Baiduspider/2.0; +http://www.baidu.com/search/spider.html)" sasakisushi.meumercado.app 10.53.184.85
151.243.143.47 - - [07/Jun/2026:02:38:39 -0300] "GET /credentials.json HTTP/1.1" 200 7338 "-" "Mozilla/5.0 (compatible; ClaudeBot/1.0; +claudebot@anthropic.com)" sasakisushi.meumercado.app 10.53.184.85
151.243.143.47 - - [07/Jun/2026:02:38:39 -0300] "GET /service-account.json HTTP/1.1" 200 7338 "-" "Mozilla/5.0 AppleWebKit/537.36 (KHTML, like Gecko; compatible; ChatGPT-User/1.0; +https://openai.com/bot)" sasakisushi.meumercado.app 10.53.184.85
151.243.143.47 - - [07/Jun/2026:02:38:39 -0300] "GET /.env.development HTTP/1.1" 200 7338 "-" "Mozilla/5.0 (compatible; Googlebot/2.1; +http://www.google.com/bot.html)" sasakisushi.meumercado.app 10.53.184.85
151.243.143.47 - - [07/Jun/2026:02:38:39 -0300] "GET /key.json HTTP/1.1" 200 7338 "-" "Mozilla/5.0 AppleWebKit/537.36 (KHTML, like Gecko; compatible; GPTBot/1.3; +https://openai.com/gptbot)" sasakisushi.meumercado.app 10.53.184.85
151.243.143.47 - - [07/Jun/2026:02:38:39 -0300] "GET /google-credentials.json HTTP/1.1" 200 7338 "-" "Mozilla/5.0 (compatible; Baiduspider/2.0; +http://www.baidu.com/search/spider.html)" sasakisushi.meumercado.app 10.53.184.85
151.243.143.47 - - [07/Jun/2026:02:38:39 -0300] "GET /api/config HTTP/1.1" 200 7338 "-" "Mozilla/5.0 (compatible; bingbot/2.0; +http://www.bing.com/bingbot.htm)" sasakisushi.meumercado.app 10.53.184.85
151.243.143.47 - - [07/Jun/2026:02:38:39 -0300] "GET /firebase.json HTTP/1.1" 200 7338 "-" "Mozilla/5.0 (compatible; xAI-SearchBot/1.0; +https://x.ai)" sasakisushi.meumercado.app 10.53.184.85
151.243.143.47 - - [07/Jun/2026:02:38:39 -0300] "GET /config.json HTTP/1.1" 200 7338 "-" "Mozilla/5.0 (compatible; xAI-SearchBot/1.0; +https://x.ai)" sasakisushi.meumercado.app 10.53.184.85
45.227.253.15 - - [07/Jun/2026:07:14:43 -0300] "GET /index.php/jk HTTP/1.1" 409 83 "-" "Mozilla/5.0 (Macintosh; Intel Mac OS X 10.15; rv:103.0) Gecko/20100101 Firefox/102.0" sasakisushi.meumercado.app 10.53.184.85
195.178.110.242 - - [07/Jun/2026:09:08:17 -0300] "GET /wp-content/plugins/smtp-mailer/readme.txt HTTP/1.1" 406 226 "https://www.sasakisushi.meumercado.app/wp-login.php" "Mozilla/5.0 (Windows NT 10.0; Win64; x64) AppleWebKit/537.36 (KHTML, like Gecko) Chrome/125.0.0.0 Safari/537.36" www.sasakisushi.meumercado.app 10.53.184.85
74.7.244.8 - - [07/Jun/2026:10:09:48 -0300] "GET /robots.txt HTTP/2.0" 200 104 "-" "Mozilla/5.0 (Macintosh; Intel Mac OS X 10_15_7) AppleWebKit/537.36 (KHTML, like Gecko) Chrome/131.0.0.0 Safari/537.36; compatible; OAI-SearchBot/1.4; robots.txt; +https://openai.com/searchbot" sasakisushi.meumercado.app 10.53.184.85
74.7.242.35 - - [07/Jun/2026:10:09:48 -0300] "GET /sitemap.xml HTTP/2.0" 200 7338 "-" "Mozilla/5.0 AppleWebKit/537.36 (KHTML, like Gecko; compatible; GPTBot/1.4; +https://openai.com/gptbot)" sasakisushi.meumercado.app 10.53.184.85
74.7.242.35 - - [07/Jun/2026:10:10:31 -0300] "GET /?sitemap.xml HTTP/2.0" 200 7338 "-" "Mozilla/5.0 AppleWebKit/537.36 (KHTML, like Gecko; compatible; GPTBot/1.4; +https://openai.com/gptbot)" sasakisushi.meumercado.app 10.53.184.85
205.210.31.197 - - [07/Jun/2026:11:49:02 -0300] "GET /.well-known/security.txt HTTP/1.1" 200 8708 "-" "Hello from Palo Alto Networks, find out more about our scans in https://docs-cortex.paloaltonetworks.com/r/1/Cortex-Xpanse/Scanning-activity" www.sasakisushi.meumercado.app 10.53.184.85
176.65.139.238 - - [07/Jun/2026:13:41:15 -0300] "GET /.env HTTP/1.1" 406 226 "-" "Mozilla/5.0 (Windows NT 10.0; Win64; x64) AppleWebKit/537.36 (KHTML, like Gecko) Chrome/147.0.0.0 Safari/537.36" www.sasakisushi.meumercado.app 10.53.184.85
45.227.253.15 - - [07/Jun/2026:13:53:21 -0300] "GET /index.php/jk HTTP/1.1" 409 83 "-" "Mozilla/5.0 (iPhone; CPU iPhone OS 14_1 like Mac OS X) AppleWebKit/605.1.15 (KHTML, like Gecko) Version/14.0 Mobile/15E148 Safari/604.1" sasakisushi.meumercado.app 10.53.184.85
45.227.253.15 - - [07/Jun/2026:15:49:02 -0300] "GET /index.php/jk HTTP/1.1" 409 83 "-" "Mozilla/5.0 (iPhone; CPU iPhone OS 14_1 like Mac OS X) AppleWebKit/605.1.15 (KHTML, like Gecko) Version/14.0 Mobile/15E148 Safari/604.1" sasakisushi.meumercado.app 10.53.184.85
45.227.253.15 - - [07/Jun/2026:21:16:00 -0300] "GET /index.php/jk HTTP/1.1" 409 83 "-" "Mozilla/5.0 (Windows NT 6.1; WOW64; rv:70.0) Gecko/20100101 Firefox/70.0" sasakisushi.meumercado.app 10.53.184.85
176.65.139.236 - - [07/Jun/2026:22:50:08 -0300] "GET /.env HTTP/1.1" 406 226 "-" "Mozilla/5.0 (Windows NT 10.0; Win64; x64) AppleWebKit/537.36 (KHTML, like Gecko) Chrome/147.0.0.0 Safari/537.36" sasakisushi.meumercado.app 10.53.184.85
34.48.165.236 - - [08/Jun/2026:00:43:42 -0300] "GET /.git/config HTTP/1.1" 200 7338 "-" "Opera/9.51 Beta (Microsoft Windows; PPC; Opera Mobi/1718; U; en)" www.sasakisushi.meumercado.app 10.53.184.85
45.227.253.15 - - [08/Jun/2026:02:24:04 -0300] "GET /index.php/jk HTTP/1.1" 409 83 "-" "Mozilla/5.0 (Windows NT 6.1; Win64; x64) AppleWebKit/537.36 (KHTML, like Gecko) Chrome/86.0.4240.111 Safari/537.36" sasakisushi.meumercado.app 10.53.184.85
176.65.139.233 - - [08/Jun/2026:04:25:42 -0300] "GET / HTTP/1.1" 200 8708 "-" "Mozilla/5.0 (Windows NT 10.0; Win64; x64) AppleWebKit/537.36 (KHTML, like Gecko) Chrome/147.0.0.0 Safari/537.36" www.sasakisushi.meumercado.app 10.53.184.85
45.227.253.15 - - [08/Jun/2026:06:00:44 -0300] "GET /index.php/jk HTTP/1.1" 409 83 "-" "Mozilla/5.0 (Macintosh; Intel Mac OS X 10.14; rv:103.0) Gecko/20100101 Firefox/101.0" sasakisushi.meumercado.app 10.53.184.85
35.228.11.253 - - [08/Jun/2026:06:27:50 -0300] "GET /wp-json/gravitysmtp/v1/settings HTTP/1.1" 200 7338 "-" "Mozilla/5.0 (Windows NT 6.3; WOW64) AppleWebKit/537.36 (KHTML, like Gecko) Chrome/75.0.3770.142 Safari/537.36" www.sasakisushi.meumercado.app 10.53.184.85
35.228.11.253 - - [08/Jun/2026:06:27:50 -0300] "GET /wp-json/gravitysmtp/v1/tests/mock-data?page=gravitysmtp-settings HTTP/1.1" 200 7338 "-" "Mozilla/5.0 (SymbianOS/9.2; U; Series60/3.1 NokiaE90-1/07.24.0.3; Profile/MIDP-2.0 Configuration/CLDC-1.1 ) AppleWebKit/413 (KHTML, like Gecko) Safari/413 UP.Link/6.2.3.18.0" www.sasakisushi.meumercado.app 10.53.184.85
35.228.11.253 - - [08/Jun/2026:06:27:50 -0300] "GET /wp-json/gravitysmtp/v1/tests/mock-data HTTP/1.1" 200 7338 "-" "Mozilla/5.0 (Linux; Android 9; MI 8) AppleWebKit/537.36 (KHTML, like Gecko) Chrome/77.0.3865.42 Mobile Safari/537.36" www.sasakisushi.meumercado.app 10.53.184.85
35.228.11.253 - - [08/Jun/2026:06:27:50 -0300] "GET /wp-json/wp/v2/settings HTTP/1.1" 200 7338 "-" "Opera/9.80 (Windows NT 6.0) Presto/2.12.388 Version/12.14" www.sasakisushi.meumercado.app 10.53.184.85
35.228.11.253 - - [08/Jun/2026:06:27:50 -0300] "GET /wp-json/gravitysmtp/v1/config HTTP/1.1" 200 7338 "-" "Mozilla/5.0 (Linux; Android 7.0; Moto G (5) Plus Build/NPNS25.137-35-5) AppleWebKit/537.36 (KHTML, like Gecko) Chrome/60.0.3112.107 Mobile Safari/537.36" www.sasakisushi.meumercado.app 10.53.184.85
74.7.244.8 - - [08/Jun/2026:10:13:36 -0300] "GET /robots.txt HTTP/2.0" 200 104 "-" "Mozilla/5.0 (Macintosh; Intel Mac OS X 10_15_7) AppleWebKit/537.36 (KHTML, like Gecko) Chrome/131.0.0.0 Safari/537.36; compatible; OAI-SearchBot/1.4; robots.txt; +https://openai.com/searchbot" sasakisushi.meumercado.app 10.53.184.85
74.7.242.35 - - [08/Jun/2026:10:13:36 -0300] "GET /sitemap.xml HTTP/2.0" 200 7338 "-" "Mozilla/5.0 AppleWebKit/537.36 (KHTML, like Gecko; compatible; GPTBot/1.4; +https://openai.com/gptbot)" sasakisushi.meumercado.app 10.53.184.85
74.7.242.35 - - [08/Jun/2026:10:13:51 -0300] "GET /?sitemap.xml HTTP/2.0" 200 7338 "-" "Mozilla/5.0 AppleWebKit/537.36 (KHTML, like Gecko; compatible; GPTBot/1.4; +https://openai.com/gptbot)" sasakisushi.meumercado.app 10.53.184.85
45.227.253.15 - - [08/Jun/2026:11:02:39 -0300] "GET /index.php/jk HTTP/1.1" 409 83 "-" "Mozilla/5.0 (Macintosh; Intel Mac OS X 10.12; rv:103.0) Gecko/20100101 Firefox/101.0" sasakisushi.meumercado.app 10.53.184.85
45.227.253.15 - - [08/Jun/2026:13:09:40 -0300] "GET /index.php/jk HTTP/1.1" 409 83 "-" "Mozilla/5.0 (Windows NT 6.3; WOW64; rv:74.0) Gecko/20100101 Firefox/74.0" sasakisushi.meumercado.app 10.53.184.85
35.198.110.254 - - [08/Jun/2026:15:39:41 -0300] "GET /app/.env HTTP/1.1" 406 226 "-" "Mozilla/5.0 (Linux; Android 9; motorola one vision) AppleWebKit/537.36 (KHTML, like Gecko) Chrome/76.0.3809.111 Mobile Safari/537.36" www.sasakisushi.meumercado.app 10.53.184.85
35.198.110.254 - - [08/Jun/2026:15:39:41 -0300] "GET /.env.backup HTTP/1.1" 406 226 "-" "Mozilla/5.0 (Macintosh; Intel Mac OS X 10_13_6) AppleWebKit/537.36 (KHTML, like Gecko) Chrome/71.0.3578.80 Safari/537.36" www.sasakisushi.meumercado.app 10.53.184.85
35.198.110.254 - - [08/Jun/2026:15:39:41 -0300] "GET /env.backup HTTP/1.1" 406 226 "-" "portalmmm/2.0 N410i(c20;TB)" www.sasakisushi.meumercado.app 10.53.184.85
35.198.110.254 - - [08/Jun/2026:15:39:41 -0300] "GET /app/backend/.env HTTP/1.1" 406 226 "-" "Mozilla/5.0 (Linux; U; Android 1.5; de-de; Galaxy Build/CUPCAKE) AppleWebKit/528.5 (KHTML, like Gecko) Version/3.1.2 Mobile Safari/525.20.1" www.sasakisushi.meumercado.app 10.53.184.85
35.198.110.254 - - [08/Jun/2026:15:39:41 -0300] "GET /test/.env HTTP/1.1" 406 226 "-" "Mozilla/5.0 (WindowsCE 6.0; rv:2.0.1) Gecko/20100101 Firefox/4.0.1" www.sasakisushi.meumercado.app 10.53.184.85
35.198.110.254 - - [08/Jun/2026:15:39:41 -0300] "GET /app/.env.staging HTTP/1.1" 200 7338 "-" "Mozilla/5.0 (iPhone; CPU iPhone OS 10_0 like Mac OS X) AppleWebKit/602.1.50 (KHTML, like Gecko) Version/10.0 Mobile/14A346 Safari/602.1" www.sasakisushi.meumercado.app 10.53.184.85
35.198.110.254 - - [08/Jun/2026:15:39:41 -0300] "GET /app/api/.env HTTP/1.1" 406 226 "-" "Mozilla/5.0 (Macintosh; Intel Mac OS X 10_7_2; rv:10.0.1) Gecko/20100101 Firefox/10.0.1" www.sasakisushi.meumercado.app 10.53.184.85
35.198.110.254 - - [08/Jun/2026:15:39:41 -0300] "GET /backend/.env.old HTTP/1.1" 406 226 "-" "Mozilla/5.0 (Windows NT 6.2; WOW64) AppleWebKit/537.36 (KHTML, like Gecko) Chrome/41.0.2272.76 Safari/537.36 OPR/28.0.1750.40" www.sasakisushi.meumercado.app 10.53.184.85
35.198.110.254 - - [08/Jun/2026:15:39:41 -0300] "GET /.env.local.bak HTTP/1.1" 406 226 "-" "Mozilla/5.0 (iPod touch; CPU iPhone OS 7_1 like Mac OS X) AppleWebKit/537.51.2 (KHTML like Gecko) Version/7.0 Mobile/11D167 Safari/123E71C" www.sasakisushi.meumercado.app 10.53.184.85
35.198.110.254 - - [08/Jun/2026:15:39:41 -0300] "GET /app/.env.dev HTTP/1.1" 200 7338 "-" "Mozilla/5.0 (Macintosh; Intel Mac OS X 10_12_6) AppleWebKit/537.36 (KHTML, like Gecko) Chrome/75.0.3770.100 Safari/537.36 OPR/62.0.3331.101" www.sasakisushi.meumercado.app 10.53.184.85
35.198.110.254 - - [08/Jun/2026:15:39:42 -0300] "GET /.env.prod.bak HTTP/1.1" 406 226 "-" "Mozilla/5.0 (X11; Linux x86_64) AppleWebKit/537.36 (KHTML, like Gecko) Chrome/75.0.3770.80 Safari/537.36" www.sasakisushi.meumercado.app 10.53.184.85
35.198.110.254 - - [08/Jun/2026:15:39:41 -0300] "GET /.env.local HTTP/1.1" 200 7338 "-" "Mozilla/5.0 (Linux; Android 9; INE-LX1) AppleWebKit/537.36 (KHTML, like Gecko) Chrome/76.0.3809.111 Mobile Safari/537.36" www.sasakisushi.meumercado.app 10.53.184.85
35.198.110.254 - - [08/Jun/2026:15:39:42 -0300] "GET /api/.env.backup HTTP/1.1" 406 226 "-" "Mozilla/5.0 (Windows NT 6.2; Win64; x64; rv:16.0) Gecko/16.0 Firefox/16.0" www.sasakisushi.meumercado.app 10.53.184.85
35.198.110.254 - - [08/Jun/2026:15:39:42 -0300] "GET /api/v2/.env HTTP/1.1" 406 226 "-" "Mozilla/5.0 (Linux; Android 9; ONEPLUS A3010) AppleWebKit/537.36 (KHTML, like Gecko) Chrome/76.0.3809.111 Mobile Safari/537.36" www.sasakisushi.meumercado.app 10.53.184.85
35.198.110.254 - - [08/Jun/2026:15:39:42 -0300] "GET /api/v3/.env HTTP/1.1" 406 226 "-" "Mozilla/5.0 (Android 4.2; rv:19.0) Gecko/20121129 Firefox/19.0" www.sasakisushi.meumercado.app 10.53.184.85
35.198.110.254 - - [08/Jun/2026:15:39:42 -0300] "GET /frontend/.env.backup HTTP/1.1" 406 226 "-" "Mozilla/5.0 (iPhone; CPU iPhone OS 12_4 like Mac OS X) AppleWebKit/605.1.15 (KHTML, like Gecko) Mobile/15E148 MicroMessenger/7.0.5(0x17000523) NetType/WIFI Language/zh_CN" www.sasakisushi.meumercado.app 10.53.184.85
35.198.110.254 - - [08/Jun/2026:15:39:42 -0300] "GET /backend/.env.bak HTTP/1.1" 406 226 "-" "Mozilla/5.0 (Windows NT 10.0; Win64; x64) AppleWebKit/537.36 (KHTML, like Gecko) Chrome/77.0.3865.42 Safari/537.36" www.sasakisushi.meumercado.app 10.53.184.85
35.198.110.254 - - [08/Jun/2026:15:39:42 -0300] "GET /laravel/.env HTTP/1.1" 406 226 "-" "Mozilla/5.0 (Linux; Android 7.0; Redmi Note 4 Build/NRD90M) AppleWebKit/537.36 (KHTML, like Gecko) Chrome/67.0.3396.87 Mobile Safari/537.36" www.sasakisushi.meumercado.app 10.53.184.85
35.198.110.254 - - [08/Jun/2026:15:39:42 -0300] "GET /prod/.env HTTP/1.1" 406 226 "-" "Mozilla/5.0 (iPhone; U; CPU iPhone OS 4_0 like Mac OS X; en-us) AppleWebKit/532.9 (KHTML, like Gecko) Version/4.0.5 Mobile/8A293 Safari/531.22.7" www.sasakisushi.meumercado.app 10.53.184.85
35.198.110.254 - - [08/Jun/2026:15:39:42 -0300] "GET /internal/.env HTTP/1.1" 406 226 "-" "Mozilla/5.0 (X11; Linux x86_64) AppleWebKit/537.36 (KHTML, like Gecko) Chrome/72.0.3626.81 Safari/537.36" www.sasakisushi.meumercado.app 10.53.184.85
35.198.110.254 - - [08/Jun/2026:15:39:42 -0300] "GET /api/.env.old HTTP/1.1" 406 226 "-" "Mozilla/4.1 (compatible; MSIE 5.0; Symbian OS; Nokia 6600;452) Opera 6.20 [en-US]" www.sasakisushi.meumercado.app 10.53.184.85
35.198.110.254 - - [08/Jun/2026:15:39:42 -0300] "GET /build/.env HTTP/1.1" 406 226 "-" "Mozilla/4.0 (compatible; MSIE 6.0; Windows NT 5.1)" www.sasakisushi.meumercado.app 10.53.184.85
35.198.110.254 - - [08/Jun/2026:15:39:42 -0300] "GET /deploy/.env HTTP/1.1" 406 226 "-" "Mozilla/5.0 (Windows NT 10.0; Win64; x64; rv:68.0) Gecko/20100101 Firefox/68.0" www.sasakisushi.meumercado.app 10.53.184.85
35.198.110.254 - - [08/Jun/2026:15:39:42 -0300] "GET /.env.production.bak HTTP/1.1" 406 226 "-" "Mozilla/5.0 (Windows NT 6.1; WOW64) AppleWebKit/537.36 (KHTML, like Gecko) Chrome/75.0.3770.80 Safari/537.36" www.sasakisushi.meumercado.app 10.53.184.85
35.198.110.254 - - [08/Jun/2026:15:39:42 -0300] "GET /docker/.env HTTP/1.1" 406 226 "-" "msnbot/1.0 ( http://search.msn.com/msnbot.htm)" www.sasakisushi.meumercado.app 10.53.184.85
35.198.110.254 - - [08/Jun/2026:15:39:42 -0300] "GET /api/v1/.env HTTP/1.1" 406 226 "-" "Mozilla/5.0 (Linux; U; Android 1.1; en-gb; dream) AppleWebKit/525.10 (KHTML, like Gecko) Version/3.0.4 Mobile Safari/523.12.2" www.sasakisushi.meumercado.app 10.53.184.85
35.198.110.254 - - [08/Jun/2026:15:39:42 -0300] "GET /uat/.env HTTP/1.1" 406 226 "-" "Mozilla/5.0 (Windows NT 6.1; WOW64) AppleWebKit/537.36 (KHTML, like Gecko) Chrome/70.0.3538.25 Safari/537.36 Core/1.70.3704.400 QQBrowser/10.4.3587.400" www.sasakisushi.meumercado.app 10.53.184.85
35.198.110.254 - - [08/Jun/2026:15:39:42 -0300] "GET /web/.env HTTP/1.1" 406 226 "-" "Mozilla/5.0 (SMART-TV; X11; Linux armv7l) AppleWebkit/537.42 (KHTML, like Gecko) Chromium/25.0.1349.2 Chrome/25.0.1349.2 Safari/537.42" www.sasakisushi.meumercado.app 10.53.184.85
35.198.110.254 - - [08/Jun/2026:15:39:42 -0300] "GET /server/.env HTTP/1.1" 406 226 "-" "Mozilla/5.0 (X11; U; FreeBSD; i386; en-US; rv:1.7) Gecko" www.sasakisushi.meumercado.app 10.53.184.85
35.198.110.254 - - [08/Jun/2026:15:39:42 -0300] "GET /production/.env HTTP/1.1" 406 226 "-" "Mozilla/5.0 (Windows; U; Windows NT 5.1; en-US) AppleWebKit/534.7 (KHTML, like Gecko) Chrome/7.0.514.0 Safari/534.7" www.sasakisushi.meumercado.app 10.53.184.85
35.198.110.254 - - [08/Jun/2026:15:39:42 -0300] "GET /stage/.env HTTP/1.1" 406 226 "-" "Mozilla/5.0 (Macintosh; Intel Mac OS X 10_12_4) AppleWebKit/537.36 (KHTML, like Gecko) Chrome/75.0.3770.142 Safari/537.36" www.sasakisushi.meumercado.app 10.53.184.85
35.198.110.254 - - [08/Jun/2026:15:39:42 -0300] "GET /backend/.env HTTP/1.1" 406 226 "-" "Mozilla/5.0 (X11; Linux x86_64) AppleWebKit/537.36 (KHTML, like Gecko) Chrome/75.0.3770.90 Safari/537.36" www.sasakisushi.meumercado.app 10.53.184.85
35.198.110.254 - - [08/Jun/2026:15:39:42 -0300] "GET /api/.env HTTP/1.1" 406 226 "-" "Mozilla/5.0 (Macintosh; Intel Mac OS X 10_14_6) AppleWebKit/537.36 (KHTML, like Gecko) Chrome/75.0.3770.142 Safari/537.36 OPR/62.0.3331.119" www.sasakisushi.meumercado.app 10.53.184.85
35.198.110.254 - - [08/Jun/2026:15:39:42 -0300] "GET /service/.env HTTP/1.1" 406 226 "-" "Mozilla/5.0 (Windows NT 10.0; WOW64) AppleWebKit/537.36 (KHTML, like Gecko) Chrome/69.0.3497.100 Safari/537.36" www.sasakisushi.meumercado.app 10.53.184.85
35.198.110.254 - - [08/Jun/2026:15:39:42 -0300] "GET /server/.env.backup HTTP/1.1" 406 226 "-" "Mozilla/5.0 (Linux; Android 9; ONEPLUS A6013) AppleWebKit/537.36 (KHTML, like Gecko) Chrome/76.0.3809.111 Mobile Safari/537.36" www.sasakisushi.meumercado.app 10.53.184.85
35.198.110.254 - - [08/Jun/2026:15:39:42 -0300] "GET /conf/.env HTTP/1.1" 406 226 "-" "Mozilla/5.0 (Linux; Android 9; CLT-AL00 Build/HUAWEICLT-AL00; wv) AppleWebKit/537.36 (KHTML, like Gecko) Version/4.0 Chrome/66.0.3359.126 MQQBrowser/6.2 TBS/044807 Mobile Safari/537.36 MMWEBID/9069 MicroMessenger/7.0.6.1460(0x27000634) Process/tools NetType/WIFI Language/zh_CN" www.sasakisushi.meumercado.app 10.53.184.85
35.198.110.254 - - [08/Jun/2026:15:39:42 -0300] "GET /api/.env.bak HTTP/1.1" 406 226 "-" "Mozilla/5.0 (iPhone; U; CPU iPhone OS 2_0 like Mac OS X; en-us) AppleWebKit/525.18.1 (KHTML, like Gecko) Version/3.1.1 Mobile/5A347 Safari/525.200" www.sasakisushi.meumercado.app 10.53.184.85
35.198.110.254 - - [08/Jun/2026:15:39:42 -0300] "GET /.env.copy HTTP/1.1" 403 7955 "-" "Mozilla/5.0 (X11; Linux i686; rv:20.0) Gecko/20100101 Firefox/20.0" www.sasakisushi.meumercado.app 10.53.184.85
35.198.110.254 - - [08/Jun/2026:15:39:42 -0300] "GET /.env.bak HTTP/1.1" 406 226 "-" "Mozilla/5.0 (X11; Linux x86_64) AppleWebKit/534.24 (KHTML, like Gecko) Ubuntu/10.10 Chromium/12.0.703.0 Chrome/12.0.703.0 Safari/534.24" www.sasakisushi.meumercado.app 10.53.184.85
35.198.110.254 - - [08/Jun/2026:15:39:42 -0300] "GET /services/.env HTTP/1.1" 406 226 "-" "Mozilla/5.0 (Linux; Android 8.0.0; Pixel XL Build/OPR6.170623.012) AppleWebKit/537.36 (KHTML, like Gecko) Chrome/60.0.3112.107 Mobile Safari/537.36" www.sasakisushi.meumercado.app 10.53.184.85
35.198.110.254 - - [08/Jun/2026:15:39:42 -0300] "GET /wordpress/.env HTTP/1.1" 406 226 "-" "Mozilla/5.0 (Windows NT 10.0; WOW64) AppleWebKit/537.36 (KHTML, like Gecko) Chrome/55.0.2883.87 Safari/537.36" www.sasakisushi.meumercado.app 10.53.184.85
35.198.110.254 - - [08/Jun/2026:15:39:42 -0300] "GET /src/api/.env HTTP/1.1" 406 226 "-" "Mozilla/5.0 (Macintosh; Intel Mac OS X 10_14_1) AppleWebKit/537.36 (KHTML, like Gecko) Chrome/75.0.3770.142 Safari/537.36" www.sasakisushi.meumercado.app 10.53.184.85
35.198.110.254 - - [08/Jun/2026:15:39:42 -0300] "GET /private/.env HTTP/1.1" 406 226 "-" "Mozilla/5.0 (Linux; Android 9; Mi A1) AppleWebKit/537.36 (KHTML, like Gecko) Chrome/76.0.3809.111 Mobile Safari/537.36" www.sasakisushi.meumercado.app 10.53.184.85
35.198.110.254 - - [08/Jun/2026:15:39:42 -0300] "GET /src/.env.backup HTTP/1.1" 406 226 "-" "Mozilla/5.0 (X11; Linux x86_64) AppleWebKit/537.36 (KHTML, like Gecko) Chrome/75.0.3770.100 Safari/537.36" www.sasakisushi.meumercado.app 10.53.184.85
35.198.110.254 - - [08/Jun/2026:15:39:42 -0300] "GET /env.old HTTP/1.1" 406 226 "-" "Mozilla/5.0 (X11; Fedora; Linux x86_64) AppleWebKit/537.36 (KHTML, like Gecko) Chrome/75.0.3770.100 Safari/537.36" www.sasakisushi.meumercado.app 10.53.184.85
35.198.110.254 - - [08/Jun/2026:15:39:42 -0300] "GET /admin/.env.backup HTTP/1.1" 406 226 "-" "Mozilla/5.0 (Windows NT 6.2) AppleWebKit/536.3 (KHTML, like Gecko) Chrome/19.0.1061.1 Safari/536.3" www.sasakisushi.meumercado.app 10.53.184.85
35.198.110.254 - - [08/Jun/2026:15:39:41 -0300] "GET /.env.pre-production HTTP/1.1" 200 7338 "-" "Mozilla/5.0 (Linux; Android 9; EML-L29) AppleWebKit/537.36 (KHTML, like Gecko) Chrome/76.0.3809.111 Mobile Safari/537.36" www.sasakisushi.meumercado.app 10.53.184.85
35.198.110.254 - - [08/Jun/2026:15:39:42 -0300] "GET /www/.env HTTP/1.1" 406 226 "-" "Mozilla/5.0 (iPhone; CPU iPhone OS 12_3 like Mac OS X) AppleWebKit/605.1.15 (KHTML, like Gecko) CriOS/76.0.3809.81 Mobile/15E148 Safari/605.1" www.sasakisushi.meumercado.app 10.53.184.85
35.198.110.254 - - [08/Jun/2026:15:39:42 -0300] "GET /src/.env HTTP/1.1" 406 226 "-" "Mozilla/5.0 (Macintosh; Intel Mac OS X 10_13_6) AppleWebKit/537.36 (KHTML, like Gecko) Chrome/71.0.3542.0 Safari/537.36" www.sasakisushi.meumercado.app 10.53.184.85
35.198.110.254 - - [08/Jun/2026:15:39:42 -0300] "GET /wp/.env HTTP/1.1" 406 226 "-" "Mozilla/5.0 (X11; CrOS x86_64 12105.100.0) AppleWebKit/537.36 (KHTML, like Gecko) Chrome/75.0.3770.144 Safari/537.36" www.sasakisushi.meumercado.app 10.53.184.85
35.198.110.254 - - [08/Jun/2026:15:39:42 -0300] "GET /tmp/.env HTTP/1.1" 406 226 "-" "Mozilla/5.0 (Macintosh; Intel Mac OS X 10_14_5) AppleWebKit/537.36 (KHTML, like Gecko) Chrome/75.0.3770.100 Safari/537.36" www.sasakisushi.meumercado.app 10.53.184.85
35.198.110.254 - - [08/Jun/2026:15:39:42 -0300] "GET /.env.prod HTTP/1.1" 200 7338 "-" "Mozilla/5.0 (Linux; Android 9; Redmi Note 5) AppleWebKit/537.36 (KHTML, like Gecko) Chrome/75.0.3770.143 Mobile Safari/537.36" www.sasakisushi.meumercado.app 10.53.184.85
35.198.110.254 - - [08/Jun/2026:15:39:41 -0300] "GET /backend/.env.staging HTTP/1.1" 200 7338 "-" "Mozilla/5.0 (Macintosh; Intel Mac OS X 10_11_6) AppleWebKit/537.36 (KHTML, like Gecko) Chrome/54.0.2840.98 Safari/537.36" www.sasakisushi.meumercado.app 10.53.184.85
35.198.110.254 - - [08/Jun/2026:15:39:41 -0300] "GET /api/.env.production HTTP/1.1" 200 7338 "-" "Mozilla/5.0 (Linux; Android 7.0; Redmi Note 4) AppleWebKit/537.36 (KHTML, like Gecko) Chrome/78.0.3880.5 Mobile Safari/537.36" www.sasakisushi.meumercado.app 10.53.184.85
35.198.110.254 - - [08/Jun/2026:15:39:41 -0300] "GET /backend/.env.prod HTTP/1.1" 200 7338 "-" "Mozilla/5.0 (Macintosh; Intel Mac OS X 10_13_6) AppleWebKit/537.36 (KHTML, like Gecko) Chrome/78.0.3880.4 Safari/537.36" www.sasakisushi.meumercado.app 10.53.184.85
35.198.110.254 - - [08/Jun/2026:15:39:41 -0300] "GET /.env.backup.txt HTTP/1.1" 200 7338 "-" "HTMLParser/1.6" www.sasakisushi.meumercado.app 10.53.184.85
35.198.110.254 - - [08/Jun/2026:15:39:42 -0300] "GET /.env.default HTTP/1.1" 200 7338 "-" "Mozilla/5.0 (iPhone; CPU iPhone OS 12_0_1 like Mac OS X) AppleWebKit/605.1.15 (KHTML, like Gecko) Version/12.0 Mobile/15E148 Safari/604.1" www.sasakisushi.meumercado.app 10.53.184.85
35.198.110.254 - - [08/Jun/2026:15:39:42 -0300] "GET /.env.dev.local HTTP/1.1" 200 7338 "-" "Mozilla/5.0 (Windows NT 10.0; WOW64) AppleWebKit/537.36 (KHTML, like Gecko) Chrome/74.0.3729.157 Safari/537.36" www.sasakisushi.meumercado.app 10.53.184.85
35.198.110.254 - - [08/Jun/2026:15:39:41 -0300] "GET /app/.env.prod HTTP/1.1" 200 7338 "-" "Mozilla/5.0 (Windows NT 10.0; WOW64) AppleWebKit/537.36 (KHTML, like Gecko) Chrome/75.0.3770.80 Safari/537.36" www.sasakisushi.meumercado.app 10.53.184.85
35.198.110.254 - - [08/Jun/2026:15:39:42 -0300] "GET /frontend/.env.local HTTP/1.1" 200 7338 "-" "Mozilla/5.0 (Macintosh; Intel Mac OS X 10_14_6) AppleWebKit/537.36 (KHTML, like Gecko) Chrome/74.0.3729.169 YaBrowser/19.6.0.1583 Yowser/2.5 Safari/537.36" www.sasakisushi.meumercado.app 10.53.184.85
35.198.110.254 - - [08/Jun/2026:15:39:42 -0300] "GET /internal/.env.production HTTP/1.1" 200 7338 "-" "Mozilla/5.0 (Linux; Android 9; moto x4) AppleWebKit/537.36 (KHTML, like Gecko) Chrome/76.0.3809.111 Mobile Safari/537.36" www.sasakisushi.meumercado.app 10.53.184.85
35.198.110.254 - - [08/Jun/2026:15:39:42 -0300] "GET /.env.preprod HTTP/1.1" 200 7338 "-" "Mozilla/4.0 (PSP (PlayStation Portable); 2.00)" www.sasakisushi.meumercado.app 10.53.184.85
35.198.110.254 - - [08/Jun/2026:15:39:42 -0300] "GET /admin/.env HTTP/1.1" 200 7338 "-" "Mozilla/5.0 (Windows NT 10.0; WOW64) AppleWebKit/537.36 (KHTML, like Gecko) Chrome/73.0.3683.103 Whale/1.5.75.9 Safari/537.36" www.sasakisushi.meumercado.app 10.53.184.85
35.198.110.254 - - [08/Jun/2026:15:39:42 -0300] "GET /server/.env.production HTTP/1.1" 200 7338 "-" "Mozilla/5.0 (X11; Linux x86_64) AppleWebKit/537.36 (KHTML, like Gecko) Ubuntu Chromium/33.0.1750.152 Chrome/33.0.1750.152 Safari/537.36" www.sasakisushi.meumercado.app 10.53.184.85
35.198.110.254 - - [08/Jun/2026:15:39:42 -0300] "GET /private/.env.production HTTP/1.1" 200 7338 "-" "Mozilla/5.0 (Macintosh; U; Intel Mac OS X 10_5_7;en-us) AppleWebKit/530.17 (KHTML, like Gecko) Version/4.0 Safari/530.17" www.sasakisushi.meumercado.app 10.53.184.85
35.198.110.254 - - [08/Jun/2026:15:39:42 -0300] "GET /.env.test HTTP/1.1" 200 7338 "-" "Mozilla/5.0 (iPad; CPU OS 12_0 like Mac OS X) AppleWebKit/605.1.15 (KHTML, like Gecko) CriOS/76.0.3809.81 Mobile/15E148 Safari/605.1" www.sasakisushi.meumercado.app 10.53.184.85
35.198.110.254 - - [08/Jun/2026:15:39:42 -0300] "GET /admin/.env.local HTTP/1.1" 200 7338 "-" "Mozilla/5.0 (Macintosh; Intel Mac OS X 10_13_6) AppleWebKit/537.36 (KHTML, like Gecko) Chrome/74.0.3729.157 Safari/537.36" www.sasakisushi.meumercado.app 10.53.184.85
35.198.110.254 - - [08/Jun/2026:15:39:42 -0300] "GET /.env.txt HTTP/1.1" 200 7338 "-" "Mozilla/5.0 (Macintosh; Intel Mac OS X 10_14_1) AppleWebKit/537.36 (KHTML, like Gecko) Chrome/76.0.3809.100 Safari/537.36" www.sasakisushi.meumercado.app 10.53.184.85
35.198.110.254 - - [08/Jun/2026:15:39:41 -0300] "GET /.env.staging HTTP/1.1" 200 7338 "-" "Mozilla/5.0 (Windows NT 6.3; WOW64) AppleWebKit/537.36 (KHTML, like Gecko) Chrome/73.0.3800.0 Iron Safari/537.36" www.sasakisushi.meumercado.app 10.53.184.85
35.198.110.254 - - [08/Jun/2026:15:39:42 -0300] "GET /config/.env.production HTTP/1.1" 200 7338 "-" "Mozilla/5.0 (Macintosh; Intel Mac OS X 10_14_5) AppleWebKit/537.36 (KHTML, like Gecko) Chrome/76.0.3792.0 Safari/537.36" www.sasakisushi.meumercado.app 10.53.184.85
35.198.110.254 - - [08/Jun/2026:15:39:42 -0300] "GET /api/.env.prod HTTP/1.1" 200 7338 "-" "Mozilla/5.0 (Windows NT 6.2; Win64; x64; rv:16.0) Gecko/16.0 Firefox/16.0" www.sasakisushi.meumercado.app 10.53.184.85
35.198.110.254 - - [08/Jun/2026:15:39:42 -0300] "GET /backend/.env.dev HTTP/1.1" 200 7338 "-" "Mozilla/5.0 (Macintosh; Intel Mac OS X 10_13_6) AppleWebKit/537.36 (KHTML, like Gecko) Chrome/76.0.3809.87 Safari/537.36" www.sasakisushi.meumercado.app 10.53.184.85
35.198.110.254 - - [08/Jun/2026:15:39:42 -0300] "GET /.env.uat HTTP/1.1" 200 7338 "-" "Mozilla/5.0 (iPad; U; CPU OS 4_2_1 like Mac OS X; ja-jp) AppleWebKit/533.17.9 (KHTML, like Gecko) Version/5.0.2 Mobile/8C148 Safari/6533.18.5" www.sasakisushi.meumercado.app 10.53.184.85
35.198.110.254 - - [08/Jun/2026:15:39:42 -0300] "GET /services/.env.production HTTP/1.1" 200 7338 "-" "Mozilla/5.0 (Linux; Android 9; SNE-LX1) AppleWebKit/537.36 (KHTML, like Gecko) Chrome/76.0.3809.89 Mobile Safari/537.36" www.sasakisushi.meumercado.app 10.53.184.85
35.198.110.254 - - [08/Jun/2026:15:39:42 -0300] "GET /services/.env.local HTTP/1.1" 200 7338 "-" "Mozilla/5.0 (Linux; U; Android 7.0; en-US; PRA-LX1 Build/HUAWEIPRA-LX1) AppleWebKit/537.36 (KHTML, like Gecko) Version/4.0 Chrome/57.0.2987.108 UCBrowser/12.13.0.1207 Mobile Safari/537.36" www.sasakisushi.meumercado.app 10.53.184.85
35.198.110.254 - - [08/Jun/2026:15:39:42 -0300] "GET /.env.production HTTP/1.1" 200 7338 "-" "Mozilla/5.0 (Windows NT 6.1; Win64; x64) AppleWebKit/537.36 (KHTML, like Gecko) Chrome/65.0.3325.146 Safari/537.36" www.sasakisushi.meumercado.app 10.53.184.85
35.198.110.254 - - [08/Jun/2026:15:39:42 -0300] "GET /api/.env.dev HTTP/1.1" 200 7338 "-" "Mozilla/5.0 (Linux; Android 5.1.1; A37f Build/LMY47V) AppleWebKit/537.36 (KHTML, like Gecko) Chrome/66.0.3359.126 Mobile Safari/537.36" www.sasakisushi.meumercado.app 10.53.184.85
35.198.110.254 - - [08/Jun/2026:15:39:42 -0300] "GET /src/.env.production HTTP/1.1" 200 7338 "-" "Mozilla/5.0 (Windows NT 6.1; WOW64) AppleWebKit/537.36 (KHTML, like Gecko) Chrome/74.0.3729.169 Safari/537.36" www.sasakisushi.meumercado.app 10.53.184.85
35.198.110.254 - - [08/Jun/2026:15:39:42 -0300] "GET /.env.testing HTTP/1.1" 200 7338 "-" "Mozilla/5.0 (Linux; U; Android 1.5; de-de; HTC Magic Build/PLAT-RC33) AppleWebKit/528.5 (KHTML, like Gecko) Version/3.1.2 Mobile Safari/525.20.1 FirePHP/0.3" www.sasakisushi.meumercado.app 10.53.184.85
35.198.110.254 - - [08/Jun/2026:15:39:42 -0300] "GET /.env.dev HTTP/1.1" 200 7338 "-" "Mozilla/5.0 (Macintosh; Intel Mac OS X 10_14_6) AppleWebKit/537.36 (KHTML, like Gecko) Chrome/78.0.3889.0 Safari/537.36" www.sasakisushi.meumercado.app 10.53.184.85
35.198.110.254 - - [08/Jun/2026:15:39:42 -0300] "GET /api/.env.local HTTP/1.1" 200 7338 "-" "Mozilla/5.0 (X11; Linux i686; rv:12.0) Gecko/20120502 Firefox/12.0 SeaMonkey/2.9.1" www.sasakisushi.meumercado.app 10.53.184.85
35.198.110.254 - - [08/Jun/2026:15:39:42 -0300] "GET /admin/.env.production HTTP/1.1" 200 7338 "-" "Mozilla/5.0 (Linux; Android 8.0.0; SM-A600FN) AppleWebKit/537.36 (KHTML, like Gecko) Chrome/76.0.3809.111 Mobile Safari/537.36" www.sasakisushi.meumercado.app 10.53.184.85
35.198.110.254 - - [08/Jun/2026:15:39:42 -0300] "GET /frontend/.env.prod HTTP/1.1" 200 7338 "-" "Mozilla/5.0 (Linux; Android 6.0.1; SM-T550) AppleWebKit/537.36 (KHTML, like Gecko) Chrome/76.0.3809.111 Safari/537.36" www.sasakisushi.meumercado.app 10.53.184.85
35.198.110.254 - - [08/Jun/2026:15:39:42 -0300] "GET /.env.template HTTP/1.1" 200 7338 "-" "Mozilla/5.0 (Windows NT 6.1; Win64; x64) AppleWebKit/537.36 (KHTML, like Gecko) Chrome/71.0.3542.0 Safari/537.36" www.sasakisushi.meumercado.app 10.53.184.85
35.198.110.254 - - [08/Jun/2026:15:39:42 -0300] "GET /frontend/.env.production HTTP/1.1" 200 7338 "-" "Mozilla/5.0 (Windows NT 5.1) AppleWebKit/537.36 (KHTML, like Gecko) MxBrowser/4.5.10.7000 Chrome/30.0.1551.0 Safari/537.36" www.sasakisushi.meumercado.app 10.53.184.85
35.198.110.254 - - [08/Jun/2026:15:39:42 -0300] "GET /frontend/.env.staging HTTP/1.1" 200 7338 "-" "Mozilla/5.0 (Linux; Android 9; moto x4) AppleWebKit/537.36 (KHTML, like Gecko) Chrome/76.0.3809.111 Mobile Safari/537.36" www.sasakisushi.meumercado.app 10.53.184.85
35.198.110.254 - - [08/Jun/2026:15:39:42 -0300] "GET /admin/api/.env HTTP/1.1" 200 7338 "-" "Mozilla/5.0 (Linux; U; Android 1.6; es-es; SonyEricssonX10i Build/R1FA016) AppleWebKit/528.5 (KHTML, like Gecko) Version/3.1.2 Mobile Safari/525.20.1" www.sasakisushi.meumercado.app 10.53.184.85
35.198.110.254 - - [08/Jun/2026:15:39:42 -0300] "GET /.env.live HTTP/1.1" 200 7338 "-" "Mozilla/5.0 (X11; U; Linux x86_64; en-US; rv:1.9.1.13) Gecko/20100916 Iceape/2.0.8" www.sasakisushi.meumercado.app 10.53.184.85
35.198.110.254 - - [08/Jun/2026:15:39:42 -0300] "GET /src/.env.local HTTP/1.1" 200 7338 "-" "Mozilla/5.0 (Windows NT 6.1; WOW64) AppleWebKit/537.36 (KHTML, like Gecko) Chrome/62.0.3202.94 Safari/537.36" www.sasakisushi.meumercado.app 10.53.184.85
35.198.110.254 - - [08/Jun/2026:15:39:47 -0300] "GET /config/.env HTTP/1.1" 406 226 "-" "Mozilla/5.0 (Windows NT 10.0; WOW64) AppleWebKit/537.36 (KHTML, like Gecko) Chrome/73.0.3683.103 Whale/1.5.75.9 Safari/537.36" www.sasakisushi.meumercado.app 10.53.184.85
35.198.110.254 - - [08/Jun/2026:15:39:47 -0300] "GET /release/.env HTTP/1.1" 406 226 "-" "Mozilla/5.0 (Linux; Android 9; VOG-L29) AppleWebKit/537.36 (KHTML, like Gecko) Chrome/76.0.3809.111 Mobile Safari/537.36" www.sasakisushi.meumercado.app 10.53.184.85
35.198.110.254 - - [08/Jun/2026:15:39:47 -0300] "GET /data/.env HTTP/1.1" 406 226 "-" "Roku/DVP-4.1 (024.01E01250A)" www.sasakisushi.meumercado.app 10.53.184.85
35.198.110.254 - - [08/Jun/2026:15:39:47 -0300] "GET /app/.env.bak HTTP/1.1" 406 226 "-" "Mozilla/5.0 (SymbianOS/9.2; U; Series60/3.1 NokiaN95/10.0.018; Profile/MIDP-2.0 Configuration/CLDC-1.1) AppleWebKit/413 (KHTML, like Gecko) Safari/413 UP.Link/6.3.0.0.0" www.sasakisushi.meumercado.app 10.53.184.85
35.198.110.254 - - [08/Jun/2026:15:39:47 -0300] "GET /.env.old HTTP/1.1" 406 226 "-" "msnbot/0.11 ( http://search.msn.com/msnbot.htm)" www.sasakisushi.meumercado.app 10.53.184.85
35.198.110.254 - - [08/Jun/2026:15:39:48 -0300] "GET /frontend/.env HTTP/1.1" 406 226 "-" "Mozilla/5.0 (Windows NT 10.0; Win64; x64) AppleWebKit/537.36 (KHTML, like Gecko) Chrome/72.0.3626.119 Safari/537.36" www.sasakisushi.meumercado.app 10.53.184.85
35.198.110.254 - - [08/Jun/2026:15:39:48 -0300] "GET /backend/api/.env HTTP/1.1" 406 226 "-" "Mozilla/5.0 (Linux; Android 9; ONEPLUS A5000) AppleWebKit/537.36 (KHTML, like Gecko) Chrome/76.0.3809.89 Mobile Safari/537.36" www.sasakisushi.meumercado.app 10.53.184.85
35.198.110.254 - - [08/Jun/2026:15:39:48 -0300] "GET /app/.env.old HTTP/1.1" 406 226 "-" "Mozilla/5.0 (Linux; Android 4.4.2; SAMSUNG-SM-T537A Build/KOT49H) AppleWebKit/537.36 (KHTML like Gecko) Chrome/35.0.1916.141 Safari/537.36" www.sasakisushi.meumercado.app 10.53.184.85
35.198.110.254 - - [08/Jun/2026:15:39:48 -0300] "GET /backend/.env.backup HTTP/1.1" 406 226 "-" "Mozilla/5.0 (Linux; U; Android 1.5; de-de; HTC Magic Build/PLAT-RC33) AppleWebKit/528.5 (KHTML, like Gecko) Version/3.1.2 Mobile Safari/525.20.1 FirePHP/0.3" www.sasakisushi.meumercado.app 10.53.184.85
35.198.110.254 - - [08/Jun/2026:15:39:48 -0300] "GET /.env.orig HTTP/1.1" 406 226 "-" "Mozilla/5.0 (compatible; Konqueror/4.2; Linux) KHTML/4.2.4 (like Gecko) Slackware/13.0" www.sasakisushi.meumercado.app 10.53.184.85
35.198.110.254 - - [08/Jun/2026:15:39:47 -0300] "GET /.env.development HTTP/1.1" 200 7338 "-" "Mozilla/5.0 (Linux; Android 9; Redmi Note 7) AppleWebKit/537.36 (KHTML, like Gecko) Chrome/75.0.3770.89 Mobile Safari/537.36" www.sasakisushi.meumercado.app 10.53.184.85
35.198.110.254 - - [08/Jun/2026:15:39:47 -0300] "GET /env.txt HTTP/1.1" 200 7338 "-" "Lynx/2.8.7dev.4 libwww-FM/2.14 SSL-MM/1.4.1 OpenSSL/0.9.8d" www.sasakisushi.meumercado.app 10.53.184.85
35.198.110.254 - - [08/Jun/2026:15:39:48 -0300] "GET /.env.stage HTTP/1.1" 200 7338 "-" "Opera/8.01 (J2ME/MIDP; Opera Mini/1.0.1479/HiFi; SonyEricsson P900; no; U; ssr)" www.sasakisushi.meumercado.app 10.53.184.85
35.198.110.254 - - [08/Jun/2026:15:39:47 -0300] "GET /.env.sample HTTP/1.1" 200 7338 "-" "EmailWolf 1.00" www.sasakisushi.meumercado.app 10.53.184.85
35.198.110.254 - - [08/Jun/2026:15:39:47 -0300] "GET /server/.env.local HTTP/1.1" 200 7338 "-" "Mozilla/5.0 (Windows Phone 10.0; Android 4.2.1; DEVICE INFO) AppleWebKit/537.36 (KHTML, like Gecko) Chrome/39.0.2171.71 Mobile Safari/537.36 Edge/12.0" www.sasakisushi.meumercado.app 10.53.184.85
35.198.110.254 - - [08/Jun/2026:15:39:47 -0300] "GET /.env.development.local HTTP/1.1" 200 7338 "-" "Mozilla/5.0 (Macintosh; Intel Mac OS X 10_14_6) AppleWebKit/537.36 (KHTML, like Gecko) Chrome/75.0.3770.90 Safari/537.36" www.sasakisushi.meumercado.app 10.53.184.85
45.227.253.15 - - [08/Jun/2026:18:30:47 -0300] "GET /index.php/jk HTTP/1.1" 409 83 "-" "Mozilla/5.0 (Macintosh; Intel Mac OS X 10.15; rv:80.0) Gecko/20100101 Firefox/80.0" sasakisushi.meumercado.app 10.53.184.85
45.227.253.15 - - [09/Jun/2026:00:19:17 -0300] "GET /index.php/jk HTTP/1.1" 409 83 "-" "Mozilla/5.0 (iPhone; CPU iPhone OS 10_3 like Mac OS X) AppleWebKit/605.1.15 (KHTML, like Gecko) Version/10.0.4 Mobile/15E148 Safari/604.1" sasakisushi.meumercado.app 10.53.184.85
45.227.253.15 - - [09/Jun/2026:02:07:56 -0300] "GET /index.php/jk HTTP/1.1" 409 83 "-" "Mozilla/5.0 (iPhone; CPU iPhone OS 13_4 like Mac OS X) AppleWebKit/605.1.15 (KHTML, like Gecko) Version/13.4.4 Mobile/15E148 Safari/604.1" sasakisushi.meumercado.app 10.53.184.85
35.87.222.129 - - [09/Jun/2026:02:49:06 -0300] "GET /robots.txt HTTP/2.0" 200 104 "-" "Mozilla/5.0 (compatible; wpbot/1.4; +https://forms.gle/ajBaxygz9jSR8p8G9)" sasakisushi.meumercado.app 10.53.184.85
35.87.222.129 - - [09/Jun/2026:02:49:06 -0300] "GET / HTTP/2.0" 200 7338 "-" "Mozilla/5.0 (compatible; wpbot/1.4; +https://forms.gle/ajBaxygz9jSR8p8G9)" sasakisushi.meumercado.app 10.53.184.85
147.185.132.156 - - [09/Jun/2026:06:40:01 -0300] "GET / HTTP/1.1" 200 8708 "-" "Hello from Palo Alto Networks, find out more about our scans in https://docs-cortex.paloaltonetworks.com/r/1/Cortex-Xpanse/Scanning-activity" www.sasakisushi.meumercado.app 10.53.184.85
185.213.175.173 - - [09/Jun/2026:07:00:32 -0300] "GET /.git/config HTTP/1.1" 200 7338 "-" "Mozilla/5.0 (Macintosh; Intel Mac OS X 10_15_7) AppleWebKit/537.36" www.sasakisushi.meumercado.app 10.53.184.85
185.213.175.173 - - [09/Jun/2026:07:00:33 -0300] "GET / HTTP/1.1" 200 7338 "-" "Mozilla/5.0 (Macintosh; Intel Mac OS X 10_15_7) AppleWebKit/537.36" www.sasakisushi.meumercado.app 10.53.184.85
185.213.175.173 - - [09/Jun/2026:07:00:35 -0300] "GET /.git/HEAD HTTP/1.1" 200 7338 "-" "Mozilla/5.0 (Macintosh; Intel Mac OS X 10_15_7) AppleWebKit/537.36" www.sasakisushi.meumercado.app 10.53.184.85
45.227.253.15 - - [09/Jun/2026:08:33:02 -0300] "GET /index.php/jk HTTP/1.1" 409 83 "-" "Mozilla/5.0 (Macintosh; Intel Mac OS X 10.14; rv:103.0) Gecko/20100101 Firefox/103.0" sasakisushi.meumercado.app 10.53.184.85
198.235.24.44 - - [09/Jun/2026:08:58:37 -0300] "GET / HTTP/1.1" 200 8708 "-" "Hello from Palo Alto Networks, find out more about our scans in https://docs-cortex.paloaltonetworks.com/r/1/Cortex-Xpanse/Scanning-activity" www.sasakisushi.meumercado.app 10.53.184.85
74.7.244.8 - - [09/Jun/2026:10:15:52 -0300] "GET /robots.txt HTTP/2.0" 200 104 "-" "Mozilla/5.0 (Macintosh; Intel Mac OS X 10_15_7) AppleWebKit/537.36 (KHTML, like Gecko) Chrome/131.0.0.0 Safari/537.36; compatible; OAI-SearchBot/1.4; robots.txt; +https://openai.com/searchbot" sasakisushi.meumercado.app 10.53.184.85
74.7.242.35 - - [09/Jun/2026:10:15:52 -0300] "GET /sitemap.xml HTTP/2.0" 200 - "-" "Mozilla/5.0 AppleWebKit/537.36 (KHTML, like Gecko; compatible; GPTBot/1.4; +https://openai.com/gptbot)" sasakisushi.meumercado.app 10.53.184.85
74.7.242.35 - - [09/Jun/2026:10:17:39 -0300] "GET /?sitemap.xml HTTP/2.0" 200 - "-" "Mozilla/5.0 AppleWebKit/537.36 (KHTML, like Gecko; compatible; GPTBot/1.4; +https://openai.com/gptbot)" sasakisushi.meumercado.app 10.53.184.85
35.87.222.129 - - [09/Jun/2026:10:43:12 -0300] "GET /robots.txt HTTP/2.0" 200 104 "-" "Mozilla/5.0 (compatible; wpbot/1.4; +https://forms.gle/ajBaxygz9jSR8p8G9)" www.sasakisushi.meumercado.app 10.53.184.85
35.87.222.129 - - [09/Jun/2026:10:43:12 -0300] "GET / HTTP/2.0" 200 - "-" "Mozilla/5.0 (compatible; wpbot/1.4; +https://forms.gle/ajBaxygz9jSR8p8G9)" www.sasakisushi.meumercado.app 10.53.184.85
45.227.253.15 - - [09/Jun/2026:10:57:03 -0300] "GET /index.php/jk HTTP/1.1" 409 83 "-" "Mozilla/5.0 (Windows NT 6.2; WOW64; rv:73.0) Gecko/20100101 Firefox/73.0" sasakisushi.meumercado.app 10.53.184.85
45.227.253.15 - - [09/Jun/2026:18:19:15 -0300] "GET /index.php/jk HTTP/1.1" 409 83 "-" "Mozilla/5.0 (Macintosh; Intel Mac OS X 10.13; rv:103.0) Gecko/20100101 Firefox/103.0" sasakisushi.meumercado.app 10.53.184.85
45.227.253.15 - - [09/Jun/2026:20:02:29 -0300] "GET /index.php/jk HTTP/1.1" 409 83 "-" "Mozilla/5.0 (iPhone; CPU iPhone OS 13_4 like Mac OS X) AppleWebKit/605.1.15 (KHTML, like Gecko) Version/13.4.4 Mobile/15E148 Safari/604.1" sasakisushi.meumercado.app 10.53.184.85
45.227.253.15 - - [10/Jun/2026:03:17:02 -0300] "GET /index.php/jk HTTP/1.1" 409 83 "-" "Mozilla/5.0 (Macintosh; Intel Mac OS X 10.13; rv:103.0) Gecko/20100101 Firefox/102.0" sasakisushi.meumercado.app 10.53.184.85
198.235.24.39 - - [10/Jun/2026:04:16:24 -0300] "GET / HTTP/1.1" 200 8708 "-" "Hello from Palo Alto Networks, find out more about our scans in https://docs-cortex.paloaltonetworks.com/r/1/Cortex-Xpanse/Scanning-activity" sasakisushi.meumercado.app 10.53.184.85
45.227.253.15 - - [10/Jun/2026:04:32:16 -0300] "GET /index.php/jk HTTP/1.1" 409 83 "-" "Mozilla/5.0 (Windows NT 6.1; Win64; x64) AppleWebKit/537.36 (KHTML, like Gecko) Chrome/86.0.4240.111 Safari/537.36" sasakisushi.meumercado.app 10.53.184.85
195.96.139.206 - - [10/Jun/2026:08:33:04 -0300] "GET / HTTP/1.1" 200 7338 "-" "Mozilla/5.0 (compatible; InternetMeasurement/1.0; +https://internet-measurement.com/)" www.sasakisushi.meumercado.app 10.53.184.85
45.227.253.15 - - [10/Jun/2026:09:57:36 -0300] "GET /index.php/jk HTTP/1.1" 409 83 "-" "Mozilla/5.0 (Macintosh; Intel Mac OS X 10.11; rv:103.0) Gecko/20100101 Firefox/102.0" sasakisushi.meumercado.app 10.53.184.85
74.7.242.35 - - [10/Jun/2026:10:18:18 -0300] "GET /?sitemap.xml HTTP/2.0" 200 7338 "-" "Mozilla/5.0 AppleWebKit/537.36 (KHTML, like Gecko; compatible; GPTBot/1.4; +https://openai.com/gptbot)" sasakisushi.meumercado.app 10.53.184.85
74.7.244.8 - - [10/Jun/2026:10:18:22 -0300] "GET /robots.txt HTTP/2.0" 200 104 "-" "Mozilla/5.0 (Macintosh; Intel Mac OS X 10_15_7) AppleWebKit/537.36 (KHTML, like Gecko) Chrome/131.0.0.0 Safari/537.36; compatible; OAI-SearchBot/1.4; robots.txt; +https://openai.com/searchbot" sasakisushi.meumercado.app 10.53.184.85
74.7.242.35 - - [10/Jun/2026:10:20:49 -0300] "GET /sitemap.xml HTTP/2.0" 200 7338 "-" "Mozilla/5.0 AppleWebKit/537.36 (KHTML, like Gecko; compatible; GPTBot/1.4; +https://openai.com/gptbot)" sasakisushi.meumercado.app 10.53.184.85
104.168.115.241 - - [10/Jun/2026:11:25:22 -0300] "GET /.git/config HTTP/1.1" 200 7338 "-" "Mozilla/5.0 (Macintosh; Intel Mac OS X 10_15_7) AppleWebKit/537.36" sasakisushi.meumercado.app 10.53.184.85
104.168.115.241 - - [10/Jun/2026:11:25:30 -0300] "GET / HTTP/1.1" 200 7338 "-" "Mozilla/5.0 (Macintosh; Intel Mac OS X 10_15_7) AppleWebKit/537.36" sasakisushi.meumercado.app 10.53.184.85
104.168.115.241 - - [10/Jun/2026:11:25:26 -0300] "GET /.git/HEAD HTTP/1.1" 200 7338 "-" "Mozilla/5.0 (Macintosh; Intel Mac OS X 10_15_7) AppleWebKit/537.36" sasakisushi.meumercado.app 10.53.184.85
66.132.224.86 - - [10/Jun/2026:15:44:46 -0300] "GET / HTTP/1.1" 200 7338 "-" "Mozilla/5.0 (compatible; CensysInspect/1.1; +https://about.censys.io/)" www.sasakisushi.meumercado.app 10.53.184.85
66.132.224.86 - - [10/Jun/2026:15:44:48 -0300] "GET /favicon.ico HTTP/1.1" 200 7338 "-" "Mozilla/5.0 (compatible; CensysInspect/1.1; +https://about.censys.io/)" www.sasakisushi.meumercado.app 10.53.184.85
45.227.253.15 - - [10/Jun/2026:16:08:49 -0300] "GET /index.php/jk HTTP/1.1" 409 83 "-" "Mozilla/5.0 (iPad; U; CPU OS 4_3_3 like Mac OS X; ja) AppleWebKit/533.17.9 (KHTML, like Gecko) Version/5.0.2 Mobile/8J2 Safari/6533.18.5" sasakisushi.meumercado.app 10.53.184.85
45.227.253.15 - - [10/Jun/2026:19:02:22 -0300] "GET /index.php/jk HTTP/1.1" 409 83 "-" "Mozilla/5.0 (Macintosh; Intel Mac OS X 10.15; rv:103.0) Gecko/20100101 Firefox/101.0" sasakisushi.meumercado.app 10.53.184.85
66.187.7.97 - - [10/Jun/2026:22:19:30 -0300] "GET /.git/config HTTP/1.1" 200 7338 "-" "Mozilla/5.0 (Macintosh; Intel Mac OS X 10_15_7) AppleWebKit/537.36" sasakisushi.meumercado.app 10.53.184.85
66.187.7.97 - - [10/Jun/2026:22:19:30 -0300] "GET /.git/HEAD HTTP/1.1" 200 7338 "-" "Mozilla/5.0 (Macintosh; Intel Mac OS X 10_15_7) AppleWebKit/537.36" sasakisushi.meumercado.app 10.53.184.85
66.187.7.97 - - [10/Jun/2026:22:19:30 -0300] "GET / HTTP/1.1" 200 7338 "-" "Mozilla/5.0 (Macintosh; Intel Mac OS X 10_15_7) AppleWebKit/537.36" sasakisushi.meumercado.app 10.53.184.85
45.227.253.15 - - [10/Jun/2026:22:42:45 -0300] "GET /index.php/jk HTTP/1.1" 409 83 "-" "Mozilla/5.0 (Macintosh; Intel Mac OS X 10.14; rv:103.0) Gecko/20100101 Firefox/103.0" sasakisushi.meumercado.app 10.53.184.85
34.168.49.130 - - [10/Jun/2026:23:30:38 -0300] "GET /wp-json/gravitysmtp/v1/settings HTTP/1.1" 200 7338 "-" "Mozilla/5.0 (SymbianOS/9.1; U; en-us) AppleWebKit/413 (KHTML, like Gecko) Safari/413 es50" www.sasakisushi.meumercado.app 10.53.184.85
34.168.49.130 - - [10/Jun/2026:23:30:38 -0300] "GET /wp-json/gravitysmtp/v1/tests/mock-data HTTP/1.1" 200 7338 "-" "Mozilla/5.0 (Linux; Android 9; SM-G950U) AppleWebKit/537.36 (KHTML, like Gecko) Chrome/76.0.3809.89 Mobile Safari/537.36" www.sasakisushi.meumercado.app 10.53.184.85
34.168.49.130 - - [10/Jun/2026:23:30:39 -0300] "GET /wp-json/gravitysmtp/v1/tests/mock-data?page=gravitysmtp-settings HTTP/1.1" 200 7338 "-" "Mozilla/5.0 (iPhone; CPU iPhone OS 10_0 like Mac OS X) AppleWebKit/602.1.50 (KHTML, like Gecko) Version/10.0 Mobile/14A346 Safari/602.1" www.sasakisushi.meumercado.app 10.53.184.85
34.168.49.130 - - [10/Jun/2026:23:30:38 -0300] "GET /wp-json/gravitysmtp/v1/config HTTP/1.1" 200 7338 "-" "Opera/9.80 (Windows NT 5.1; U; zh-tw) Presto/2.8.131 Version/11.10" www.sasakisushi.meumercado.app 10.53.184.85
34.168.49.130 - - [10/Jun/2026:23:30:38 -0300] "GET /wp-json/wp/v2/settings HTTP/1.1" 200 7338 "-" "Mozilla/5.0 (X11; Linux i686; rv:40.0) Gecko/20100101 Firefox/40.0" www.sasakisushi.meumercado.app 10.53.184.85
34.123.82.129 - - [11/Jun/2026:05:41:04 -0300] "GET /.env HTTP/1.1" 406 226 "-" "Mozilla/5.0 (Macintosh; Intel Mac OS X 10_15_7) AppleWebKit/537.36 (KHTML, like Gecko) Chrome/142.0.0.0 Safari/537.36" www.sasakisushi.meumercado.app 10.53.184.85
45.227.253.15 - - [11/Jun/2026:06:46:41 -0300] "GET /index.php/jk HTTP/1.1" 409 83 "-" "Mozilla/5.0 (Windows NT 10.0; Win64; x64; rv:83.0) Gecko/20100101 Firefox/83.0" sasakisushi.meumercado.app 10.53.184.85
74.7.228.8 - - [11/Jun/2026:10:19:31 -0300] "GET /robots.txt HTTP/2.0" 200 104 "-" "Mozilla/5.0 (Macintosh; Intel Mac OS X 10_15_7) AppleWebKit/537.36 (KHTML, like Gecko) Chrome/131.0.0.0 Safari/537.36; compatible; OAI-SearchBot/1.4; robots.txt; +https://openai.com/searchbot" sasakisushi.meumercado.app 10.53.184.85
74.7.242.57 - - [11/Jun/2026:10:19:30 -0300] "GET /?sitemap.xml HTTP/2.0" 200 7338 "-" "Mozilla/5.0 AppleWebKit/537.36 (KHTML, like Gecko; compatible; GPTBot/1.4; +https://openai.com/gptbot)" sasakisushi.meumercado.app 10.53.184.85
74.7.242.57 - - [11/Jun/2026:10:23:43 -0300] "GET /sitemap.xml HTTP/2.0" 200 7338 "-" "Mozilla/5.0 AppleWebKit/537.36 (KHTML, like Gecko; compatible; GPTBot/1.4; +https://openai.com/gptbot)" sasakisushi.meumercado.app 10.53.184.85
45.227.253.15 - - [11/Jun/2026:10:38:58 -0300] "GET /index.php/jk HTTP/1.1" 409 83 "-" "Mozilla/5.0 (Windows NT 6.2; Win64; x64) AppleWebKit/537.36 (KHTML, like Gecko) Chrome/86.0.4240.111 Safari/537.36" sasakisushi.meumercado.app 10.53.184.85
188.166.167.211 - - [11/Jun/2026:11:15:10 -0300] "POST / HTTP/1.1" 406 226 "-" "Mozilla/5.0" sasakisushi.meumercado.app 10.53.184.85
24.199.97.127 - - [11/Jun/2026:12:59:04 -0300] "GET / HTTP/1.1" 200 7338 "-" "Mozilla/5.0 (X11; Linux x86_64; rv:142.0) Gecko/20100101 Firefox/142.0" sasakisushi.meumercado.app 10.53.184.85
24.199.97.127 - - [11/Jun/2026:12:59:09 -0300] "GET /favicon.ico HTTP/1.1" 200 7338 "https://sasakisushi.meumercado.app/" "Mozilla/5.0 (X11; Linux x86_64; rv:142.0) Gecko/20100101 Firefox/142.0" sasakisushi.meumercado.app 10.53.184.85
45.227.253.15 - - [11/Jun/2026:13:42:56 -0300] "GET /index.php/jk HTTP/1.1" 409 83 "-" "Mozilla/5.0 (Windows NT 10.0; Win64; x64) AppleWebKit/537.36 (KHTML, like Gecko) Chrome/83.0.3302.140 Safari/537.36 Edge/18.18960" sasakisushi.meumercado.app 10.53.184.85
34.123.82.129 - - [11/Jun/2026:15:08:15 -0300] "GET /.env HTTP/1.1" 406 226 "-" "Mozilla/5.0 (Macintosh; Intel Mac OS X 10_15_7) AppleWebKit/537.36 (KHTML, like Gecko) Chrome/142.0.0.0 Safari/537.36" www.sasakisushi.meumercado.app 10.53.184.85
45.227.253.15 - - [11/Jun/2026:17:27:04 -0300] "GET /index.php/jk HTTP/1.1" 409 83 "-" "Mozilla/5.0 (Macintosh; Intel Mac OS X 10.12; rv:103.0) Gecko/20100101 Firefox/101.0" sasakisushi.meumercado.app 10.53.184.85
38.43.93.182 - - [11/Jun/2026:21:01:57 -0300] "GET / HTTP/1.1" 200 7338 "-" "Mozilla/5.0 (compatible; Google-CloudVertexBot; +https://cloud.google.com/vertex-ai-bot)" sasakisushi.meumercado.app 10.53.184.85
45.227.253.15 - - [12/Jun/2026:00:24:28 -0300] "GET /index.php/jk HTTP/1.1" 409 83 "-" "Mozilla/5.0 (Windows NT 10.0; Win64; x64) AppleWebKit/537.36 (KHTML, like Gecko) Chrome/85.0.4183.83 Safari/537.35" sasakisushi.meumercado.app 10.53.184.85
34.123.82.129 - - [12/Jun/2026:00:29:23 -0300] "GET /.env HTTP/1.1" 406 226 "-" "Mozilla/5.0 (Macintosh; Intel Mac OS X 10_15_7) AppleWebKit/537.36 (KHTML, like Gecko) Chrome/142.0.0.0 Safari/537.36" www.sasakisushi.meumercado.app 10.53.184.85
208.84.100.229 - - [12/Jun/2026:01:23:26 -0300] "GET / HTTP/1.1" 200 7338 "-" "Mozilla/5.0 (Windows NT 10.0; Win64; x64) AppleWebKit/537.36 (KHTML, like Gecko) Chrome/145.0.0.0 Safari/537.36" sasakisushi.meumercado.app 10.53.184.85
45.227.253.15 - - [12/Jun/2026:03:40:53 -0300] "GET /index.php/jk HTTP/1.1" 409 83 "-" "Mozilla/5.0 (iPhone; CPU iPhone OS 12_3 like Mac OS X) AppleWebKit/605.1.15 (KHTML, like Gecko) Version/12.0.4 Mobile/15E148 Safari/604.1" sasakisushi.meumercado.app 10.53.184.85
38.43.93.182 - - [12/Jun/2026:08:04:13 -0300] "GET / HTTP/1.1" 200 7338 "-" "Mozilla/5.0 (compatible; Baiduspider/2.0; +http://www.baidu.com/search/spider.html)" www.sasakisushi.meumercado.app 10.53.184.85
45.227.253.15 - - [12/Jun/2026:09:01:05 -0300] "GET /index.php/jk HTTP/1.1" 409 83 "-" "Mozilla/5.0 (Macintosh; Intel Mac OS X 10.15; rv:82.0) Gecko/20100101 Firefox/82.0" sasakisushi.meumercado.app 10.53.184.85
34.123.82.129 - - [12/Jun/2026:09:47:52 -0300] "GET /.env HTTP/1.1" 406 226 "-" "Mozilla/5.0 (Macintosh; Intel Mac OS X 10_15_7) AppleWebKit/537.36 (KHTML, like Gecko) Chrome/142.0.0.0 Safari/537.36" www.sasakisushi.meumercado.app 10.53.184.85
74.7.228.8 - - [12/Jun/2026:10:20:47 -0300] "GET /robots.txt HTTP/2.0" 200 104 "-" "Mozilla/5.0 (Macintosh; Intel Mac OS X 10_15_7) AppleWebKit/537.36 (KHTML, like Gecko) Chrome/131.0.0.0 Safari/537.36; compatible; OAI-SearchBot/1.4; robots.txt; +https://openai.com/searchbot" sasakisushi.meumercado.app 10.53.184.85
74.7.242.57 - - [12/Jun/2026:10:20:47 -0300] "GET /?sitemap.xml HTTP/2.0" 200 7338 "-" "Mozilla/5.0 AppleWebKit/537.36 (KHTML, like Gecko; compatible; GPTBot/1.4; +https://openai.com/gptbot)" sasakisushi.meumercado.app 10.53.184.85
74.7.242.57 - - [12/Jun/2026:10:24:45 -0300] "GET /sitemap.xml HTTP/2.0" 200 7338 "-" "Mozilla/5.0 AppleWebKit/537.36 (KHTML, like Gecko; compatible; GPTBot/1.4; +https://openai.com/gptbot)" sasakisushi.meumercado.app 10.53.184.85
