Sid Gifari File Manager
🏠 Root
/
home2
/
meumer25
/
access-logs
/
Editing: sasakisushi.meumercado.app-ssl_log
176.65.139.235 - - [24/May/2026:09:42:02 -0300] "GET /.env HTTP/1.1" 406 226 "-" "Mozilla/5.0 (Windows NT 10.0; Win64; x64) AppleWebKit/537.36 (KHTML, like Gecko) Chrome/147.0.0.0 Safari/537.36" sasakisushi.meumercado.app 10.53.184.85
45.227.253.15 - - [24/May/2026:12:40:44 -0300] "GET /index.php/jk HTTP/1.1" 409 83 "-" "Mozilla/5.0 (Windows NT 10.0; Win64; x64) AppleWebKit/537.36 (KHTML, like Gecko) Chrome/77.0.3760. Safari/537.36 Edg/77.0.141.7" sasakisushi.meumercado.app 10.53.184.85
176.65.139.232 - - [24/May/2026:15:14:19 -0300] "GET / HTTP/1.1" 200 8708 "-" "Mozilla/5.0 (Windows NT 10.0; Win64; x64) AppleWebKit/537.36 (KHTML, like Gecko) Chrome/147.0.0.0 Safari/537.36" www.sasakisushi.meumercado.app 10.53.184.85
34.13.160.153 - - [24/May/2026:15:52:52 -0300] "GET /.env HTTP/1.1" 406 226 "-" "Mozilla/5.0" www.sasakisushi.meumercado.app 10.53.184.85
34.13.160.153 - - [24/May/2026:15:52:54 -0300] "GET /.git/config HTTP/1.1" 406 226 "-" "Mozilla/5.0" www.sasakisushi.meumercado.app 10.53.184.85
45.148.10.245 - - [24/May/2026:17:37:43 -0300] "GET / HTTP/1.1" 200 7338 "-" "Mozilla/5.0 (Windows NT 10.0; Win64; x64) AppleWebKit/537.36 (KHTML, like Gecko) Chrome/120.0.0.0 Safari/537.36" www.sasakisushi.meumercado.app 10.53.184.85
45.227.253.15 - - [24/May/2026:20:21:41 -0300] "GET /index.php/jk HTTP/1.1" 409 83 "-" "Mozilla/5.0 (Macintosh; Intel Mac OS X 10.11; rv:103.0) Gecko/20100101 Firefox/103.0" sasakisushi.meumercado.app 10.53.184.85
45.227.253.15 - - [25/May/2026:00:03:45 -0300] "GET /index.php/jk HTTP/1.1" 409 83 "-" "Mozilla/5.0 (Macintosh; Intel Mac OS X 10_15_7) AppleWebKit/537.36 (KHTML, like Gecko) Chrome/86.0.4240.111 Safari/537.36" sasakisushi.meumercado.app 10.53.184.85
176.65.139.236 - - [25/May/2026:01:53:20 -0300] "GET / HTTP/1.1" 200 8708 "-" "Mozilla/5.0 (Windows NT 10.0; Win64; x64) AppleWebKit/537.36 (KHTML, like Gecko) Chrome/147.0.0.0 Safari/537.36" sasakisushi.meumercado.app 10.53.184.85
205.210.31.178 - - [25/May/2026:04:06:58 -0300] "GET / HTTP/1.1" 200 8708 "-" "Hello from Palo Alto Networks, find out more about our scans in https://docs-cortex.paloaltonetworks.com/r/1/Cortex-Xpanse/Scanning-activity" www.sasakisushi.meumercado.app 10.53.184.85
45.227.253.15 - - [25/May/2026:04:40:53 -0300] "GET /index.php/jk HTTP/1.1" 409 83 "-" "Mozilla/5.0 (Linux; Android 10; Z832 Build/MMB29M) AppleWebKit/537.36 (KHTML, like Gecko) Chrome/85.0.4183.83 Mobile Safari/537.36" sasakisushi.meumercado.app 10.53.184.85
45.227.253.15 - - [25/May/2026:08:02:35 -0300] "GET /index.php/jk HTTP/1.1" 409 83 "-" "Mozilla/5.0 (Macintosh; Intel Mac OS X 10.11; rv:103.0) Gecko/20100101 Firefox/103.0" sasakisushi.meumercado.app 10.53.184.85
45.227.253.15 - - [25/May/2026:14:02:12 -0300] "GET /index.php/jk HTTP/1.1" 409 83 "-" "Mozilla/5.0 (Windows NT 6.2; WOW64) AppleWebKit/535.24 (KHTML, like Gecko) Chrome/83.0.1055.1 Safari/535.24" sasakisushi.meumercado.app 10.53.184.85
45.227.253.15 - - [25/May/2026:18:28:28 -0300] "GET /index.php/jk HTTP/1.1" 409 83 "-" "Mozilla/5.0 (Windows NT 10.0; Win64; x64) AppleWebKit/537.36 (KHTML, like Gecko) Chrome/83.0.3302.140 Safari/537.36 Edge/18.18960" sasakisushi.meumercado.app 10.53.184.85
207.241.173.79 - - [25/May/2026:22:12:59 -0300] "GET / HTTP/1.1" 200 7338 "-" "Mozilla/5.0 (iPhone; CPU iPhone OS 18_4 like Mac OS X) AppleWebKit/605.1.15 (KHTML, like Gecko) Version/18.4 Mobile/15E148 Safari/604.1" www.sasakisushi.meumercado.app 10.53.184.85
45.227.253.15 - - [25/May/2026:23:21:22 -0300] "GET /index.php/jk HTTP/1.1" 409 83 "-" "Mozilla/5.0 (Macintosh; Intel Mac OS X 10.13; rv:103.0) Gecko/20100101 Firefox/103.0" sasakisushi.meumercado.app 10.53.184.85
5.255.98.242 - - [25/May/2026:23:57:50 -0300] "GET / HTTP/1.1" 200 7338 "-" "Mozilla/5.0 (X11; Linux x86_64) AppleWebKit/537.36 (KHTML, like Gecko) Chrome/146.0.0.0 Safari/537.36" sasakisushi.meumercado.app 10.53.184.85
74.7.241.132 - - [26/May/2026:00:38:40 -0300] "GET /robots.txt HTTP/2.0" 200 104 "-" "Mozilla/5.0 (Macintosh; Intel Mac OS X 10_15_7) AppleWebKit/537.36 (KHTML, like Gecko) Chrome/131.0.0.0 Safari/537.36; compatible; OAI-SearchBot/1.4; robots.txt; +https://openai.com/searchbot" www.sasakisushi.meumercado.app 10.53.184.85
74.7.227.34 - - [26/May/2026:00:38:40 -0300] "GET / HTTP/2.0" 200 7338 "-" "Mozilla/5.0 AppleWebKit/537.36 (KHTML, like Gecko; compatible; GPTBot/1.4; +https://openai.com/gptbot)" www.sasakisushi.meumercado.app 10.53.184.85
176.65.139.229 - - [26/May/2026:01:39:31 -0300] "GET /.env HTTP/1.1" 406 226 "-" "Mozilla/5.0 (Windows NT 10.0; Win64; x64) AppleWebKit/537.36 (KHTML, like Gecko) Chrome/147.0.0.0 Safari/537.36" www.sasakisushi.meumercado.app 10.53.184.85
45.227.253.15 - - [26/May/2026:02:20:46 -0300] "GET /index.php/jk HTTP/1.1" 409 83 "-" "Mozilla/5.0 (Windows NT 6.2; WOW64; rv:73.0) Gecko/20100101 Firefox/73.0" sasakisushi.meumercado.app 10.53.184.85
45.227.253.15 - - [26/May/2026:07:22:45 -0300] "GET /index.php/jk HTTP/1.1" 409 83 "-" "Mozilla/5.0 (Macintosh; Intel Mac OS X 10.15; rv:79.0) Gecko/20100101 Firefox/79.0" sasakisushi.meumercado.app 10.53.184.85
3.18.186.238 - - [26/May/2026:07:53:35 -0300] "GET / HTTP/1.1" 200 7338 "-" "visionheight.com/scan Mozilla/5.0 (Macintosh; Intel Mac OS X 10_15_7) Chrome/126.0.0.0 Safari/537.36" sasakisushi.meumercado.app 10.53.184.85
136.116.198.170 - - [26/May/2026:09:33:29 -0300] "POST / HTTP/1.1" 200 7338 "https://www.sasakisushi.meumercado.app/" "Mozilla/5.0 (Macintosh; Intel Mac OS X 10_15_7) AppleWebKit/537.36 (KHTML, like Gecko) Chrome/146.0.0.0 Safari/537.36" www.sasakisushi.meumercado.app 10.53.184.85
176.65.139.239 - - [26/May/2026:10:45:39 -0300] "GET /.env HTTP/1.1" 406 226 "-" "Mozilla/5.0 (Windows NT 10.0; Win64; x64) AppleWebKit/537.36 (KHTML, like Gecko) Chrome/147.0.0.0 Safari/537.36" sasakisushi.meumercado.app 10.53.184.85
167.160.161.121 - - [26/May/2026:10:52:14 -0300] "GET / HTTP/1.1" 200 7338 "-" "Python/3.10 aiohttp/3.13.5" sasakisushi.meumercado.app 10.53.184.85
167.160.161.121 - - [26/May/2026:10:52:14 -0300] "GET / HTTP/1.1" 200 7338 "-" "Python/3.10 aiohttp/3.13.5" www.sasakisushi.meumercado.app 10.53.184.85
45.227.253.15 - - [26/May/2026:12:41:13 -0300] "GET /index.php/jk HTTP/1.1" 409 83 "-" "Mozilla/5.0 (Macintosh; Intel Mac OS X 10.14; rv:103.0) Gecko/20100101 Firefox/103.0" sasakisushi.meumercado.app 10.53.184.85
199.45.155.75 - - [26/May/2026:12:46:30 -0300] "GET / HTTP/1.1" 200 7338 "-" "Mozilla/5.0 (compatible; CensysInspect/1.1; +https://about.censys.io/)" www.sasakisushi.meumercado.app 10.53.184.85
199.45.155.75 - - [26/May/2026:12:46:39 -0300] "GET /favicon.ico HTTP/1.1" 200 7338 "-" "Mozilla/5.0 (compatible; CensysInspect/1.1; +https://about.censys.io/)" www.sasakisushi.meumercado.app 10.53.184.85
176.65.139.232 - - [26/May/2026:16:18:21 -0300] "GET / HTTP/1.1" 200 8708 "-" "Mozilla/5.0 (Windows NT 10.0; Win64; x64) AppleWebKit/537.36 (KHTML, like Gecko) Chrome/147.0.0.0 Safari/537.36" www.sasakisushi.meumercado.app 10.53.184.85
45.227.253.15 - - [26/May/2026:17:58:56 -0300] "GET /index.php/jk HTTP/1.1" 409 83 "-" "Mozilla/5.0 (Windows NT 6.2; WOW64; rv:73.0) Gecko/20100101 Firefox/73.0" sasakisushi.meumercado.app 10.53.184.85
74.7.241.132 - - [26/May/2026:18:48:05 -0300] "GET /robots.txt HTTP/2.0" 200 104 "-" "Mozilla/5.0 (Macintosh; Intel Mac OS X 10_15_7) AppleWebKit/537.36 (KHTML, like Gecko) Chrome/131.0.0.0 Safari/537.36; compatible; OAI-SearchBot/1.4; robots.txt; +https://openai.com/searchbot" www.sasakisushi.meumercado.app 10.53.184.85
45.227.253.15 - - [26/May/2026:21:16:43 -0300] "GET /index.php/jk HTTP/1.1" 409 83 "-" "Mozilla/5.0 (Macintosh; Intel Mac OS X 10.11; rv:103.0) Gecko/20100101 Firefox/102.0" sasakisushi.meumercado.app 10.53.184.85
151.243.143.47 - - [26/May/2026:23:00:27 -0300] "GET /.git/config HTTP/1.1" 200 7338 "-" "Mozilla/5.0 (compatible; Googlebot/2.1; +http://www.google.com/bot.html)" sasakisushi.meumercado.app 10.53.184.85
151.243.143.47 - - [26/May/2026:23:00:27 -0300] "GET /.git/HEAD HTTP/1.1" 200 7338 "-" "Mozilla/5.0 (compatible; ClaudeBot/1.0; +claudebot@anthropic.com)" sasakisushi.meumercado.app 10.53.184.85
151.243.143.47 - - [26/May/2026:23:00:27 -0300] "GET / HTTP/1.1" 200 7338 "-" "Mozilla/5.0 (compatible; Google-CloudVertexBot; +https://cloud.google.com/vertex-ai-bot)" sasakisushi.meumercado.app 10.53.184.85
151.243.143.47 - - [26/May/2026:23:00:28 -0300] "GET /.env HTTP/1.1" 406 226 "-" "Mozilla/5.0 (compatible; Googlebot/2.1; +http://www.google.com/bot.html)" sasakisushi.meumercado.app 10.53.184.85
151.243.143.47 - - [26/May/2026:23:00:28 -0300] "GET /.env.local HTTP/1.1" 200 7338 "-" "Mozilla/5.0 (compatible; Baiduspider/2.0; +http://www.baidu.com/search/spider.html)" sasakisushi.meumercado.app 10.53.184.85
151.243.143.47 - - [26/May/2026:23:00:29 -0300] "GET /.env.bak HTTP/1.1" 406 226 "-" "Mozilla/5.0 (compatible; Baiduspider/2.0; +http://www.baidu.com/search/spider.html)" sasakisushi.meumercado.app 10.53.184.85
151.243.143.47 - - [26/May/2026:23:00:28 -0300] "GET /.env.production HTTP/1.1" 200 7338 "-" "Mozilla/5.0 (compatible; xAI-SearchBot/1.0; +https://x.ai)" sasakisushi.meumercado.app 10.53.184.85
151.243.143.47 - - [26/May/2026:23:00:29 -0300] "GET /.env.backup HTTP/1.1" 406 226 "-" "Mozilla/5.0 (compatible; ClaudeBot/1.0; +claudebot@anthropic.com)" sasakisushi.meumercado.app 10.53.184.85
151.243.143.47 - - [26/May/2026:23:00:29 -0300] "GET /appsettings.json HTTP/1.1" 406 226 "-" "CCBot/2.0 (https://commoncrawl.org/faq/)" sasakisushi.meumercado.app 10.53.184.85
151.243.143.47 - - [26/May/2026:23:00:29 -0300] "GET /robots.txt HTTP/1.1" 200 104 "-" "Mozilla/5.0 (compatible; ClaudeBot/1.0; +claudebot@anthropic.com)" sasakisushi.meumercado.app 10.53.184.85
151.243.143.47 - - [26/May/2026:23:00:28 -0300] "GET /.env.development HTTP/1.1" 200 7338 "-" "Mozilla/5.0 (compatible; Baiduspider/2.0; +http://www.baidu.com/search/spider.html)" sasakisushi.meumercado.app 10.53.184.85
151.243.143.47 - - [26/May/2026:23:00:29 -0300] "GET /google-credentials.json HTTP/1.1" 200 7338 "-" "Mozilla/5.0 (compatible; YandexBot/3.0; +http://yandex.com/bots)" sasakisushi.meumercado.app 10.53.184.85
151.243.143.47 - - [26/May/2026:23:00:29 -0300] "GET /secrets.json HTTP/1.1" 200 7338 "-" "Mozilla/5.0 AppleWebKit/537.36 (KHTML, like Gecko; compatible; ChatGPT-User/1.0; +https://openai.com/bot)" sasakisushi.meumercado.app 10.53.184.85
151.243.143.47 - - [26/May/2026:23:00:29 -0300] "GET /keyfile.json HTTP/1.1" 200 7338 "-" "Mozilla/5.0 (compatible; OAI-SearchBot/1.3; +https://openai.com/searchbot)" sasakisushi.meumercado.app 10.53.184.85
151.243.143.47 - - [26/May/2026:23:00:29 -0300] "GET /firebase-adminsdk.json HTTP/1.1" 200 7338 "-" "Mozilla/5.0 (compatible; YandexBot/3.0; +http://yandex.com/bots)" sasakisushi.meumercado.app 10.53.184.85
151.243.143.47 - - [26/May/2026:23:00:29 -0300] "GET /key.json HTTP/1.1" 200 7338 "-" "Mozilla/5.0 (compatible; ClaudeBot/1.0; +claudebot@anthropic.com)" sasakisushi.meumercado.app 10.53.184.85
151.243.143.47 - - [26/May/2026:23:00:29 -0300] "GET /config.json HTTP/1.1" 200 7338 "-" "Mozilla/5.0 AppleWebKit/537.36 (KHTML, like Gecko; compatible; ChatGPT-User/1.0; +https://openai.com/bot)" sasakisushi.meumercado.app 10.53.184.85
151.243.143.47 - - [26/May/2026:23:00:29 -0300] "GET /actuator/env HTTP/1.1" 200 7338 "-" "Mozilla/5.0 (compatible; PerplexityBot/1.0; +https://perplexity.ai/perplexitybot)" sasakisushi.meumercado.app 10.53.184.85
151.243.143.47 - - [26/May/2026:23:00:29 -0300] "GET /firebase.json HTTP/1.1" 200 7338 "-" "Mozilla/5.0 (compatible; bingbot/2.0; +http://www.bing.com/bingbot.htm)" sasakisushi.meumercado.app 10.53.184.85
151.243.143.47 - - [26/May/2026:23:00:29 -0300] "GET /service-account.json HTTP/1.1" 200 7338 "-" "Mozilla/5.0 (compatible; Googlebot/2.1; +http://www.google.com/bot.html)" sasakisushi.meumercado.app 10.53.184.85
151.243.143.47 - - [26/May/2026:23:00:29 -0300] "GET /api/env HTTP/1.1" 200 7338 "-" "Mozilla/5.0 (compatible; Baiduspider/2.0; +http://www.baidu.com/search/spider.html)" sasakisushi.meumercado.app 10.53.184.85
151.243.143.47 - - [26/May/2026:23:00:29 -0300] "GET /api/config HTTP/1.1" 200 7338 "-" "Mozilla/5.0 (compatible; Googlebot/2.1; +http://www.google.com/bot.html)" sasakisushi.meumercado.app 10.53.184.85
151.243.143.47 - - [26/May/2026:23:00:29 -0300] "GET /credentials.json HTTP/1.1" 200 7338 "-" "Mozilla/5.0 (compatible; bingbot/2.0; +http://www.bing.com/bingbot.htm)" sasakisushi.meumercado.app 10.53.184.85
151.243.143.47 - - [26/May/2026:23:00:29 -0300] "GET /gcp-credentials.json HTTP/1.1" 200 7338 "-" "Mozilla/5.0 (compatible; DeepSeekBot/1.0; +https://www.deepseek.com/bot)" sasakisushi.meumercado.app 10.53.184.85
151.243.143.47 - - [26/May/2026:23:00:29 -0300] "GET /sitemap.xml HTTP/1.1" 200 7338 "-" "Mozilla/5.0 (compatible; OAI-SearchBot/1.3; +https://openai.com/searchbot)" sasakisushi.meumercado.app 10.53.184.85
151.243.143.47 - - [26/May/2026:23:00:29 -0300] "GET /account.json HTTP/1.1" 200 19683 "-" "Mozilla/5.0 (compatible; YandexBot/3.0; +http://yandex.com/bots)" sasakisushi.meumercado.app 10.53.184.85
82.223.17.79 - - [27/May/2026:02:16:44 -0300] "POST / HTTP/1.1" 406 226 "-" "Mozilla/5.0" sasakisushi.meumercado.app 10.53.184.85
3.140.11.184 - - [27/May/2026:02:17:49 -0300] "POST / HTTP/1.1" 406 226 "-" "Mozilla/5.0" www.sasakisushi.meumercado.app 10.53.184.85
64.50.191.33 - - [27/May/2026:02:25:54 -0300] "GET / HTTP/1.1" 200 7338 "-" "Mozilla/5.0 (compatible; ClaudeBot/1.0; +claudebot@anthropic.com)" www.sasakisushi.meumercado.app 10.53.184.85
64.50.191.33 - - [27/May/2026:02:25:54 -0300] "GET /.git/HEAD HTTP/1.1" 200 7338 "-" "Mozilla/5.0 (compatible; OAI-SearchBot/1.3; +https://openai.com/searchbot)" www.sasakisushi.meumercado.app 10.53.184.85
64.50.191.33 - - [27/May/2026:02:25:54 -0300] "GET /.git/config HTTP/1.1" 200 7338 "-" "Mozilla/5.0 (compatible; ClaudeBot/1.0; +claudebot@anthropic.com)" www.sasakisushi.meumercado.app 10.53.184.85
64.50.191.33 - - [27/May/2026:02:25:55 -0300] "GET /.env HTTP/1.1" 406 226 "-" "Mozilla/5.0 (compatible; PerplexityBot/1.0; +https://perplexity.ai/perplexitybot)" www.sasakisushi.meumercado.app 10.53.184.85
64.50.191.33 - - [27/May/2026:02:25:55 -0300] "GET /.env.local HTTP/1.1" 200 7338 "-" "Mozilla/5.0 (compatible; YandexBot/3.0; +http://yandex.com/bots)" www.sasakisushi.meumercado.app 10.53.184.85
64.50.191.33 - - [27/May/2026:02:25:55 -0300] "GET /.env.production HTTP/1.1" 200 7338 "-" "Mozilla/5.0 (compatible; bingbot/2.0; +http://www.bing.com/bingbot.htm)" www.sasakisushi.meumercado.app 10.53.184.85
64.50.191.33 - - [27/May/2026:02:25:55 -0300] "GET /.env.development HTTP/1.1" 200 7338 "-" "Mozilla/5.0 (compatible; ClaudeBot/1.0; +claudebot@anthropic.com)" www.sasakisushi.meumercado.app 10.53.184.85
64.50.191.33 - - [27/May/2026:02:25:56 -0300] "GET /.env.bak HTTP/1.1" 406 226 "-" "Mozilla/5.0 (compatible; PerplexityBot/1.0; +https://perplexity.ai/perplexitybot)" www.sasakisushi.meumercado.app 10.53.184.85
64.50.191.33 - - [27/May/2026:02:25:56 -0300] "GET /.env.backup HTTP/1.1" 406 226 "-" "Mozilla/5.0 AppleWebKit/537.36 (KHTML, like Gecko; compatible; GPTBot/1.3; +https://openai.com/gptbot)" www.sasakisushi.meumercado.app 10.53.184.85
64.50.191.33 - - [27/May/2026:02:25:56 -0300] "GET /robots.txt HTTP/1.1" 200 104 "-" "Mozilla/5.0 (compatible; YandexBot/3.0; +http://yandex.com/bots)" www.sasakisushi.meumercado.app 10.53.184.85
64.50.191.33 - - [27/May/2026:02:25:56 -0300] "GET /firebase.json HTTP/1.1" 406 226 "-" "CCBot/2.0 (https://commoncrawl.org/faq/)" www.sasakisushi.meumercado.app 10.53.184.85
64.50.191.33 - - [27/May/2026:02:25:56 -0300] "GET /key.json HTTP/1.1" 200 7338 "-" "Mozilla/5.0 (compatible; ClaudeBot/1.0; +claudebot@anthropic.com)" www.sasakisushi.meumercado.app 10.53.184.85
64.50.191.33 - - [27/May/2026:02:25:56 -0300] "GET /actuator/env HTTP/1.1" 200 7338 "-" "Mozilla/5.0 AppleWebKit/537.36 (KHTML, like Gecko; compatible; ChatGPT-User/1.0; +https://openai.com/bot)" www.sasakisushi.meumercado.app 10.53.184.85
64.50.191.33 - - [27/May/2026:02:25:56 -0300] "GET /api/env HTTP/1.1" 200 7338 "-" "Mozilla/5.0 AppleWebKit/537.36 (KHTML, like Gecko; compatible; ChatGPT-User/1.0; +https://openai.com/bot)" www.sasakisushi.meumercado.app 10.53.184.85
64.50.191.33 - - [27/May/2026:02:25:56 -0300] "GET /api/config HTTP/1.1" 200 7338 "-" "Mozilla/5.0 (compatible; OAI-SearchBot/1.3; +https://openai.com/searchbot)" www.sasakisushi.meumercado.app 10.53.184.85
64.50.191.33 - - [27/May/2026:02:25:56 -0300] "GET /keyfile.json HTTP/1.1" 200 7338 "-" "Mozilla/5.0 (compatible; PerplexityBot/1.0; +https://perplexity.ai/perplexitybot)" www.sasakisushi.meumercado.app 10.53.184.85
64.50.191.33 - - [27/May/2026:02:25:56 -0300] "GET /google-credentials.json HTTP/1.1" 200 7338 "-" "Mozilla/5.0 (compatible; DeepSeekBot/1.0; +https://www.deepseek.com/bot)" www.sasakisushi.meumercado.app 10.53.184.85
64.50.191.33 - - [27/May/2026:02:25:56 -0300] "GET /firebase-adminsdk.json HTTP/1.1" 200 7338 "-" "Mozilla/5.0 (compatible; ClaudeBot/1.0; +claudebot@anthropic.com)" www.sasakisushi.meumercado.app 10.53.184.85
64.50.191.33 - - [27/May/2026:02:25:56 -0300] "GET /gcp-credentials.json HTTP/1.1" 200 7338 "-" "Mozilla/5.0 (compatible; Baiduspider/2.0; +http://www.baidu.com/search/spider.html)" www.sasakisushi.meumercado.app 10.53.184.85
64.50.191.33 - - [27/May/2026:02:25:56 -0300] "GET /appsettings.json HTTP/1.1" 200 7338 "-" "Mozilla/5.0 (compatible; PerplexityBot/1.0; +https://perplexity.ai/perplexitybot)" www.sasakisushi.meumercado.app 10.53.184.85
64.50.191.33 - - [27/May/2026:02:25:56 -0300] "GET /account.json HTTP/1.1" 200 7338 "-" "Mozilla/5.0 (compatible; Baiduspider/2.0; +http://www.baidu.com/search/spider.html)" www.sasakisushi.meumercado.app 10.53.184.85
64.50.191.33 - - [27/May/2026:02:25:56 -0300] "GET /service-account.json HTTP/1.1" 200 7338 "-" "Mozilla/5.0 (compatible; bingbot/2.0; +http://www.bing.com/bingbot.htm)" www.sasakisushi.meumercado.app 10.53.184.85
64.50.191.33 - - [27/May/2026:02:25:56 -0300] "GET /credentials.json HTTP/1.1" 200 7338 "-" "Mozilla/5.0 (compatible; Googlebot/2.1; +http://www.google.com/bot.html)" www.sasakisushi.meumercado.app 10.53.184.85
64.50.191.33 - - [27/May/2026:02:25:56 -0300] "GET /secrets.json HTTP/1.1" 200 7338 "-" "Mozilla/5.0 AppleWebKit/537.36 (KHTML, like Gecko; compatible; GPTBot/1.3; +https://openai.com/gptbot)" www.sasakisushi.meumercado.app 10.53.184.85
64.50.191.33 - - [27/May/2026:02:25:56 -0300] "GET /sitemap.xml HTTP/1.1" 200 7338 "-" "Mozilla/5.0 (compatible; OAI-SearchBot/1.3; +https://openai.com/searchbot)" www.sasakisushi.meumercado.app 10.53.184.85
64.50.191.33 - - [27/May/2026:02:25:56 -0300] "GET /config.json HTTP/1.1" 200 7338 "-" "Mozilla/5.0 (compatible; Baiduspider/2.0; +http://www.baidu.com/search/spider.html)" www.sasakisushi.meumercado.app 10.53.184.85
213.35.119.176 - - [27/May/2026:02:29:59 -0300] "GET / HTTP/2.0" 200 7338 "-" "Mozilla/5.0 (iPad; CPU OS 17_4 like Mac OS X) AppleWebKit/605.1.15 Mobile/15E148" sasakisushi.meumercado.app 10.53.184.85
213.35.119.176 - - [27/May/2026:02:30:00 -0300] "GET / HTTP/2.0" 406 226 "-" "Go-http-client/2.0" sasakisushi.meumercado.app 10.53.184.85
213.35.119.176 - - [27/May/2026:02:30:00 -0300] "GET /wp-login.php HTTP/2.0" 409 83 "-" "Mozilla/5.0 (X11; Linux x86_64) Gecko/20100101 Firefox/117.0" sasakisushi.meumercado.app 10.53.184.85
213.35.119.176 - - [27/May/2026:02:30:00 -0300] "GET /wp-admin/ HTTP/2.0" 200 7338 "-" "Mozilla/5.0 (Macintosh; Intel Mac OS X 13_5_1) AppleWebKit/605.1.15 Safari/605.1.15" sasakisushi.meumercado.app 10.53.184.85
213.35.119.176 - - [27/May/2026:02:30:02 -0300] "GET /administrator/ HTTP/2.0" 200 7338 "-" "Mozilla/5.0 (iPad; CPU OS 17_4 like Mac OS X) AppleWebKit/605.1.15 Mobile/15E148" sasakisushi.meumercado.app 10.53.184.85
213.35.119.176 - - [27/May/2026:02:30:03 -0300] "GET /user/login HTTP/2.0" 200 7338 "-" "Mozilla/5.0 (X11; Linux x86_64) Gecko/20100101 Firefox/117.0" sasakisushi.meumercado.app 10.53.184.85
213.35.119.176 - - [27/May/2026:02:30:04 -0300] "GET /admin HTTP/2.0" 200 7338 "-" "Mozilla/5.0 (Windows NT 10.0; Win64; x64) AppleWebKit/537.36 Chrome/116.0 Safari/537.36" sasakisushi.meumercado.app 10.53.184.85
213.35.119.176 - - [27/May/2026:02:30:05 -0300] "GET /login HTTP/2.0" 200 7338 "-" "Mozilla/5.0 (Windows NT 10.0; Win64; x64) AppleWebKit/537.36 Chrome/116.0 Safari/537.36" sasakisushi.meumercado.app 10.53.184.85
213.35.119.176 - - [27/May/2026:02:30:05 -0300] "GET /register HTTP/2.0" 200 7338 "-" "Mozilla/5.0 (iPhone; CPU iPhone OS 17_4_1 like Mac OS X) AppleWebKit/605.1.15 Mobile/15E148" sasakisushi.meumercado.app 10.53.184.85
213.35.119.176 - - [27/May/2026:02:30:06 -0300] "GET /admin HTTP/2.0" 200 7338 "-" "Mozilla/5.0 (Android 13; Mobile; rv:117.0) Gecko/117.0 Firefox/117.0" sasakisushi.meumercado.app 10.53.184.85
213.35.119.176 - - [27/May/2026:02:30:07 -0300] "GET /login HTTP/2.0" 200 7338 "-" "Mozilla/5.0 (Macintosh; Intel Mac OS X 13_5_1) AppleWebKit/605.1.15 Safari/605.1.15" sasakisushi.meumercado.app 10.53.184.85
140.245.53.172 - - [27/May/2026:02:40:36 -0300] "GET / HTTP/2.0" 200 7338 "-" "Mozilla/5.0 (iPhone; CPU iPhone OS 17_4_1 like Mac OS X) AppleWebKit/605.1.15 Mobile/15E148" sasakisushi.meumercado.app 10.53.184.85
140.245.53.172 - - [27/May/2026:02:40:37 -0300] "GET / HTTP/2.0" 406 226 "-" "Go-http-client/2.0" sasakisushi.meumercado.app 10.53.184.85
140.245.53.172 - - [27/May/2026:02:40:38 -0300] "GET /wp-login.php HTTP/2.0" 409 83 "-" "Mozilla/5.0 (Android 13; Mobile; rv:117.0) Gecko/117.0 Firefox/117.0" sasakisushi.meumercado.app 10.53.184.85
140.245.53.172 - - [27/May/2026:02:40:38 -0300] "GET /wp-admin/ HTTP/2.0" 200 7338 "-" "Mozilla/5.0 (X11; Linux x86_64) Gecko/20100101 Firefox/117.0" sasakisushi.meumercado.app 10.53.184.85
140.245.53.172 - - [27/May/2026:02:40:39 -0300] "GET /administrator/ HTTP/2.0" 200 7338 "-" "Mozilla/5.0 (Windows NT 10.0; Win64; x64) AppleWebKit/537.36 Chrome/116.0 Safari/537.36" sasakisushi.meumercado.app 10.53.184.85
140.245.53.172 - - [27/May/2026:02:40:41 -0300] "GET /user/login HTTP/2.0" 200 7338 "-" "Mozilla/5.0 (Windows NT 10.0; Win64; x64) AppleWebKit/537.36 Chrome/116.0 Safari/537.36" sasakisushi.meumercado.app 10.53.184.85
140.245.53.172 - - [27/May/2026:02:40:42 -0300] "GET /admin HTTP/2.0" 200 7338 "-" "Mozilla/5.0 (iPhone; CPU iPhone OS 17_4_1 like Mac OS X) AppleWebKit/605.1.15 Mobile/15E148" sasakisushi.meumercado.app 10.53.184.85
140.245.53.172 - - [27/May/2026:02:40:42 -0300] "GET /login HTTP/2.0" 200 7338 "-" "Mozilla/5.0 (Macintosh; Intel Mac OS X 13_5_1) AppleWebKit/605.1.15 Safari/605.1.15" sasakisushi.meumercado.app 10.53.184.85
140.245.53.172 - - [27/May/2026:02:40:43 -0300] "GET /register HTTP/2.0" 200 7338 "-" "Mozilla/5.0 (Windows NT 10.0; Win64; x64) AppleWebKit/537.36 Chrome/116.0 Safari/537.36" sasakisushi.meumercado.app 10.53.184.85
140.245.53.172 - - [27/May/2026:02:40:44 -0300] "GET /admin HTTP/2.0" 200 7338 "-" "Mozilla/5.0 (Windows NT 10.0; Win64; x64) AppleWebKit/537.36 Chrome/116.0 Safari/537.36" sasakisushi.meumercado.app 10.53.184.85
140.245.53.172 - - [27/May/2026:02:40:45 -0300] "GET /login HTTP/2.0" 200 7338 "-" "Mozilla/5.0 (Android 13; Mobile; rv:117.0) Gecko/117.0 Firefox/117.0" sasakisushi.meumercado.app 10.53.184.85
45.227.253.15 - - [27/May/2026:02:50:38 -0300] "GET /index.php/jk HTTP/1.1" 409 83 "-" "Mozilla/5.0 (Macintosh; Intel Mac OS X 10.14; rv:103.0) Gecko/20100101 Firefox/103.0" sasakisushi.meumercado.app 10.53.184.85
176.65.139.236 - - [27/May/2026:02:51:02 -0300] "GET / HTTP/1.1" 200 8708 "-" "Mozilla/5.0 (Windows NT 10.0; Win64; x64) AppleWebKit/537.36 (KHTML, like Gecko) Chrome/147.0.0.0 Safari/537.36" sasakisushi.meumercado.app 10.53.184.85
5.255.121.183 - - [27/May/2026:03:19:56 -0300] "GET / HTTP/1.1" 200 7338 "-" "Mozilla/5.0 (Macintosh; Intel Mac OS X 10_15_7) AppleWebKit/537.36 (KHTML, like Gecko) Chrome/131.0.0.0 Safari/537.36" sasakisushi.meumercado.app 10.53.184.85
45.227.253.15 - - [27/May/2026:05:47:46 -0300] "GET /index.php/jk HTTP/1.1" 409 83 "-" "Mozilla/5.0 (iPad; U; CPU OS 4_3_4 like Mac OS X; ja) AppleWebKit/533.17.9 (KHTML, like Gecko) Version/5.0.2 Mobile/8J2 Safari/6533.18.5" sasakisushi.meumercado.app 10.53.184.85
45.227.253.15 - - [27/May/2026:10:15:56 -0300] "GET /index.php/jk HTTP/1.1" 409 83 "-" "Mozilla/5.0 (Windows NT 10.0; Win64; x64; rv:82.0) Gecko/20100101 Firefox/82.0" sasakisushi.meumercado.app 10.53.184.85
45.227.253.15 - - [27/May/2026:14:47:47 -0300] "GET /index.php/jk HTTP/1.1" 409 83 "-" "Mozilla/5.0 (Macintosh; Intel Mac OS X 10_15_7) AppleWebKit/537.36 (KHTML, like Gecko) Chrome/86.0.4240.111 Safari/537.36" sasakisushi.meumercado.app 10.53.184.85
172.71.164.106 - - [27/May/2026:16:45:55 -0300] "GET /.git/config HTTP/2.0" 200 7338 "-" "Mozilla/5.0 (X11; Linux x86_64; rv:127.0) Gecko/20100101 Firefox/127.0" sasakisushi.meumercado.app 10.53.184.85
74.7.241.132 - - [27/May/2026:18:25:34 -0300] "GET /robots.txt HTTP/2.0" 200 104 "-" "Mozilla/5.0 (Macintosh; Intel Mac OS X 10_15_7) AppleWebKit/537.36 (KHTML, like Gecko) Chrome/131.0.0.0 Safari/537.36; compatible; OAI-SearchBot/1.4; robots.txt; +https://openai.com/searchbot" www.sasakisushi.meumercado.app 10.53.184.85
45.227.253.15 - - [27/May/2026:19:40:17 -0300] "GET /index.php/jk HTTP/1.1" 409 83 "-" "Mozilla/5.0 (iPad; U; CPU OS 4_3_3 like Mac OS X; ja) AppleWebKit/533.17.9 (KHTML, like Gecko) Version/5.0.2 Mobile/8J2 Safari/6533.18.5" sasakisushi.meumercado.app 10.53.184.85
176.65.139.229 - - [28/May/2026:01:36:51 -0300] "GET /.env HTTP/1.1" 406 226 "-" "Mozilla/5.0 (Windows NT 10.0; Win64; x64) AppleWebKit/537.36 (KHTML, like Gecko) Chrome/147.0.0.0 Safari/537.36" www.sasakisushi.meumercado.app 10.53.184.85
45.227.253.15 - - [28/May/2026:01:47:36 -0300] "GET /index.php/jk HTTP/1.1" 409 83 "-" "Mozilla/5.0 (iPhone; CPU iPhone OS 13_4 like Mac OS X) AppleWebKit/605.1.15 (KHTML, like Gecko) Version/13.4.4 Mobile/15E148 Safari/604.1" sasakisushi.meumercado.app 10.53.184.85
45.227.253.15 - - [28/May/2026:05:48:59 -0300] "GET /index.php/jk HTTP/1.1" 409 83 "-" "Mozilla/5.0 (iPhone; CPU iPhone OS 14_1 like Mac OS X) AppleWebKit/605.1.15 (KHTML, like Gecko) Version/14.0 Mobile/15E148 Safari/604.1" sasakisushi.meumercado.app 10.53.184.85
176.65.139.231 - - [28/May/2026:10:38:25 -0300] "GET /.env HTTP/1.1" 406 226 "-" "Mozilla/5.0 (Windows NT 10.0; Win64; x64) AppleWebKit/537.36 (KHTML, like Gecko) Chrome/147.0.0.0 Safari/537.36" sasakisushi.meumercado.app 10.53.184.85
45.227.253.15 - - [28/May/2026:14:34:44 -0300] "GET /index.php/jk HTTP/1.1" 409 83 "-" "Mozilla/5.0 (iPhone; CPU iPhone OS 10_3 like Mac OS X) AppleWebKit/605.1.15 (KHTML, like Gecko) Version/10.0.4 Mobile/15E148 Safari/604.1" sasakisushi.meumercado.app 10.53.184.85
176.65.139.236 - - [28/May/2026:16:08:51 -0300] "GET / HTTP/1.1" 200 8708 "-" "Mozilla/5.0 (Windows NT 10.0; Win64; x64) AppleWebKit/537.36 (KHTML, like Gecko) Chrome/147.0.0.0 Safari/537.36" www.sasakisushi.meumercado.app 10.53.184.85
74.7.241.132 - - [28/May/2026:18:03:05 -0300] "GET /robots.txt HTTP/2.0" 200 104 "-" "Mozilla/5.0 (Macintosh; Intel Mac OS X 10_15_7) AppleWebKit/537.36 (KHTML, like Gecko) Chrome/131.0.0.0 Safari/537.36; compatible; OAI-SearchBot/1.4; robots.txt; +https://openai.com/searchbot" www.sasakisushi.meumercado.app 10.53.184.85
74.7.227.34 - - [28/May/2026:18:03:05 -0300] "GET / HTTP/2.0" 200 7338 "-" "Mozilla/5.0 AppleWebKit/537.36 (KHTML, like Gecko; compatible; GPTBot/1.4; +https://openai.com/gptbot)" www.sasakisushi.meumercado.app 10.53.184.85
45.227.253.15 - - [28/May/2026:18:54:40 -0300] "GET /index.php/jk HTTP/1.1" 409 83 "-" "Mozilla/5.0 (iPhone; CPU iPhone OS 13_4 like Mac OS X) AppleWebKit/605.1.15 (KHTML, like Gecko) Version/13.4.4 Mobile/15E148 Safari/604.1" sasakisushi.meumercado.app 10.53.184.85
45.227.253.15 - - [28/May/2026:23:36:10 -0300] "GET /index.php/jk HTTP/1.1" 409 83 "-" "Mozilla/5.0 (Windows NT 10.0; Win64; x64; rv:80.0) Gecko/20100101 Firefox/80.0" sasakisushi.meumercado.app 10.53.184.85
45.227.253.15 - - [29/May/2026:01:02:24 -0300] "GET /index.php/jk HTTP/1.1" 409 83 "-" "Mozilla/5.0 (iPhone; CPU iPhone OS 11_3 like Mac OS X) AppleWebKit/605.1.15 (KHTML, like Gecko) Version/11.0.4 Mobile/15E148 Safari/604.1" sasakisushi.meumercado.app 10.53.184.85
176.65.139.233 - - [29/May/2026:02:43:37 -0300] "GET / HTTP/1.1" 200 8708 "-" "Mozilla/5.0 (Windows NT 10.0; Win64; x64) AppleWebKit/537.36 (KHTML, like Gecko) Chrome/147.0.0.0 Safari/537.36" sasakisushi.meumercado.app 10.53.184.85
208.84.100.110 - - [29/May/2026:07:12:11 -0300] "GET / HTTP/1.1" 200 7338 "-" "Mozilla/5.0 (X11; Linux x86_64; rv:149.0) Gecko/20100101 Firefox/149.0" sasakisushi.meumercado.app 10.53.184.85
45.227.253.15 - - [29/May/2026:08:06:42 -0300] "GET /index.php/jk HTTP/1.1" 409 83 "-" "Mozilla/5.0 (iPhone; CPU iPhone OS 12_3 like Mac OS X) AppleWebKit/605.1.15 (KHTML, like Gecko) Version/12.0.4 Mobile/15E148 Safari/604.1" sasakisushi.meumercado.app 10.53.184.85
45.227.253.15 - - [29/May/2026:10:30:07 -0300] "GET /index.php/jk HTTP/1.1" 409 83 "-" "Mozilla/5.0 (Macintosh; Intel Mac OS X 10.12; rv:103.0) Gecko/20100101 Firefox/101.0" sasakisushi.meumercado.app 10.53.184.85
45.227.253.15 - - [29/May/2026:14:13:45 -0300] "GET /index.php/jk HTTP/1.1" 409 83 "-" "Mozilla/5.0 (Macintosh; Intel Mac OS X 10.11; rv:103.0) Gecko/20100101 Firefox/103.0" sasakisushi.meumercado.app 10.53.184.85
45.227.253.15 - - [29/May/2026:18:27:46 -0300] "GET /index.php/jk HTTP/1.1" 200 7338 "-" "Mozilla/5.0 (iPhone; CPU iPhone OS 13_5_1 like Mac OS X) AppleWebKit/605.1.15 (KHTML, like Gecko) Version/13.1.1 Mobile/15E148 Safari/604.1" sasakisushi.meumercado.app 10.53.184.85
74.7.241.132 - - [29/May/2026:21:36:55 -0300] "GET /robots.txt HTTP/2.0" 200 104 "-" "Mozilla/5.0 (Macintosh; Intel Mac OS X 10_15_7) AppleWebKit/537.36 (KHTML, like Gecko) Chrome/131.0.0.0 Safari/537.36; compatible; OAI-SearchBot/1.4; robots.txt; +https://openai.com/searchbot" www.sasakisushi.meumercado.app 10.53.184.85
45.227.253.15 - - [29/May/2026:23:53:08 -0300] "GET /index.php/jk HTTP/1.1" 409 83 "-" "Mozilla/5.0 (iPhone; CPU iPhone OS 13_4 like Mac OS X) AppleWebKit/605.1.15 (KHTML, like Gecko) Version/13.4.4 Mobile/15E148 Safari/604.1" sasakisushi.meumercado.app 10.53.184.85
3.216.193.107 - - [30/May/2026:02:18:31 -0300] "GET / HTTP/1.1" 200 7338 "-" "Mozilla/5.0 (Windows NT 10.0; Win64; x64) AppleWebKit/537.36 (KHTML, like Gecko) Chrome/127.0.0.0 Safari/537.36 Edg/127.0.0.0" www.sasakisushi.meumercado.app 10.53.184.85
176.65.139.238 - - [30/May/2026:02:33:56 -0300] "GET /.env HTTP/1.1" 406 226 "-" "Mozilla/5.0 (Windows NT 10.0; Win64; x64) AppleWebKit/537.36 (KHTML, like Gecko) Chrome/147.0.0.0 Safari/537.36" www.sasakisushi.meumercado.app 10.53.184.85
62.60.130.235 - - [30/May/2026:03:24:51 -0300] "GET / HTTP/1.1" 200 7338 "www.google.com" "Mozilla/5.0 (Linux; Android 7.0; SM-G892A Build/NRD90M; wv) AppleWebKit/537.36 (KHTML, like Gecko) Version/4.0 Chrome/60.0.3112.107 Mobile Safari/537.36" www.sasakisushi.meumercado.app 10.53.184.85
62.60.130.235 - - [30/May/2026:03:24:52 -0300] "POST /xmlrpc.php HTTP/1.1" 406 226 "www.google.com" "Mozilla/5.0 (Linux; Android 7.0; SM-G892A Build/NRD90M; wv) AppleWebKit/537.36 (KHTML, like Gecko) Version/4.0 Chrome/60.0.3112.107 Mobile Safari/537.36" www.sasakisushi.meumercado.app 10.53.184.85
62.60.130.235 - - [30/May/2026:03:24:53 -0300] "GET /wp-login.php HTTP/1.1" 409 83 "www.google.com" "Mozilla/5.0 (Linux; Android 7.0; SM-G892A Build/NRD90M; wv) AppleWebKit/537.36 (KHTML, like Gecko) Version/4.0 Chrome/60.0.3112.107 Mobile Safari/537.36" www.sasakisushi.meumercado.app 10.53.184.85
62.60.130.235 - - [30/May/2026:03:24:54 -0300] "GET / HTTP/1.1" 200 7338 "www.google.com" "Mozilla/5.0 (Linux; Android 7.0; SM-G892A Build/NRD90M; wv) AppleWebKit/537.36 (KHTML, like Gecko) Version/4.0 Chrome/60.0.3112.107 Mobile Safari/537.36" www.sasakisushi.meumercado.app 10.53.184.85
45.227.253.15 - - [30/May/2026:04:24:56 -0300] "GET /index.php/jk HTTP/1.1" 409 83 "-" "Mozilla/5.0 (iPhone; CPU iPhone OS 11_3 like Mac OS X) AppleWebKit/605.1.15 (KHTML, like Gecko) Version/11.0.4 Mobile/15E148 Safari/604.1" sasakisushi.meumercado.app 10.53.184.85
23.180.120.135 - - [30/May/2026:05:33:21 -0300] "GET /wp-json/gravitysmtp/v1/tests/mock-data?page=gravitysmtp-settings HTTP/1.1" 200 7338 "-" "Mozilla/5.0 (X11; Linux x86_64) AppleWebKit/537.36 (KHTML, like Gecko) Chrome/81.0.4044.129 Safari/537.36" www.sasakisushi.meumercado.app 10.53.184.85
23.180.120.135 - - [30/May/2026:05:33:23 -0300] "GET /_profiler/phpinfo HTTP/1.1" 200 7338 "-" "Mozilla/5.0 (X11; Linux x86_64) AppleWebKit/537.36 (KHTML, like Gecko) Chrome/81.0.4044.129 Safari/537.36" www.sasakisushi.meumercado.app 10.53.184.85
23.180.120.135 - - [30/May/2026:05:33:25 -0300] "POST / HTTP/1.1" 406 226 "-" "Mozilla/5.0 (X11; Linux x86_64) AppleWebKit/537.36 (KHTML, like Gecko) Chrome/81.0.4044.129 Safari/537.36" www.sasakisushi.meumercado.app 10.53.184.85
45.227.253.15 - - [30/May/2026:09:46:22 -0300] "GET /index.php/jk HTTP/1.1" 409 83 "-" "Mozilla/5.0 (Windows NT 6.1; Win64; x64) AppleWebKit/537.36 (KHTML, like Gecko) Chrome/86.0.4240.111 Safari/537.36" sasakisushi.meumercado.app 10.53.184.85
74.7.228.14 - - [30/May/2026:09:50:04 -0300] "GET /robots.txt HTTP/2.0" 200 104 "-" "Mozilla/5.0 (Macintosh; Intel Mac OS X 10_15_7) AppleWebKit/537.36 (KHTML, like Gecko) Chrome/131.0.0.0 Safari/537.36; compatible; OAI-SearchBot/1.4; robots.txt; +https://openai.com/searchbot" sasakisushi.meumercado.app 10.53.184.85
74.7.241.25 - - [30/May/2026:09:52:12 -0300] "GET /?sitemap.xml HTTP/2.0" 200 7338 "-" "Mozilla/5.0 AppleWebKit/537.36 (KHTML, like Gecko; compatible; GPTBot/1.4; +https://openai.com/gptbot)" sasakisushi.meumercado.app 10.53.184.85
74.7.241.25 - - [30/May/2026:09:52:33 -0300] "GET /sitemap.xml HTTP/2.0" 200 7338 "-" "Mozilla/5.0 AppleWebKit/537.36 (KHTML, like Gecko; compatible; GPTBot/1.4; +https://openai.com/gptbot)" sasakisushi.meumercado.app 10.53.184.85
74.7.241.132 - - [30/May/2026:10:08:52 -0300] "GET /robots.txt HTTP/2.0" 200 104 "-" "Mozilla/5.0 (Macintosh; Intel Mac OS X 10_15_7) AppleWebKit/537.36 (KHTML, like Gecko) Chrome/131.0.0.0 Safari/537.36; compatible; OAI-SearchBot/1.4; robots.txt; +https://openai.com/searchbot" www.sasakisushi.meumercado.app 10.53.184.85
45.227.253.15 - - [30/May/2026:11:47:53 -0300] "GET /index.php/jk HTTP/1.1" 409 83 "-" "Mozilla/5.0 (Windows NT 6.1; WOW64; Trident/7.0; rv:11.0) like Gecko" sasakisushi.meumercado.app 10.53.184.85
176.65.139.231 - - [30/May/2026:11:49:00 -0300] "GET /.env HTTP/1.1" 406 226 "-" "Mozilla/5.0 (Windows NT 10.0; Win64; x64) AppleWebKit/537.36 (KHTML, like Gecko) Chrome/147.0.0.0 Safari/537.36" sasakisushi.meumercado.app 10.53.184.85
45.227.253.15 - - [30/May/2026:16:51:32 -0300] "GET /index.php/jk HTTP/1.1" 409 83 "-" "Mozilla/5.0 (Macintosh; Intel Mac OS X 10.13; rv:103.0) Gecko/20100101 Firefox/101.0" sasakisushi.meumercado.app 10.53.184.85
176.65.139.239 - - [30/May/2026:17:20:51 -0300] "GET / HTTP/1.1" 200 8708 "-" "Mozilla/5.0 (Windows NT 10.0; Win64; x64) AppleWebKit/537.36 (KHTML, like Gecko) Chrome/147.0.0.0 Safari/537.36" www.sasakisushi.meumercado.app 10.53.184.85
23.180.120.140 - - [30/May/2026:21:58:50 -0300] "GET /wp-json/gravitysmtp/v1/tests/mock-data?page=gravitysmtp-settings HTTP/1.1" 200 7338 "-" "Mozilla/5.0 (X11; Linux x86_64) AppleWebKit/537.36 (KHTML, like Gecko) Chrome/81.0.4044.129 Safari/537.36" www.sasakisushi.meumercado.app 10.53.184.85
23.180.120.140 - - [30/May/2026:21:58:52 -0300] "GET /_profiler/phpinfo HTTP/1.1" 200 7338 "-" "Mozilla/5.0 (X11; Linux x86_64) AppleWebKit/537.36 (KHTML, like Gecko) Chrome/81.0.4044.129 Safari/537.36" www.sasakisushi.meumercado.app 10.53.184.85
23.180.120.140 - - [30/May/2026:21:58:54 -0300] "POST / HTTP/1.1" 406 226 "-" "Mozilla/5.0 (X11; Linux x86_64) AppleWebKit/537.36 (KHTML, like Gecko) Chrome/81.0.4044.129 Safari/537.36" www.sasakisushi.meumercado.app 10.53.184.85
45.227.253.15 - - [30/May/2026:22:12:57 -0300] "GET /index.php/jk HTTP/1.1" 409 83 "-" "Mozilla/5.0 (Macintosh; Intel Mac OS X 10.14; rv:103.0) Gecko/20100101 Firefox/101.0" sasakisushi.meumercado.app 10.53.184.85
45.227.253.15 - - [31/May/2026:02:59:24 -0300] "GET /index.php/jk HTTP/1.1" 409 83 "-" "Mozilla/5.0 (Macintosh; Intel Mac OS X 10_15_7) AppleWebKit/537.36 (KHTML, like Gecko) Chrome/86.0.4240.111 Safari/537.36" sasakisushi.meumercado.app 10.53.184.85
176.65.139.232 - - [31/May/2026:03:53:44 -0300] "GET / HTTP/1.1" 200 8708 "-" "Mozilla/5.0 (Windows NT 10.0; Win64; x64) AppleWebKit/537.36 (KHTML, like Gecko) Chrome/147.0.0.0 Safari/537.36" sasakisushi.meumercado.app 10.53.184.85
45.227.253.15 - - [31/May/2026:06:17:03 -0300] "GET /index.php/jk HTTP/1.1" 409 83 "-" "Mozilla/5.0 (Macintosh; Intel Mac OS X 10.11; rv:103.0) Gecko/20100101 Firefox/103.0" sasakisushi.meumercado.app 10.53.184.85
74.50.84.227 - - [31/May/2026:07:03:43 -0300] "GET / HTTP/1.1" 200 7338 "-" "Mozilla/5.0 (Windows NT 10.0; Win64; x64) AppleWebKit/537.36 (KHTML, like Gecko) Chrome/125.0.0.0 Safari/537.36" www.sasakisushi.meumercado.app 10.53.184.85
159.89.160.64 - - [31/May/2026:07:46:39 -0300] "GET / HTTP/1.1" 200 7338 "-" "Mozilla/5.0 (X11; Linux x86_64; rv:142.0) Gecko/20100101 Firefox/142.0" www.sasakisushi.meumercado.app 10.53.184.85
159.89.160.64 - - [31/May/2026:07:46:48 -0300] "GET /favicon.ico HTTP/1.1" 200 7338 "https://www.sasakisushi.meumercado.app/" "Mozilla/5.0 (X11; Linux x86_64; rv:142.0) Gecko/20100101 Firefox/142.0" www.sasakisushi.meumercado.app 10.53.184.85
74.7.228.14 - - [31/May/2026:09:53:43 -0300] "GET /robots.txt HTTP/2.0" 200 104 "-" "Mozilla/5.0 (Macintosh; Intel Mac OS X 10_15_7) AppleWebKit/537.36 (KHTML, like Gecko) Chrome/131.0.0.0 Safari/537.36; compatible; OAI-SearchBot/1.4; robots.txt; +https://openai.com/searchbot" sasakisushi.meumercado.app 10.53.184.85
74.7.241.25 - - [31/May/2026:09:53:43 -0300] "GET /?sitemap.xml HTTP/2.0" 200 7338 "-" "Mozilla/5.0 AppleWebKit/537.36 (KHTML, like Gecko; compatible; GPTBot/1.4; +https://openai.com/gptbot)" sasakisushi.meumercado.app 10.53.184.85
74.7.241.25 - - [31/May/2026:09:56:46 -0300] "GET /sitemap.xml HTTP/2.0" 200 7338 "-" "Mozilla/5.0 AppleWebKit/537.36 (KHTML, like Gecko; compatible; GPTBot/1.4; +https://openai.com/gptbot)" sasakisushi.meumercado.app 10.53.184.85
153.75.250.148 - - [31/May/2026:10:10:59 -0300] "GET / HTTP/1.1" 200 7338 "-" "Mozilla/5.0 (Windows NT 10.0; Win64; x64) AppleWebKit/537.36 (KHTML, like Gecko) Chrome/125.0.0.0 Safari/537.36" sasakisushi.meumercado.app 10.53.184.85
45.227.253.15 - - [31/May/2026:11:24:45 -0300] "GET /index.php/jk HTTP/1.1" 409 83 "-" "Mozilla/5.0 (Windows NT 6.2; WOW64) AppleWebKit/535.24 (KHTML, like Gecko) Chrome/80.0.1055.1 Safari/535.24" sasakisushi.meumercado.app 10.53.184.85
45.227.253.15 - - [31/May/2026:15:22:36 -0300] "GET /index.php/jk HTTP/1.1" 409 83 "-" "Mozilla/5.0 (Windows NT 10.0; Win64; x64; rv:83.0) Gecko/20100101 Firefox/83.0" sasakisushi.meumercado.app 10.53.184.85
74.7.241.132 - - [31/May/2026:18:16:57 -0300] "GET /robots.txt HTTP/2.0" 200 104 "-" "Mozilla/5.0 (Macintosh; Intel Mac OS X 10_15_7) AppleWebKit/537.36 (KHTML, like Gecko) Chrome/131.0.0.0 Safari/537.36; compatible; OAI-SearchBot/1.4; robots.txt; +https://openai.com/searchbot" www.sasakisushi.meumercado.app 10.53.184.85
74.7.227.34 - - [31/May/2026:18:16:56 -0300] "GET / HTTP/2.0" 200 7338 "-" "Mozilla/5.0 AppleWebKit/537.36 (KHTML, like Gecko; compatible; GPTBot/1.4; +https://openai.com/gptbot)" www.sasakisushi.meumercado.app 10.53.184.85
45.227.253.15 - - [31/May/2026:18:49:53 -0300] "GET /index.php/jk HTTP/1.1" 409 83 "-" "Mozilla/5.0 (Windows NT 6.2; WOW64) AppleWebKit/535.24 (KHTML, like Gecko) Chrome/82.0.1055.1 Safari/535.24" sasakisushi.meumercado.app 10.53.184.85
176.65.139.237 - - [31/May/2026:19:35:38 -0300] "GET /.env HTTP/1.1" 406 226 "-" "Mozilla/5.0 (Windows NT 10.0; Win64; x64) AppleWebKit/537.36 (KHTML, like Gecko) Chrome/147.0.0.0 Safari/537.36" www.sasakisushi.meumercado.app 10.53.184.85
45.227.253.15 - - [31/May/2026:23:14:41 -0300] "GET /index.php/jk HTTP/1.1" 409 83 "-" "Mozilla/5.0 (iPad; U; CPU OS 4_3_4 like Mac OS X; ja) AppleWebKit/533.17.9 (KHTML, like Gecko) Version/5.0.2 Mobile/8J2 Safari/6533.18.5" sasakisushi.meumercado.app 10.53.184.85
140.245.56.193 - - [01/Jun/2026:01:04:59 -0300] "GET / HTTP/2.0" 200 7338 "-" "Mozilla/5.0 (iPad; CPU OS 17_4 like Mac OS X) AppleWebKit/605.1.15 Mobile/15E148" sasakisushi.meumercado.app 10.53.184.85
140.245.56.193 - - [01/Jun/2026:01:05:00 -0300] "GET / HTTP/2.0" 406 226 "-" "Go-http-client/2.0" sasakisushi.meumercado.app 10.53.184.85
140.245.56.193 - - [01/Jun/2026:01:05:01 -0300] "GET /wp-login.php HTTP/2.0" 409 83 "-" "Mozilla/5.0 (iPad; CPU OS 17_4 like Mac OS X) AppleWebKit/605.1.15 Mobile/15E148" sasakisushi.meumercado.app 10.53.184.85
140.245.56.193 - - [01/Jun/2026:01:05:01 -0300] "GET /wp-admin/ HTTP/2.0" 200 7338 "-" "Mozilla/5.0 (X11; Linux x86_64) Gecko/20100101 Firefox/117.0" sasakisushi.meumercado.app 10.53.184.85
140.245.56.193 - - [01/Jun/2026:01:05:02 -0300] "GET /administrator/ HTTP/2.0" 200 7338 "-" "Mozilla/5.0 (iPhone; CPU iPhone OS 17_4_1 like Mac OS X) AppleWebKit/605.1.15 Mobile/15E148" sasakisushi.meumercado.app 10.53.184.85
140.245.56.193 - - [01/Jun/2026:01:05:03 -0300] "GET /user/login HTTP/2.0" 200 7338 "-" "Mozilla/5.0 (X11; Linux x86_64) Gecko/20100101 Firefox/117.0" sasakisushi.meumercado.app 10.53.184.85
140.245.56.193 - - [01/Jun/2026:01:05:04 -0300] "GET /admin HTTP/2.0" 200 7338 "-" "Mozilla/5.0 (X11; Linux x86_64) Gecko/20100101 Firefox/117.0" sasakisushi.meumercado.app 10.53.184.85
140.245.56.193 - - [01/Jun/2026:01:05:05 -0300] "GET /login HTTP/2.0" 200 7338 "-" "Mozilla/5.0 (iPad; CPU OS 17_4 like Mac OS X) AppleWebKit/605.1.15 Mobile/15E148" sasakisushi.meumercado.app 10.53.184.85
140.245.56.193 - - [01/Jun/2026:01:05:06 -0300] "GET /register HTTP/2.0" 200 7338 "-" "Mozilla/5.0 (Windows NT 10.0; Win64; x64) AppleWebKit/537.36 Chrome/116.0 Safari/537.36" sasakisushi.meumercado.app 10.53.184.85
140.245.56.193 - - [01/Jun/2026:01:05:07 -0300] "GET /admin HTTP/2.0" 200 7338 "-" "Mozilla/5.0 (Macintosh; Intel Mac OS X 13_5_1) AppleWebKit/605.1.15 Safari/605.1.15" sasakisushi.meumercado.app 10.53.184.85
140.245.56.193 - - [01/Jun/2026:01:05:08 -0300] "GET /login HTTP/2.0" 200 7338 "-" "Mozilla/5.0 (X11; Linux x86_64) Gecko/20100101 Firefox/117.0" sasakisushi.meumercado.app 10.53.184.85
176.65.139.232 - - [01/Jun/2026:04:38:26 -0300] "GET /.env HTTP/1.1" 406 226 "-" "Mozilla/5.0 (Windows NT 10.0; Win64; x64) AppleWebKit/537.36 (KHTML, like Gecko) Chrome/147.0.0.0 Safari/537.36" sasakisushi.meumercado.app 10.53.184.85
74.7.228.14 - - [01/Jun/2026:09:54:13 -0300] "GET /robots.txt HTTP/2.0" 200 104 "-" "Mozilla/5.0 (Macintosh; Intel Mac OS X 10_15_7) AppleWebKit/537.36 (KHTML, like Gecko) Chrome/131.0.0.0 Safari/537.36; compatible; OAI-SearchBot/1.4; robots.txt; +https://openai.com/searchbot" sasakisushi.meumercado.app 10.53.184.85
74.7.241.25 - - [01/Jun/2026:09:54:13 -0300] "GET /?sitemap.xml HTTP/2.0" 200 117 "-" "Mozilla/5.0 AppleWebKit/537.36 (KHTML, like Gecko; compatible; GPTBot/1.4; +https://openai.com/gptbot)" sasakisushi.meumercado.app 10.53.184.85
74.7.241.25 - - [01/Jun/2026:10:00:27 -0300] "GET /sitemap.xml HTTP/2.0" 200 117 "-" "Mozilla/5.0 AppleWebKit/537.36 (KHTML, like Gecko; compatible; GPTBot/1.4; +https://openai.com/gptbot)" sasakisushi.meumercado.app 10.53.184.85
176.65.139.237 - - [01/Jun/2026:10:09:44 -0300] "GET / HTTP/1.1" 200 170 "-" "Mozilla/5.0 (Windows NT 10.0; Win64; x64) AppleWebKit/537.36 (KHTML, like Gecko) Chrome/147.0.0.0 Safari/537.36" www.sasakisushi.meumercado.app 10.53.184.85
45.227.253.15 - - [01/Jun/2026:11:31:09 -0300] "GET /index.php/jk HTTP/1.1" 409 83 "-" "Mozilla/5.0 (Macintosh; Intel Mac OS X 10.15; rv:80.0) Gecko/20100101 Firefox/80.0" sasakisushi.meumercado.app 10.53.184.85
136.116.198.170 - - [01/Jun/2026:13:48:20 -0300] "POST / HTTP/1.1" 200 117 "https://www.sasakisushi.meumercado.app/" "Mozilla/5.0 (Windows NT 10.0; Win64; x64) AppleWebKit/537.36 (KHTML, like Gecko) Chrome/145.0.0.0 Safari/537.36" www.sasakisushi.meumercado.app 10.53.184.85
45.227.253.15 - - [01/Jun/2026:17:08:57 -0300] "GET /index.php/jk HTTP/1.1" 409 83 "-" "Mozilla/5.0 (Windows NT 6.2; WOW64) AppleWebKit/535.24 (KHTML, like Gecko) Chrome/82.0.1055.1 Safari/535.24" sasakisushi.meumercado.app 10.53.184.85
74.7.241.132 - - [01/Jun/2026:18:20:09 -0300] "GET /robots.txt HTTP/2.0" 200 104 "-" "Mozilla/5.0 (Macintosh; Intel Mac OS X 10_15_7) AppleWebKit/537.36 (KHTML, like Gecko) Chrome/131.0.0.0 Safari/537.36; compatible; OAI-SearchBot/1.4; robots.txt; +https://openai.com/searchbot" www.sasakisushi.meumercado.app 10.53.184.85
176.65.139.234 - - [01/Jun/2026:20:46:41 -0300] "GET / HTTP/1.1" 200 170 "-" "Mozilla/5.0 (Windows NT 10.0; Win64; x64) AppleWebKit/537.36 (KHTML, like Gecko) Chrome/147.0.0.0 Safari/537.36" sasakisushi.meumercado.app 10.53.184.85
98.83.122.103 - - [01/Jun/2026:21:17:49 -0300] "POST / HTTP/1.1" 406 226 "-" "Mozilla/5.0" sasakisushi.meumercado.app 10.53.184.85
45.227.253.15 - - [01/Jun/2026:22:34:05 -0300] "GET /index.php/jk HTTP/1.1" 409 83 "-" "Mozilla/5.0 (Windows NT 10.0; Win64; x64) AppleWebKit/537.36 (KHTML, like Gecko) Chrome/78.0.3790 Safari/537.36 Edg/78.0.142.6" sasakisushi.meumercado.app 10.53.184.85
45.227.253.15 - - [02/Jun/2026:02:50:29 -0300] "GET /index.php/jk HTTP/1.1" 409 83 "-" "Mozilla/5.0 (Macintosh; Intel Mac OS X 10.15; rv:81.0) Gecko/20100101 Firefox/81.0" sasakisushi.meumercado.app 10.53.184.85
3.9.138.214 - - [02/Jun/2026:03:25:26 -0300] "POST / HTTP/1.1" 406 226 "-" "Mozilla/5.0" www.sasakisushi.meumercado.app 10.53.184.85
147.185.132.25 - - [02/Jun/2026:05:31:05 -0300] "GET / HTTP/1.1" 200 8708 "-" "Hello from Palo Alto Networks, find out more about our scans in https://docs-cortex.paloaltonetworks.com/r/1/Cortex-Xpanse/Scanning-activity" www.sasakisushi.meumercado.app 10.53.184.85
45.227.253.15 - - [02/Jun/2026:06:17:02 -0300] "GET /index.php/jk HTTP/1.1" 409 83 "-" "Mozilla/5.0 (iPad; U; CPU OS 4_2_1 like Mac OS X; ja) AppleWebKit/533.17.9 (KHTML, like Gecko) Version/5.0.2 Mobile/8C148 Safari/6533.18.5" sasakisushi.meumercado.app 10.53.184.85
198.235.24.13 - - [02/Jun/2026:07:42:26 -0300] "GET / HTTP/1.1" 200 8708 "-" "Hello from Palo Alto Networks, find out more about our scans in https://docs-cortex.paloaltonetworks.com/r/1/Cortex-Xpanse/Scanning-activity" sasakisushi.meumercado.app 10.53.184.85
106.63.26.149 - - [02/Jun/2026:09:33:08 -0300] "GET / HTTP/1.1" 200 8708 "-" "Mozilla/5.0 (Macintosh; Intel Mac OS X 10_15_7) AppleWebKit/537.36 (KHTML, like Gecko) Chrome/120.0.0.0 Safari/537.36 Edg/120.0.0.0" www.sasakisushi.meumercado.app 10.53.184.85
106.63.26.20 - - [02/Jun/2026:09:33:18 -0300] "GET /robots.txt HTTP/1.1" 200 104 "-" "Mozilla/5.0 (Macintosh; Intel Mac OS X 10_15_7) AppleWebKit/537.36 (KHTML, like Gecko) Chrome/120.0.0.0 Safari/537.36 Edg/120.0.0.0" www.sasakisushi.meumercado.app 10.53.184.85
106.63.26.8 - - [02/Jun/2026:09:33:21 -0300] "GET /sitemap.xml HTTP/1.1" 200 7338 "-" "Mozilla/5.0 (Macintosh; Intel Mac OS X 10_15_7) AppleWebKit/537.36 (KHTML, like Gecko) Chrome/120.0.0.0 Safari/537.36 Edg/120.0.0.0" www.sasakisushi.meumercado.app 10.53.184.85
106.63.26.28 - - [02/Jun/2026:09:33:35 -0300] "GET /config.json HTTP/1.1" 200 7338 "-" "Mozilla/5.0 (Macintosh; Intel Mac OS X 10_7_0) AppleWebKit/535.11 (KHTML, like Gecko) Chrome/17.0.963.56 Safari/535.11" www.sasakisushi.meumercado.app 10.53.184.85
74.7.175.174 - - [02/Jun/2026:09:55:46 -0300] "GET /robots.txt HTTP/2.0" 200 104 "-" "Mozilla/5.0 (Macintosh; Intel Mac OS X 10_15_7) AppleWebKit/537.36 (KHTML, like Gecko) Chrome/131.0.0.0 Safari/537.36; compatible; OAI-SearchBot/1.4; robots.txt; +https://openai.com/searchbot" sasakisushi.meumercado.app 10.53.184.85
74.7.242.45 - - [02/Jun/2026:09:55:46 -0300] "GET /?sitemap.xml HTTP/2.0" 200 7338 "-" "Mozilla/5.0 AppleWebKit/537.36 (KHTML, like Gecko; compatible; GPTBot/1.4; +https://openai.com/gptbot)" sasakisushi.meumercado.app 10.53.184.85
74.7.242.45 - - [02/Jun/2026:10:02:12 -0300] "GET /sitemap.xml HTTP/2.0" 200 7338 "-" "Mozilla/5.0 AppleWebKit/537.36 (KHTML, like Gecko; compatible; GPTBot/1.4; +https://openai.com/gptbot)" sasakisushi.meumercado.app 10.53.184.85
176.65.139.237 - - [02/Jun/2026:12:08:57 -0300] "GET /.env HTTP/1.1" 406 226 "-" "Mozilla/5.0 (Windows NT 10.0; Win64; x64) AppleWebKit/537.36 (KHTML, like Gecko) Chrome/147.0.0.0 Safari/537.36" www.sasakisushi.meumercado.app 10.53.184.85
207.174.40.205 - - [02/Jun/2026:12:20:47 -0300] "GET / HTTP/1.1" 200 7338 "-" "Mozilla/5.0 (Macintosh; Intel Mac OS X 10_15_7) AppleWebKit/537.36" sasakisushi.meumercado.app 10.53.184.85
207.174.40.205 - - [02/Jun/2026:12:20:47 -0300] "GET /.git/HEAD HTTP/1.1" 200 7338 "-" "Mozilla/5.0 (Macintosh; Intel Mac OS X 10_15_7) AppleWebKit/537.36" sasakisushi.meumercado.app 10.53.184.85
207.174.40.205 - - [02/Jun/2026:12:20:47 -0300] "GET /.git/config HTTP/1.1" 200 7338 "-" "Mozilla/5.0 (Macintosh; Intel Mac OS X 10_15_7) AppleWebKit/537.36" sasakisushi.meumercado.app 10.53.184.85
45.227.253.15 - - [02/Jun/2026:13:19:35 -0300] "GET /index.php/jk HTTP/1.1" 409 83 "-" "Mozilla/5.0 (Linux; Android 10; Z832 Build/MMB29M) AppleWebKit/537.36 (KHTML, like Gecko) Chrome/85.0.4183.83 Mobile Safari/537.36" sasakisushi.meumercado.app 10.53.184.85
77.68.87.67 - - [02/Jun/2026:14:15:04 -0300] "GET /images/images/cache.php HTTP/1.1" 409 83 "www.google.com" "Mozlila/5.0 (Linux; Android 7.0; SM-G892A Bulid/NRD90M; wv) AppleWebKit/537.36 (KHTML, like Gecko) Version/4.0 Chrome/60.0.3112.107 Moblie Safari/537.36" www.sasakisushi.meumercado.app 10.53.184.85
66.132.172.218 - - [02/Jun/2026:15:17:03 -0300] "GET / HTTP/1.1" 200 7338 "-" "Mozilla/5.0 (compatible; CensysInspect/1.1; +https://about.censys.io/)" www.sasakisushi.meumercado.app 10.53.184.85
