64.64.108.46 - - [05/Jun/2026:01:15:24 -0300] "GET /wp-admin/css/colors/tfileman.php HTTP/1.1" 409 83 "-" "Mozilla/5.0 (X11; Ubuntu; Linux x86_64; rv:79.0) Gecko/20100101 Firefox/79.0" meumercado.app 10.53.184.85
64.64.108.51 - - [05/Jun/2026:01:15:24 -0300] "GET /tiny.php HTTP/1.1" 409 83 "-" "Mozilla/5.0 (Windows NT 10.0; Win64; x64; rv:67.0) Gecko/20100101 Firefox/67.0" meumercado.app 10.53.184.85
64.64.108.62 - - [05/Jun/2026:01:15:25 -0300] "GET /wp-admin/js/widgets/autoload_classmap.php HTTP/1.1" 409 83 "-" "Mozilla/5.0 (Windows NT 6.1; Win64; x64) AppleWebKit/537.36 (KHTML, like Gecko) Chrome/74.0.3729.169 Safari/537.36" meumercado.app 10.53.184.85
64.64.108.30 - - [05/Jun/2026:01:15:25 -0300] "GET /themes.php HTTP/1.1" 409 83 "-" "Mozilla/5.0 (Macintosh; Intel Mac OS X 10.15; rv:79.0) Gecko/20100101 Firefox/79.0" meumercado.app 10.53.184.85
64.64.108.61 - - [05/Jun/2026:01:15:26 -0300] "GET /wp-themes.php HTTP/1.1" 409 83 "-" "Mozilla/5.0 (Windows NT 10.0; Win64; x64) AppleWebKit/537.36 (KHTML, like Gecko) Chrome/79.0.3945.79 Safari/537.36" meumercado.app 10.53.184.85
64.64.108.60 - - [05/Jun/2026:01:15:26 -0300] "GET /wp-includes/sodium_compat/src/index.php HTTP/1.1" 409 83 "-" "Mozilla/5.0 (X11; Linux x86_64) AppleWebKit/537.36 (KHTML, like Gecko) Chrome/84.0.4147.105 Safari/537.36" meumercado.app 10.53.184.85
64.64.108.52 - - [05/Jun/2026:01:15:27 -0300] "GET /wp-content/plugins/erinyani/asasx.php HTTP/1.1" 409 83 "-" "Mozilla/5.0 (Windows NT 10.0; WOW64; x64) AppleWebKit/537.36 (KHTML, like Gecko) Chrome/84.0.4147.105 Safari/537.36 OPR/70.0.3728.95" meumercado.app 10.53.184.85
64.64.108.57 - - [05/Jun/2026:01:15:27 -0300] "GET /mariju.php HTTP/1.1" 409 83 "-" "Mozilla/5.0 (Windows NT 10.0; Win64; x64) AppleWebKit/537.36 (KHTML, like Gecko) Chrome/75.0.3770.100 Safari/537.36" meumercado.app 10.53.184.85
64.64.108.57 - - [05/Jun/2026:01:15:28 -0300] "GET /waf_defender.php HTTP/1.1" 409 83 "-" "Mozilla/5.0 (Windows NT 10.0; Win64; x64; rv:76.0) Gecko/20100101 Firefox/76.0" meumercado.app 10.53.184.85
64.64.108.21 - - [05/Jun/2026:01:15:28 -0300] "GET /wp-admin/maint/cong.php HTTP/1.1" 409 83 "-" "Mozilla/5.0 (Macintosh; Intel Mac OS X 10.15; rv:79.0) Gecko/20100101 Firefox/79.0" meumercado.app 10.53.184.85
64.64.108.58 - - [05/Jun/2026:01:15:29 -0300] "GET /av.php HTTP/1.1" 409 83 "-" "Mozilla/5.0 (Windows NT 10.0; Win64; x64; rv:76.0) Gecko/20100101 Firefox/76.0" meumercado.app 10.53.184.85
64.64.108.56 - - [05/Jun/2026:01:15:29 -0300] "GET /wp-admin/css/glex.php HTTP/1.1" 409 83 "-" "Mozilla/5.0 (Windows NT 10.0; Win64; x64) AppleWebKit/537.36 (KHTML, like Gecko) Chrome/70.0.3538.77 Safari/537.36" meumercado.app 10.53.184.85
64.64.108.57 - - [05/Jun/2026:01:15:30 -0300] "GET /wp-admin/autoload_classmap.php HTTP/1.1" 409 83 "-" "Mozilla/5.0 (Windows NT 10.0; Win64; x64) AppleWebKit/537.36 (KHTML, like Gecko) Chrome/80.0.3987.149 Safari/537.36" meumercado.app 10.53.184.85
64.64.108.54 - - [05/Jun/2026:01:15:30 -0300] "GET /wp-includes/SimplePie/Parse/about.php HTTP/1.1" 409 83 "-" "Mozilla/5.0 (Windows NT 10.0; Win64; x64) AppleWebKit/537.36 (KHTML, like Gecko) Chrome/80.0.3987.149 Safari/537.36" meumercado.app 10.53.184.85
64.64.108.64 - - [05/Jun/2026:01:15:31 -0300] "GET /.well-known/acme-challenge/about.php HTTP/1.1" 409 83 "-" "Mozilla/5.0 (Windows NT 10.0; Win64; x64; rv:66.0) Gecko/20100101 Firefox/66.0" meumercado.app 10.53.184.85
64.64.108.60 - - [05/Jun/2026:01:15:31 -0300] "GET /wp-content/themes/twentytwentyfour/system_cache.php HTTP/1.1" 409 83 "-" "Mozilla/5.0 (Windows NT 10.0) AppleWebKit/537.36 (KHTML, like Gecko) Chrome/72.0.3626.121 Safari/537.36" meumercado.app 10.53.184.85
64.64.108.45 - - [05/Jun/2026:01:15:31 -0300] "GET /wp-content/themes/sky-pro/js.php HTTP/1.1" 409 83 "-" "Mozilla/5.0 (Windows NT 10.0; Win64; x64; rv:74.0) Gecko/20100101 Firefox/74.0" meumercado.app 10.53.184.85
64.64.108.50 - - [05/Jun/2026:01:15:32 -0300] "GET /wp-includes/Text/wp-conflg.php HTTP/1.1" 409 83 "-" "Mozilla/5.0 (Macintosh; Intel Mac OS X 10.15; rv:79.0) Gecko/20100101 Firefox/79.0" meumercado.app 10.53.184.85
64.64.108.20 - - [05/Jun/2026:01:15:32 -0300] "GET /wp-content/themes/pridmag/waf_defender.php HTTP/1.1" 409 83 "-" "Mozilla/5.0 (Windows NT 6.3; Win64; x64; rv:73.0) Gecko/20100101 Firefox/73.0" meumercado.app 10.53.184.85
64.64.108.51 - - [05/Jun/2026:01:15:33 -0300] "GET /theme.php HTTP/1.1" 409 83 "-" "Mozilla/5.0 (Windows NT 10.0; Win64; x64) AppleWebKit/537.36 (KHTML, like Gecko) Chrome/83.0.4103.97 Safari/537.36" meumercado.app 10.53.184.85
64.64.108.60 - - [05/Jun/2026:01:15:33 -0300] "GET /wp-content/themes/twentytwentytwo/waf_defender.php HTTP/1.1" 409 83 "-" "Mozilla/5.0 (Windows NT 10.0; Win64; x64; rv:71.0) Gecko/20100101 Firefox/71.0" meumercado.app 10.53.184.85
64.64.108.57 - - [05/Jun/2026:01:15:34 -0300] "GET /wp-admin/css/colors/coffee/index.php HTTP/1.1" 409 83 "-" "Mozilla/5.0 (Windows NT 10.0; Win64; x64; rv:76.0) Gecko/20100101 Firefox/76.0" meumercado.app 10.53.184.85
64.64.108.21 - - [05/Jun/2026:01:15:34 -0300] "GET /Simple.php HTTP/1.1" 409 83 "-" "Mozilla/5.0 (Windows NT 10.0; Win64; x64; rv:77.0) Gecko/20100101 Firefox/77.0" meumercado.app 10.53.184.85
64.64.108.39 - - [05/Jun/2026:01:15:35 -0300] "GET /.well-known/acme-challenge/index.php HTTP/1.1" 409 83 "-" "Mozilla/5.0 (Windows NT 6.1; Win64; x64) AppleWebKit/537.36 (KHTML, like Gecko) Chrome/80.0.3987.149 Safari/537.36" meumercado.app 10.53.184.85
64.64.108.54 - - [05/Jun/2026:01:15:35 -0300] "GET /wp-admin/1.php HTTP/1.1" 409 83 "-" "Mozilla/5.0 (Windows NT 10.0; Win64; x64) AppleWebKit/537.36 (KHTML, like Gecko) Chrome/80.0.3987.149 Safari/537.36" meumercado.app 10.53.184.85
64.64.108.16 - - [05/Jun/2026:01:15:36 -0300] "GET /wp-admin/css/colors/ocean/wp-login.php HTTP/1.1" 409 83 "-" "Mozilla/5.0 (X11; Ubuntu; Linux i686; rv:79.0) Gecko/20100101 Firefox/79.0" meumercado.app 10.53.184.85
64.64.108.44 - - [05/Jun/2026:01:15:37 -0300] "GET /wp-content/plugins/wp-conflg.php HTTP/1.1" 409 83 "-" "Mozilla/5.0 (Windows NT 10.0; Win64; x64; rv:67.0) Gecko/20100101 Firefox/67.0" meumercado.app 10.53.184.85
64.64.108.17 - - [05/Jun/2026:01:15:37 -0300] "GET /.well-known/classwithtostring.php HTTP/1.1" 409 83 "-" "Mozilla/5.0 (Windows NT 10.0; Win64; x64) AppleWebKit/537.36 (KHTML, like Gecko) Chrome/79.0.3945.130 Safari/537.36" meumercado.app 10.53.184.85
64.64.108.62 - - [05/Jun/2026:01:15:38 -0300] "GET /css/av.php HTTP/1.1" 409 83 "-" "Mozilla/5.0 (Windows NT 6.1; Win64; x64) AppleWebKit/537.36 (KHTML, like Gecko) Chrome/78.0.3904.108 Safari/537.36" meumercado.app 10.53.184.85
64.64.108.23 - - [05/Jun/2026:01:15:38 -0300] "GET /images/waf_defender.php HTTP/1.1" 409 83 "-" "Mozilla/5.0 (Windows NT 10.0) AppleWebKit/537.36 (KHTML, like Gecko) Chrome/84.0.4147.105 Safari/537.36" meumercado.app 10.53.184.85
64.64.108.21 - - [05/Jun/2026:01:15:40 -0300] "GET /wp-includes/SimplePie/Cache/upfile.php HTTP/1.1" 409 83 "-" "Mozilla/5.0 (Windows NT 10.0; Win64; x64; rv:73.0) Gecko/20100101 Firefox/73.0" meumercado.app 10.53.184.85
64.64.108.50 - - [05/Jun/2026:01:15:40 -0300] "GET /small.php HTTP/1.1" 409 83 "-" "Mozilla/5.0 (Windows NT 10.0) AppleWebKit/537.36 (KHTML, like Gecko) Chrome/72.0.3626.121 Safari/537.36" meumercado.app 10.53.184.85
64.64.108.18 - - [05/Jun/2026:01:15:41 -0300] "GET /wp-includes/js/tinymce/plugins/fullscreen/about.php HTTP/1.1" 409 83 "-" "Mozilla/5.0 (Windows NT 10.0; Win64; x64; rv:74.0) Gecko/20100101 Firefox/74.0" meumercado.app 10.53.184.85
64.64.108.63 - - [05/Jun/2026:01:15:41 -0300] "GET /NewFile.php HTTP/1.1" 409 83 "-" "Mozilla/5.0 (Windows NT 10.0; WOW64; Trident/7.0; .NET4.0C; .NET4.0E; .NET CLR 2.0.50727; .NET CLR 3.0.30729; .NET CLR 3.5.30729; rv:11.0) like Gecko" meumercado.app 10.53.184.85
64.64.108.15 - - [05/Jun/2026:01:15:42 -0300] "GET /wp-content/uploads/index.php HTTP/1.1" 409 83 "-" "Mozilla/5.0 (Windows NT 10.0; Win64; x64; rv:76.0) Gecko/20100101 Firefox/76.0" meumercado.app 10.53.184.85
64.64.108.37 - - [05/Jun/2026:01:15:42 -0300] "GET /error.php HTTP/1.1" 409 83 "-" "Mozilla/5.0 (Windows NT 10.0; Win64; x64) AppleWebKit/537.36 (KHTML, like Gecko) Chrome/79.0.3945.88 Safari/537.36" meumercado.app 10.53.184.85
64.64.108.42 - - [05/Jun/2026:01:15:43 -0300] "GET /wp-content/plugins/pwnd/admin-footer.php HTTP/1.1" 409 83 "-" "Mozilla/5.0 (Windows NT 10.0; WOW64; Trident/7.0; .NET4.0C; .NET4.0E; .NET CLR 2.0.50727; .NET CLR 3.0.30729; .NET CLR 3.5.30729; rv:11.0) like Gecko" meumercado.app 10.53.184.85
64.64.108.30 - - [05/Jun/2026:01:15:43 -0300] "GET /wp-includes/widgets/class-wp-widget-search-function.php HTTP/1.1" 409 83 "-" "Mozilla/5.0 (Windows NT 10.0; Win64; x64) AppleWebKit/537.36 (KHTML, like Gecko) Chrome/75.0.3770.100 Safari/537.36" meumercado.app 10.53.184.85
64.64.108.38 - - [05/Jun/2026:01:15:44 -0300] "GET /wp-content/languages/themes/index.php HTTP/1.1" 409 83 "-" "Mozilla/5.0 (Windows NT 6.1; Win64; x64) AppleWebKit/537.36 (KHTML, like Gecko) Chrome/78.0.3904.108 Safari/537.36" meumercado.app 10.53.184.85
64.64.108.29 - - [05/Jun/2026:01:15:44 -0300] "GET /wp-files.php HTTP/1.1" 409 83 "-" "Mozilla/5.0 (Windows NT 10.0; Win64; x64; rv:66.0) Gecko/20100101 Firefox/66.0" meumercado.app 10.53.184.85
64.64.108.17 - - [05/Jun/2026:01:15:45 -0300] "GET /functions.php HTTP/1.1" 409 83 "-" "Mozilla/5.0 (Windows NT 10.0; Win64; x64) AppleWebKit/537.36 (KHTML, like Gecko) Chrome/79.0.3945.130 Safari/537.36" meumercado.app 10.53.184.85
64.64.108.40 - - [05/Jun/2026:01:15:45 -0300] "GET /wp-includes/SimplePie/Canonical.php HTTP/1.1" 409 83 "-" "Mozilla/5.0 (Windows NT 10.0; Win64; x64; rv:77.0) Gecko/20100101 Firefox/77.0" meumercado.app 10.53.184.85
64.64.108.46 - - [05/Jun/2026:01:15:46 -0300] "GET /wp-includes/certificates/autoload_classmap.php HTTP/1.1" 409 83 "-" "Mozilla/5.0 (Windows NT 10.0; WOW64; x64) AppleWebKit/537.36 (KHTML, like Gecko) Chrome/84.0.4147.105 Safari/537.36 OPR/70.0.3728.95" meumercado.app 10.53.184.85
64.64.108.35 - - [05/Jun/2026:01:15:46 -0300] "GET /aks.php HTTP/1.1" 409 83 "-" "Mozilla/5.0 (Windows NT 6.1; Win64; x64) AppleWebKit/537.36 (KHTML, like Gecko) Chrome/58.0.3029.110 Safari/537.3" meumercado.app 10.53.184.85
64.64.108.62 - - [05/Jun/2026:01:15:47 -0300] "GET /litespeed.php HTTP/1.1" 409 83 "-" "Mozilla/5.0 (Windows NT 10.0; Win64; x64) AppleWebKit/537.36 (KHTML, like Gecko) Chrome/74.0.3729.157 Safari/537.36" meumercado.app 10.53.184.85
64.64.108.40 - - [05/Jun/2026:01:15:47 -0300] "GET /img/about.php HTTP/1.1" 409 83 "-" "Mozilla/5.0 (Windows NT 10.0; Win64; x64) AppleWebKit/537.36 (KHTML, like Gecko) Chrome/83.0.4103.97 Safari/537.36" meumercado.app 10.53.184.85
64.64.108.51 - - [05/Jun/2026:01:15:47 -0300] "GET /wp-includes/class-feed-index.php HTTP/1.1" 409 83 "-" "Mozilla/5.0 (Windows NT 6.1; Win64; x64) AppleWebKit/537.36 (KHTML, like Gecko) Chrome/74.0.3729.169 Safari/537.36" meumercado.app 10.53.184.85
64.64.108.48 - - [05/Jun/2026:01:15:48 -0300] "GET /wpn.php HTTP/1.1" 409 83 "-" "Mozilla/5.0 (Windows NT 10.0; Win64; x64; rv:76.0) Gecko/20100101 Firefox/76.0" meumercado.app 10.53.184.85
64.64.108.52 - - [05/Jun/2026:01:15:48 -0300] "GET /wp-content/classwithtostring.php HTTP/1.1" 409 83 "-" "Mozilla/5.0 (Windows NT 10.0; Win64; x64) AppleWebKit/537.36 (KHTML, like Gecko) Chrome/80.0.3987.149 Safari/537.36" meumercado.app 10.53.184.85
64.64.108.57 - - [05/Jun/2026:01:15:49 -0300] "GET /.well-known/acme-challenge/iR7SzrsOUEP.php HTTP/1.1" 409 83 "-" "Mozilla/5.0 (Macintosh; Intel Mac OS X 10_15_6) AppleWebKit/537.36 (KHTML, like Gecko) Chrome/84.0.4147.105 Safari/537.36" meumercado.app 10.53.184.85
64.64.108.40 - - [05/Jun/2026:01:15:49 -0300] "GET /wp-includes/customize/class-wp-customize-nav-menu-section-boolean.php HTTP/1.1" 409 83 "-" "Mozilla/5.0 (Macintosh; Intel Mac OS X 10_15_6) AppleWebKit/537.36 (KHTML, like Gecko) Chrome/84.0.4147.105 Safari/537.36" meumercado.app 10.53.184.85
64.64.108.58 - - [05/Jun/2026:01:15:50 -0300] "GET /wp-content/themes/twentytwentyfour/functions.php HTTP/1.1" 409 83 "-" "Mozilla/5.0 (Windows NT 10.0; Win64; x64) AppleWebKit/537.36 (KHTML, like Gecko) Chrome/77.0.3865.90 Safari/537.36" meumercado.app 10.53.184.85
64.64.108.22 - - [05/Jun/2026:01:15:50 -0300] "GET /wp-includes/db.php HTTP/1.1" 409 83 "-" "Mozilla/5.0 (Windows NT 10.0; Win64; x64; rv:79.0) Gecko/20100101 Firefox/79.0" meumercado.app 10.53.184.85
64.64.108.39 - - [05/Jun/2026:01:15:51 -0300] "GET /wp-includes/class-wp-dependency-float.php HTTP/1.1" 409 83 "-" "Mozilla/5.0 (Windows NT 10.0; WOW64; x64) AppleWebKit/537.36 (KHTML, like Gecko) Chrome/84.0.4147.105 Safari/537.36 OPR/70.0.3728.95" meumercado.app 10.53.184.85
64.64.108.44 - - [05/Jun/2026:01:15:51 -0300] "GET /wp-includes/PHPMailer/index.php HTTP/1.1" 409 83 "-" "Mozilla/5.0 (Windows NT 10.0; Win64; x64; rv:72.0) Gecko/20100101 Firefox/72.0" meumercado.app 10.53.184.85
64.64.108.54 - - [05/Jun/2026:01:15:52 -0300] "GET /wp-includes/PHPMailer/purna.php HTTP/1.1" 409 83 "-" "Mozilla/5.0 (Windows NT 6.1; Win64; x64) AppleWebKit/537.36 (KHTML, like Gecko) Chrome/79.0.3945.130 Safari/537.36" meumercado.app 10.53.184.85
64.64.108.53 - - [05/Jun/2026:01:15:52 -0300] "GET /wp-includes/interactivity-api/interactivity-api-class.php HTTP/1.1" 409 83 "-" "Mozilla/5.0 (Windows NT 10.0; Win64; x64) AppleWebKit/537.36 (KHTML, like Gecko) Chrome/79.0.3945.88 Safari/537.36" meumercado.app 10.53.184.85
64.64.108.36 - - [05/Jun/2026:01:15:53 -0300] "GET /wp-includes/l10n/class-wp-widddget-pages.php HTTP/1.1" 409 83 "-" "Mozilla/5.0 (Windows NT 10.0; Win64; x64) AppleWebKit/537.36 (KHTML, like Gecko) Chrome/75.0.3770.100 Safari/537.36" meumercado.app 10.53.184.85
64.64.108.54 - - [05/Jun/2026:01:15:53 -0300] "GET /tinyfilemanager/tinyfilemanager.php HTTP/1.1" 409 83 "-" "Mozilla/5.0 (Windows NT 10.0; Win64; x64; rv:66.0) Gecko/20100101 Firefox/66.0" meumercado.app 10.53.184.85
64.64.108.46 - - [05/Jun/2026:01:15:54 -0300] "GET /wp-admin/css/colors/light/colors.min.php HTTP/1.1" 409 83 "-" "Mozilla/5.0 (Windows NT 10.0; Win64; x64) AppleWebKit/537.36 (KHTML, like Gecko) Chrome/69.0.3497.100 Safari/537.36" meumercado.app 10.53.184.85
64.64.108.58 - - [05/Jun/2026:01:15:54 -0300] "GET /wp-includes/customize/class-wp-customize-nav-menu-auto-add-control-repository.php HTTP/1.1" 409 83 "-" "Mozilla/5.0 (Windows NT 6.1; Win64; x64) AppleWebKit/537.36 (KHTML, like Gecko) Chrome/78.0.3904.108 Safari/537.36" meumercado.app 10.53.184.85
64.64.108.47 - - [05/Jun/2026:01:15:55 -0300] "GET /wp-includes/assets/script-loader-react-refresh-runtime.min-soap.php HTTP/1.1" 409 83 "-" "Mozilla/5.0 (Windows NT 10.0; Win64; x64) AppleWebKit/537.36 (KHTML, like Gecko) Chrome/79.0.3945.88 Safari/537.36" meumercado.app 10.53.184.85
64.64.108.62 - - [05/Jun/2026:01:15:55 -0300] "GET /wp-includes/ID3/module.audio-video.riff-set.php HTTP/1.1" 409 83 "-" "Mozilla/5.0 (Windows NT 10.0; Win64; x64; rv:71.0) Gecko/20100101 Firefox/71.0" meumercado.app 10.53.184.85
64.64.108.54 - - [05/Jun/2026:01:15:57 -0300] "GET /wp-includes/js/tinymce/utils/license.php HTTP/1.1" 409 83 "-" "Mozilla/5.0 (Windows NT 10.0; Win64; x64) AppleWebKit/537.36 (KHTML, like Gecko) Chrome/84.0.4147.105 Safari/537.36 OPR/70.0.3728.95" meumercado.app 10.53.184.85
64.64.108.25 - - [05/Jun/2026:01:15:57 -0300] "GET /wp-includes/Text/options.php HTTP/1.1" 409 83 "-" "Mozilla/5.0 (X11; Fedora; Linux x86_64; rv:79.0) Gecko/20100101 Firefox/79.0" meumercado.app 10.53.184.85
64.64.108.33 - - [05/Jun/2026:01:15:58 -0300] "GET /.well-known/acme-challenge/wp-load.php HTTP/1.1" 409 83 "-" "Mozilla/5.0 (Windows NT 10.0; Win64; x64; rv:71.0) Gecko/20100101 Firefox/71.0" meumercado.app 10.53.184.85
64.64.108.47 - - [05/Jun/2026:01:15:58 -0300] "GET /wp-content/upgrade/cc.php HTTP/1.1" 409 83 "-" "Mozilla/5.0 (compatible; MSIE 10.0; Windows NT 6.1; Trident/6.0)" meumercado.app 10.53.184.85
64.64.108.26 - - [05/Jun/2026:01:15:59 -0300] "GET /wp-content/themes/aahana/worksec.php HTTP/1.1" 409 83 "-" "Mozilla/5.0 (Windows NT 10.0; Win64; x64; rv:74.0) Gecko/20100101 Firefox/74.0" meumercado.app 10.53.184.85
64.64.108.36 - - [05/Jun/2026:01:15:59 -0300] "GET /wp-content/themes/bltm/wp-login.php HTTP/1.1" 409 83 "-" "Mozilla/5.0 (Windows NT 10.0; Win64; x64) AppleWebKit/537.36 (KHTML, like Gecko) Chrome/84.0.4147.105 Safari/537.36" meumercado.app 10.53.184.85
64.64.108.64 - - [05/Jun/2026:01:16:00 -0300] "GET /wp-admin/includes/class_api.php HTTP/1.1" 409 83 "-" "Mozilla/5.0 (Windows NT 10.0) AppleWebKit/537.36 (KHTML, like Gecko) Chrome/72.0.3626.121 Safari/537.36" meumercado.app 10.53.184.85
64.64.108.19 - - [05/Jun/2026:01:16:00 -0300] "GET /plugins/content/apismtp/apismtp.php HTTP/1.1" 409 83 "-" "Mozilla/5.0 (Windows NT 6.1; Win64; x64) AppleWebKit/537.36 (KHTML, like Gecko) Chrome/58.0.3029.110 Safari/537.3" meumercado.app 10.53.184.85
64.64.108.23 - - [05/Jun/2026:01:16:01 -0300] "GET /wp-admin/includes/class-core-upgrader-first.php HTTP/1.1" 409 83 "-" "Mozilla/5.0 (Windows NT 10.0; Win64; x64; rv:73.0) Gecko/20100101 Firefox/73.0" meumercado.app 10.53.184.85
64.64.108.64 - - [05/Jun/2026:01:16:01 -0300] "GET /wp-admin/css/wp-css.php HTTP/1.1" 409 83 "-" "Mozilla/5.0 (Windows NT 6.1; Win64; x64) AppleWebKit/537.36 (KHTML, like Gecko) Chrome/78.0.3904.108 Safari/537.36" meumercado.app 10.53.184.85
64.64.108.24 - - [05/Jun/2026:01:16:02 -0300] "GET /wp-includes/IXR/goto.php HTTP/1.1" 409 83 "-" "Mozilla/5.0 (Windows NT 6.3; Win64; x64; rv:73.0) Gecko/20100101 Firefox/73.0" meumercado.app 10.53.184.85
64.64.108.65 - - [05/Jun/2026:01:16:02 -0300] "GET /wp-admin/css/colors/blue/xboom.php HTTP/1.1" 409 83 "-" "Mozilla/5.0 (Windows NT 10.0; Win64; x64) AppleWebKit/537.36 (KHTML, like Gecko) Chrome/81.0.4044.129 Safari/537.36" meumercado.app 10.53.184.85
64.64.108.54 - - [05/Jun/2026:01:16:03 -0300] "GET /wp-content/themes/kadence/functions.php HTTP/1.1" 409 83 "-" "Mozilla/5.0 (Windows NT 10.0; Win64; x64) AppleWebKit/537.36 (KHTML, like Gecko) Chrome/84.0.4147.105 Safari/537.36 OPR/70.0.3728.95" meumercado.app 10.53.184.85
64.64.108.28 - - [05/Jun/2026:01:16:03 -0300] "GET /Sanskrit.php HTTP/1.1" 409 83 "-" "Mozilla/5.0 (Windows NT 10.0; Win64; x64; rv:67.0) Gecko/20100101 Firefox/67.0" meumercado.app 10.53.184.85
64.64.108.38 - - [05/Jun/2026:01:16:04 -0300] "GET /wp-fmfile.php HTTP/1.1" 409 83 "-" "Mozilla/5.0 (Windows NT 10.0; Win64; x64) AppleWebKit/537.36 (KHTML, like Gecko) Chrome/81.0.4044.129 Safari/537.36" meumercado.app 10.53.184.85
64.64.108.54 - - [05/Jun/2026:01:16:04 -0300] "GET /.trash7309/index.php HTTP/1.1" 409 83 "-" "Mozilla/5.0 (Windows NT 10.0; Win64; x64; rv:66.0) Gecko/20100101 Firefox/66.0" meumercado.app 10.53.184.85
64.64.108.21 - - [05/Jun/2026:01:16:05 -0300] "GET /wp-content/plugins/revslider/includes/external/page/index.php HTTP/1.1" 409 83 "-" "Mozilla/5.0 (Windows NT 10.0; WOW64) AppleWebKit/537.36 (KHTML, like Gecko) Chrome/72.0.3626.121 Safari/537.36" meumercado.app 10.53.184.85
64.64.108.54 - - [05/Jun/2026:01:16:05 -0300] "GET /wp-content/plugins/ioxi/ioxi/dropdown.php HTTP/1.1" 409 83 "-" "Mozilla/5.0 (Windows NT 10.0; Win64; x64) AppleWebKit/537.36 (KHTML, like Gecko) Chrome/79.0.3945.79 Safari/537.36" meumercado.app 10.53.184.85
64.64.108.27 - - [05/Jun/2026:01:16:06 -0300] "GET /memberfuns.php HTTP/1.1" 409 83 "-" "Mozilla/5.0 (Windows NT 6.1; Win64; x64) AppleWebKit/537.36 (KHTML, like Gecko) Chrome/79.0.3945.130 Safari/537.36" meumercado.app 10.53.184.85
64.64.108.52 - - [05/Jun/2026:01:16:06 -0300] "GET /infos.php HTTP/1.1" 409 83 "-" "Mozilla/5.0 (Windows NT 6.1; Win64; x64) AppleWebKit/537.36 (KHTML, like Gecko) Chrome/78.0.3904.108 Safari/537.36" meumercado.app 10.53.184.85
64.64.108.31 - - [05/Jun/2026:01:16:07 -0300] "GET /modules/file.php HTTP/1.1" 409 83 "-" "Mozilla/5.0 (X11; Ubuntu; Linux i686; rv:79.0) Gecko/20100101 Firefox/79.0" meumercado.app 10.53.184.85
64.64.108.31 - - [05/Jun/2026:01:16:07 -0300] "GET /wp-content/x.php HTTP/1.1" 409 83 "-" "Mozilla/5.0 (X11; Fedora; Linux x86_64; rv:79.0) Gecko/20100101 Firefox/79.0" meumercado.app 10.53.184.85
64.64.108.29 - - [05/Jun/2026:01:16:08 -0300] "GET /wp-content/wp.php HTTP/1.1" 409 83 "-" "Mozilla/5.0 (Windows NT 6.3; Win64; x64; rv:73.0) Gecko/20100101 Firefox/73.0" meumercado.app 10.53.184.85
64.64.108.63 - - [05/Jun/2026:01:16:08 -0300] "GET /options-writing.php HTTP/1.1" 409 83 "-" "Mozilla/5.0 (Windows NT 10.0; Win64; x64) AppleWebKit/537.36 (KHTML, like Gecko) Chrome/81.0.4044.129 Safari/537.36" meumercado.app 10.53.184.85
64.64.108.33 - - [05/Jun/2026:01:16:08 -0300] "GET /options-reading.php HTTP/1.1" 409 83 "-" "Mozilla/5.0 (X11; Ubuntu; Linux i686; rv:79.0) Gecko/20100101 Firefox/79.0" meumercado.app 10.53.184.85
64.64.108.45 - - [05/Jun/2026:01:16:09 -0300] "GET /wsad.php HTTP/1.1" 409 83 "-" "Mozilla/5.0 (X11; Linux x86_64) AppleWebKit/537.36 (KHTML, like Gecko) Chrome/84.0.4147.105 Safari/537.36 OPR/70.0.3728.95" meumercado.app 10.53.184.85
64.64.108.19 - - [05/Jun/2026:01:16:09 -0300] "GET /nation.php HTTP/1.1" 409 83 "-" "Mozilla/5.0 (Windows NT 10.0; Win64; x64; rv:72.0) Gecko/20100101 Firefox/72.0" meumercado.app 10.53.184.85
64.64.108.45 - - [05/Jun/2026:01:16:10 -0300] "GET /wp-includes/js/codemirror/index.php HTTP/1.1" 409 83 "-" "Mozilla/5.0 (Windows NT 10.0; Win64; x64; rv:75.0) Gecko/20100101 Firefox/75.0" meumercado.app 10.53.184.85
64.64.108.40 - - [05/Jun/2026:01:16:10 -0300] "GET /wp-includes/wp_class_datlib.php HTTP/1.1" 409 83 "-" "Mozilla/5.0 (Windows NT 6.1; Win64; x64) AppleWebKit/537.36 (KHTML, like Gecko) Chrome/78.0.3904.108 Safari/537.36" meumercado.app 10.53.184.85
64.64.108.17 - - [05/Jun/2026:01:16:11 -0300] "GET /wp-includes/js/tinymce/langs/about.php HTTP/1.1" 409 83 "-" "Mozilla/5.0 (Windows NT 10.0; Win64; x64; rv:71.0) Gecko/20100101 Firefox/71.0" meumercado.app 10.53.184.85
64.64.108.54 - - [05/Jun/2026:01:16:11 -0300] "GET /autoload_classmap/wso.php HTTP/1.1" 409 83 "-" "Mozilla/5.0 (Windows NT 10.0; Win64; x64; rv:72.0) Gecko/20100101 Firefox/72.0" meumercado.app 10.53.184.85
64.64.108.21 - - [05/Jun/2026:01:16:12 -0300] "GET /wp-atomx.php HTTP/1.1" 409 83 "-" "Mozilla/5.0 (Windows NT 10.0; Win64; x64; rv:74.0) Gecko/20100101 Firefox/74.0" meumercado.app 10.53.184.85
64.64.108.37 - - [05/Jun/2026:01:16:13 -0300] "GET /admin-footer.php HTTP/1.1" 409 83 "-" "Mozilla/5.0 (Windows NT 10.0; Win64; x64) AppleWebKit/537.36 (KHTML, like Gecko) Chrome/70.0.3538.77 Safari/537.36" meumercado.app 10.53.184.85
64.64.108.39 - - [05/Jun/2026:01:16:13 -0300] "GET /wp-admin/maint/wp-conflg.php HTTP/1.1" 409 83 "-" "Mozilla/5.0 (Windows NT 10.0; Win64; x64) AppleWebKit/537.36 (KHTML, like Gecko) Chrome/81.0.4044.129 Safari/537.36" meumercado.app 10.53.184.85
64.64.108.15 - - [05/Jun/2026:01:16:14 -0300] "GET /XxX.php HTTP/1.1" 409 83 "-" "Mozilla/5.0 (Windows NT 10.0; WOW64) AppleWebKit/537.36 (KHTML, like Gecko) Chrome/84.0.4147.105 Safari/537.36" meumercado.app 10.53.184.85
64.64.108.30 - - [05/Jun/2026:01:16:14 -0300] "GET /wp-content/plugins/ubh/install.php HTTP/1.1" 409 83 "-" "Mozilla/5.0 (X11; Linux x86_64) AppleWebKit/537.36 (KHTML, like Gecko) Chrome/84.0.4147.105 Safari/537.36 OPR/70.0.3728.95" meumercado.app 10.53.184.85
64.64.108.64 - - [05/Jun/2026:01:16:15 -0300] "GET /wp-includes/SimplePie/Registry-private.php HTTP/1.1" 409 83 "-" "Mozilla/5.0 (Windows NT 6.3; Win64; x64; rv:73.0) Gecko/20100101 Firefox/73.0" meumercado.app 10.53.184.85
64.64.108.45 - - [05/Jun/2026:01:16:15 -0300] "GET /wp-includes/assets/script-modules-packages.min-meta.php HTTP/1.1" 409 83 "-" "Mozilla/5.0 (Windows NT 10.0; Win64; x64; rv:75.0) Gecko/20100101 Firefox/75.0" meumercado.app 10.53.184.85
64.64.108.66 - - [05/Jun/2026:01:16:15 -0300] "GET /wp-includes/widgets/bypass.php HTTP/1.1" 409 83 "-" "Mozilla/5.0 (Macintosh; Intel Mac OS X 10_15_6) AppleWebKit/537.36 (KHTML, like Gecko) Chrome/84.0.4147.125 Safari/537.36" meumercado.app 10.53.184.85
64.64.108.42 - - [05/Jun/2026:01:16:16 -0300] "GET /wp-content/themes/twentytwentyfour/content-index.php HTTP/1.1" 409 83 "-" "Mozilla/5.0 (Windows NT 10.0; Win64; x64) AppleWebKit/537.36 (KHTML, like Gecko) Chrome/74.0.3729.169 Safari/537.36" meumercado.app 10.53.184.85
64.64.108.61 - - [05/Jun/2026:01:16:16 -0300] "GET /admin/controller/extension/extension/alfa.php HTTP/1.1" 409 83 "-" "Mozilla/5.0 (Windows NT 10.0; Win64; x64; rv:71.0) Gecko/20100101 Firefox/71.0" meumercado.app 10.53.184.85
64.64.108.56 - - [05/Jun/2026:01:16:17 -0300] "GET /wp-content/themes/twentytwentyfour/system_cache.php%20 HTTP/1.1" 409 83 "-" "Mozilla/5.0 (Windows NT 10.0; Win64; x64) AppleWebKit/537.36 (KHTML, like Gecko) Chrome/83.0.4103.61 Safari/537.36" meumercado.app 10.53.184.85
64.64.108.26 - - [05/Jun/2026:01:16:17 -0300] "GET /wp-admin/css/colors/modern/colors.css.php HTTP/1.1" 409 83 "-" "Mozilla/5.0 (Windows NT 10.0; Win64; x64) AppleWebKit/537.36 (KHTML, like Gecko) Chrome/70.0.3538.77 Safari/537.36" meumercado.app 10.53.184.85
64.64.108.57 - - [05/Jun/2026:01:16:18 -0300] "GET /wp-includes/style-engine/adminfus.php HTTP/1.1" 409 83 "-" "Mozilla/5.0 (Windows NT 10.0; WOW64) AppleWebKit/537.36 (KHTML, like Gecko) Chrome/84.0.4147.105 Safari/537.36" meumercado.app 10.53.184.85
64.64.108.53 - - [05/Jun/2026:01:16:18 -0300] "GET /css/media-widget-vide02.php HTTP/1.1" 409 83 "-" "Mozilla/5.0 (Windows NT 6.3; Win64; x64; rv:73.0) Gecko/20100101 Firefox/73.0" meumercado.app 10.53.184.85
64.64.108.44 - - [05/Jun/2026:01:16:19 -0300] "GET /wp-includes/blocks/group/wp-style.php HTTP/1.1" 409 83 "-" "Mozilla/5.0 (Windows NT 10.0; Win64; x64; rv:75.0) Gecko/20100101 Firefox/75.0" meumercado.app 10.53.184.85
64.64.108.29 - - [05/Jun/2026:01:16:20 -0300] "GET /images/buy.php HTTP/1.1" 409 83 "-" "Mozilla/5.0 (Windows NT 10.0; Win64; x64) AppleWebKit/537.36 (KHTML, like Gecko) Chrome/81.0.4044.129 Safari/537.36" meumercado.app 10.53.184.85
64.64.108.26 - - [05/Jun/2026:01:16:20 -0300] "GET /templates/beez3/av.php HTTP/1.1" 409 83 "-" "Mozilla/5.0 (Windows NT 6.1; Win64; x64) AppleWebKit/537.36 (KHTML, like Gecko) Chrome/80.0.3987.149 Safari/537.36" meumercado.app 10.53.184.85
64.64.108.15 - - [05/Jun/2026:01:16:21 -0300] "GET /wp-includes/widgets/class-wp-wolf-widget.php HTTP/1.1" 409 83 "-" "Mozilla/5.0 (Windows NT 10.0; WOW64) AppleWebKit/537.36 (KHTML, like Gecko) Chrome/84.0.4147.105 Safari/537.36" meumercado.app 10.53.184.85
64.64.108.23 - - [05/Jun/2026:01:16:21 -0300] "GET /wp-admin/css/colors/install.php HTTP/1.1" 409 83 "-" "Mozilla/5.0 (Windows NT 10.0; Win64; x64) AppleWebKit/537.36 (KHTML, like Gecko) Chrome/80.0.3987.149 Safari/537.36" meumercado.app 10.53.184.85
64.64.108.60 - - [05/Jun/2026:01:16:22 -0300] "GET /plugins/function.php HTTP/1.1" 409 83 "-" "Mozilla/5.0 (Macintosh; Intel Mac OS X 10_15_6) AppleWebKit/537.36 (KHTML, like Gecko) Chrome/84.0.4147.105 Safari/537.36 OPR/70.0.3728.95" meumercado.app 10.53.184.85
64.64.108.25 - - [05/Jun/2026:01:16:22 -0300] "GET /.well-known/header.php HTTP/1.1" 409 83 "-" "Mozilla/5.0 (X11; Ubuntu; Linux x86_64; rv:79.0) Gecko/20100101 Firefox/79.0" meumercado.app 10.53.184.85
64.64.108.60 - - [05/Jun/2026:01:16:23 -0300] "GET /wordpress/wp-content/uploads/install.php HTTP/1.1" 409 83 "-" "Mozilla/5.0 (Windows NT 10.0; Win64; x64) AppleWebKit/537.36 (KHTML, like Gecko) Chrome/77.0.3865.90 Safari/537.36" meumercado.app 10.53.184.85
64.64.108.32 - - [05/Jun/2026:01:16:23 -0300] "GET /.well-known/pki-validation/server.php HTTP/1.1" 409 83 "-" "Mozilla/5.0 (X11; Linux i686; rv:79.0) Gecko/20100101 Firefox/79.0" meumercado.app 10.53.184.85
64.64.108.36 - - [05/Jun/2026:01:16:25 -0300] "GET /autoload_classmap/install.php HTTP/1.1" 409 83 "-" "Mozilla/5.0 (Windows NT 10.0; Win64; x64; rv:75.0) Gecko/20100101 Firefox/75.0" meumercado.app 10.53.184.85
64.64.108.26 - - [05/Jun/2026:01:16:25 -0300] "GET /wp-content/plugins/pwnd/1.php HTTP/1.1" 409 83 "-" "Mozilla/5.0 (Windows NT 10.0; Win64; x64) AppleWebKit/537.36 (KHTML, like Gecko) Chrome/70.0.3538.110 Safari/537.36" meumercado.app 10.53.184.85
64.64.108.23 - - [05/Jun/2026:01:16:26 -0300] "GET /wp-content/plugins/ubh/av.php HTTP/1.1" 409 83 "-" "Mozilla/5.0 (Macintosh; Intel Mac OS X 10_10_1) AppleWebKit/537.36 (KHTML, like Gecko) Chrome/39.0.2171.95 Safari/537.36" meumercado.app 10.53.184.85
64.64.108.28 - - [05/Jun/2026:01:16:26 -0300] "GET /wp-content/uploads/anas.php HTTP/1.1" 409 83 "-" "Mozilla/5.0 (X11; Linux i686; rv:79.0) Gecko/20100101 Firefox/79.0" meumercado.app 10.53.184.85
64.64.108.55 - - [05/Jun/2026:01:16:27 -0300] "GET /wp-admin/css/colors/blue/shell.php HTTP/1.1" 409 83 "-" "Mozilla/5.0 (Windows NT 10.0; Win64; x64; rv:66.0) Gecko/20100101 Firefox/66.0" meumercado.app 10.53.184.85
64.64.108.27 - - [05/Jun/2026:01:16:27 -0300] "GET /wp-content/plugins/erinyani/default.php HTTP/1.1" 409 83 "-" "Mozilla/5.0 (Windows NT 10.0) AppleWebKit/537.36 (KHTML, like Gecko) Chrome/84.0.4147.105 Safari/537.36" meumercado.app 10.53.184.85
64.64.108.66 - - [05/Jun/2026:01:16:28 -0300] "GET /wp-includes/Text/index.php HTTP/1.1" 409 83 "-" "Mozilla/5.0 (Linux x86_64; rv:79.0) Gecko/20100101 Firefox/79.0" meumercado.app 10.53.184.85
64.64.108.38 - - [05/Jun/2026:01:16:28 -0300] "GET /xex.php HTTP/1.1" 409 83 "-" "Mozilla/5.0 (Windows NT 6.1; Win64; x64) AppleWebKit/537.36 (KHTML, like Gecko) Chrome/74.0.3729.169 Safari/537.36" meumercado.app 10.53.184.85
64.64.108.27 - - [05/Jun/2026:01:16:29 -0300] "GET /wp-includes/about.php HTTP/1.1" 409 83 "-" "Mozilla/5.0 (Windows NT 10.0; WOW64; Trident/7.0; .NET4.0C; .NET4.0E; .NET CLR 2.0.50727; .NET CLR 3.0.30729; .NET CLR 3.5.30729; rv:11.0) like Gecko" meumercado.app 10.53.184.85
64.64.108.41 - - [05/Jun/2026:01:16:29 -0300] "GET /wp-content/plugins/pwnd/install.php HTTP/1.1" 409 83 "-" "Mozilla/5.0 (Macintosh; Intel Mac OS X 10_10_1) AppleWebKit/537.36 (KHTML, like Gecko) Chrome/39.0.2171.95 Safari/537.36" meumercado.app 10.53.184.85
64.64.108.41 - - [05/Jun/2026:01:16:29 -0300] "GET /upload/install.php HTTP/1.1" 409 83 "-" "Mozilla/5.0 (X11; Ubuntu; Linux x86_64; rv:79.0) Gecko/20100101 Firefox/79.0" meumercado.app 10.53.184.85
64.64.108.64 - - [05/Jun/2026:01:16:30 -0300] "GET /wp-head.php HTTP/1.1" 409 83 "-" "Mozilla/5.0 (Macintosh; Intel Mac OS X 10_15_6) AppleWebKit/537.36 (KHTML, like Gecko) Chrome/84.0.4147.125 Safari/537.36" meumercado.app 10.53.184.85
64.64.108.56 - - [05/Jun/2026:01:16:30 -0300] "GET /vendor/phpunit/phpunit/src/Util/PHP/admin-footer.php HTTP/1.1" 409 83 "-" "Mozilla/5.0 (Windows NT 10.0) AppleWebKit/537.36 (KHTML, like Gecko) Chrome/84.0.4147.105 Safari/537.36" meumercado.app 10.53.184.85
64.64.108.20 - - [05/Jun/2026:01:16:31 -0300] "GET /wp-content/upgrade/wp-conflg.php HTTP/1.1" 409 83 "-" "Mozilla/5.0 (Windows NT 10.0; Win64; x64) AppleWebKit/537.36 (KHTML, like Gecko) Chrome/84.0.4147.105 Safari/537.36 OPR/70.0.3728.95" meumercado.app 10.53.184.85
64.64.108.27 - - [05/Jun/2026:01:16:31 -0300] "GET /makeasmtp.php HTTP/1.1" 409 83 "-" "Mozilla/5.0 (X11; Fedora; Linux x86_64; rv:79.0) Gecko/20100101 Firefox/79.0" meumercado.app 10.53.184.85
64.64.108.63 - - [05/Jun/2026:01:16:32 -0300] "GET /wp-includes/wp-sup.php HTTP/1.1" 409 83 "-" "Mozilla/5.0 (Windows NT 10.0; Win64; x64; rv:76.0) Gecko/20100101 Firefox/76.0" meumercado.app 10.53.184.85
64.64.108.64 - - [05/Jun/2026:01:16:32 -0300] "GET /wordpress/wp-includes/class-wp-http-ixr-client-view.php HTTP/1.1" 409 83 "-" "Mozilla/5.0 (Windows NT 6.1; Win64; x64) AppleWebKit/537.36 (KHTML, like Gecko) Chrome/58.0.3029.110 Safari/537.3" meumercado.app 10.53.184.85
64.64.108.35 - - [05/Jun/2026:01:16:33 -0300] "GET /images/bypass.php HTTP/1.1" 409 83 "-" "Mozilla/5.0 (Macintosh; Intel Mac OS X 10_12_6) AppleWebKit/537.36 (KHTML, like Gecko) Chrome/58.0.3029.110 Safari/537.3" meumercado.app 10.53.184.85
64.64.108.57 - - [05/Jun/2026:01:16:33 -0300] "GET /wp-includes/widgets/class-t.api.php HTTP/1.1" 409 83 "-" "Mozilla/5.0 (Windows NT 10.0; Win64; x64) AppleWebKit/537.36 (KHTML, like Gecko) Chrome/84.0.4147.105 Safari/537.36" meumercado.app 10.53.184.85
64.64.108.37 - - [05/Jun/2026:01:16:34 -0300] "GET /wp-content/edit.php HTTP/1.1" 409 83 "-" "Mozilla/5.0 (Windows NT 10.0; Win64; x64) AppleWebKit/537.36 (KHTML, like Gecko) Chrome/83.0.4103.97 Safari/537.36" meumercado.app 10.53.184.85
64.64.108.32 - - [05/Jun/2026:01:16:34 -0300] "GET /.well-known/info.php HTTP/1.1" 409 83 "-" "Mozilla/5.0 (X11; Ubuntu; Linux i686; rv:79.0) Gecko/20100101 Firefox/79.0" meumercado.app 10.53.184.85
64.64.108.27 - - [05/Jun/2026:01:16:35 -0300] "GET /wp-content/autoload_classmap.php HTTP/1.1" 409 83 "-" "Mozilla/5.0 (Windows NT 6.1; Win64; x64) AppleWebKit/537.36 (KHTML, like Gecko) Chrome/80.0.3987.149 Safari/537.36" meumercado.app 10.53.184.85
64.64.108.22 - - [05/Jun/2026:01:16:35 -0300] "GET /wp-admin/css/colors/blue/navi.php HTTP/1.1" 409 83 "-" "Mozilla/5.0 (X11; Ubuntu; Linux x86_64; rv:79.0) Gecko/20100101 Firefox/79.0" meumercado.app 10.53.184.85
64.64.108.62 - - [05/Jun/2026:01:16:36 -0300] "GET /wp-includes/css/dist/require-dynamic-blocks.php HTTP/1.1" 409 83 "-" "Mozilla/5.0 (Macintosh; Intel Mac OS X 10_10_1) AppleWebKit/537.36 (KHTML, like Gecko) Chrome/39.0.2171.95 Safari/537.36" meumercado.app 10.53.184.85
64.64.108.30 - - [05/Jun/2026:01:16:36 -0300] "GET /xp.php%20 HTTP/1.1" 409 83 "-" "Mozilla/5.0 (X11; Linux i686; rv:79.0) Gecko/20100101 Firefox/79.0" meumercado.app 10.53.184.85
64.64.108.32 - - [05/Jun/2026:01:16:37 -0300] "GET /wp-content/languages/bypass.php HTTP/1.1" 409 83 "-" "Mozilla/5.0 (Macintosh; Intel Mac OS X 10_10_1) AppleWebKit/537.36 (KHTML, like Gecko) Chrome/39.0.2171.95 Safari/537.36" meumercado.app 10.53.184.85
64.64.108.25 - - [05/Jun/2026:01:16:37 -0300] "GET /wp-content/bypass_1.php HTTP/1.1" 409 83 "-" "Mozilla/5.0 (X11; Linux i686; rv:79.0) Gecko/20100101 Firefox/79.0" meumercado.app 10.53.184.85
64.64.108.54 - - [05/Jun/2026:01:16:38 -0300] "GET /wp-admin/js/elementskit.php HTTP/1.1" 409 83 "-" "Mozilla/5.0 (X11; Fedora; Linux x86_64; rv:79.0) Gecko/20100101 Firefox/79.0" meumercado.app 10.53.184.85
64.64.108.48 - - [05/Jun/2026:01:16:38 -0300] "GET /wp-includes/widgets/class-wp-widget-rss-database.php HTTP/1.1" 409 83 "-" "Mozilla/5.0 (Windows NT 10.0; Win64; x64; rv:73.0) Gecko/20100101 Firefox/73.0" meumercado.app 10.53.184.85
64.64.108.57 - - [05/Jun/2026:01:16:39 -0300] "GET /.well-known/pki-validation/kur.php HTTP/1.1" 409 83 "-" "Mozilla/5.0 (Windows NT 10.0; Win64; x64) AppleWebKit/537.36 (KHTML, like Gecko) Chrome/79.0.3945.130 Safari/537.36" meumercado.app 10.53.184.85
64.64.108.42 - - [05/Jun/2026:01:16:39 -0300] "GET /click.php HTTP/1.1" 409 83 "-" "Mozilla/5.0 (Windows NT 10.0; Win64; x64) AppleWebKit/537.36 (KHTML, like Gecko) Chrome/80.0.3987.149 Safari/537.36" meumercado.app 10.53.184.85
64.64.108.26 - - [05/Jun/2026:01:16:40 -0300] "GET /wp-includes/class-wp-customize-manager-client.php HTTP/1.1" 409 83 "-" "Mozilla/5.0 (Windows NT 6.1; Win64; x64) AppleWebKit/537.36 (KHTML, like Gecko) Chrome/74.0.3729.169 Safari/537.36" meumercado.app 10.53.184.85
64.64.108.42 - - [05/Jun/2026:01:16:40 -0300] "GET /wp-includes/assets/script-modules-packages.min-boolean.php HTTP/1.1" 409 83 "-" "Mozilla/5.0 (Windows NT 10.0; Win64; x64; rv:66.0) Gecko/20100101 Firefox/66.0" meumercado.app 10.53.184.85
64.64.108.64 - - [05/Jun/2026:01:16:41 -0300] "GET /wp-admin/css/colors/error.php HTTP/1.1" 409 83 "-" "Mozilla/5.0 (Windows NT 10.0) AppleWebKit/537.36 (KHTML, like Gecko) Chrome/84.0.4147.105 Safari/537.36" meumercado.app 10.53.184.85
64.64.108.62 - - [05/Jun/2026:01:16:41 -0300] "GET /ALFA_DATA/alfacgiapi/all.php HTTP/1.1" 409 83 "-" "Mozilla/5.0 (Windows NT 10.0; Win64; x64; rv:76.0) Gecko/20100101 Firefox/76.0" meumercado.app 10.53.184.85
64.64.108.60 - - [05/Jun/2026:01:16:42 -0300] "GET /wp-admin/images/autoload_classmap.php HTTP/1.1" 409 83 "-" "Mozilla/5.0 (Windows NT 6.1; Win64; x64) AppleWebKit/537.36 (KHTML, like Gecko) Chrome/78.0.3904.108 Safari/537.36" meumercado.app 10.53.184.85
64.64.108.51 - - [05/Jun/2026:01:16:42 -0300] "GET /.well-known/pki-validation/xmrlpc.php HTTP/1.1" 409 83 "-" "Mozilla/5.0 (X11; Ubuntu; Linux i686; rv:79.0) Gecko/20100101 Firefox/79.0" meumercado.app 10.53.184.85
64.64.108.50 - - [05/Jun/2026:01:16:43 -0300] "GET /wp-admin/maint/repairs.php HTTP/1.1" 409 83 "-" "Mozilla/5.0 (Macintosh; Intel Mac OS X 10.15; rv:79.0) Gecko/20100101 Firefox/79.0" meumercado.app 10.53.184.85
64.64.108.64 - - [05/Jun/2026:01:16:43 -0300] "GET /wp-includes/images/smilies/simi.php HTTP/1.1" 409 83 "-" "Mozilla/5.0 (Windows NT 10.0; Win64; x64) AppleWebKit/537.36 (KHTML, like Gecko) Chrome/80.0.3987.149 Safari/537.36" meumercado.app 10.53.184.85
64.64.108.55 - - [05/Jun/2026:01:16:44 -0300] "GET /wp-admin.php HTTP/1.1" 409 83 "-" "Mozilla/5.0 (Macintosh; Intel Mac OS X 10_15_6) AppleWebKit/537.36 (KHTML, like Gecko) Chrome/84.0.4147.105 Safari/537.36" meumercado.app 10.53.184.85
64.64.108.48 - - [05/Jun/2026:01:16:44 -0300] "GET /wp-header.php%20 HTTP/1.1" 409 83 "-" "Mozilla/5.0 (Windows NT 10.0; Win64; x64; rv:75.0) Gecko/20100101 Firefox/75.0" meumercado.app 10.53.184.85
64.64.108.58 - - [05/Jun/2026:01:16:45 -0300] "GET /file.php%20 HTTP/1.1" 409 83 "-" "Mozilla/5.0 (Windows NT 10.0; WOW64; Trident/7.0; .NET4.0C; .NET4.0E; .NET CLR 2.0.50727; .NET CLR 3.0.30729; .NET CLR 3.5.30729; rv:11.0) like Gecko" meumercado.app 10.53.184.85
64.64.108.66 - - [05/Jun/2026:01:16:45 -0300] "GET /.tmb/doc.php HTTP/1.1" 409 83 "-" "Mozilla/5.0 (Windows NT 10.0; Win64; x64; rv:72.0) Gecko/20100101 Firefox/72.0" meumercado.app 10.53.184.85
64.64.108.31 - - [05/Jun/2026:01:16:46 -0300] "GET /wp-editor.php HTTP/1.1" 409 83 "-" "Mozilla/5.0 (Windows NT 10.0; Win64; x64; rv:75.0) Gecko/20100101 Firefox/75.0" meumercado.app 10.53.184.85
64.64.108.19 - - [05/Jun/2026:01:16:46 -0300] "GET /wp-includes/style-engine-session.php HTTP/1.1" 409 83 "-" "Mozilla/5.0 (Windows NT 6.1; Win64; x64) AppleWebKit/537.36 (KHTML, like Gecko) Chrome/58.0.3029.110 Safari/537.3" meumercado.app 10.53.184.85
64.64.108.54 - - [05/Jun/2026:01:16:47 -0300] "GET /images/install.php HTTP/1.1" 409 83 "-" "Mozilla/5.0 (Windows NT 10.0; Win64; x64) AppleWebKit/537.36 (KHTML, like Gecko) Chrome/69.0.3497.100 Safari/537.36" meumercado.app 10.53.184.85
64.64.108.54 - - [05/Jun/2026:01:16:47 -0300] "GET /vendor/phpunit/phpunit/src/Util/PHP/adminfusm.php HTTP/1.1" 409 83 "-" "Mozilla/5.0 (Windows NT 10.0; Win64; x64) AppleWebKit/537.36 (KHTML, like Gecko) Chrome/80.0.3987.149 Safari/537.36" meumercado.app 10.53.184.85
64.64.108.45 - - [05/Jun/2026:01:16:48 -0300] "GET /adminfusm.php HTTP/1.1" 409 83 "-" "Mozilla/5.0 (X11; Linux i686; rv:79.0) Gecko/20100101 Firefox/79.0" meumercado.app 10.53.184.85
64.64.108.47 - - [05/Jun/2026:01:16:48 -0300] "GET /js/js1.php HTTP/1.1" 409 83 "-" "Mozilla/5.0 (Windows NT 10.0; Win64; x64) AppleWebKit/537.36 (KHTML, like Gecko) Chrome/81.0.4044.129 Safari/537.36" meumercado.app 10.53.184.85
64.64.108.61 - - [05/Jun/2026:01:16:49 -0300] "GET /wp-includes/assets/wp-includes/assets/script-loader-packages.min.php HTTP/1.1" 409 83 "-" "Mozilla/5.0 (X11; Linux x86_64) AppleWebKit/537.36 (KHTML, like Gecko) Chrome/84.0.4147.105 Safari/537.36 OPR/70.0.3728.95" meumercado.app 10.53.184.85
64.64.108.30 - - [05/Jun/2026:01:16:49 -0300] "GET /wp-includes/blocks/file/wp-style.php HTTP/1.1" 409 83 "-" "Mozilla/5.0 (Windows NT 6.1; Win64; x64) AppleWebKit/537.36 (KHTML, like Gecko) Chrome/80.0.3987.149 Safari/537.36" meumercado.app 10.53.184.85
64.64.108.26 - - [05/Jun/2026:01:16:50 -0300] "GET /wp-content/mu-plugins/admin.php HTTP/1.1" 409 83 "-" "Mozilla/5.0 (Windows NT 10.0; Win64; x64) AppleWebKit/537.36 (KHTML, like Gecko) Chrome/70.0.3538.77 Safari/537.36" meumercado.app 10.53.184.85
64.64.108.60 - - [05/Jun/2026:01:16:50 -0300] "GET /wp-includes/IXR/class-IXR-cilent.php HTTP/1.1" 409 83 "-" "Mozilla/5.0 (Windows NT 10.0; Win64; x64) AppleWebKit/537.36 (KHTML, like Gecko) Chrome/75.0.3770.100 Safari/537.36" meumercado.app 10.53.184.85
162.241.203.72 - - [05/Jun/2026:01:16:51 -0300] "POST /wp-cron.php?doing_wp_cron=1780633011.5060400962829589843750 HTTP/1.1" 200 - "-" "WordPress/7.0; https://meumercado.app" meumercado.app 10.53.184.85
64.64.108.65 - - [05/Jun/2026:01:16:51 -0300] "GET /wp-content/uploads/wp-cert.phtml HTTP/1.1" 404 89515 "-" "Mozilla/5.0 (Linux x86_64; rv:79.0) Gecko/20100101 Firefox/79.0" meumercado.app 10.53.184.85
64.64.108.65 - - [05/Jun/2026:01:16:52 -0300] "GET /about/function.php%20 HTTP/1.1" 409 83 "-" "Mozilla/5.0 (Windows NT 6.1; Win64; x64) AppleWebKit/537.36 (KHTML, like Gecko) Chrome/78.0.3904.108 Safari/537.36" meumercado.app 10.53.184.85
64.64.108.59 - - [05/Jun/2026:01:16:52 -0300] "GET /wp-includes/images/install.php HTTP/1.1" 409 83 "-" "Mozilla/5.0 (Macintosh; Intel Mac OS X 10_15_6) AppleWebKit/537.36 (KHTML, like Gecko) Chrome/84.0.4147.105 Safari/537.36" meumercado.app 10.53.184.85
64.64.108.65 - - [05/Jun/2026:01:16:53 -0300] "GET /wp-includes/PHPMailer/xleet.php HTTP/1.1" 409 83 "-" "Mozilla/5.0 (Windows NT 10.0; Win64; x64; rv:79.0) Gecko/20100101 Firefox/79.0" meumercado.app 10.53.184.85
64.64.108.30 - - [05/Jun/2026:01:16:53 -0300] "GET /wp-admin/js/widgets/doc.php HTTP/1.1" 409 83 "-" "Mozilla/5.0 (Windows NT 10.0; WOW64) AppleWebKit/537.36 (KHTML, like Gecko) Chrome/84.0.4147.105 Safari/537.36" meumercado.app 10.53.184.85
64.64.108.22 - - [05/Jun/2026:01:16:54 -0300] "GET /f35_SpaceTn.php HTTP/1.1" 409 83 "-" "Mozilla/5.0 (Windows NT 10.0; Win64; x64; rv:79.0) Gecko/20100101 Firefox/79.0" meumercado.app 10.53.184.85
64.64.108.31 - - [05/Jun/2026:01:16:54 -0300] "GET /wp-admin/css/colors/sunrise/bypass.php HTTP/1.1" 409 83 "-" "Mozilla/5.0 (Windows NT 6.1; Win64; x64) AppleWebKit/537.36 (KHTML, like Gecko) Chrome/74.0.3729.169 Safari/537.36" meumercado.app 10.53.184.85
64.64.108.38 - - [05/Jun/2026:01:16:55 -0300] "GET /vendor/phpunit/phpunit/src/Util/PHP/fixed.php HTTP/1.1" 409 83 "-" "Mozilla/5.0 (Windows NT 10.0; WOW64) AppleWebKit/537.36 (KHTML, like Gecko) Chrome/72.0.3626.121 Safari/537.36" meumercado.app 10.53.184.85
64.64.108.25 - - [05/Jun/2026:01:16:55 -0300] "GET /wp-admin/js/widgets/themes.php HTTP/1.1" 409 83 "-" "Mozilla/5.0 (X11; Ubuntu; Linux i686; rv:79.0) Gecko/20100101 Firefox/79.0" meumercado.app 10.53.184.85
64.64.108.60 - - [05/Jun/2026:01:16:56 -0300] "GET /wp-content/plugins/fix/bypass.php HTTP/1.1" 409 83 "-" "Mozilla/5.0 (Windows NT 10.0; Win64; x64; rv:66.0) Gecko/20100101 Firefox/66.0" meumercado.app 10.53.184.85
64.64.108.35 - - [05/Jun/2026:01:16:56 -0300] "GET /wp-includes/category-double.php HTTP/1.1" 409 83 "-" "Mozilla/5.0 (Windows NT 10.0; Win64; x64; rv:74.0) Gecko/20100101 Firefox/74.0" meumercado.app 10.53.184.85
64.64.108.22 - - [05/Jun/2026:01:16:57 -0300] "GET /wp-admin/maint/admin.php HTTP/1.1" 409 83 "-" "Mozilla/5.0 (Windows NT 10.0; Win64; x64) AppleWebKit/537.36 (KHTML, like Gecko) Chrome/70.0.3538.110 Safari/537.36" meumercado.app 10.53.184.85
64.64.108.42 - - [05/Jun/2026:01:16:57 -0300] "GET /blog/signatur.php HTTP/1.1" 409 83 "-" "Mozilla/5.0 (Windows NT 6.1; Win64; x64) AppleWebKit/537.36 (KHTML, like Gecko) Chrome/74.0.3729.169 Safari/537.36" meumercado.app 10.53.184.85
64.64.108.43 - - [05/Jun/2026:01:16:58 -0300] "GET /wp-includes/assets/db.php HTTP/1.1" 409 83 "-" "Mozilla/5.0 (Windows NT 10.0; Win64; x64) AppleWebKit/537.36 (KHTML, like Gecko) Chrome/84.0.4147.105 Safari/537.36" meumercado.app 10.53.184.85
64.64.108.64 - - [05/Jun/2026:01:16:58 -0300] "GET /wp-includes/widgets/security.php HTTP/1.1" 409 83 "-" "Mozilla/5.0 (Windows NT 10.0; WOW64; x64) AppleWebKit/537.36 (KHTML, like Gecko) Chrome/84.0.4147.105 Safari/537.36 OPR/70.0.3728.95" meumercado.app 10.53.184.85
64.64.108.31 - - [05/Jun/2026:01:16:59 -0300] "GET /include/install.php HTTP/1.1" 409 83 "-" "Mozilla/5.0 (Windows NT 10.0; WOW64) AppleWebKit/537.36 (KHTML, like Gecko) Chrome/84.0.4147.105 Safari/537.36" meumercado.app 10.53.184.85
64.64.108.23 - - [05/Jun/2026:01:16:59 -0300] "GET /gm.php HTTP/1.1" 409 83 "-" "Mozilla/5.0 (Windows NT 10.0; Win64; x64; rv:66.0) Gecko/20100101 Firefox/66.0" meumercado.app 10.53.184.85
64.64.108.66 - - [05/Jun/2026:01:17:00 -0300] "GET /wp-includes/class-wp-language-pack.php HTTP/1.1" 409 83 "-" "Mozilla/5.0 (Windows NT 10.0; WOW64) AppleWebKit/537.36 (KHTML, like Gecko) Chrome/72.0.3626.121 Safari/537.36" meumercado.app 10.53.184.85
64.64.108.47 - - [05/Jun/2026:01:17:01 -0300] "GET /js/content-type.php HTTP/1.1" 409 83 "-" "Mozilla/5.0 (Windows NT 10.0; Win64; x64) AppleWebKit/537.36 (KHTML, like Gecko) Chrome/75.0.3770.100 Safari/537.36" meumercado.app 10.53.184.85
64.64.108.43 - - [05/Jun/2026:01:17:02 -0300] "GET /wp-includes/class-walker-comment-client.php HTTP/1.1" 409 83 "-" "Mozilla/5.0 (Windows NT 10.0; Win64; x64) AppleWebKit/537.36 (KHTML, like Gecko) Chrome/58.0.3029.110 Safari/537.3" meumercado.app 10.53.184.85
64.64.108.45 - - [05/Jun/2026:01:17:02 -0300] "GET /about/goods.php HTTP/1.1" 409 83 "-" "Mozilla/5.0 (Windows NT 6.1; Win64; x64) AppleWebKit/537.36 (KHTML, like Gecko) Chrome/80.0.3987.149 Safari/537.36" meumercado.app 10.53.184.85
64.64.108.43 - - [05/Jun/2026:01:17:03 -0300] "GET /file/function.php HTTP/1.1" 409 83 "-" "Mozilla/5.0 (Windows NT 10.0; Win64; x64; rv:75.0) Gecko/20100101 Firefox/75.0" meumercado.app 10.53.184.85
64.64.108.55 - - [05/Jun/2026:01:17:03 -0300] "GET /function/goods.php HTTP/1.1" 409 83 "-" "Mozilla/5.0 (Windows NT 10.0; Win64; x64) AppleWebKit/537.36 (KHTML, like Gecko) Chrome/81.0.4044.129 Safari/537.36" meumercado.app 10.53.184.85
64.64.108.42 - - [05/Jun/2026:01:17:04 -0300] "GET /vendor/phpunit/phpunit/src/Util/PHP/bypass.php HTTP/1.1" 409 83 "-" "Mozilla/5.0 (Windows NT 10.0; Win64; x64; rv:72.0) Gecko/20100101 Firefox/72.0" meumercado.app 10.53.184.85
64.64.108.24 - - [05/Jun/2026:01:17:04 -0300] "GET /wp-content/upgrade/index.php HTTP/1.1" 409 83 "-" "Mozilla/5.0 (Windows NT 10.0) AppleWebKit/537.36 (KHTML, like Gecko) Chrome/84.0.4147.105 Safari/537.36" meumercado.app 10.53.184.85
64.64.108.38 - - [05/Jun/2026:01:17:05 -0300] "GET /wp-includes/class-wp-network-query-stat.php HTTP/1.1" 409 83 "-" "Mozilla/5.0 (Windows NT 10.0; WOW64) AppleWebKit/537.36 (KHTML, like Gecko) Chrome/72.0.3626.121 Safari/537.36" meumercado.app 10.53.184.85
64.64.108.63 - - [05/Jun/2026:01:17:05 -0300] "GET /wp-content/themes/pridmag/db.php HTTP/1.1" 409 83 "-" "Mozilla/5.0 (Windows NT 10.0) AppleWebKit/537.36 (KHTML, like Gecko) Chrome/84.0.4147.105 Safari/537.36" meumercado.app 10.53.184.85
64.64.108.52 - - [05/Jun/2026:01:17:06 -0300] "GET /plugin-install.php HTTP/1.1" 409 83 "-" "Mozilla/5.0 (Windows NT 10.0; Win64; x64) AppleWebKit/537.36 (KHTML, like Gecko) Chrome/75.0.3770.100 Safari/537.36" meumercado.app 10.53.184.85
64.64.108.56 - - [05/Jun/2026:01:17:06 -0300] "GET /wp-includes/class-wp-session-tokens-https.php HTTP/1.1" 409 83 "-" "Mozilla/5.0 (Windows NT 10.0; Win64; x64; rv:76.0) Gecko/20100101 Firefox/76.0" meumercado.app 10.53.184.85
64.64.108.40 - - [05/Jun/2026:01:17:07 -0300] "GET /wp-admin/js/load.php HTTP/1.1" 409 83 "-" "Mozilla/5.0 (X11; Fedora; Linux x86_64; rv:79.0) Gecko/20100101 Firefox/79.0" meumercado.app 10.53.184.85
64.64.108.43 - - [05/Jun/2026:01:17:07 -0300] "GET /images/firewall.php7 HTTP/1.1" 409 83 "-" "Mozilla/5.0 (X11; Linux x86_64) AppleWebKit/537.36 (KHTML, like Gecko) Chrome/84.0.4147.105 Safari/537.36 OPR/70.0.3728.95" meumercado.app 10.53.184.85
64.64.108.34 - - [05/Jun/2026:01:17:08 -0300] "GET /wp-includes/images/crystal/lrs_dage.php HTTP/1.1" 409 83 "-" "Mozilla/5.0 (Macintosh; Intel Mac OS X 10_10_1) AppleWebKit/537.36 (KHTML, like Gecko) Chrome/39.0.2171.95 Safari/537.36" meumercado.app 10.53.184.85
64.64.108.24 - - [05/Jun/2026:01:17:08 -0300] "GET /wp-content/upgrade/pdf.php HTTP/1.1" 409 83 "-" "Mozilla/5.0 (Windows NT 10.0; Win64; x64) AppleWebKit/537.36 (KHTML, like Gecko) Chrome/80.0.3987.149 Safari/537.36" meumercado.app 10.53.184.85
64.64.108.56 - - [05/Jun/2026:01:17:09 -0300] "GET /wp-includes/as.php HTTP/1.1" 409 83 "-" "Mozilla/5.0 (X11; Linux x86_64) AppleWebKit/537.36 (KHTML, like Gecko) Chrome/84.0.4147.105 Safari/537.36" meumercado.app 10.53.184.85
64.64.108.18 - - [05/Jun/2026:01:17:09 -0300] "GET /wp-content/item.php HTTP/1.1" 409 83 "-" "Mozilla/5.0 (Windows NT 10.0; Win64; x64) AppleWebKit/537.36 (KHTML, like Gecko) Chrome/81.0.4044.129 Safari/537.36" meumercado.app 10.53.184.85
64.64.108.62 - - [05/Jun/2026:01:17:10 -0300] "GET /wp-includes/certificates/wp-conflg.php HTTP/1.1" 409 83 "-" "Mozilla/5.0 (Windows NT 10.0; Win64; x64) AppleWebKit/537.36 (KHTML, like Gecko) Chrome/83.0.4103.61 Safari/537.36" meumercado.app 10.53.184.85
64.64.108.39 - - [05/Jun/2026:01:17:10 -0300] "GET /wp-includes/install.php HTTP/1.1" 409 83 "-" "Mozilla/5.0 (Windows NT 10.0; Win64; x64; rv:67.0) Gecko/20100101 Firefox/67.0" meumercado.app 10.53.184.85
64.64.108.23 - - [05/Jun/2026:01:17:11 -0300] "GET /wp-includes/customize/db.php HTTP/1.1" 409 83 "-" "Mozilla/5.0 (X11; Linux x86_64) AppleWebKit/537.36 (KHTML, like Gecko) Chrome/84.0.4147.105 Safari/537.36 OPR/70.0.3728.95" meumercado.app 10.53.184.85
64.64.108.55 - - [05/Jun/2026:01:17:11 -0300] "GET /css/fan.php HTTP/1.1" 409 83 "-" "Mozilla/5.0 (Windows NT 6.1; Win64; x64) AppleWebKit/537.36 (KHTML, like Gecko) Chrome/74.0.3729.169 Safari/537.36" meumercado.app 10.53.184.85
64.64.108.44 - - [05/Jun/2026:01:17:12 -0300] "GET /wp-admin/css/colors/blue/colors.php HTTP/1.1" 409 83 "-" "Mozilla/5.0 (Windows NT 6.1; Win64; x64) AppleWebKit/537.36 (KHTML, like Gecko) Chrome/79.0.3945.130 Safari/537.36" meumercado.app 10.53.184.85
64.64.108.52 - - [05/Jun/2026:01:17:12 -0300] "GET /images/mah.php HTTP/1.1" 409 83 "-" "Mozilla/5.0 (Windows NT 10.0; Win64; x64) AppleWebKit/537.36 (KHTML, like Gecko) Chrome/80.0.3987.149 Safari/537.36" meumercado.app 10.53.184.85
