64.64.108.53 - - [05/Jun/2026:01:11:41 -0300] "GET /modules/mod_simplefileuploadv1.3/elements/udd.php HTTP/1.1" 409 83 "-" "Mozilla/5.0 (Windows NT 10.0; Win64; x64) AppleWebKit/537.36 (KHTML, like Gecko) Chrome/79.0.3945.130 Safari/537.36" meumercado.app 10.53.184.85
64.64.108.24 - - [05/Jun/2026:01:11:41 -0300] "GET /wp-content/plugins/pwnd/pwnd.php HTTP/1.1" 409 83 "-" "Mozilla/5.0 (Windows NT 10.0) AppleWebKit/537.36 (KHTML, like Gecko) Chrome/72.0.3626.121 Safari/537.36" meumercado.app 10.53.184.85
64.64.108.31 - - [05/Jun/2026:01:11:42 -0300] "GET /wp-content/plugins/pwnd-1/pwnd.php HTTP/1.1" 409 83 "-" "Mozilla/5.0 (Windows NT 10.0; Win64; x64; rv:76.0) Gecko/20100101 Firefox/76.0" meumercado.app 10.53.184.85
64.64.108.25 - - [05/Jun/2026:01:11:42 -0300] "GET /wp-admin/css/colors/midnight/admin.php HTTP/1.1" 409 83 "-" "Mozilla/5.0 (Windows NT 10.0; Win64; x64; rv:75.0) Gecko/20100101 Firefox/75.0" meumercado.app 10.53.184.85
64.64.108.57 - - [05/Jun/2026:01:11:43 -0300] "GET /vendor/phpunit/phpunit/src/Util/PHP/kill.php HTTP/1.1" 409 83 "-" "Mozilla/5.0 (Windows NT 10.0; Win64; x64; rv:79.0) Gecko/20100101 Firefox/79.0" meumercado.app 10.53.184.85
64.64.108.39 - - [05/Jun/2026:01:11:43 -0300] "GET /wp-includes/style-engine/worksec.php HTTP/1.1" 409 83 "-" "Mozilla/5.0 (Windows NT 10.0; WOW64; x64) AppleWebKit/537.36 (KHTML, like Gecko) Chrome/84.0.4147.105 Safari/537.36 OPR/70.0.3728.95" meumercado.app 10.53.184.85
64.64.108.19 - - [05/Jun/2026:01:11:44 -0300] "GET /wp-admin/images/wp-conflg.php HTTP/1.1" 409 83 "-" "Mozilla/5.0 (Windows NT 10.0; Win64; x64) AppleWebKit/537.36 (KHTML, like Gecko) Chrome/84.0.4147.105 Safari/537.36" meumercado.app 10.53.184.85
64.64.108.41 - - [05/Jun/2026:01:11:44 -0300] "GET /wp-content/plugins/core-plugin/include.php HTTP/1.1" 409 83 "-" "Mozilla/5.0 (Windows NT 10.0; Win64; x64) AppleWebKit/537.36 (KHTML, like Gecko) Chrome/79.0.3945.88 Safari/537.36" meumercado.app 10.53.184.85
64.64.108.45 - - [05/Jun/2026:01:11:45 -0300] "GET /wp-content/plugins/envato-css.php HTTP/1.1" 409 83 "-" "Mozilla/5.0 (Windows NT 10.0; Win64; x64; rv:74.0) Gecko/20100101 Firefox/74.0" meumercado.app 10.53.184.85
64.64.108.47 - - [05/Jun/2026:01:11:45 -0300] "GET /classwithtostring.php HTTP/1.1" 409 83 "-" "Mozilla/5.0 (Macintosh; Intel Mac OS X 10_10_1) AppleWebKit/537.36 (KHTML, like Gecko) Chrome/39.0.2171.95 Safari/537.36" meumercado.app 10.53.184.85
162.241.203.72 - - [05/Jun/2026:01:11:46 -0300] "POST /wp-cron.php?doing_wp_cron=1780632706.4006030559539794921875 HTTP/1.1" 200 - "-" "WordPress/7.0; https://meumercado.app" meumercado.app 10.53.184.85
64.64.108.54 - - [05/Jun/2026:01:11:46 -0300] "GET /uploads/94056-upload.phtml HTTP/1.1" 404 89473 "-" "Mozilla/5.0 (Windows NT 10.0; Win64; x64) AppleWebKit/537.36 (KHTML, like Gecko) Chrome/58.0.3029.110 Safari/537.3" meumercado.app 10.53.184.85
64.64.108.54 - - [05/Jun/2026:01:11:47 -0300] "GET /index/function.php HTTP/1.1" 409 83 "-" "Mozilla/5.0 (Windows NT 6.1; Win64; x64) AppleWebKit/537.36 (KHTML, like Gecko) Chrome/74.0.3729.169 Safari/537.36" meumercado.app 10.53.184.85
64.64.108.48 - - [05/Jun/2026:01:11:47 -0300] "GET /tinyfilemanager.php HTTP/1.1" 409 83 "-" "Mozilla/5.0 (Windows NT 10.0; Win64; x64) AppleWebKit/537.36 (KHTML, like Gecko) Chrome/70.0.3538.110 Safari/537.36" meumercado.app 10.53.184.85
64.64.108.22 - - [05/Jun/2026:01:11:48 -0300] "GET /js/bas.php HTTP/1.1" 409 83 "-" "Mozilla/5.0 (X11; Ubuntu; Linux i686; rv:79.0) Gecko/20100101 Firefox/79.0" meumercado.app 10.53.184.85
64.64.108.30 - - [05/Jun/2026:01:11:48 -0300] "GET /.well-known/pki-validation/moon.php HTTP/1.1" 409 83 "-" "Mozilla/5.0 (Linux x86_64; rv:79.0) Gecko/20100101 Firefox/79.0" meumercado.app 10.53.184.85
64.64.108.53 - - [05/Jun/2026:01:11:49 -0300] "GET /file.php HTTP/1.1" 409 83 "-" "Mozilla/5.0 (Macintosh; Intel Mac OS X 10_15_6) AppleWebKit/537.36 (KHTML, like Gecko) Chrome/84.0.4147.105 Safari/537.36 OPR/70.0.3728.95" meumercado.app 10.53.184.85
64.64.108.54 - - [05/Jun/2026:01:11:50 -0300] "GET /wp-includes/js/index.php HTTP/1.1" 409 83 "-" "Mozilla/5.0 (Windows NT 10.0; Win64; x64) AppleWebKit/537.36 (KHTML, like Gecko) Chrome/77.0.3865.90 Safari/537.36" meumercado.app 10.53.184.85
64.64.108.35 - - [05/Jun/2026:01:11:50 -0300] "GET /wp-content/upgrade/item.php HTTP/1.1" 409 83 "-" "Mozilla/5.0 (Macintosh; Intel Mac OS X 10_15_6) AppleWebKit/537.36 (KHTML, like Gecko) Chrome/84.0.4147.125 Safari/537.36" meumercado.app 10.53.184.85
64.64.108.66 - - [05/Jun/2026:01:11:51 -0300] "GET /buy.php HTTP/1.1" 409 83 "-" "Mozilla/5.0 (Windows NT 10.0; Win64; x64; rv:73.0) Gecko/20100101 Firefox/73.0" meumercado.app 10.53.184.85
64.64.108.46 - - [05/Jun/2026:01:11:51 -0300] "GET /wp-content/languages/wp-conflg.php HTTP/1.1" 409 83 "-" "Mozilla/5.0 (Windows NT 10.0; Win64; x64) AppleWebKit/537.36 (KHTML, like Gecko) Chrome/79.0.3945.88 Safari/537.36" meumercado.app 10.53.184.85
64.64.108.18 - - [05/Jun/2026:01:11:52 -0300] "GET /wp-content/themes/classwithtostring.php HTTP/1.1" 409 83 "-" "Mozilla/5.0 (Windows NT 10.0; Win64; x64; rv:79.0) Gecko/20100101 Firefox/79.0" meumercado.app 10.53.184.85
64.64.108.59 - - [05/Jun/2026:01:11:52 -0300] "GET /wp-content/plugins/elementor/wp-wjvngrh.php HTTP/1.1" 409 83 "-" "Mozilla/5.0 (Windows NT 10.0; Win64; x64; rv:76.0) Gecko/20100101 Firefox/76.0" meumercado.app 10.53.184.85
64.64.108.32 - - [05/Jun/2026:01:11:53 -0300] "GET /wp-includes/IXR/fix.php7 HTTP/1.1" 409 83 "-" "Mozilla/5.0 (Windows NT 10.0; Win64; x64) AppleWebKit/537.36 (KHTML, like Gecko) Chrome/80.0.3987.149 Safari/537.36" meumercado.app 10.53.184.85
64.64.108.47 - - [05/Jun/2026:01:11:53 -0300] "GET /wp-includes/widgets/dyqvcfqv.php HTTP/1.1" 409 83 "-" "Mozilla/5.0 (Macintosh; Intel Mac OS X 10.15; rv:79.0) Gecko/20100101 Firefox/79.0" meumercado.app 10.53.184.85
64.64.108.19 - - [05/Jun/2026:01:11:54 -0300] "GET /admin/function.php HTTP/1.1" 409 83 "-" "Mozilla/5.0 (Windows NT 10.0; Win64; x64; rv:72.0) Gecko/20100101 Firefox/72.0" meumercado.app 10.53.184.85
64.64.108.32 - - [05/Jun/2026:01:11:54 -0300] "GET /wp-includes/images/smilies/about.php HTTP/1.1" 409 83 "-" "Mozilla/5.0 (Windows NT 10.0; Win64; x64) AppleWebKit/537.36 (KHTML, like Gecko) Chrome/77.0.3865.90 Safari/537.36" meumercado.app 10.53.184.85
64.64.108.29 - - [05/Jun/2026:01:11:55 -0300] "GET /wp-includes/js/crop/admin.php HTTP/1.1" 409 83 "-" "Mozilla/5.0 (compatible; MSIE 10.0; Windows NT 6.1; Trident/6.0)" meumercado.app 10.53.184.85
64.64.108.37 - - [05/Jun/2026:01:11:55 -0300] "GET /wp-includes/PHPMailer/wp-conflg.php HTTP/1.1" 409 83 "-" "Mozilla/5.0 (Macintosh; Intel Mac OS X 10_15_6) AppleWebKit/537.36 (KHTML, like Gecko) Chrome/84.0.4147.125 Safari/537.36" meumercado.app 10.53.184.85
64.64.108.31 - - [05/Jun/2026:01:11:56 -0300] "GET /wp-includes/PHPMailer/admin.php HTTP/1.1" 409 83 "-" "Mozilla/5.0 (Windows NT 10.0; Win64; x64) AppleWebKit/537.36 (KHTML, like Gecko) Chrome/74.0.3729.169 Safari/537.36" meumercado.app 10.53.184.85
64.64.108.27 - - [05/Jun/2026:01:11:56 -0300] "GET /wp-includes/widgets/wp-login.php HTTP/1.1" 409 83 "-" "Mozilla/5.0 (Macintosh; Intel Mac OS X 10_15_6) AppleWebKit/537.36 (KHTML, like Gecko) Chrome/84.0.4147.105 Safari/537.36" meumercado.app 10.53.184.85
64.64.108.63 - - [05/Jun/2026:01:11:57 -0300] "GET /files/index.php HTTP/1.1" 409 83 "-" "Mozilla/5.0 (Windows NT 6.1; Win64; x64) AppleWebKit/537.36 (KHTML, like Gecko) Chrome/74.0.3729.169 Safari/537.36" meumercado.app 10.53.184.85
64.64.108.39 - - [05/Jun/2026:01:11:57 -0300] "GET /wp-includes/PHPMailer/options.php HTTP/1.1" 409 83 "-" "Mozilla/5.0 (X11; Linux i686; rv:79.0) Gecko/20100101 Firefox/79.0" meumercado.app 10.53.184.85
64.64.108.26 - - [05/Jun/2026:01:11:58 -0300] "GET /inc.php HTTP/1.1" 409 83 "-" "Mozilla/5.0 (Windows NT 10.0; WOW64) AppleWebKit/537.36 (KHTML, like Gecko) Chrome/72.0.3626.121 Safari/537.36" meumercado.app 10.53.184.85
64.64.108.37 - - [05/Jun/2026:01:11:59 -0300] "GET /wp-content/index.php HTTP/1.1" 409 83 "-" "Mozilla/5.0 (Windows NT 6.1; Win64; x64) AppleWebKit/537.36 (KHTML, like Gecko) Chrome/58.0.3029.110 Safari/537.3" meumercado.app 10.53.184.85
64.64.108.32 - - [05/Jun/2026:01:11:59 -0300] "GET /filemanager.php HTTP/1.1" 409 83 "-" "Mozilla/5.0 (Windows NT 10.0; Win64; x64) AppleWebKit/537.36 (KHTML, like Gecko) Chrome/80.0.3987.149 Safari/537.36" meumercado.app 10.53.184.85
64.64.108.29 - - [05/Jun/2026:01:12:00 -0300] "GET /cgi-bin/bypass.php HTTP/1.1" 409 83 "-" "Mozilla/5.0 (Windows NT 10.0; Win64; x64) AppleWebKit/537.36 (KHTML, like Gecko) Chrome/81.0.4044.129 Safari/537.36" meumercado.app 10.53.184.85
64.64.108.17 - - [05/Jun/2026:01:12:00 -0300] "GET /.well-known/pki-validation/admin.php HTTP/1.1" 409 83 "-" "Mozilla/5.0 (Windows NT 6.1; Win64; x64) AppleWebKit/537.36 (KHTML, like Gecko) Chrome/74.0.3729.169 Safari/537.36" meumercado.app 10.53.184.85
64.64.108.36 - - [05/Jun/2026:01:12:01 -0300] "GET /wp-includes/IXR/admin.php HTTP/1.1" 409 83 "-" "Mozilla/5.0 (Windows NT 10.0; Win64; x64) AppleWebKit/537.36 (KHTML, like Gecko) Chrome/83.0.4103.61 Safari/537.36" meumercado.app 10.53.184.85
64.64.108.22 - - [05/Jun/2026:01:12:01 -0300] "GET /wp-admin/js/index.php HTTP/1.1" 409 83 "-" "Mozilla/5.0 (Windows NT 6.1; Win64; x64) AppleWebKit/537.36 (KHTML, like Gecko) Chrome/74.0.3729.169 Safari/537.36" meumercado.app 10.53.184.85
64.64.108.42 - - [05/Jun/2026:01:12:02 -0300] "GET /wp-includes/js/jquery/jquery.php HTTP/1.1" 409 83 "-" "Mozilla/5.0 (Windows NT 10.0) AppleWebKit/537.36 (KHTML, like Gecko) Chrome/84.0.4147.105 Safari/537.36" meumercado.app 10.53.184.85
64.64.108.19 - - [05/Jun/2026:01:12:02 -0300] "GET /function.php HTTP/1.1" 409 83 "-" "Mozilla/5.0 (Windows NT 10.0; Win64; x64; rv:72.0) Gecko/20100101 Firefox/72.0" meumercado.app 10.53.184.85
64.64.108.38 - - [05/Jun/2026:01:12:03 -0300] "GET /wp-includes/block-supports/autoload_classmap.php HTTP/1.1" 409 83 "-" "Mozilla/5.0 (X11; Ubuntu; Linux x86_64; rv:79.0) Gecko/20100101 Firefox/79.0" meumercado.app 10.53.184.85
64.64.108.56 - - [05/Jun/2026:01:12:03 -0300] "GET /wp-signup.php HTTP/1.1" 409 83 "-" "Mozilla/5.0 (Windows NT 6.1; Win64; x64) AppleWebKit/537.36 (KHTML, like Gecko) Chrome/74.0.3729.169 Safari/537.36" meumercado.app 10.53.184.85
64.64.108.45 - - [05/Jun/2026:01:12:04 -0300] "GET /wp-admin/network/network.php HTTP/1.1" 409 83 "-" "Mozilla/5.0 (Windows NT 10.0; Win64; x64) AppleWebKit/537.36 (KHTML, like Gecko) Chrome/84.0.4147.105 Safari/537.36" meumercado.app 10.53.184.85
64.64.108.41 - - [05/Jun/2026:01:12:04 -0300] "GET /admin/upload/css.php HTTP/1.1" 409 83 "-" "Mozilla/5.0 (Windows NT 10.0; Win64; x64; rv:72.0) Gecko/20100101 Firefox/72.0" meumercado.app 10.53.184.85
64.64.108.55 - - [05/Jun/2026:01:12:05 -0300] "GET /wp-blog.php HTTP/1.1" 409 83 "-" "Mozilla/5.0 (Windows NT 6.1; Win64; x64) AppleWebKit/537.36 (KHTML, like Gecko) Chrome/80.0.3987.149 Safari/537.36" meumercado.app 10.53.184.85
64.64.108.56 - - [05/Jun/2026:01:12:06 -0300] "GET /wp-admin/file.php HTTP/1.1" 409 83 "-" "Mozilla/5.0 (X11; Ubuntu; Linux x86_64; rv:79.0) Gecko/20100101 Firefox/79.0" meumercado.app 10.53.184.85
64.64.108.64 - - [05/Jun/2026:01:12:06 -0300] "GET /wp-content/plugins/admin.php HTTP/1.1" 409 83 "-" "Mozilla/5.0 (X11; Fedora; Linux x86_64; rv:79.0) Gecko/20100101 Firefox/79.0" meumercado.app 10.53.184.85
64.64.108.48 - - [05/Jun/2026:01:12:07 -0300] "GET /wp-includes/blocks/table/int/tmpl/index.php HTTP/1.1" 409 83 "-" "Mozilla/5.0 (Macintosh; Intel Mac OS X 10_12_6) AppleWebKit/537.36 (KHTML, like Gecko) Chrome/58.0.3029.110 Safari/537.3" meumercado.app 10.53.184.85
64.64.108.39 - - [05/Jun/2026:01:12:07 -0300] "GET /wp-l0gin.php HTTP/1.1" 409 83 "-" "Mozilla/5.0 (Windows NT 10.0; Win64; x64) AppleWebKit/537.36 (KHTML, like Gecko) Chrome/84.0.4147.105 Safari/537.36" meumercado.app 10.53.184.85
64.64.108.59 - - [05/Jun/2026:01:12:07 -0300] "GET /wp-includes/js/jquery/suggest.php HTTP/1.1" 409 83 "-" "Mozilla/5.0 (Windows NT 10.0; Win64; x64) AppleWebKit/537.36 (KHTML, like Gecko) Chrome/74.0.3729.169 Safari/537.36" meumercado.app 10.53.184.85
64.64.108.16 - - [05/Jun/2026:01:12:08 -0300] "GET /new.php HTTP/1.1" 409 83 "-" "Mozilla/5.0 (Windows NT 10.0; Win64; x64; rv:79.0) Gecko/20100101 Firefox/79.0" meumercado.app 10.53.184.85
64.64.108.63 - - [05/Jun/2026:01:12:09 -0300] "GET /wp-content/plugins/pwnd-1/admin.php HTTP/1.1" 409 83 "-" "Mozilla/5.0 (Windows NT 10.0; Win64; x64) AppleWebKit/537.36 (KHTML, like Gecko) Chrome/83.0.4103.61 Safari/537.36" meumercado.app 10.53.184.85
64.64.108.53 - - [05/Jun/2026:01:12:09 -0300] "GET /wp-includes/defaults.php HTTP/1.1" 409 83 "-" "Mozilla/5.0 (X11; Fedora; Linux x86_64; rv:79.0) Gecko/20100101 Firefox/79.0" meumercado.app 10.53.184.85
64.64.108.59 - - [05/Jun/2026:01:12:10 -0300] "GET /images/DJP9.php HTTP/1.1" 409 83 "-" "Mozilla/5.0 (X11; Fedora; Linux x86_64; rv:79.0) Gecko/20100101 Firefox/79.0" meumercado.app 10.53.184.85
64.64.108.34 - - [05/Jun/2026:01:12:10 -0300] "GET /wp-includes/customize/index.php HTTP/1.1" 409 83 "-" "Mozilla/5.0 (X11; Ubuntu; Linux i686; rv:79.0) Gecko/20100101 Firefox/79.0" meumercado.app 10.53.184.85
64.64.108.34 - - [05/Jun/2026:01:12:11 -0300] "GET /wp-admin/shell20211028.php HTTP/1.1" 409 83 "-" "Mozilla/5.0 (Macintosh; Intel Mac OS X 10_15_6) AppleWebKit/537.36 (KHTML, like Gecko) Chrome/84.0.4147.125 Safari/537.36" meumercado.app 10.53.184.85
64.64.108.25 - - [05/Jun/2026:01:12:11 -0300] "GET /natural.php HTTP/1.1" 409 83 "-" "Mozilla/5.0 (Windows NT 6.3; Win64; x64; rv:73.0) Gecko/20100101 Firefox/73.0" meumercado.app 10.53.184.85
64.64.108.62 - - [05/Jun/2026:01:12:12 -0300] "GET /item.php HTTP/1.1" 409 83 "-" "Mozilla/5.0 (Macintosh; Intel Mac OS X 10.15; rv:79.0) Gecko/20100101 Firefox/79.0" meumercado.app 10.53.184.85
64.64.108.53 - - [05/Jun/2026:01:12:12 -0300] "GET /function/function.php HTTP/1.1" 409 83 "-" "Mozilla/5.0 (Windows NT 10.0; Win64; x64; rv:66.0) Gecko/20100101 Firefox/66.0" meumercado.app 10.53.184.85
64.64.108.21 - - [05/Jun/2026:01:12:13 -0300] "GET /wp-includes/SimplePie/index.php HTTP/1.1" 409 83 "-" "Mozilla/5.0 (Windows NT 10.0; Win64; x64; rv:74.0) Gecko/20100101 Firefox/74.0" meumercado.app 10.53.184.85
64.64.108.49 - - [05/Jun/2026:01:12:13 -0300] "GET /wp-admin/images/admin.php HTTP/1.1" 409 83 "-" "Mozilla/5.0 (Windows NT 10.0) AppleWebKit/537.36 (KHTML, like Gecko) Chrome/84.0.4147.105 Safari/537.36" meumercado.app 10.53.184.85
64.64.108.65 - - [05/Jun/2026:01:12:14 -0300] "GET /wp-includes/theme-compat/about.php HTTP/1.1" 409 83 "-" "Mozilla/5.0 (Windows NT 10.0; Win64; x64) AppleWebKit/537.36 (KHTML, like Gecko) Chrome/83.0.4103.97 Safari/537.36" meumercado.app 10.53.184.85
64.64.108.34 - - [05/Jun/2026:01:12:14 -0300] "GET /about/function.php HTTP/1.1" 409 83 "-" "Mozilla/5.0 (Windows NT 10.0; Win64; x64) AppleWebKit/537.36 (KHTML, like Gecko) Chrome/84.0.4147.105 Safari/537.36" meumercado.app 10.53.184.85
64.64.108.53 - - [05/Jun/2026:01:12:15 -0300] "GET /wp-includes/Requests/index.php HTTP/1.1" 409 83 "-" "Mozilla/5.0 (X11; Linux i686; rv:79.0) Gecko/20100101 Firefox/79.0" meumercado.app 10.53.184.85
64.64.108.62 - - [05/Jun/2026:01:12:15 -0300] "GET /wp-includes/ID3/about.php/wp-content/x/index.php HTTP/1.1" 409 83 "-" "Mozilla/5.0 (Windows NT 10.0; Win64; x64; rv:71.0) Gecko/20100101 Firefox/71.0" meumercado.app 10.53.184.85
64.64.108.37 - - [05/Jun/2026:01:12:16 -0300] "GET /wp-includes/ID3/about.php HTTP/1.1" 409 83 "-" "Mozilla/5.0 (X11; Linux x86_64) AppleWebKit/537.36 (KHTML, like Gecko) Chrome/84.0.4147.105 Safari/537.36" meumercado.app 10.53.184.85
64.64.108.30 - - [05/Jun/2026:01:12:16 -0300] "GET /wp-content/languages/404.php HTTP/1.1" 409 83 "-" "Mozilla/5.0 (Windows NT 10.0; Win64; x64; rv:67.0) Gecko/20100101 Firefox/67.0" meumercado.app 10.53.184.85
64.64.108.49 - - [05/Jun/2026:01:12:17 -0300] "GET /update/403.php HTTP/1.1" 409 83 "-" "Mozilla/5.0 (Windows NT 10.0; Win64; x64) AppleWebKit/537.36 (KHTML, like Gecko) Chrome/79.0.3945.79 Safari/537.36" meumercado.app 10.53.184.85
64.64.108.51 - - [05/Jun/2026:01:12:17 -0300] "GET /default.php HTTP/1.1" 409 83 "-" "Mozilla/5.0 (X11; Linux x86_64) AppleWebKit/537.36 (KHTML, like Gecko) Chrome/84.0.4147.105 Safari/537.36 OPR/70.0.3728.95" meumercado.app 10.53.184.85
64.64.108.45 - - [05/Jun/2026:01:12:18 -0300] "GET /wp-includes/assets/info.php HTTP/1.1" 409 83 "-" "Mozilla/5.0 (X11; Ubuntu; Linux i686; rv:79.0) Gecko/20100101 Firefox/79.0" meumercado.app 10.53.184.85
64.64.108.38 - - [05/Jun/2026:01:12:18 -0300] "GET /wp-includes/class.api.php HTTP/1.1" 409 83 "-" "Mozilla/5.0 (Windows NT 10.0; Win64; x64) AppleWebKit/537.36 (KHTML, like Gecko) Chrome/79.0.3945.79 Safari/537.36" meumercado.app 10.53.184.85
64.64.108.25 - - [05/Jun/2026:01:12:19 -0300] "GET /wp-includes/fonts/index.php HTTP/1.1" 409 83 "-" "Mozilla/5.0 (Windows NT 6.1; Win64; x64) AppleWebKit/537.36 (KHTML, like Gecko) Chrome/58.0.3029.110 Safari/537.3" meumercado.app 10.53.184.85
64.64.108.30 - - [05/Jun/2026:01:12:19 -0300] "GET /wp-admin/chosen.php HTTP/1.1" 409 83 "-" "Mozilla/5.0 (Windows NT 6.1; Win64; x64) AppleWebKit/537.36 (KHTML, like Gecko) Chrome/80.0.3987.149 Safari/537.36" meumercado.app 10.53.184.85
64.64.108.40 - - [05/Jun/2026:01:12:20 -0300] "GET /autoload_classmap/bypass.php HTTP/1.1" 409 83 "-" "Mozilla/5.0 (Windows NT 6.1; Win64; x64) AppleWebKit/537.36 (KHTML, like Gecko) Chrome/58.0.3029.110 Safari/537.3" meumercado.app 10.53.184.85
64.64.108.44 - - [05/Jun/2026:01:12:20 -0300] "GET /dropdown.php HTTP/1.1" 409 83 "-" "Mozilla/5.0 (Windows NT 10.0; Win64; x64) AppleWebKit/537.36 (KHTML, like Gecko) Chrome/81.0.4044.129 Safari/537.36" meumercado.app 10.53.184.85
64.64.108.47 - - [05/Jun/2026:01:12:21 -0300] "GET /images/admin.php HTTP/1.1" 409 83 "-" "Mozilla/5.0 (Macintosh; Intel Mac OS X 10_10_1) AppleWebKit/537.36 (KHTML, like Gecko) Chrome/39.0.2171.95 Safari/537.36" meumercado.app 10.53.184.85
64.64.108.18 - - [05/Jun/2026:01:12:21 -0300] "GET /db.php HTTP/1.1" 409 83 "-" "Mozilla/5.0 (Windows NT 10.0; Win64; x64; rv:74.0) Gecko/20100101 Firefox/74.0" meumercado.app 10.53.184.85
64.64.108.47 - - [05/Jun/2026:01:12:22 -0300] "GET /.well-known/pki-validation/mariju.php HTTP/1.1" 409 83 "-" "Mozilla/5.0 (Windows NT 10.0; Win64; x64) AppleWebKit/537.36 (KHTML, like Gecko) Chrome/70.0.3538.77 Safari/537.36" meumercado.app 10.53.184.85
64.64.108.32 - - [05/Jun/2026:01:12:22 -0300] "GET /mah/function.php HTTP/1.1" 409 83 "-" "Mozilla/5.0 (Windows NT 10.0; Win64; x64) AppleWebKit/537.36 (KHTML, like Gecko) Chrome/74.0.3729.157 Safari/537.36" meumercado.app 10.53.184.85
64.64.108.36 - - [05/Jun/2026:01:12:23 -0300] "GET /wp-content/plugins/bypass.php HTTP/1.1" 409 83 "-" "Mozilla/5.0 (Windows NT 10.0; Win64; x64) AppleWebKit/537.36 (KHTML, like Gecko) Chrome/79.0.3945.130 Safari/537.36" meumercado.app 10.53.184.85
64.64.108.54 - - [05/Jun/2026:01:12:23 -0300] "GET /wp-includes/admin.php HTTP/1.1" 409 83 "-" "Mozilla/5.0 (Windows NT 10.0; Win64; x64) AppleWebKit/537.36 (KHTML, like Gecko) Chrome/74.0.3729.157 Safari/537.36" meumercado.app 10.53.184.85
64.64.108.16 - - [05/Jun/2026:01:12:24 -0300] "GET /wp-content/themes/tflow/up.php HTTP/1.1" 409 83 "-" "Mozilla/5.0 (Windows NT 10.0; Win64; x64; rv:72.0) Gecko/20100101 Firefox/72.0" meumercado.app 10.53.184.85
64.64.108.48 - - [05/Jun/2026:01:12:24 -0300] "GET /wp-admin/function.php HTTP/1.1" 409 83 "-" "Mozilla/5.0 (X11; Ubuntu; Linux x86_64; rv:79.0) Gecko/20100101 Firefox/79.0" meumercado.app 10.53.184.85
64.64.108.44 - - [05/Jun/2026:01:12:25 -0300] "GET /templates/beez3/index.php HTTP/1.1" 409 83 "-" "Mozilla/5.0 (Macintosh; Intel Mac OS X 10_15_6) AppleWebKit/537.36 (KHTML, like Gecko) Chrome/84.0.4147.105 Safari/537.36 OPR/70.0.3728.95" meumercado.app 10.53.184.85
64.64.108.56 - - [05/Jun/2026:01:12:26 -0300] "GET /wp-admin/js/wp-login.php HTTP/1.1" 409 83 "-" "Mozilla/5.0 (Windows NT 10.0; Win64; x64; rv:76.0) Gecko/20100101 Firefox/76.0" meumercado.app 10.53.184.85
64.64.108.52 - - [05/Jun/2026:01:12:27 -0300] "GET /install.php HTTP/1.1" 409 83 "-" "Mozilla/5.0 (Windows NT 10.0) AppleWebKit/537.36 (KHTML, like Gecko) Chrome/72.0.3626.121 Safari/537.36" meumercado.app 10.53.184.85
64.64.108.49 - - [05/Jun/2026:01:12:27 -0300] "GET /wp-admin/css/colors/blue/rk2.php HTTP/1.1" 409 83 "-" "Mozilla/5.0 (Windows NT 6.1; Win64; x64) AppleWebKit/537.36 (KHTML, like Gecko) Chrome/80.0.3987.149 Safari/537.36" meumercado.app 10.53.184.85
64.64.108.29 - - [05/Jun/2026:01:12:28 -0300] "GET /images/class-config.php HTTP/1.1" 409 83 "-" "Mozilla/5.0 (Windows NT 6.1; Win64; x64) AppleWebKit/537.36 (KHTML, like Gecko) Chrome/80.0.3987.149 Safari/537.36" meumercado.app 10.53.184.85
64.64.108.63 - - [05/Jun/2026:01:12:28 -0300] "GET /components/com_jea/views/form/tmpl/size.php HTTP/1.1" 409 83 "-" "Mozilla/5.0 (Macintosh; Intel Mac OS X 10_15_6) AppleWebKit/537.36 (KHTML, like Gecko) Chrome/84.0.4147.105 Safari/537.36 OPR/70.0.3728.95" meumercado.app 10.53.184.85
64.64.108.18 - - [05/Jun/2026:01:12:29 -0300] "GET /templates/beez/index.php HTTP/1.1" 409 83 "-" "Mozilla/5.0 (Windows NT 10.0) AppleWebKit/537.36 (KHTML, like Gecko) Chrome/72.0.3626.121 Safari/537.36" meumercado.app 10.53.184.85
64.64.108.46 - - [05/Jun/2026:01:12:29 -0300] "GET /bypass.php HTTP/1.1" 409 83 "-" "Mozilla/5.0 (Windows NT 10.0; Win64; x64) AppleWebKit/537.36 (KHTML, like Gecko) Chrome/77.0.3865.90 Safari/537.36" meumercado.app 10.53.184.85
64.64.108.19 - - [05/Jun/2026:01:12:30 -0300] "GET /class.php HTTP/1.1" 409 83 "-" "Mozilla/5.0 (Windows NT 10.0; Win64; x64) AppleWebKit/537.36 (KHTML, like Gecko) Chrome/70.0.3538.110 Safari/537.36" meumercado.app 10.53.184.85
64.64.108.30 - - [05/Jun/2026:01:12:30 -0300] "GET /wp-admin/css/colors/light/profile.php HTTP/1.1" 409 83 "-" "Mozilla/5.0 (Windows NT 6.1; Win64; x64) AppleWebKit/537.36 (KHTML, like Gecko) Chrome/74.0.3729.169 Safari/537.36" meumercado.app 10.53.184.85
64.64.108.29 - - [05/Jun/2026:01:12:30 -0300] "GET /wp-content/product.php HTTP/1.1" 409 83 "-" "Mozilla/5.0 (Windows NT 10.0; Win64; x64) AppleWebKit/537.36 (KHTML, like Gecko) Chrome/79.0.3945.130 Safari/537.36" meumercado.app 10.53.184.85
64.64.108.48 - - [05/Jun/2026:01:12:31 -0300] "GET /wp-content/uploads/autoload_classmap.php HTTP/1.1" 409 83 "-" "Mozilla/5.0 (Windows NT 6.1; Win64; x64) AppleWebKit/537.36 (KHTML, like Gecko) Chrome/74.0.3729.169 Safari/537.36" meumercado.app 10.53.184.85
64.64.108.42 - - [05/Jun/2026:01:12:31 -0300] "GET /vendor/phpunit/phpunit/src/Util/PHP/ask.php HTTP/1.1" 409 83 "-" "Mozilla/5.0 (Windows NT 10.0; Win64; x64; rv:75.0) Gecko/20100101 Firefox/75.0" meumercado.app 10.53.184.85
64.64.108.40 - - [05/Jun/2026:01:12:32 -0300] "GET /wp-includes/rest-api/about.php HTTP/1.1" 409 83 "-" "Mozilla/5.0 (Windows NT 10.0; Win64; x64) AppleWebKit/537.36 (KHTML, like Gecko) Chrome/69.0.3497.100 Safari/537.36" meumercado.app 10.53.184.85
64.64.108.53 - - [05/Jun/2026:01:12:32 -0300] "GET /css/css.php HTTP/1.1" 409 83 "-" "Mozilla/5.0 (Windows NT 10.0) AppleWebKit/537.36 (KHTML, like Gecko) Chrome/84.0.4147.105 Safari/537.36" meumercado.app 10.53.184.85
64.64.108.47 - - [05/Jun/2026:01:12:33 -0300] "GET /init.php HTTP/1.1" 409 83 "-" "Mozilla/5.0 (Windows NT 10.0; Win64; x64; rv:73.0) Gecko/20100101 Firefox/73.0" meumercado.app 10.53.184.85
64.64.108.32 - - [05/Jun/2026:01:12:33 -0300] "GET /wp-admin/user/wp-login.php HTTP/1.1" 409 83 "-" "Mozilla/5.0 (Windows NT 10.0; Win64; x64; rv:74.0) Gecko/20100101 Firefox/74.0" meumercado.app 10.53.184.85
64.64.108.19 - - [05/Jun/2026:01:12:34 -0300] "GET /autoload_classmap/function.php HTTP/1.1" 409 83 "-" "Mozilla/5.0 (X11; Fedora; Linux x86_64; rv:79.0) Gecko/20100101 Firefox/79.0" meumercado.app 10.53.184.85
64.64.108.50 - - [05/Jun/2026:01:12:35 -0300] "GET /wp-includes/item.php HTTP/1.1" 409 83 "-" "Mozilla/5.0 (Windows NT 10.0; Win64; x64) AppleWebKit/537.36 (KHTML, like Gecko) Chrome/74.0.3729.169 Safari/537.36" meumercado.app 10.53.184.85
64.64.108.65 - - [05/Jun/2026:01:12:35 -0300] "GET /assets/index.php HTTP/1.1" 409 83 "-" "Mozilla/5.0 (Windows NT 10.0; Win64; x64) AppleWebKit/537.36 (KHTML, like Gecko) Chrome/83.0.4103.61 Safari/537.36" meumercado.app 10.53.184.85
64.64.108.15 - - [05/Jun/2026:01:12:36 -0300] "GET /.well-known/pki-validation/index.php HTTP/1.1" 409 83 "-" "Mozilla/5.0 (Windows NT 6.3; Win64; x64; rv:73.0) Gecko/20100101 Firefox/73.0" meumercado.app 10.53.184.85
64.64.108.66 - - [05/Jun/2026:01:12:36 -0300] "GET /wp-content/uploads/admin.php HTTP/1.1" 409 83 "-" "Mozilla/5.0 (Windows NT 10.0; Win64; x64) AppleWebKit/537.36 (KHTML, like Gecko) Chrome/84.0.4147.105 Safari/537.36 OPR/70.0.3728.95" meumercado.app 10.53.184.85
64.64.108.15 - - [05/Jun/2026:01:12:37 -0300] "GET /css/admin.php HTTP/1.1" 409 83 "-" "Mozilla/5.0 (Windows NT 10.0; Win64; x64) AppleWebKit/537.36 (KHTML, like Gecko) Chrome/77.0.3865.90 Safari/537.36" meumercado.app 10.53.184.85
64.64.108.41 - - [05/Jun/2026:01:12:37 -0300] "GET /adminfuns.php HTTP/1.1" 409 83 "-" "Mozilla/5.0 (Windows NT 10.0; Win64; x64) AppleWebKit/537.36 (KHTML, like Gecko) Chrome/75.0.3770.100 Safari/537.36" meumercado.app 10.53.184.85
64.64.108.47 - - [05/Jun/2026:01:12:38 -0300] "GET /wp-admin/css/autoload_classmap.php HTTP/1.1" 409 83 "-" "Mozilla/5.0 (Windows NT 10.0; Win64; x64; rv:72.0) Gecko/20100101 Firefox/72.0" meumercado.app 10.53.184.85
64.64.108.18 - - [05/Jun/2026:01:12:38 -0300] "GET /wp_wlx.php HTTP/1.1" 409 83 "-" "Mozilla/5.0 (Windows NT 10.0; Win64; x64; rv:67.0) Gecko/20100101 Firefox/67.0" meumercado.app 10.53.184.85
64.64.108.20 - - [05/Jun/2026:01:12:39 -0300] "GET /wp-admin/js/wp-conflg.php HTTP/1.1" 409 83 "-" "Mozilla/5.0 (X11; Ubuntu; Linux x86_64; rv:79.0) Gecko/20100101 Firefox/79.0" meumercado.app 10.53.184.85
64.64.108.54 - - [05/Jun/2026:01:12:39 -0300] "GET /wp-includes/assets/husky301.php HTTP/1.1" 409 83 "-" "Mozilla/5.0 (compatible; MSIE 10.0; Windows NT 6.1; Trident/6.0)" meumercado.app 10.53.184.85
64.64.108.28 - - [05/Jun/2026:01:12:40 -0300] "GET /wp.php HTTP/1.1" 409 83 "-" "Mozilla/5.0 (Macintosh; Intel Mac OS X 10_10_1) AppleWebKit/537.36 (KHTML, like Gecko) Chrome/39.0.2171.95 Safari/537.36" meumercado.app 10.53.184.85
64.64.108.29 - - [05/Jun/2026:01:12:40 -0300] "GET /wp-admin/css/colors/blue/wp-trackback.php HTTP/1.1" 409 83 "-" "Mozilla/5.0 (X11; Linux x86_64) AppleWebKit/537.36 (KHTML, like Gecko) Chrome/84.0.4147.105 Safari/537.36" meumercado.app 10.53.184.85
64.64.108.52 - - [05/Jun/2026:01:12:41 -0300] "GET /wp-content/themes/chosen.php HTTP/1.1" 409 83 "-" "Mozilla/5.0 (Windows NT 10.0; Win64; x64; rv:66.0) Gecko/20100101 Firefox/66.0" meumercado.app 10.53.184.85
64.64.108.29 - - [05/Jun/2026:01:12:41 -0300] "GET /wp-header.php HTTP/1.1" 409 83 "-" "Mozilla/5.0 (Windows NT 10.0; Win64; x64; rv:77.0) Gecko/20100101 Firefox/77.0" meumercado.app 10.53.184.85
64.64.108.49 - - [05/Jun/2026:01:12:42 -0300] "GET /wp-content/themes/admin.php HTTP/1.1" 409 83 "-" "Mozilla/5.0 (Windows NT 10.0; Win64; x64) AppleWebKit/537.36 (KHTML, like Gecko) Chrome/74.0.3729.157 Safari/537.36" meumercado.app 10.53.184.85
64.64.108.41 - - [05/Jun/2026:01:12:42 -0300] "GET /Marvins.php HTTP/1.1" 409 83 "-" "Mozilla/5.0 (Windows NT 10.0; Win64; x64) AppleWebKit/537.36 (KHTML, like Gecko) Chrome/79.0.3945.88 Safari/537.36" meumercado.app 10.53.184.85
64.64.108.66 - - [05/Jun/2026:01:12:43 -0300] "GET /wp-content/about.php HTTP/1.1" 409 83 "-" "Mozilla/5.0 (compatible; MSIE 10.0; Windows NT 6.1; Trident/6.0)" meumercado.app 10.53.184.85
64.64.108.44 - - [05/Jun/2026:01:12:43 -0300] "GET /wp-class.php HTTP/1.1" 409 83 "-" "Mozilla/5.0 (Windows NT 6.1; Win64; x64) AppleWebKit/537.36 (KHTML, like Gecko) Chrome/78.0.3904.108 Safari/537.36" meumercado.app 10.53.184.85
64.64.108.19 - - [05/Jun/2026:01:12:44 -0300] "GET /wp-includes/images/smilies/index.php HTTP/1.1" 409 83 "-" "Mozilla/5.0 (Windows NT 10.0; Win64; x64) AppleWebKit/537.36 (KHTML, like Gecko) Chrome/79.0.3945.130 Safari/537.36" meumercado.app 10.53.184.85
64.64.108.48 - - [05/Jun/2026:01:12:44 -0300] "GET /xx.php HTTP/1.1" 409 83 "-" "Mozilla/5.0 (Windows NT 10.0; Win64; x64) AppleWebKit/537.36 (KHTML, like Gecko) Chrome/74.0.3729.157 Safari/537.36" meumercado.app 10.53.184.85
64.64.108.61 - - [05/Jun/2026:01:12:45 -0300] "GET /autoload_classmap.php HTTP/1.1" 409 83 "-" "Mozilla/5.0 (Windows NT 10.0; Win64; x64) AppleWebKit/537.36 (KHTML, like Gecko) Chrome/79.0.3945.88 Safari/537.36" meumercado.app 10.53.184.85
64.64.108.30 - - [05/Jun/2026:01:12:45 -0300] "GET /wp-includes/classwithtostring.php HTTP/1.1" 409 83 "-" "Mozilla/5.0 (X11; Fedora; Linux x86_64; rv:79.0) Gecko/20100101 Firefox/79.0" meumercado.app 10.53.184.85
64.64.108.47 - - [05/Jun/2026:01:12:46 -0300] "GET /wp-content/blue.php HTTP/1.1" 409 83 "-" "Mozilla/5.0 (Windows NT 10.0; WOW64) AppleWebKit/537.36 (KHTML, like Gecko) Chrome/84.0.4147.105 Safari/537.36" meumercado.app 10.53.184.85
64.64.108.34 - - [05/Jun/2026:01:12:46 -0300] "GET /content.php HTTP/1.1" 409 83 "-" "Mozilla/5.0 (Windows NT 10.0; Win64; x64) AppleWebKit/537.36 (KHTML, like Gecko) Chrome/84.0.4147.105 Safari/537.36" meumercado.app 10.53.184.85
64.64.108.19 - - [05/Jun/2026:01:12:47 -0300] "GET /wp-content/uploads/about.php HTTP/1.1" 409 83 "-" "Mozilla/5.0 (Windows NT 10.0) AppleWebKit/537.36 (KHTML, like Gecko) Chrome/84.0.4147.105 Safari/537.36" meumercado.app 10.53.184.85
64.64.108.23 - - [05/Jun/2026:01:12:47 -0300] "GET /wp-admin/wp-login.php HTTP/1.1" 409 83 "-" "Mozilla/5.0 (Windows NT 10.0; Win64; x64; rv:75.0) Gecko/20100101 Firefox/75.0" meumercado.app 10.53.184.85
64.64.108.49 - - [05/Jun/2026:01:12:48 -0300] "GET /wp-includes/rest-api/endpoints/index.php HTTP/1.1" 409 83 "-" "Mozilla/5.0 (Windows NT 10.0; Win64; x64) AppleWebKit/537.36 (KHTML, like Gecko) Chrome/81.0.4044.129 Safari/537.36" meumercado.app 10.53.184.85
64.64.108.41 - - [05/Jun/2026:01:12:48 -0300] "GET /wp-content/languages/about.php HTTP/1.1" 409 83 "-" "Mozilla/5.0 (Windows NT 10.0; Win64; x64; rv:76.0) Gecko/20100101 Firefox/76.0" meumercado.app 10.53.184.85
64.64.108.28 - - [05/Jun/2026:01:12:49 -0300] "GET /wp-content/plugins/wp-theme-editor/include.php HTTP/1.1" 409 83 "-" "Mozilla/5.0 (Windows NT 10.0; WOW64; Trident/7.0; .NET4.0C; .NET4.0E; .NET CLR 2.0.50727; .NET CLR 3.0.30729; .NET CLR 3.5.30729; rv:11.0) like Gecko" meumercado.app 10.53.184.85
64.64.108.37 - - [05/Jun/2026:01:12:49 -0300] "GET /wp-content/plugins/up/main.php HTTP/1.1" 409 83 "-" "Mozilla/5.0 (X11; Linux x86_64) AppleWebKit/537.36 (KHTML, like Gecko) Chrome/84.0.4147.105 Safari/537.36 OPR/70.0.3728.95" meumercado.app 10.53.184.85
64.64.108.24 - - [05/Jun/2026:01:12:50 -0300] "GET /fonts/fontawesome-webfont.php HTTP/1.1" 409 83 "-" "Mozilla/5.0 (X11; Linux x86_64) AppleWebKit/537.36 (KHTML, like Gecko) Chrome/84.0.4147.105 Safari/537.36 OPR/70.0.3728.95" meumercado.app 10.53.184.85
64.64.108.55 - - [05/Jun/2026:01:12:52 -0300] "GET /wp-admin/wp-conflg.php HTTP/1.1" 409 83 "-" "Mozilla/5.0 (X11; Linux i686; rv:79.0) Gecko/20100101 Firefox/79.0" meumercado.app 10.53.184.85
64.64.108.43 - - [05/Jun/2026:01:12:52 -0300] "GET /wp-admin/includes/about.php HTTP/1.1" 409 83 "-" "Mozilla/5.0 (X11; Linux x86_64) AppleWebKit/537.36 (KHTML, like Gecko) Chrome/84.0.4147.105 Safari/537.36 OPR/70.0.3728.95" meumercado.app 10.53.184.85
64.64.108.48 - - [05/Jun/2026:01:12:53 -0300] "GET /wp-admin/css/colors/blue/index.php HTTP/1.1" 409 83 "-" "Mozilla/5.0 (Macintosh; Intel Mac OS X 10_10_1) AppleWebKit/537.36 (KHTML, like Gecko) Chrome/39.0.2171.95 Safari/537.36" meumercado.app 10.53.184.85
64.64.108.45 - - [05/Jun/2026:01:12:53 -0300] "GET /images/images/about.php HTTP/1.1" 409 83 "-" "Mozilla/5.0 (X11; Ubuntu; Linux x86_64; rv:79.0) Gecko/20100101 Firefox/79.0" meumercado.app 10.53.184.85
64.64.108.38 - - [05/Jun/2026:01:12:54 -0300] "GET /images/class.php HTTP/1.1" 409 83 "-" "Mozilla/5.0 (Windows NT 6.1; Win64; x64) AppleWebKit/537.36 (KHTML, like Gecko) Chrome/78.0.3904.108 Safari/537.36" meumercado.app 10.53.184.85
64.64.108.48 - - [05/Jun/2026:01:12:54 -0300] "GET /wp-content/plugins/autoload_classmap.php HTTP/1.1" 409 83 "-" "Mozilla/5.0 (Macintosh; Intel Mac OS X 10.15; rv:79.0) Gecko/20100101 Firefox/79.0" meumercado.app 10.53.184.85
64.64.108.62 - - [05/Jun/2026:01:12:55 -0300] "GET /web.php HTTP/1.1" 409 83 "-" "Mozilla/5.0 (Windows NT 10.0; Win64; x64) AppleWebKit/537.36 (KHTML, like Gecko) Chrome/83.0.4103.97 Safari/537.36" meumercado.app 10.53.184.85
64.64.108.40 - - [05/Jun/2026:01:12:55 -0300] "GET /wp-admin/css/colors/ocean/about.php HTTP/1.1" 409 83 "-" "Mozilla/5.0 (Windows NT 10.0; WOW64; x64) AppleWebKit/537.36 (KHTML, like Gecko) Chrome/84.0.4147.105 Safari/537.36 OPR/70.0.3728.95" meumercado.app 10.53.184.85
64.64.108.42 - - [05/Jun/2026:01:12:56 -0300] "GET /images/index.php HTTP/1.1" 409 83 "-" "Mozilla/5.0 (Windows NT 10.0; Win64; x64) AppleWebKit/537.36 (KHTML, like Gecko) Chrome/79.0.3945.79 Safari/537.36" meumercado.app 10.53.184.85
64.64.108.40 - - [05/Jun/2026:01:12:56 -0300] "GET /wp-content/bypass.php HTTP/1.1" 409 83 "-" "Mozilla/5.0 (Windows NT 10.0; Win64; x64) AppleWebKit/537.36 (KHTML, like Gecko) Chrome/79.0.3945.88 Safari/537.36" meumercado.app 10.53.184.85
64.64.108.33 - - [05/Jun/2026:01:12:57 -0300] "GET /.well-known/gecko-litespeed.php HTTP/1.1" 409 83 "-" "Mozilla/5.0 (Windows NT 10.0; Win64; x64; rv:74.0) Gecko/20100101 Firefox/74.0" meumercado.app 10.53.184.85
64.64.108.51 - - [05/Jun/2026:01:12:57 -0300] "GET /wp-admin/css/colors/midnight/install.php HTTP/1.1" 409 83 "-" "Mozilla/5.0 (Windows NT 10.0; Win64; x64) AppleWebKit/537.36 (KHTML, like Gecko) Chrome/70.0.3538.77 Safari/537.36" meumercado.app 10.53.184.85
64.64.108.23 - - [05/Jun/2026:01:12:58 -0300] "GET /wp-trackback.php HTTP/1.1" 409 83 "-" "Mozilla/5.0 (Windows NT 10.0; Win64; x64) AppleWebKit/537.36 (KHTML, like Gecko) Chrome/84.0.4147.105 Safari/537.36 OPR/70.0.3728.95" meumercado.app 10.53.184.85
64.64.108.40 - - [05/Jun/2026:01:12:58 -0300] "GET /wp-includes/style-engine/bypass.php HTTP/1.1" 409 83 "-" "Mozilla/5.0 (Windows NT 10.0; Win64; x64) AppleWebKit/537.36 (KHTML, like Gecko) Chrome/75.0.3770.100 Safari/537.36" meumercado.app 10.53.184.85
64.64.108.39 - - [05/Jun/2026:01:12:58 -0300] "GET /radio.php HTTP/1.1" 409 83 "-" "Mozilla/5.0 (Macintosh; Intel Mac OS X 10_15_6) AppleWebKit/537.36 (KHTML, like Gecko) Chrome/84.0.4147.125 Safari/537.36" meumercado.app 10.53.184.85
64.64.108.42 - - [05/Jun/2026:01:12:59 -0300] "GET /wp-admin/mah.php HTTP/1.1" 409 83 "-" "Mozilla/5.0 (Windows NT 6.3; Win64; x64; rv:73.0) Gecko/20100101 Firefox/73.0" meumercado.app 10.53.184.85
64.64.108.18 - - [05/Jun/2026:01:12:59 -0300] "GET /wp-content/plugins/dummyyummy/wp-signup.php HTTP/1.1" 409 83 "-" "Mozilla/5.0 (Windows NT 10.0; Win64; x64) AppleWebKit/537.36 (KHTML, like Gecko) Chrome/74.0.3729.169 Safari/537.36" meumercado.app 10.53.184.85
64.64.108.42 - - [05/Jun/2026:01:13:00 -0300] "GET /wp-admin/css/colors/midnight/wp-login.php HTTP/1.1" 409 83 "-" "Mozilla/5.0 (Windows NT 10.0; Win64; x64) AppleWebKit/537.36 (KHTML, like Gecko) Chrome/77.0.3865.90 Safari/537.36" meumercado.app 10.53.184.85
64.64.108.39 - - [05/Jun/2026:01:13:01 -0300] "GET /wp-conflg.php HTTP/1.1" 409 83 "-" "Mozilla/5.0 (X11; Linux i686; rv:79.0) Gecko/20100101 Firefox/79.0" meumercado.app 10.53.184.85
64.64.108.27 - - [05/Jun/2026:01:13:01 -0300] "GET /wp-setup.php HTTP/1.1" 409 83 "-" "Mozilla/5.0 (Macintosh; Intel Mac OS X 10_10_1) AppleWebKit/537.36 (KHTML, like Gecko) Chrome/39.0.2171.95 Safari/537.36" meumercado.app 10.53.184.85
64.64.108.48 - - [05/Jun/2026:01:13:02 -0300] "GET /ms-themes.php HTTP/1.1" 409 83 "-" "Mozilla/5.0 (Windows NT 10.0; Win64; x64; rv:72.0) Gecko/20100101 Firefox/72.0" meumercado.app 10.53.184.85
64.64.108.23 - - [05/Jun/2026:01:13:02 -0300] "GET /wp-includes/assets/about.php HTTP/1.1" 409 83 "-" "Mozilla/5.0 (Windows NT 10.0; Win64; x64; rv:73.0) Gecko/20100101 Firefox/73.0" meumercado.app 10.53.184.85
64.64.108.20 - - [05/Jun/2026:01:13:03 -0300] "GET /style.php HTTP/1.1" 409 83 "-" "Mozilla/5.0 (Windows NT 10.0; Win64; x64) AppleWebKit/537.36 (KHTML, like Gecko) Chrome/75.0.3770.100 Safari/537.36" meumercado.app 10.53.184.85
64.64.108.53 - - [05/Jun/2026:01:13:03 -0300] "GET /wp-includes/infi.php HTTP/1.1" 409 83 "-" "Mozilla/5.0 (compatible; MSIE 10.0; Windows NT 6.1; Trident/6.0)" meumercado.app 10.53.184.85
64.64.108.64 - - [05/Jun/2026:01:13:04 -0300] "GET /wp-admin/maint/index.php HTTP/1.1" 409 83 "-" "Mozilla/5.0 (Windows NT 10.0; WOW64; x64) AppleWebKit/537.36 (KHTML, like Gecko) Chrome/84.0.4147.105 Safari/537.36 OPR/70.0.3728.95" meumercado.app 10.53.184.85
64.64.108.47 - - [05/Jun/2026:01:13:04 -0300] "GET /x.php HTTP/1.1" 409 83 "-" "Mozilla/5.0 (Windows NT 10.0; Win64; x64) AppleWebKit/537.36 (KHTML, like Gecko) Chrome/84.0.4147.105 Safari/537.36 OPR/70.0.3728.95" meumercado.app 10.53.184.85
64.64.108.17 - - [05/Jun/2026:01:13:05 -0300] "GET /wp-includes/IXR/index.php HTTP/1.1" 409 83 "-" "Mozilla/5.0 (Windows NT 10.0; Win64; x64; rv:71.0) Gecko/20100101 Firefox/71.0" meumercado.app 10.53.184.85
64.64.108.15 - - [05/Jun/2026:01:13:05 -0300] "GET /css/index.php HTTP/1.1" 409 83 "-" "Mozilla/5.0 (Windows NT 6.1; Win64; x64) AppleWebKit/537.36 (KHTML, like Gecko) Chrome/80.0.3987.149 Safari/537.36" meumercado.app 10.53.184.85
64.64.108.61 - - [05/Jun/2026:01:13:06 -0300] "GET /images/index22.php HTTP/1.1" 409 83 "-" "Mozilla/5.0 (Windows NT 10.0; Win64; x64; rv:79.0) Gecko/20100101 Firefox/79.0" meumercado.app 10.53.184.85
64.64.108.40 - - [05/Jun/2026:01:13:06 -0300] "GET /wp-user.php HTTP/1.1" 409 83 "-" "Mozilla/5.0 (Windows NT 10.0; WOW64) AppleWebKit/537.36 (KHTML, like Gecko) Chrome/84.0.4147.105 Safari/537.36" meumercado.app 10.53.184.85
64.64.108.57 - - [05/Jun/2026:01:13:07 -0300] "GET /wp-includes/pomo/about.php HTTP/1.1" 409 83 "-" "Mozilla/5.0 (Windows NT 10.0; Win64; x64; rv:79.0) Gecko/20100101 Firefox/79.0" meumercado.app 10.53.184.85
64.64.108.27 - - [05/Jun/2026:01:13:07 -0300] "GET /wp-includes/pomo/index.php HTTP/1.1" 409 83 "-" "Mozilla/5.0 (Windows NT 10.0; Win64; x64) AppleWebKit/537.36 (KHTML, like Gecko) Chrome/80.0.3987.149 Safari/537.36" meumercado.app 10.53.184.85
64.64.108.39 - - [05/Jun/2026:01:13:08 -0300] "GET /config.php HTTP/1.1" 409 83 "-" "Mozilla/5.0 (Windows NT 10.0; Win64; x64) AppleWebKit/537.36 (KHTML, like Gecko) Chrome/74.0.3729.169 Safari/537.36" meumercado.app 10.53.184.85
64.64.108.28 - - [05/Jun/2026:01:13:08 -0300] "GET /special.php HTTP/1.1" 409 83 "-" "Mozilla/5.0 (Windows NT 10.0; Win64; x64) AppleWebKit/537.36 (KHTML, like Gecko) Chrome/84.0.4147.105 Safari/537.36 OPR/70.0.3728.95" meumercado.app 10.53.184.85
64.64.108.19 - - [05/Jun/2026:01:13:09 -0300] "GET /assets/script.js.php HTTP/1.1" 409 83 "-" "Mozilla/5.0 (X11; Linux x86_64) AppleWebKit/537.36 (KHTML, like Gecko) Chrome/84.0.4147.105 Safari/537.36" meumercado.app 10.53.184.85
64.64.108.42 - - [05/Jun/2026:01:13:09 -0300] "GET /wp-content/themes/twentytwentythree/patterns/index.php HTTP/1.1" 409 83 "-" "Mozilla/5.0 (Windows NT 10.0; Win64; x64) AppleWebKit/537.36 (KHTML, like Gecko) Chrome/69.0.3497.100 Safari/537.36" meumercado.app 10.53.184.85
64.64.108.40 - - [05/Jun/2026:01:13:10 -0300] "GET /wp-admin/css/colors/sunrise/colors_95.php HTTP/1.1" 409 83 "-" "Mozilla/5.0 (X11; Fedora; Linux x86_64; rv:79.0) Gecko/20100101 Firefox/79.0" meumercado.app 10.53.184.85
64.64.108.56 - - [05/Jun/2026:01:13:10 -0300] "GET /wp-includes/block-patterns/autoload_classmap.php HTTP/1.1" 409 83 "-" "Mozilla/5.0 (Windows NT 6.3; Win64; x64; rv:73.0) Gecko/20100101 Firefox/73.0" meumercado.app 10.53.184.85
64.64.108.42 - - [05/Jun/2026:01:13:11 -0300] "GET /wp-content/uploads/wp.php HTTP/1.1" 409 83 "-" "Mozilla/5.0 (Windows NT 10.0; Win64; x64) AppleWebKit/537.36 (KHTML, like Gecko) Chrome/83.0.4103.61 Safari/537.36" meumercado.app 10.53.184.85
64.64.108.23 - - [05/Jun/2026:01:13:11 -0300] "GET /wp-includes/certificates/about.php HTTP/1.1" 409 83 "-" "Mozilla/5.0 (X11; Ubuntu; Linux x86_64; rv:79.0) Gecko/20100101 Firefox/79.0" meumercado.app 10.53.184.85
64.64.108.47 - - [05/Jun/2026:01:13:12 -0300] "GET /cgi-bin/class.api.php HTTP/1.1" 409 83 "-" "Mozilla/5.0 (Windows NT 10.0; WOW64; Trident/7.0; .NET4.0C; .NET4.0E; .NET CLR 2.0.50727; .NET CLR 3.0.30729; .NET CLR 3.5.30729; rv:11.0) like Gecko" meumercado.app 10.53.184.85
64.64.108.47 - - [05/Jun/2026:01:13:12 -0300] "GET /wp-content/cache/index.php HTTP/1.1" 409 83 "-" "Mozilla/5.0 (Windows NT 6.1; Win64; x64) AppleWebKit/537.36 (KHTML, like Gecko) Chrome/80.0.3987.149 Safari/537.36" meumercado.app 10.53.184.85
64.64.108.22 - - [05/Jun/2026:01:13:13 -0300] "GET /wp-admin/css/colors/blue/file.php HTTP/1.1" 409 83 "-" "Mozilla/5.0 (Windows NT 6.1; Win64; x64) AppleWebKit/537.36 (KHTML, like Gecko) Chrome/74.0.3729.169 Safari/537.36" meumercado.app 10.53.184.85
64.64.108.29 - - [05/Jun/2026:01:13:13 -0300] "GET /wp-includes/edit.php HTTP/1.1" 409 83 "-" "Mozilla/5.0 (Windows NT 10.0; Win64; x64) AppleWebKit/537.36 (KHTML, like Gecko) Chrome/79.0.3945.79 Safari/537.36" meumercado.app 10.53.184.85
64.64.108.22 - - [05/Jun/2026:01:13:14 -0300] "GET /webdb.php HTTP/1.1" 409 83 "-" "Mozilla/5.0 (X11; Linux i686; rv:79.0) Gecko/20100101 Firefox/79.0" meumercado.app 10.53.184.85
64.64.108.38 - - [05/Jun/2026:01:13:14 -0300] "GET /assets/images/doc.php HTTP/1.1" 409 83 "-" "Mozilla/5.0 (Windows NT 10.0; WOW64) AppleWebKit/537.36 (KHTML, like Gecko) Chrome/84.0.4147.105 Safari/537.36" meumercado.app 10.53.184.85
64.64.108.47 - - [05/Jun/2026:01:13:15 -0300] "GET /file2.php HTTP/1.1" 409 83 "-" "Mozilla/5.0 (Windows NT 10.0; Win64; x64) AppleWebKit/537.36 (KHTML, like Gecko) Chrome/74.0.3729.157 Safari/537.36" meumercado.app 10.53.184.85
64.64.108.63 - - [05/Jun/2026:01:13:15 -0300] "GET /wp-includes/ID3/wp-work.php HTTP/1.1" 409 83 "-" "Mozilla/5.0 (Windows NT 10.0; WOW64) AppleWebKit/537.36 (KHTML, like Gecko) Chrome/84.0.4147.105 Safari/537.36" meumercado.app 10.53.184.85
64.64.108.44 - - [05/Jun/2026:01:13:16 -0300] "GET /alfa.php HTTP/1.1" 409 83 "-" "Mozilla/5.0 (Windows NT 6.1; Win64; x64) AppleWebKit/537.36 (KHTML, like Gecko) Chrome/80.0.3987.149 Safari/537.36" meumercado.app 10.53.184.85
64.64.108.20 - - [05/Jun/2026:01:13:16 -0300] "GET /wp-admin/css/colors/blue/admin.php HTTP/1.1" 409 83 "-" "Mozilla/5.0 (Macintosh; Intel Mac OS X 10_12_6) AppleWebKit/537.36 (KHTML, like Gecko) Chrome/58.0.3029.110 Safari/537.3" meumercado.app 10.53.184.85
64.64.108.66 - - [05/Jun/2026:01:13:17 -0300] "GET /wp-includes/click.php HTTP/1.1" 409 83 "-" "Mozilla/5.0 (Windows NT 10.0; WOW64) AppleWebKit/537.36 (KHTML, like Gecko) Chrome/72.0.3626.121 Safari/537.36" meumercado.app 10.53.184.85
64.64.108.55 - - [05/Jun/2026:01:13:17 -0300] "GET /.well-known/wp-conflg.php HTTP/1.1" 409 83 "-" "Mozilla/5.0 (Windows NT 10.0; Win64; x64) AppleWebKit/537.36 (KHTML, like Gecko) Chrome/79.0.3945.88 Safari/537.36" meumercado.app 10.53.184.85
64.64.108.34 - - [05/Jun/2026:01:13:18 -0300] "GET /wp-admin/css/colors/blue/atomlib.php HTTP/1.1" 409 83 "-" "Mozilla/5.0 (Linux x86_64; rv:79.0) Gecko/20100101 Firefox/79.0" meumercado.app 10.53.184.85
64.64.108.47 - - [05/Jun/2026:01:13:18 -0300] "GET /wp-admin/js/widgets/bypass.php HTTP/1.1" 409 83 "-" "Mozilla/5.0 (Windows NT 10.0) AppleWebKit/537.36 (KHTML, like Gecko) Chrome/84.0.4147.105 Safari/537.36" meumercado.app 10.53.184.85
64.64.108.59 - - [05/Jun/2026:01:13:19 -0300] "GET /wp-includes/random_compat/chosen.php HTTP/1.1" 409 83 "-" "Mozilla/5.0 (Windows NT 6.1; Win64; x64) AppleWebKit/537.36 (KHTML, like Gecko) Chrome/80.0.3987.149 Safari/537.36" meumercado.app 10.53.184.85
64.64.108.40 - - [05/Jun/2026:01:13:19 -0300] "GET /wp-admin/index.php HTTP/1.1" 409 83 "-" "Mozilla/5.0 (Windows NT 10.0) AppleWebKit/537.36 (KHTML, like Gecko) Chrome/72.0.3626.121 Safari/537.36" meumercado.app 10.53.184.85
64.64.108.30 - - [05/Jun/2026:01:13:20 -0300] "GET /edit.php HTTP/1.1" 409 83 "-" "Mozilla/5.0 (Windows NT 10.0; Win64; x64) AppleWebKit/537.36 (KHTML, like Gecko) Chrome/77.0.3865.90 Safari/537.36" meumercado.app 10.53.184.85
64.64.108.65 - - [05/Jun/2026:01:13:20 -0300] "GET /wp-content/plugins/WordPressCore/index.php HTTP/1.1" 409 83 "-" "Mozilla/5.0 (Windows NT 10.0; WOW64) AppleWebKit/537.36 (KHTML, like Gecko) Chrome/72.0.3626.121 Safari/537.36" meumercado.app 10.53.184.85
64.64.108.38 - - [05/Jun/2026:01:13:21 -0300] "GET /cgi-bin/autoload_classmap.php HTTP/1.1" 409 83 "-" "Mozilla/5.0 (Windows NT 10.0; Win64; x64; rv:79.0) Gecko/20100101 Firefox/79.0" meumercado.app 10.53.184.85
64.64.108.19 - - [05/Jun/2026:01:13:21 -0300] "GET /wp-links-opml.php HTTP/1.1" 409 83 "-" "Mozilla/5.0 (Windows NT 10.0; Win64; x64; rv:66.0) Gecko/20100101 Firefox/66.0" meumercado.app 10.53.184.85
64.64.108.33 - - [05/Jun/2026:01:13:22 -0300] "GET /wp-admin/user/network.php HTTP/1.1" 409 83 "-" "Mozilla/5.0 (Windows NT 10.0; Win64; x64; rv:79.0) Gecko/20100101 Firefox/79.0" meumercado.app 10.53.184.85
64.64.108.66 - - [05/Jun/2026:01:13:22 -0300] "GET /atomlib.php HTTP/1.1" 409 83 "-" "Mozilla/5.0 (Linux x86_64; rv:79.0) Gecko/20100101 Firefox/79.0" meumercado.app 10.53.184.85
64.64.108.41 - - [05/Jun/2026:01:13:23 -0300] "GET /wp-includes/js/jquery/bypass.php HTTP/1.1" 409 83 "-" "Mozilla/5.0 (Windows NT 10.0; Win64; x64; rv:71.0) Gecko/20100101 Firefox/71.0" meumercado.app 10.53.184.85
64.64.108.24 - - [05/Jun/2026:01:13:23 -0300] "GET /wp-includes/xl2023.php HTTP/1.1" 409 83 "-" "Mozilla/5.0 (Windows NT 10.0; Win64; x64) AppleWebKit/537.36 (KHTML, like Gecko) Chrome/79.0.3945.88 Safari/537.36" meumercado.app 10.53.184.85
64.64.108.52 - - [05/Jun/2026:01:13:24 -0300] "GET /wp-includes/certificates/admin.php HTTP/1.1" 409 83 "-" "Mozilla/5.0 (Windows NT 10.0; WOW64) AppleWebKit/537.36 (KHTML, like Gecko) Chrome/84.0.4147.105 Safari/537.36" meumercado.app 10.53.184.85
64.64.108.50 - - [05/Jun/2026:01:13:24 -0300] "GET /wp-includes/images/media/dog.php HTTP/1.1" 409 83 "-" "Mozilla/5.0 (Macintosh; Intel Mac OS X 10_15_6) AppleWebKit/537.36 (KHTML, like Gecko) Chrome/84.0.4147.105 Safari/537.36 OPR/70.0.3728.95" meumercado.app 10.53.184.85
64.64.108.33 - - [05/Jun/2026:01:13:25 -0300] "GET /xp.php HTTP/1.1" 409 83 "-" "Mozilla/5.0 (Windows NT 10.0; Win64; x64) AppleWebKit/537.36 (KHTML, like Gecko) Chrome/84.0.4147.105 Safari/537.36 OPR/70.0.3728.95" meumercado.app 10.53.184.85
64.64.108.29 - - [05/Jun/2026:01:13:25 -0300] "GET /wp-includes/SimplePie/applicationd.php HTTP/1.1" 409 83 "-" "Mozilla/5.0 (Macintosh; Intel Mac OS X 10_12_6) AppleWebKit/537.36 (KHTML, like Gecko) Chrome/58.0.3029.110 Safari/537.3" meumercado.app 10.53.184.85
64.64.108.24 - - [05/Jun/2026:01:13:26 -0300] "GET /wp-includes/assets/index.php HTTP/1.1" 409 83 "-" "Mozilla/5.0 (Windows NT 10.0; Win64; x64) AppleWebKit/537.36 (KHTML, like Gecko) Chrome/74.0.3729.169 Safari/537.36" meumercado.app 10.53.184.85
64.64.108.59 - - [05/Jun/2026:01:13:26 -0300] "GET /wp-links.php HTTP/1.1" 409 83 "-" "Mozilla/5.0 (X11; Linux x86_64) AppleWebKit/537.36 (KHTML, like Gecko) Chrome/84.0.4147.105 Safari/537.36 OPR/70.0.3728.95" meumercado.app 10.53.184.85
64.64.108.16 - - [05/Jun/2026:01:13:27 -0300] "GET /vendor/phpunit/phpunit/src/Util/PHP/as.php HTTP/1.1" 409 83 "-" "Mozilla/5.0 (Windows NT 10.0; Win64; x64) AppleWebKit/537.36 (KHTML, like Gecko) Chrome/81.0.4044.129 Safari/537.36" meumercado.app 10.53.184.85
64.64.108.50 - - [05/Jun/2026:01:13:27 -0300] "GET /wp-includes/css/index.php HTTP/1.1" 409 83 "-" "Mozilla/5.0 (Linux x86_64; rv:79.0) Gecko/20100101 Firefox/79.0" meumercado.app 10.53.184.85
64.64.108.27 - - [05/Jun/2026:01:13:28 -0300] "GET /wp-includes/ID3/index.php HTTP/1.1" 409 83 "-" "Mozilla/5.0 (Windows NT 10.0; Win64; x64) AppleWebKit/537.36 (KHTML, like Gecko) Chrome/79.0.3945.88 Safari/537.36" meumercado.app 10.53.184.85
64.64.108.31 - - [05/Jun/2026:01:13:28 -0300] "GET /wp-includes/pomo/admin.php HTTP/1.1" 409 83 "-" "Mozilla/5.0 (Windows NT 10.0; Win64; x64) AppleWebKit/537.36 (KHTML, like Gecko) Chrome/80.0.3987.149 Safari/537.36" meumercado.app 10.53.184.85
64.64.108.43 - - [05/Jun/2026:01:13:29 -0300] "GET /wp-includes/IXR/security.php HTTP/1.1" 409 83 "-" "Mozilla/5.0 (Windows NT 10.0; Win64; x64) AppleWebKit/537.36 (KHTML, like Gecko) Chrome/69.0.3497.100 Safari/537.36" meumercado.app 10.53.184.85
64.64.108.45 - - [05/Jun/2026:01:13:29 -0300] "GET /wp-content/plugins/phpadmin/as.php HTTP/1.1" 409 83 "-" "Mozilla/5.0 (Macintosh; Intel Mac OS X 10_10_1) AppleWebKit/537.36 (KHTML, like Gecko) Chrome/39.0.2171.95 Safari/537.36" meumercado.app 10.53.184.85
64.64.108.41 - - [05/Jun/2026:01:13:30 -0300] "GET /wp-includes/Requests/autoload_classmap.php HTTP/1.1" 409 83 "-" "Mozilla/5.0 (Windows NT 10.0; Win64; x64) AppleWebKit/537.36 (KHTML, like Gecko) Chrome/74.0.3729.169 Safari/537.36" meumercado.app 10.53.184.85
64.64.108.48 - - [05/Jun/2026:01:13:30 -0300] "GET /wp-content/plugins/hello.php HTTP/1.1" 409 83 "-" "Mozilla/5.0 (Windows NT 10.0; Win64; x64; rv:66.0) Gecko/20100101 Firefox/66.0" meumercado.app 10.53.184.85
64.64.108.54 - - [05/Jun/2026:01:13:31 -0300] "GET /wp-content/plugins/seoo/about.php HTTP/1.1" 409 83 "-" "Mozilla/5.0 (X11; Ubuntu; Linux x86_64; rv:79.0) Gecko/20100101 Firefox/79.0" meumercado.app 10.53.184.85
64.64.108.18 - - [05/Jun/2026:01:13:31 -0300] "GET /wp-includes/fonts/about.php HTTP/1.1" 409 83 "-" "Mozilla/5.0 (X11; Ubuntu; Linux x86_64; rv:79.0) Gecko/20100101 Firefox/79.0" meumercado.app 10.53.184.85
64.64.108.41 - - [05/Jun/2026:01:13:32 -0300] "GET /moon.php HTTP/1.1" 409 83 "-" "Mozilla/5.0 (Windows NT 10.0; Win64; x64) AppleWebKit/537.36 (KHTML, like Gecko) Chrome/79.0.3945.88 Safari/537.36" meumercado.app 10.53.184.85
64.64.108.39 - - [05/Jun/2026:01:13:33 -0300] "GET /wp-admin/user/about.php HTTP/1.1" 409 83 "-" "Mozilla/5.0 (X11; Ubuntu; Linux i686; rv:79.0) Gecko/20100101 Firefox/79.0" meumercado.app 10.53.184.85
