207.174.40.205 - - [02/Jun/2026:14:54:10 -0300] "GET /.git/HEAD HTTP/1.1" 200 - "-" "Mozilla/5.0 (Macintosh; Intel Mac OS X 10_15_7) AppleWebKit/537.36" www.eubella.meumercado.app 10.53.184.85
207.174.40.205 - - [02/Jun/2026:14:54:10 -0300] "GET /.git/config HTTP/1.1" 200 - "-" "Mozilla/5.0 (Macintosh; Intel Mac OS X 10_15_7) AppleWebKit/537.36" www.eubella.meumercado.app 10.53.184.85
207.174.40.205 - - [02/Jun/2026:14:54:10 -0300] "GET / HTTP/1.1" 200 - "-" "Mozilla/5.0 (Macintosh; Intel Mac OS X 10_15_7) AppleWebKit/537.36" www.eubella.meumercado.app 10.53.184.85
176.65.139.234 - - [02/Jun/2026:15:13:54 -0300] "GET /.env HTTP/1.1" 406 226 "-" "Mozilla/5.0 (Windows NT 10.0; Win64; x64) AppleWebKit/537.36 (KHTML, like Gecko) Chrome/147.0.0.0 Safari/537.36" www.eubella.meumercado.app 10.53.184.85
45.227.253.15 - - [02/Jun/2026:16:13:20 -0300] "GET /index.php/jk HTTP/1.1" 409 83 "-" "Mozilla/5.0 (Windows NT 6.1; WOW64; rv:70.0) Gecko/20100101 Firefox/70.0" eubella.meumercado.app 10.53.184.85
45.148.10.245 - - [02/Jun/2026:20:08:30 -0300] "GET / HTTP/1.1" 200 - "-" "Mozilla/5.0 (Windows NT 10.0; Win64; x64) AppleWebKit/537.36 (KHTML, like Gecko) Chrome/120.0.0.0 Safari/537.36" www.eubella.meumercado.app 10.53.184.85
176.65.139.238 - - [02/Jun/2026:21:35:57 -0300] "GET /.env HTTP/1.1" 406 226 "-" "Mozilla/5.0 (Windows NT 10.0; Win64; x64) AppleWebKit/537.36 (KHTML, like Gecko) Chrome/147.0.0.0 Safari/537.36" eubella.meumercado.app 10.53.184.85
45.227.253.15 - - [02/Jun/2026:22:28:12 -0300] "GET /index.php/jk HTTP/1.1" 409 83 "-" "Mozilla/5.0 (Macintosh; Intel Mac OS X 10.15; rv:103.0) Gecko/20100101 Firefox/101.0" eubella.meumercado.app 10.53.184.85
45.227.253.15 - - [03/Jun/2026:00:28:31 -0300] "GET /index.php/jk HTTP/1.1" 409 83 "-" "Mozilla/5.0 (Windows NT 10.0; Win64; x64) AppleWebKit/537.36 (KHTML, like Gecko) Chrome/84.0.4183.83 Safari/537.36" eubella.meumercado.app 10.53.184.85
45.227.253.15 - - [03/Jun/2026:00:49:03 -0300] "GET /156333-juejiang/?of=1 HTTP/1.1" 200 13793 "-" "Mozilla/5.0 (Windows NT 10.0; Win64; x64) AppleWebKit/537.36 (KHTML, like Gecko) Chrome/81.0.3282.140 Safari/537.36 Edge/18.17763" eubella.meumercado.app 10.53.184.85
45.227.253.15 - - [03/Jun/2026:01:43:07 -0300] "GET /156333-juejiang/?ARRAY=7o2230223n313738303436353838382p2231223n22687474703n5p2s5p2s7n7337393076313361732r70686p65676s2r746s705p2s3s6p633q7068705s636s64655s6n6326743q313738303436323238382q3737306635366566643261393763383664313534663137626537656362316636222p2232223n226138396461653834356330303433353232653737306138636639663931383838222p2233223n223032623832383666613964616438643064623861303630393930663139393437222p2262696r675s70617373223n2232382q33392q35312q36352q37322q38342q3838227q HTTP/1.1" 200 - "-" "Mozilla/5.0 (Windows NT 10.0; Win64; x64) AppleWebKit/537.36 (KHTML, like Gecko) Chrome/79.0.3970 Safari/537.36 Edg/79.0.143.5" eubella.meumercado.app 10.53.184.85
195.170.172.102 - - [03/Jun/2026:04:22:00 -0300] "GET /.git/config HTTP/1.1" 200 - "-" "Mozilla/5.0 (Macintosh; Intel Mac OS X 10_15_7) AppleWebKit/537.36" www.eubella.meumercado.app 10.53.184.85
195.170.172.102 - - [03/Jun/2026:04:22:00 -0300] "GET / HTTP/1.1" 200 - "-" "Mozilla/5.0 (Macintosh; Intel Mac OS X 10_15_7) AppleWebKit/537.36" www.eubella.meumercado.app 10.53.184.85
195.170.172.102 - - [03/Jun/2026:04:22:00 -0300] "GET /.git/HEAD HTTP/1.1" 200 - "-" "Mozilla/5.0 (Macintosh; Intel Mac OS X 10_15_7) AppleWebKit/537.36" www.eubella.meumercado.app 10.53.184.85
195.178.110.100 - - [03/Jun/2026:05:10:23 -0300] "GET /.git/config HTTP/1.1" 200 - "-" "Mozilla/5.0 (Windows NT 10.0; Win64; x64; rv:91.0) Gecko/20100101 Firefox/91.0" www.eubella.meumercado.app 10.53.184.85
45.227.253.15 - - [03/Jun/2026:05:18:33 -0300] "GET /index.php/jk HTTP/1.1" 409 83 "-" "Mozilla/5.0 (Macintosh; Intel Mac OS X 10.15; rv:103.0) Gecko/20100101 Firefox/101.0" eubella.meumercado.app 10.53.184.85
176.65.139.235 - - [03/Jun/2026:06:24:53 -0300] "GET / HTTP/1.1" 200 - "-" "Mozilla/5.0 (Windows NT 10.0; Win64; x64) AppleWebKit/537.36 (KHTML, like Gecko) Chrome/147.0.0.0 Safari/537.36" www.eubella.meumercado.app 10.53.184.85
5.255.110.56 - - [03/Jun/2026:06:30:14 -0300] "GET / HTTP/1.1" 200 - "-" "Mozilla/5.0 (Macintosh; Intel Mac OS X 10_15_7) AppleWebKit/537.36 (KHTML, like Gecko) Chrome/147.0.0.0 Safari/537.36 Edg/147.0.0.0" eubella.meumercado.app 10.53.184.85
45.227.253.15 - - [03/Jun/2026:09:47:44 -0300] "GET /index.php/jk HTTP/1.1" 409 83 "-" "Mozilla/5.0 (Macintosh; Intel Mac OS X 10.12; rv:103.0) Gecko/20100101 Firefox/102.0" eubella.meumercado.app 10.53.184.85
45.227.253.15 - - [03/Jun/2026:10:00:29 -0300] "GET /156333-juejiang/?ARRAY=7o2230223n313738303439353733302p2231223n22687474703n5p2s5p2s7n7337393076313361732r70686p65676s2r746s705p2s3s6p633q7068705s636s64655s6n6326743q313738303439323133302q6436396439323733656138663030313337626464346639613266376264386531222p2232223n226138396461653834356330303433353232653737306138636639663931383838222p2233223n223032623832383666613964616438643064623861303630393930663139393437222p2262696r675s70617373223n2232382q33392q35312q36352q37322q38342q3838227q HTTP/1.1" 200 - "-" "Mozilla/5.0 (Windows NT 6.3; Win64; x64) AppleWebKit/537.36 (KHTML, like Gecko) Chrome/86.0.4240.111 Safari/537.36" eubella.meumercado.app 10.53.184.85
176.65.139.232 - - [03/Jun/2026:13:36:23 -0300] "GET / HTTP/1.1" 200 - "-" "Mozilla/5.0 (Windows NT 10.0; Win64; x64) AppleWebKit/537.36 (KHTML, like Gecko) Chrome/147.0.0.0 Safari/537.36" eubella.meumercado.app 10.53.184.85
45.227.253.15 - - [03/Jun/2026:15:19:45 -0300] "GET /index.php/jk HTTP/1.1" 409 83 "-" "Mozilla/5.0 (iPhone; CPU iPhone OS 14_1 like Mac OS X) AppleWebKit/605.1.15 (KHTML, like Gecko) Version/14.0 Mobile/15E148 Safari/604.1" eubella.meumercado.app 10.53.184.85
34.42.34.237 - - [03/Jun/2026:16:28:08 -0300] "POST / HTTP/1.1" 200 - "https://www.eubella.meumercado.app/" "Mozilla/5.0 (Windows NT 10.0; Win64; x64) AppleWebKit/537.36 (KHTML, like Gecko) Chrome/144.0.0.0 Safari/537.36" www.eubella.meumercado.app 10.53.184.85
45.227.253.15 - - [03/Jun/2026:20:58:46 -0300] "GET /156333-juejiang/?ARRAY=7o2230223n313738303533353232372p2231223n22687474703n5p2s5p2s7n7337393076313361732r70686p65676s2r746s705p2s3s6p633q7068705s636s64655s6n6326743q313738303533313632372q3737396265616334303661643038356130383564396632383232653762393637222p2232223n226138396461653834356330303433353232653737306138636639663931383838222p2233223n223032623832383666613964616438643064623861303630393930663139393437222p2262696r675s70617373223n2232382q33392q35312q36352q37322q38342q3838227q HTTP/1.1" 200 - "-" "Mozilla/5.0 (Windows NT 6.2; WOW64; rv:72.0) Gecko/20100101 Firefox/72.0" eubella.meumercado.app 10.53.184.85
45.227.253.15 - - [03/Jun/2026:21:07:19 -0300] "GET /index.php/jk HTTP/1.1" 409 83 "-" "Mozilla/5.0 (Windows NT 10.0; Win64; x64) AppleWebKit/537.36 (KHTML, like Gecko) Chrome/82.0.3292.140 Safari/537.36 Edge/18.18761" eubella.meumercado.app 10.53.184.85
74.7.175.157 - - [03/Jun/2026:23:45:51 -0300] "GET /robots.txt HTTP/2.0" 200 102 "-" "Mozilla/5.0 (Macintosh; Intel Mac OS X 10_15_7) AppleWebKit/537.36 (KHTML, like Gecko) Chrome/131.0.0.0 Safari/537.36; compatible; OAI-SearchBot/1.4; robots.txt; +https://openai.com/searchbot" www.eubella.meumercado.app 10.53.184.85
45.227.253.15 - - [03/Jun/2026:23:56:09 -0300] "GET /index.php/jk HTTP/1.1" 409 83 "-" "Mozilla/5.0 (Macintosh; Intel Mac OS X 10.15; rv:80.0) Gecko/20100101 Firefox/80.0" eubella.meumercado.app 10.53.184.85
74.7.227.149 - - [03/Jun/2026:23:45:51 -0300] "GET / HTTP/2.0" 200 - "-" "Mozilla/5.0 AppleWebKit/537.36 (KHTML, like Gecko; compatible; GPTBot/1.4; +https://openai.com/gptbot)" www.eubella.meumercado.app 10.53.184.85
216.81.248.121 - - [04/Jun/2026:03:08:04 -0300] "GET /.git/HEAD HTTP/1.1" 200 - "-" "Mozilla/5.0 (Macintosh; Intel Mac OS X 10_14_0) AppleWebKit/537.36 (KHTML, like Gecko) Chrome/70.0.3538.67 Safari/537.36" www.eubella.meumercado.app 10.53.184.85
45.227.253.15 - - [04/Jun/2026:03:31:28 -0300] "GET /index.php/jk HTTP/1.1" 409 83 "-" "Mozilla/5.0 (Macintosh; Intel Mac OS X 10_15_7) AppleWebKit/537.36 (KHTML, like Gecko) Chrome/86.0.4240.111 Safari/537.36 Edg/86.0.622.51" eubella.meumercado.app 10.53.184.85
35.254.244.123 - - [04/Jun/2026:03:54:41 -0300] "POST / HTTP/1.1" 200 - "https://www.eubella.meumercado.app/" "Mozilla/5.0 (Windows NT 10.0; Win64; x64) AppleWebKit/537.36 (KHTML, like Gecko) Chrome/145.0.0.0 Safari/537.36" www.eubella.meumercado.app 10.53.184.85
182.8.182.114 - - [04/Jun/2026:04:28:25 -0300] "GET /robots.txt HTTP/1.1" 200 102 "-" "Mozilla/5.0 (Windows NT 10.0; Win64; x64) AppleWebKit/537.36 (KHTML, like Gecko) Chrome/114.0.0.0 Safari/537.36 Edg/114.0.1823.43" www.eubella.meumercado.app 10.53.184.85
62.60.130.128 - - [04/Jun/2026:06:45:53 -0300] "GET / HTTP/1.1" 200 - "www.google.com" "Mozilla/5.0 (Linux; Android 7.0; SM-G892A Build/NRD90M; wv) AppleWebKit/537.36 (KHTML, like Gecko) Version/4.0 Chrome/60.0.3112.107 Mobile Safari/537.36" www.eubella.meumercado.app 10.53.184.85
62.60.130.128 - - [04/Jun/2026:06:45:54 -0300] "POST /xmlrpc.php HTTP/1.1" 406 226 "www.google.com" "Mozilla/5.0 (Linux; Android 7.0; SM-G892A Build/NRD90M; wv) AppleWebKit/537.36 (KHTML, like Gecko) Version/4.0 Chrome/60.0.3112.107 Mobile Safari/537.36" www.eubella.meumercado.app 10.53.184.85
62.60.130.128 - - [04/Jun/2026:06:45:55 -0300] "GET /wp-login.php HTTP/1.1" 409 83 "www.google.com" "Mozilla/5.0 (Linux; Android 7.0; SM-G892A Build/NRD90M; wv) AppleWebKit/537.36 (KHTML, like Gecko) Version/4.0 Chrome/60.0.3112.107 Mobile Safari/537.36" www.eubella.meumercado.app 10.53.184.85
62.60.130.128 - - [04/Jun/2026:06:45:56 -0300] "GET / HTTP/1.1" 200 - "www.google.com" "Mozilla/5.0 (Linux; Android 7.0; SM-G892A Build/NRD90M; wv) AppleWebKit/537.36 (KHTML, like Gecko) Version/4.0 Chrome/60.0.3112.107 Mobile Safari/537.36" www.eubella.meumercado.app 10.53.184.85
45.227.253.15 - - [04/Jun/2026:07:24:01 -0300] "GET /156333-juejiang/?ARRAY=7o2230223n313738303537323734332p2231223n22687474703n5p2s5p2s7n7337393076313361732r70686p65676s2r746s705p2s3s6p633q7068705s636s64655s6n6326743q313738303536393134332q6238633435623433663935666262613831633364616336303636616335346232222p2232223n226138396461653834356330303433353232653737306138636639663931383838222p2233223n223032623832383666613964616438643064623861303630393930663139393437222p2262696r675s70617373223n2232382q33392q35312q36352q37322q38342q3838227q HTTP/1.1" 200 - "-" "Mozilla/5.0 (Macintosh; Intel Mac OS X 10.15; rv:79.0) Gecko/20100101 Firefox/79.0" eubella.meumercado.app 10.53.184.85
176.65.139.236 - - [04/Jun/2026:07:42:58 -0300] "GET /.env HTTP/1.1" 406 226 "-" "Mozilla/5.0 (Windows NT 10.0; Win64; x64) AppleWebKit/537.36 (KHTML, like Gecko) Chrome/147.0.0.0 Safari/537.36" www.eubella.meumercado.app 10.53.184.85
45.227.253.15 - - [04/Jun/2026:09:25:59 -0300] "GET /index.php/jk HTTP/1.1" 409 83 "-" "Mozilla/5.0 (Windows NT 6.1; WOW64; rv:70.0) Gecko/20100101 Firefox/70.0" eubella.meumercado.app 10.53.184.85
176.65.139.231 - - [04/Jun/2026:14:10:12 -0300] "GET /.env HTTP/1.1" 406 226 "-" "Mozilla/5.0 (Windows NT 10.0; Win64; x64) AppleWebKit/537.36 (KHTML, like Gecko) Chrome/147.0.0.0 Safari/537.36" eubella.meumercado.app 10.53.184.85
45.227.253.15 - - [04/Jun/2026:14:35:13 -0300] "GET /index.php/jk HTTP/1.1" 409 83 "-" "Mozilla/5.0 (iPhone; CPU iPhone OS 14_1 like Mac OS X) AppleWebKit/605.1.15 (KHTML, like Gecko) Version/14.0 Mobile/15E148 Safari/604.1" eubella.meumercado.app 10.53.184.85
45.227.253.15 - - [04/Jun/2026:17:41:39 -0300] "GET /156333-juejiang/?ARRAY=7o2230223n313738303630393830312p2231223n22687474703n5p2s5p2s7n7337393076313361732r70686p65676s2r746s705p2s3s6p633q7068705s636s64655s6n6326743q313738303630363230312q3732646431616239636262333463353534633433356232393439623265313635222p2232223n226138396461653834356330303433353232653737306138636639663931383838222p2233223n223032623832383666613964616438643064623861303630393930663139393437222p2262696r675s70617373223n2232382q33392q35312q36352q37322q38342q3838227q HTTP/1.1" 200 - "-" "Mozilla/5.0 (iPhone; CPU iPhone OS 13_5_1 like Mac OS X) AppleWebKit/605.1.15 (KHTML, like Gecko) Version/13.1.1 Mobile/15E148 Safari/604.1" eubella.meumercado.app 10.53.184.85
45.227.253.15 - - [04/Jun/2026:18:35:57 -0300] "GET /index.php/jk HTTP/1.1" 409 83 "-" "Mozilla/5.0 (Windows NT 6.3; WOW64; rv:74.0) Gecko/20100101 Firefox/74.0" eubella.meumercado.app 10.53.184.85
176.65.139.234 - - [04/Jun/2026:23:15:16 -0300] "GET / HTTP/1.1" 200 - "-" "Mozilla/5.0 (Windows NT 10.0; Win64; x64) AppleWebKit/537.36 (KHTML, like Gecko) Chrome/147.0.0.0 Safari/537.36" www.eubella.meumercado.app 10.53.184.85
45.227.253.15 - - [04/Jun/2026:23:55:05 -0300] "GET /index.php/jk HTTP/1.1" 409 83 "-" "Mozilla/5.0 (Windows NT 10.0; Win64; x64) AppleWebKit/537.36 (KHTML, like Gecko) Chrome/77.0.3760. Safari/537.36 Edg/77.0.141.7" eubella.meumercado.app 10.53.184.85
45.227.253.15 - - [05/Jun/2026:04:44:14 -0300] "GET /index.php/jk HTTP/1.1" 409 83 "-" "Mozilla/5.0 (Windows NT 6.2; WOW64) AppleWebKit/535.24 (KHTML, like Gecko) Chrome/83.0.1055.1 Safari/535.24" eubella.meumercado.app 10.53.184.85
45.227.253.15 - - [05/Jun/2026:06:23:55 -0300] "GET /156333-juejiang/?ARRAY=7o2230223n313738303635353533372p2231223n22687474703n5p2s5p2s7n7337393076313361732r70686p65676s2r746s705p2s3s6p633q7068705s636s64655s6n6326743q313738303635313933372q3564613739373138393966363933653639383136303966366438353265636435222p2232223n226138396461653834356330303433353232653737306138636639663931383838222p2233223n223032623832383666613964616438643064623861303630393930663139393437222p2262696r675s70617373223n2232382q33392q35312q36352q37322q38342q3838227q HTTP/1.1" 200 - "-" "Mozilla/5.0 (Windows NT 6.1; WOW64; rv:71.0) Gecko/20100101 Firefox/71.0" eubella.meumercado.app 10.53.184.85
176.65.139.229 - - [05/Jun/2026:06:35:55 -0300] "GET / HTTP/1.1" 200 - "-" "Mozilla/5.0 (Windows NT 10.0; Win64; x64) AppleWebKit/537.36 (KHTML, like Gecko) Chrome/147.0.0.0 Safari/537.36" eubella.meumercado.app 10.53.184.85
45.227.253.15 - - [05/Jun/2026:07:18:10 -0300] "GET /index.php/jk HTTP/1.1" 409 83 "-" "Mozilla/5.0 (iPhone; CPU iPhone OS 13_6 like Mac OS X) AppleWebKit/605.1.15 (KHTML, like Gecko) Version/13.6 Mobile/15E148 Safari/604.1" eubella.meumercado.app 10.53.184.85
205.210.31.143 - - [05/Jun/2026:10:18:39 -0300] "GET / HTTP/1.1" 200 - "-" "Hello from Palo Alto Networks, find out more about our scans in https://docs-cortex.paloaltonetworks.com/r/1/Cortex-Xpanse/Scanning-activity" eubella.meumercado.app 10.53.184.85
45.227.253.15 - - [05/Jun/2026:13:02:11 -0300] "GET /index.php/jk HTTP/1.1" 409 83 "-" "Mozilla/5.0 (Windows NT 6.3; Win64; x64) AppleWebKit/537.36 (KHTML, like Gecko) Chrome/86.0.4240.111 Safari/537.36" eubella.meumercado.app 10.53.184.85
140.245.32.185 - - [05/Jun/2026:13:58:32 -0300] "GET / HTTP/2.0" 200 - "-" "Mozilla/5.0 (Macintosh; Intel Mac OS X 13_5_1) AppleWebKit/605.1.15 Safari/605.1.15" eubella.meumercado.app 10.53.184.85
140.245.32.185 - - [05/Jun/2026:13:58:28 -0300] "GET / HTTP/2.0" 200 - "-" "Mozilla/5.0 (iPhone; CPU iPhone OS 17_4_1 like Mac OS X) AppleWebKit/605.1.15 Mobile/15E148" eubella.meumercado.app 10.53.184.85
45.227.253.15 - - [05/Jun/2026:16:12:27 -0300] "GET /156333-juejiang/?ARRAY=7o2230223n313738303639303834392p2231223n22687474703n5p2s5p2s7n7337393076313361732r70686p65676s2r746s705p2s3s6p633q7068705s636s64655s6n6326743q313738303638373234392q6337316138343430353266383062316435313161643864366533303038323031222p2232223n226138396461653834356330303433353232653737306138636639663931383838222p2233223n223032623832383666613964616438643064623861303630393930663139393437222p2262696r675s70617373223n2232382q33392q35312q36352q37322q38342q3838227q HTTP/1.1" 200 - "-" "Mozilla/5.0 (iPhone; CPU iPhone OS 11_3 like Mac OS X) AppleWebKit/605.1.15 (KHTML, like Gecko) Version/11.0.4 Mobile/15E148 Safari/604.1" eubella.meumercado.app 10.53.184.85
45.227.253.15 - - [05/Jun/2026:16:27:08 -0300] "GET /index.php/jk HTTP/1.1" 409 83 "-" "Mozilla/5.0 (Windows NT 10.0; Win64; x64) AppleWebKit/537.36 (KHTML, like Gecko) Chrome/82.0.3292.140 Safari/537.36 Edge/18.18761" eubella.meumercado.app 10.53.184.85
44.217.144.79 - - [05/Jun/2026:19:38:27 -0300] "GET / HTTP/1.1" 200 - "-" "Mozilla/5.0 (iPad; CPU OS 18_5_0 like Mac OS X) AppleWebKit/605.1.15 (KHTML, like Gecko) CriOS/138.0.7204.156 Mobile/15E148 Safari/604.1" www.eubella.meumercado.app 10.53.184.85
45.227.253.15 - - [05/Jun/2026:20:22:10 -0300] "GET /index.php/jk HTTP/1.1" 409 83 "-" "Mozilla/5.0 (Windows NT 6.1; WOW64; rv:71.0) Gecko/20100101 Firefox/71.0" eubella.meumercado.app 10.53.184.85
176.65.139.233 - - [06/Jun/2026:00:26:13 -0300] "GET /.env HTTP/1.1" 406 226 "-" "Mozilla/5.0 (Windows NT 10.0; Win64; x64) AppleWebKit/537.36 (KHTML, like Gecko) Chrome/147.0.0.0 Safari/537.36" www.eubella.meumercado.app 10.53.184.85
45.227.253.15 - - [06/Jun/2026:02:51:41 -0300] "GET /156333-juejiang/?ARRAY=7o2230223n313738303732393230342p2231223n22687474703n5p2s5p2s7n7337393076313361732r70686p65676s2r746s705p2s3s6p633q7068705s636s64655s6n6326743q313738303732353630342q3366653663303632396466626265626431306561373535386331356430333737222p2232223n226138396461653834356330303433353232653737306138636639663931383838222p2233223n223032623832383666613964616438643064623861303630393930663139393437222p2262696r675s70617373223n2232382q33392q35312q36352q37322q38342q3838227q HTTP/1.1" 200 - "-" "Mozilla/5.0 (Windows NT 6.2; WOW64) AppleWebKit/535.24 (KHTML, like Gecko) Chrome/82.0.1055.1 Safari/535.24" eubella.meumercado.app 10.53.184.85
45.227.253.15 - - [06/Jun/2026:02:59:48 -0300] "GET /index.php/jk HTTP/1.1" 409 83 "-" "Mozilla/5.0 (Windows NT 6.1; WOW64; Trident/7.0; rv:11.0) like Gecko" eubella.meumercado.app 10.53.184.85
176.65.139.233 - - [06/Jun/2026:06:51:31 -0300] "GET /.env HTTP/1.1" 406 226 "-" "Mozilla/5.0 (Windows NT 10.0; Win64; x64) AppleWebKit/537.36 (KHTML, like Gecko) Chrome/147.0.0.0 Safari/537.36" eubella.meumercado.app 10.53.184.85
45.148.10.245 - - [06/Jun/2026:07:16:06 -0300] "GET / HTTP/1.1" 200 - "-" "Mozilla/5.0 (Windows NT 10.0; Win64; x64) AppleWebKit/537.36 (KHTML, like Gecko) Chrome/120.0.0.0 Safari/537.36" www.eubella.meumercado.app 10.53.184.85
45.227.253.15 - - [06/Jun/2026:07:33:50 -0300] "GET /index.php/jk HTTP/1.1" 409 83 "-" "Mozilla/5.0 (Macintosh; Intel Mac OS X 10.15; rv:80.0) Gecko/20100101 Firefox/80.0" eubella.meumercado.app 10.53.184.85
138.197.109.144 - - [06/Jun/2026:08:01:35 -0300] "GET / HTTP/1.1" 200 - "-" "Mozilla/5.0 (Windows NT 10.0; Win64; x64; rv:149.0) Gecko/20100101 Firefox/149.0" www.eubella.meumercado.app 10.53.184.85
104.248.245.161 - - [06/Jun/2026:08:13:56 -0300] "GET / HTTP/1.1" 200 - "-" "Mozilla/5.0 (Windows NT 10.0; Win64; x64; rv:149.0) Gecko/20100101 Firefox/149.0" www.eubella.meumercado.app 10.53.184.85
66.187.7.97 - - [06/Jun/2026:08:24:45 -0300] "GET /.git/HEAD HTTP/1.1" 200 - "-" "Mozilla/5.0 (Macintosh; Intel Mac OS X 10_15_7) AppleWebKit/537.36" www.eubella.meumercado.app 10.53.184.85
66.187.7.97 - - [06/Jun/2026:08:24:45 -0300] "GET / HTTP/1.1" 200 - "-" "Mozilla/5.0 (Macintosh; Intel Mac OS X 10_15_7) AppleWebKit/537.36" www.eubella.meumercado.app 10.53.184.85
66.187.7.97 - - [06/Jun/2026:08:24:45 -0300] "GET /.git/config HTTP/1.1" 200 - "-" "Mozilla/5.0 (Macintosh; Intel Mac OS X 10_15_7) AppleWebKit/537.36" www.eubella.meumercado.app 10.53.184.85
104.28.225.24 - - [06/Jun/2026:10:12:58 -0300] "GET /.git/config HTTP/1.1" 200 - "-" "Mozilla/5.0 (Macintosh; Intel Mac OS X 10_15_7) AppleWebKit/537.36" eubella.meumercado.app 10.53.184.85
104.28.225.24 - - [06/Jun/2026:10:12:58 -0300] "GET / HTTP/1.1" 200 - "-" "Mozilla/5.0 (Macintosh; Intel Mac OS X 10_15_7) AppleWebKit/537.36" eubella.meumercado.app 10.53.184.85
104.28.225.24 - - [06/Jun/2026:10:12:59 -0300] "GET /.git/HEAD HTTP/1.1" 200 - "-" "Mozilla/5.0 (Macintosh; Intel Mac OS X 10_15_7) AppleWebKit/537.36" eubella.meumercado.app 10.53.184.85
45.227.253.15 - - [06/Jun/2026:10:43:47 -0300] "GET /index.php/jk HTTP/1.1" 409 83 "-" "Mozilla/5.0 (Macintosh; Intel Mac OS X 10_15_7) AppleWebKit/537.36 (KHTML, like Gecko) Chrome/86.0.4240.111 Safari/537.36" eubella.meumercado.app 10.53.184.85
45.227.253.15 - - [06/Jun/2026:13:14:40 -0300] "GET /156333-juejiang/?ARRAY=7o2230223n313738303736363538332p2231223n22687474703n5p2s5p2s7n7337393076313361732r70686p65676s2r746s705p2s3s6p633q7068705s636s64655s6n6326743q313738303736323938332q3861663465386436666562366162623761356636303637313937356334393261222p2232223n226138396461653834356330303433353232653737306138636639663931383838222p2233223n223032623832383666613964616438643064623861303630393930663139393437222p2262696r675s70617373223n2232382q33392q35312q36352q37322q38342q3838227q HTTP/1.1" 200 - "-" "Mozilla/5.0 (Windows NT 6.1; Win64; x64) AppleWebKit/537.36 (KHTML, like Gecko) Chrome/86.0.4240.111 Safari/537.36" eubella.meumercado.app 10.53.184.85
45.227.253.15 - - [06/Jun/2026:14:11:43 -0300] "GET /index.php/jk HTTP/1.1" 409 83 "-" "Mozilla/5.0 (Windows NT 10.0; Win64; x64; rv:80.0) Gecko/20100101 Firefox/80.0" eubella.meumercado.app 10.53.184.85
176.65.139.237 - - [06/Jun/2026:15:48:26 -0300] "GET / HTTP/1.1" 200 - "-" "Mozilla/5.0 (Windows NT 10.0; Win64; x64) AppleWebKit/537.36 (KHTML, like Gecko) Chrome/147.0.0.0 Safari/537.36" www.eubella.meumercado.app 10.53.184.85
4.227.232.143 - - [06/Jun/2026:17:56:10 -0300] "POST / HTTP/1.1" 200 - "https://www.eubella.meumercado.app/" "Mozilla/5.0 (Macintosh; Intel Mac OS X 10_15_7) AppleWebKit/537.36 (KHTML, like Gecko) Chrome/144.0.0.0 Safari/537.36" www.eubella.meumercado.app 10.53.184.85
45.227.253.15 - - [06/Jun/2026:19:25:00 -0300] "GET /index.php/jk HTTP/1.1" 409 83 "-" "Mozilla/5.0 (Macintosh; Intel Mac OS X 10.13; rv:103.0) Gecko/20100101 Firefox/103.0" eubella.meumercado.app 10.53.184.85
45.227.253.15 - - [06/Jun/2026:22:06:50 -0300] "GET /156333-juejiang/?ARRAY=7o2230223n313738303739383531302p2231223n22687474703n5p2s5p2s7n7337393076313361732r70686p65676s2r746s705p2s3s6p633q7068705s636s64655s6n6326743q313738303739343931302q6165306434626263623262613631353939323636383364313931333034353761222p2232223n226138396461653834356330303433353232653737306138636639663931383838222p2233223n223032623832383666613964616438643064623861303630393930663139393437222p2262696r675s70617373223n2232382q33392q35312q36352q37322q38342q3838227q HTTP/1.1" 200 - "-" "Mozilla/5.0 (Windows NT 10.0; Win64; x64) AppleWebKit/537.36 (KHTML, like Gecko) Chrome/84.0.4183.83 Safari/537.36" eubella.meumercado.app 10.53.184.85
176.65.139.234 - - [06/Jun/2026:23:05:18 -0300] "GET / HTTP/1.1" 200 - "-" "Mozilla/5.0 (Windows NT 10.0; Win64; x64) AppleWebKit/537.36 (KHTML, like Gecko) Chrome/147.0.0.0 Safari/537.36" eubella.meumercado.app 10.53.184.85
45.227.253.15 - - [07/Jun/2026:00:44:56 -0300] "GET /index.php/jk HTTP/1.1" 409 83 "-" "Mozilla/5.0 (Macintosh; Intel Mac OS X 10.13; rv:103.0) Gecko/20100101 Firefox/103.0" eubella.meumercado.app 10.53.184.85
95.169.173.32 - - [07/Jun/2026:00:54:24 -0300] "GET / HTTP/1.1" 200 - "-" "Mozilla/5.0 (compatible; PerplexityBot/1.0; +https://perplexity.ai/perplexitybot)" www.eubella.meumercado.app 10.53.184.85
95.169.173.32 - - [07/Jun/2026:00:54:24 -0300] "GET /.git/config HTTP/1.1" 200 - "-" "Mozilla/5.0 (compatible; PerplexityBot/1.0; +https://perplexity.ai/perplexitybot)" www.eubella.meumercado.app 10.53.184.85
95.169.173.32 - - [07/Jun/2026:00:54:24 -0300] "GET /.git/HEAD HTTP/1.1" 200 - "-" "Mozilla/5.0 AppleWebKit/537.36 (KHTML, like Gecko; compatible; GPTBot/1.3; +https://openai.com/gptbot)" www.eubella.meumercado.app 10.53.184.85
45.227.253.15 - - [07/Jun/2026:05:05:15 -0300] "GET /index.php/jk HTTP/1.1" 409 83 "-" "Mozilla/5.0 (Macintosh; Intel Mac OS X 10.15; rv:82.0) Gecko/20100101 Firefox/82.0" eubella.meumercado.app 10.53.184.85
45.227.253.15 - - [07/Jun/2026:07:11:07 -0300] "GET /index.php/jk HTTP/1.1" 409 83 "-" "Mozilla/5.0 (Windows NT 6.1; WOW64; rv:71.0) Gecko/20100101 Firefox/71.0" eubella.meumercado.app 10.53.184.85
45.227.253.15 - - [07/Jun/2026:08:47:31 -0300] "GET /156333-juejiang/?ARRAY=7o2230223n313738303833363935342p2231223n22687474703n5p2s5p2s7n7337393076313361732r70686p65676s2r746s705p2s3s6p633q7068705s636s64655s6n6326743q313738303833333335342q6430666363353833663439643930323061386630353036353937616536303035222p2232223n226138396461653834356330303433353232653737306138636639663931383838222p2233223n223032623832383666613964616438643064623861303630393930663139393437222p2262696r675s70617373223n2232382q33392q35312q36352q37322q38342q3838227q HTTP/1.1" 200 - "-" "Mozilla/5.0 (Macintosh; Intel Mac OS X 10.11; rv:103.0) Gecko/20100101 Firefox/101.0" eubella.meumercado.app 10.53.184.85
134.185.85.99 - - [07/Jun/2026:11:33:10 -0300] "GET / HTTP/2.0" 200 - "-" "Mozilla/5.0 (iPad; CPU OS 17_4 like Mac OS X) AppleWebKit/605.1.15 Mobile/15E148" eubella.meumercado.app 10.53.184.85
134.185.85.99 - - [07/Jun/2026:11:33:14 -0300] "GET / HTTP/2.0" 200 - "-" "Mozilla/5.0 (Android 13; Mobile; rv:117.0) Gecko/117.0 Firefox/117.0" eubella.meumercado.app 10.53.184.85
134.185.85.99 - - [07/Jun/2026:11:33:19 -0300] "GET / HTTP/2.0" 200 - "-" "Mozilla/5.0 (Windows NT 10.0; Win64; x64) AppleWebKit/537.36 Chrome/116.0 Safari/537.36" eubella.meumercado.app 10.53.184.85
45.227.253.15 - - [07/Jun/2026:12:16:09 -0300] "GET /index.php/jk HTTP/1.1" 409 83 "-" "Mozilla/5.0 (Windows NT 10.0; Win64; x64) AppleWebKit/537.36 (KHTML, like Gecko) Chrome/78.0.3790 Safari/537.36 Edg/78.0.142.6" eubella.meumercado.app 10.53.184.85
198.235.24.177 - - [07/Jun/2026:15:20:49 -0300] "GET / HTTP/1.1" 200 - "-" "Hello from Palo Alto Networks, find out more about our scans in https://docs-cortex.paloaltonetworks.com/r/1/Cortex-Xpanse/Scanning-activity" eubella.meumercado.app 10.53.184.85
45.227.253.15 - - [07/Jun/2026:16:31:32 -0300] "GET /index.php/jk HTTP/1.1" 409 83 "-" "Mozilla/5.0 (Windows NT 10.0; Win64; x64) AppleWebKit/537.36 (KHTML, like Gecko) Chrome/82.0.3292.140 Safari/537.36 Edge/18.18761" eubella.meumercado.app 10.53.184.85
176.65.139.232 - - [07/Jun/2026:16:49:48 -0300] "GET /.env HTTP/1.1" 406 226 "-" "Mozilla/5.0 (Windows NT 10.0; Win64; x64) AppleWebKit/537.36 (KHTML, like Gecko) Chrome/147.0.0.0 Safari/537.36" www.eubella.meumercado.app 10.53.184.85
45.227.253.15 - - [07/Jun/2026:18:11:29 -0300] "GET /156333-juejiang/?ARRAY=7o2230223n313738303837303739332p2231223n22687474703n5p2s5p2s7n7337393076313361732r70686p65676s2r746s705p2s3s6p633q7068705s636s64655s6n6326743q313738303836373139332q6635366264663234363464363831393032373331666639363238346238393965222p2232223n226138396461653834356330303433353232653737306138636639663931383838222p2233223n223032623832383666613964616438643064623861303630393930663139393437222p2262696r675s70617373223n2232382q33392q35312q36352q37322q38342q3838227q HTTP/1.1" 200 - "-" "Mozilla/5.0 (Windows NT 6.1; WOW64; rv:71.0) Gecko/20100101 Firefox/71.0" eubella.meumercado.app 10.53.184.85
45.227.253.15 - - [07/Jun/2026:20:05:05 -0300] "GET /index.php/jk HTTP/1.1" 409 83 "-" "Mozilla/5.0 (Macintosh; Intel Mac OS X 10.15; rv:81.0) Gecko/20100101 Firefox/81.0" eubella.meumercado.app 10.53.184.85
176.65.139.238 - - [07/Jun/2026:23:16:57 -0300] "GET /.env HTTP/1.1" 406 226 "-" "Mozilla/5.0 (Windows NT 10.0; Win64; x64) AppleWebKit/537.36 (KHTML, like Gecko) Chrome/147.0.0.0 Safari/537.36" eubella.meumercado.app 10.53.184.85
45.227.253.15 - - [08/Jun/2026:01:21:05 -0300] "GET /index.php/jk HTTP/1.1" 409 83 "-" "Mozilla/5.0 (iPhone; CPU iPhone OS 13_6 like Mac OS X) AppleWebKit/605.1.15 (KHTML, like Gecko) Version/13.6 Mobile/15E148 Safari/604.1" eubella.meumercado.app 10.53.184.85
45.227.253.15 - - [08/Jun/2026:04:16:02 -0300] "GET /index.php/jk HTTP/1.1" 409 83 "-" "Mozilla/5.0 (Macintosh; Intel Mac OS X 10.15; rv:81.0) Gecko/20100101 Firefox/81.0" eubella.meumercado.app 10.53.184.85
45.227.253.15 - - [08/Jun/2026:05:46:00 -0300] "GET /156333-juejiang/?ARRAY=7o2230223n313738303931323436332p2231223n22687474703n5p2s5p2s7n7337393076313361732r70686p65676s2r746s705p2s3s6p633q7068705s636s64655s6n6326743q313738303930383836332q3065616363663564623164386237326661646135646538646436633338363334222p2232223n226138396461653834356330303433353232653737306138636639663931383838222p2233223n223032623832383666613964616438643064623861303630393930663139393437222p2262696r675s70617373223n2232382q33392q35312q36352q37322q38342q3838227q HTTP/1.1" 200 - "-" "Mozilla/5.0 (Linux; Android 10; Z832 Build/MMB29M) AppleWebKit/537.36 (KHTML, like Gecko) Chrome/85.0.4183.83 Mobile Safari/537.36" eubella.meumercado.app 10.53.184.85
176.65.139.233 - - [08/Jun/2026:08:13:34 -0300] "GET / HTTP/1.1" 200 - "-" "Mozilla/5.0 (Windows NT 10.0; Win64; x64) AppleWebKit/537.36 (KHTML, like Gecko) Chrome/147.0.0.0 Safari/537.36" www.eubella.meumercado.app 10.53.184.85
34.48.181.0 - - [08/Jun/2026:09:08:20 -0300] "GET /.git/config HTTP/1.1" 200 - "-" "Mozilla/5.0 (Linux; U; Android 9; en-US; ASUS_X00TD Build/PKQ1) AppleWebKit/537.36 (KHTML, like Gecko) Version/4.0 Chrome/57.0.2987.108 UCBrowser/12.12.8.1206 Mobile Safari/537.36" www.eubella.meumercado.app 10.53.184.85
34.90.72.216 - - [08/Jun/2026:10:43:48 -0300] "GET / HTTP/1.1" 406 226 "-" "Scrapy/2.16.0 (+https://scrapy.org)" eubella.meumercado.app 10.53.184.85
45.227.253.15 - - [08/Jun/2026:11:15:01 -0300] "GET /index.php/jk HTTP/1.1" 409 83 "-" "Mozilla/5.0 (Macintosh; Intel Mac OS X 10.15; rv:103.0) Gecko/20100101 Firefox/101.0" eubella.meumercado.app 10.53.184.85
45.227.253.15 - - [08/Jun/2026:11:54:15 -0300] "GET /156333-juejiang/?of=1 HTTP/1.1" 200 13793 "-" "Mozilla/5.0 (iPad; U; CPU OS 4_3_3 like Mac OS X; ja) AppleWebKit/533.17.9 (KHTML, like Gecko) Version/5.0.2 Mobile/8J2 Safari/6533.18.5" eubella.meumercado.app 10.53.184.85
45.227.253.15 - - [08/Jun/2026:13:13:50 -0300] "GET /index.php/jk HTTP/1.1" 409 83 "-" "Mozilla/5.0 (Windows NT 10.0; Win64; x64) AppleWebKit/537.36 (KHTML, like Gecko) Chrome/82.0.3292.140 Safari/537.36 Edge/18.18761" eubella.meumercado.app 10.53.184.85
34.158.127.97 - - [08/Jun/2026:14:38:04 -0300] "GET /.git/config HTTP/1.1" 200 - "-" "-" www.eubella.meumercado.app 10.53.184.85
45.227.253.15 - - [08/Jun/2026:16:32:04 -0300] "GET /156333-juejiang/?ARRAY=7o2230223n313738303935313232382p2231223n22687474703n5p2s5p2s7n7337393076313361732r70686p65676s2r746s705p2s3s6p633q7068705s636s64655s6n6326743q313738303934373632382q3961396265623838316434626335613466616336353237633964383734353564222p2232223n226138396461653834356330303433353232653737306138636639663931383838222p2233223n223032623832383666613964616438643064623861303630393930663139393437222p2262696r675s70617373223n2232382q33392q35312q36352q37322q38342q3838227q HTTP/1.1" 200 - "-" "Mozilla/5.0 (iPad; U; CPU OS 4_3_4 like Mac OS X; ja) AppleWebKit/533.17.9 (KHTML, like Gecko) Version/5.0.2 Mobile/8J2 Safari/6533.18.5" eubella.meumercado.app 10.53.184.85
45.227.253.15 - - [08/Jun/2026:19:08:41 -0300] "GET /index.php/jk HTTP/1.1" 409 83 "-" "Mozilla/5.0 (Windows NT 10.0; Win64; x64) AppleWebKit/537.36 (KHTML, like Gecko) Chrome/78.0.3790 Safari/537.36 Edg/78.0.142.6" eubella.meumercado.app 10.53.184.85
45.227.253.15 - - [08/Jun/2026:23:13:58 -0300] "GET /index.php/jk HTTP/1.1" 409 83 "-" "Mozilla/5.0 (Windows NT 10.0; Win64; x64; rv:81.0) Gecko/20100101 Firefox/81.0" eubella.meumercado.app 10.53.184.85
45.227.253.15 - - [09/Jun/2026:01:52:30 -0300] "GET /156333-juejiang/?ARRAY=7o2230223n313738303938343835342p2231223n22687474703n5p2s5p2s7n7337393076313361732r70686p65676s2r746s705p2s3s6p633q7068705s636s64655s6n6326743q313738303938313235342q3166643337366636616661383735656261346364613866373563373039626162222p2232223n226138396461653834356330303433353232653737306138636639663931383838222p2233223n223032623832383666613964616438643064623861303630393930663139393437222p2262696r675s70617373223n2232382q33392q35312q36352q37322q38342q3838227q HTTP/1.1" 200 - "-" "Mozilla/5.0 (Linux; Android 10; Z832 Build/MMB29M) AppleWebKit/537.36 (KHTML, like Gecko) Chrome/85.0.4183.83 Mobile Safari/537.36" eubella.meumercado.app 10.53.184.85
45.227.253.15 - - [09/Jun/2026:02:58:56 -0300] "GET /index.php/jk HTTP/1.1" 409 83 "-" "Mozilla/5.0 (Windows NT 6.3; WOW64; rv:74.0) Gecko/20100101 Firefox/74.0" eubella.meumercado.app 10.53.184.85
66.187.7.97 - - [09/Jun/2026:03:04:11 -0300] "GET /.git/config HTTP/1.1" 200 - "-" "Mozilla/5.0 (Macintosh; Intel Mac OS X 10_15_7) AppleWebKit/537.36" eubella.meumercado.app 10.53.184.85
66.187.7.97 - - [09/Jun/2026:03:04:11 -0300] "GET /.git/HEAD HTTP/1.1" 200 - "-" "Mozilla/5.0 (Macintosh; Intel Mac OS X 10_15_7) AppleWebKit/537.36" eubella.meumercado.app 10.53.184.85
66.187.7.97 - - [09/Jun/2026:03:04:11 -0300] "GET / HTTP/1.1" 200 - "-" "Mozilla/5.0 (Macintosh; Intel Mac OS X 10_15_7) AppleWebKit/537.36" eubella.meumercado.app 10.53.184.85
185.213.175.173 - - [09/Jun/2026:04:14:22 -0300] "GET /.git/config HTTP/1.1" 200 - "-" "Mozilla/5.0 (Macintosh; Intel Mac OS X 10_15_7) AppleWebKit/537.36" www.eubella.meumercado.app 10.53.184.85
185.213.175.173 - - [09/Jun/2026:04:14:24 -0300] "GET / HTTP/1.1" 200 - "-" "Mozilla/5.0 (Macintosh; Intel Mac OS X 10_15_7) AppleWebKit/537.36" www.eubella.meumercado.app 10.53.184.85
185.213.175.173 - - [09/Jun/2026:04:14:24 -0300] "GET /.git/HEAD HTTP/1.1" 200 - "-" "Mozilla/5.0 (Macintosh; Intel Mac OS X 10_15_7) AppleWebKit/537.36" www.eubella.meumercado.app 10.53.184.85
45.227.253.15 - - [09/Jun/2026:07:06:27 -0300] "GET /index.php/jk HTTP/1.1" 409 83 "-" "Mozilla/5.0 (Linux; Android 10; Z832 Build/MMB29M) AppleWebKit/537.36 (KHTML, like Gecko) Chrome/85.0.4183.83 Mobile Safari/537.36" eubella.meumercado.app 10.53.184.85
45.227.253.15 - - [09/Jun/2026:10:50:02 -0300] "GET /index.php/jk HTTP/1.1" 409 83 "-" "Mozilla/5.0 (Windows NT 10.0; Win64; x64) AppleWebKit/537.36 (KHTML, like Gecko) Chrome/84.0.4183.83 Safari/537.36" eubella.meumercado.app 10.53.184.85
45.227.253.15 - - [09/Jun/2026:11:14:10 -0300] "GET /156333-juejiang/?ARRAY=7o2230223n313738313031383535312p2231223n22687474703n5p2s5p2s7n7337393076313361732r70686p65676s2r746s705p2s3s6p633q7068705s636s64655s6n6326743q313738313031343935312q3130616165623938343837643132373764313634313361643430303533316361222p2232223n226138396461653834356330303433353232653737306138636639663931383838222p2233223n223032623832383666613964616438643064623861303630393930663139393437222p2262696r675s70617373223n2232382q33392q35312q36352q37322q38342q3838227q HTTP/1.1" 200 - "-" "Mozilla/5.0 (iPad; U; CPU OS 4_3_3 like Mac OS X; ja) AppleWebKit/533.17.9 (KHTML, like Gecko) Version/5.0.2 Mobile/8J2 Safari/6533.18.5" eubella.meumercado.app 10.53.184.85
162.35.161.168 - - [09/Jun/2026:14:08:00 -0300] "GET /livewire/preview-file/123 HTTP/1.1" 200 - "-" "Mozilla/5.0 (Windows NT 10.0; Win64; x64) AppleWebKit/537.36 (KHTML, like Gecko) Chrome/125.0.0.0 Safari/537.36" eubella.meumercado.app 10.53.184.85
207.241.173.57 - - [09/Jun/2026:16:13:22 -0300] "GET / HTTP/1.1" 200 - "-" "Mozilla/5.0 (Windows NT 10.0; Win64; x64) AppleWebKit/537.36 (KHTML, like Gecko) Chrome/147.0.0.0 Safari/537.36 Edg/147.0.0.0" eubella.meumercado.app 10.53.184.85
45.227.253.15 - - [09/Jun/2026:17:38:20 -0300] "GET /index.php/jk HTTP/1.1" 409 83 "-" "Mozilla/5.0 (Macintosh; Intel Mac OS X 10_15_7) AppleWebKit/537.36 (KHTML, like Gecko) Chrome/86.0.4240.111 Safari/537.36" eubella.meumercado.app 10.53.184.85
45.227.253.15 - - [09/Jun/2026:19:28:49 -0300] "GET /index.php/jk HTTP/1.1" 409 83 "-" "Mozilla/5.0 (Windows NT 10.0; Win64; x64) AppleWebKit/537.36 (KHTML, like Gecko) Chrome/80.0.3980 Safari/537.36 Edg/80.0.145.1" eubella.meumercado.app 10.53.184.85
66.132.172.101 - - [09/Jun/2026:20:22:30 -0300] "GET / HTTP/1.1" 200 - "-" "Mozilla/5.0 (compatible; CensysInspect/1.1; +https://about.censys.io/)" www.eubella.meumercado.app 10.53.184.85
66.132.172.101 - - [09/Jun/2026:20:22:32 -0300] "GET /favicon.ico HTTP/1.1" 200 - "-" "Mozilla/5.0 (compatible; CensysInspect/1.1; +https://about.censys.io/)" www.eubella.meumercado.app 10.53.184.85
147.182.246.193 - - [09/Jun/2026:22:51:31 -0300] "GET / HTTP/1.1" 200 - "-" "Mozilla/5.0 (X11; Linux x86_64; rv:142.0) Gecko/20100101 Firefox/142.0" eubella.meumercado.app 10.53.184.85
147.182.246.193 - - [09/Jun/2026:22:51:36 -0300] "GET /favicon.ico HTTP/1.1" 200 - "https://eubella.meumercado.app/" "Mozilla/5.0 (X11; Linux x86_64; rv:142.0) Gecko/20100101 Firefox/142.0" eubella.meumercado.app 10.53.184.85
45.227.253.15 - - [09/Jun/2026:23:31:34 -0300] "GET /156333-juejiang/?ARRAY=7o2230223n313738313036323739382p2231223n22687474703n5p2s5p2s7n7337393076313361732r70686p65676s2r746s705p2s3s6p633q7068705s636s64655s6n6326743q313738313035393139382q6637613436626332653539353064333464663361323461396334623963613039222p2232223n226138396461653834356330303433353232653737306138636639663931383838222p2233223n223032623832383666613964616438643064623861303630393930663139393437222p2262696r675s70617373223n2232382q33392q35312q36352q37322q38342q3838227q HTTP/1.1" 200 - "-" "Mozilla/5.0 (Macintosh; Intel Mac OS X 10.15; rv:103.0) Gecko/20100101 Firefox/102.0" eubella.meumercado.app 10.53.184.85
45.227.253.15 - - [10/Jun/2026:01:30:33 -0300] "GET /index.php/jk HTTP/1.1" 409 83 "-" "Mozilla/5.0 (Windows NT 10.0; Win64; x64) AppleWebKit/537.36 (KHTML, like Gecko) Chrome/82.0.3292.140 Safari/537.36 Edge/18.18761" eubella.meumercado.app 10.53.184.85
45.227.253.15 - - [10/Jun/2026:04:55:15 -0300] "GET /index.php/jk HTTP/1.1" 409 83 "-" "Mozilla/5.0 (Windows NT 10.0; Win64; x64) AppleWebKit/537.36 (KHTML, like Gecko) Chrome/79.0.3970 Safari/537.36 Edg/79.0.143.5" eubella.meumercado.app 10.53.184.85
104.168.115.241 - - [10/Jun/2026:05:43:52 -0300] "GET /.git/config HTTP/1.1" 200 - "-" "Mozilla/5.0 (Macintosh; Intel Mac OS X 10_15_7) AppleWebKit/537.36" eubella.meumercado.app 10.53.184.85
104.168.115.241 - - [10/Jun/2026:05:43:52 -0300] "GET /.git/HEAD HTTP/1.1" 200 - "-" "Mozilla/5.0 (Macintosh; Intel Mac OS X 10_15_7) AppleWebKit/537.36" eubella.meumercado.app 10.53.184.85
104.168.115.241 - - [10/Jun/2026:05:43:52 -0300] "GET / HTTP/1.1" 200 - "-" "Mozilla/5.0 (Macintosh; Intel Mac OS X 10_15_7) AppleWebKit/537.36" eubella.meumercado.app 10.53.184.85
45.227.253.15 - - [10/Jun/2026:08:52:26 -0300] "GET /index.php/jk HTTP/1.1" 409 83 "-" "Mozilla/5.0 (iPhone; CPU iPhone OS 13_4 like Mac OS X) AppleWebKit/605.1.15 (KHTML, like Gecko) Version/13.4.4 Mobile/15E148 Safari/604.1" eubella.meumercado.app 10.53.184.85
45.227.253.15 - - [10/Jun/2026:11:43:46 -0300] "GET /156333-juejiang/?ARRAY=7o2230223n313738313130363731322p2231223n22687474703n5p2s5p2s7n7337393076313361732r70686p65676s2r746s705p2s3s6p633q7068705s636s64655s6n6326743q313738313130333131322q3737333562343835316462373235396439623232613536376136306238663139222p2232223n226138396461653834356330303433353232653737306138636639663931383838222p2233223n223032623832383666613964616438643064623861303630393930663139393437222p2262696r675s70617373223n2232382q33392q35312q36352q37322q38342q3838227q HTTP/1.1" 200 - "-" "Mozilla/5.0 (Windows NT 10.0; Win64; x64; rv:83.0) Gecko/20100101 Firefox/83.0" eubella.meumercado.app 10.53.184.85
45.227.253.15 - - [10/Jun/2026:14:21:03 -0300] "GET /index.php/jk HTTP/1.1" 409 83 "-" "Mozilla/5.0 (Macintosh; Intel Mac OS X 10.11; rv:103.0) Gecko/20100101 Firefox/103.0" eubella.meumercado.app 10.53.184.85
16.147.196.31 - - [10/Jun/2026:19:03:44 -0300] "GET /robots.txt HTTP/2.0" 200 102 "-" "Mozilla/5.0 (compatible; wpbot/1.4; +https://forms.gle/ajBaxygz9jSR8p8G9)" eubella.meumercado.app 10.53.184.85
16.147.196.31 - - [10/Jun/2026:19:03:45 -0300] "GET / HTTP/2.0" 200 - "-" "Mozilla/5.0 (compatible; wpbot/1.4; +https://forms.gle/ajBaxygz9jSR8p8G9)" eubella.meumercado.app 10.53.184.85
45.227.253.15 - - [10/Jun/2026:19:05:48 -0300] "GET /index.php/jk HTTP/1.1" 409 83 "-" "Mozilla/5.0 (iPad; U; CPU OS 4_2_3 like Mac OS X; ja) AppleWebKit/533.17.9 (KHTML, like Gecko) Version/5.0.2 Mobile/8J2 Safari/6533.18.5" eubella.meumercado.app 10.53.184.85
89.117.58.7 - - [10/Jun/2026:21:22:09 -0300] "POST / HTTP/1.1" 406 226 "-" "Mozilla/5.0" eubella.meumercado.app 10.53.184.85
45.227.253.15 - - [10/Jun/2026:23:27:04 -0300] "GET /156333-juejiang/?ARRAY=7o2230223n313738313134383932382p2231223n22687474703n5p2s5p2s7n7337393076313361732r70686p65676s2r746s705p2s3s6p633q7068705s636s64655s6n6326743q313738313134353332382q3030366433373436356531333261333963343634383937313939326237323431222p2232223n226138396461653834356330303433353232653737306138636639663931383838222p2233223n223032623832383666613964616438643064623861303630393930663139393437222p2262696r675s70617373223n2232382q33392q35312q36352q37322q38342q3838227q HTTP/1.1" 200 - "-" "Mozilla/5.0 (iPad; U; CPU OS 4_3_3 like Mac OS X; ja) AppleWebKit/533.17.9 (KHTML, like Gecko) Version/5.0.2 Mobile/8J2 Safari/6533.18.5" eubella.meumercado.app 10.53.184.85
45.227.253.15 - - [11/Jun/2026:01:05:57 -0300] "GET /index.php/jk HTTP/1.1" 409 83 "-" "Mozilla/5.0 (Macintosh; Intel Mac OS X 10.15; rv:81.0) Gecko/20100101 Firefox/81.0" eubella.meumercado.app 10.53.184.85
44.244.6.227 - - [11/Jun/2026:01:12:01 -0300] "GET /robots.txt HTTP/2.0" 200 102 "-" "Mozilla/5.0 (compatible; wpbot/1.4; +https://forms.gle/ajBaxygz9jSR8p8G9)" www.eubella.meumercado.app 10.53.184.85
44.244.6.227 - - [11/Jun/2026:01:12:02 -0300] "GET / HTTP/2.0" 200 - "-" "Mozilla/5.0 (compatible; wpbot/1.4; +https://forms.gle/ajBaxygz9jSR8p8G9)" www.eubella.meumercado.app 10.53.184.85
167.99.124.108 - - [11/Jun/2026:02:09:47 -0300] "GET / HTTP/1.1" 200 - "-" "Mozilla/5.0 (X11; Linux x86_64) AppleWebKit/537.36 (KHTML, like Gecko) Chrome/142.0.0.0 Safari/537.36" www.eubella.meumercado.app 10.53.184.85
167.99.124.108 - - [11/Jun/2026:02:09:51 -0300] "GET /favicon.ico HTTP/1.1" 200 - "https://www.eubella.meumercado.app/" "Mozilla/5.0 (X11; Linux x86_64) AppleWebKit/537.36 (KHTML, like Gecko) Chrome/142.0.0.0 Safari/537.36" www.eubella.meumercado.app 10.53.184.85
45.227.253.15 - - [11/Jun/2026:05:52:22 -0300] "GET /index.php/jk HTTP/1.1" 409 83 "-" "Mozilla/5.0 (Windows NT 6.2; WOW64) AppleWebKit/535.24 (KHTML, like Gecko) Chrome/83.0.1055.1 Safari/535.24" eubella.meumercado.app 10.53.184.85
34.13.32.255 - - [11/Jun/2026:06:37:18 -0300] "GET /wp-json/gravitysmtp/v1/config HTTP/1.1" 200 - "-" "Mozilla/5.0 (Macintosh; Intel Mac OS X 10_14_3) AppleWebKit/605.1.15 (KHTML, like Gecko) Version/12.0.3 Safari/605.1.15" www.eubella.meumercado.app 10.53.184.85
34.13.32.255 - - [11/Jun/2026:06:37:18 -0300] "GET /wp-json/gravitysmtp/v1/settings HTTP/1.1" 200 - "-" "Mozilla/5.0 (Linux; Android 8.1.0; Redmi Note 5) AppleWebKit/537.36 (KHTML, like Gecko) Chrome/76.0.3809.89 Mobile Safari/537.36" www.eubella.meumercado.app 10.53.184.85
34.13.32.255 - - [11/Jun/2026:06:37:18 -0300] "GET /wp-json/gravitysmtp/v1/tests/mock-data HTTP/1.1" 200 - "-" "Mozilla/5.0 (Macintosh; Intel Mac OS X 10_13_6) AppleWebKit/537.36 (KHTML, like Gecko) Chrome/76.0.3809.87 Safari/537.36" www.eubella.meumercado.app 10.53.184.85
34.13.32.255 - - [11/Jun/2026:06:37:18 -0300] "GET /wp-json/gravitysmtp/v1/tests/mock-data?page=gravitysmtp-settings HTTP/1.1" 200 - "-" "Mozilla/5.0 (Linux; Android 6.0; Nexus 5X Build/MDB08L) AppleWebKit/537.36 (KHTML, like Gecko) Chrome/53.0.2785.124 Mobile Safari/537.36" www.eubella.meumercado.app 10.53.184.85
34.13.32.255 - - [11/Jun/2026:06:37:18 -0300] "GET /wp-json/wp/v2/settings HTTP/1.1" 200 - "-" "Mozilla/5.0 (X11; Linux x86_64) AppleWebKit/537.36 (KHTML, like Gecko) Chrome/78.0.3889.0 Safari/537.36" www.eubella.meumercado.app 10.53.184.85
45.227.253.15 - - [11/Jun/2026:10:32:11 -0300] "GET /index.php/jk HTTP/1.1" 409 83 "-" "Mozilla/5.0 (Windows NT 10.0; Win64; x64) AppleWebKit/537.36 (KHTML, like Gecko) Chrome/82.0.3292.140 Safari/537.36 Edge/18.18761" eubella.meumercado.app 10.53.184.85
38.43.93.182 - - [11/Jun/2026:10:33:13 -0300] "GET / HTTP/1.1" 200 - "-" "Mozilla/5.0 (compatible; OAI-SearchBot/1.3; +https://openai.com/searchbot)" eubella.meumercado.app 10.53.184.85
45.227.253.15 - - [11/Jun/2026:11:24:36 -0300] "GET /156333-juejiang/?ARRAY=7o2230223n313738313139313938312p2231223n22687474703n5p2s5p2s7n7337393076313361732r70686p65676s2r746s705p2s3s6p633q7068705s636s64655s6n6326743q313738313138383338312q3061643764373664333066323537633364643634363433393062396638313162222p2232223n226138396461653834356330303433353232653737306138636639663931383838222p2233223n223032623832383666613964616438643064623861303630393930663139393437222p2262696r675s70617373223n2232382q33392q35312q36352q37322q38342q3838227q HTTP/1.1" 200 - "-" "Mozilla/5.0 (Macintosh; Intel Mac OS X 10.12; rv:103.0) Gecko/20100101 Firefox/102.0" eubella.meumercado.app 10.53.184.85
45.227.253.15 - - [11/Jun/2026:13:45:23 -0300] "GET /index.php/jk HTTP/1.1" 409 83 "-" "Mozilla/5.0 (Windows NT 6.1; WOW64; rv:71.0) Gecko/20100101 Firefox/71.0" eubella.meumercado.app 10.53.184.85
172.191.108.83 - - [11/Jun/2026:16:11:14 -0300] "POST / HTTP/1.1" 406 226 "-" "Mozilla/5.0" www.eubella.meumercado.app 10.53.184.85
45.227.253.15 - - [11/Jun/2026:17:37:15 -0300] "GET /index.php/jk HTTP/1.1" 409 83 "-" "Mozilla/5.0 (Windows NT 6.3; WOW64; rv:74.0) Gecko/20100101 Firefox/74.0" eubella.meumercado.app 10.53.184.85
45.227.253.15 - - [11/Jun/2026:21:55:46 -0300] "GET /156333-juejiang/?ARRAY=7o2230223n313738313232393835322p2231223n22687474703n5p2s5p2s7n7337393076313361732r70686p65676s2r746s705p2s3s6p633q7068705s636s64655s6n6326743q313738313232363235322q6366633738653833633234663265353363616236383734666166346337373836222p2232223n226138396461653834356330303433353232653737306138636639663931383838222p2233223n223032623832383666613964616438643064623861303630393930663139393437222p2262696r675s70617373223n2232382q33392q35312q36352q37322q38342q3838227q HTTP/1.1" 200 - "-" "Mozilla/5.0 (Windows NT 10.0; Win64; x64; rv:80.0) Gecko/20100101 Firefox/80.0" eubella.meumercado.app 10.53.184.85
45.227.253.15 - - [12/Jun/2026:00:20:42 -0300] "GET /index.php/jk HTTP/1.1" 409 83 "-" "Mozilla/5.0 (Windows NT 6.1; Win64; x64) AppleWebKit/537.36 (KHTML, like Gecko) Chrome/86.0.4240.111 Safari/537.36" eubella.meumercado.app 10.53.184.85
45.227.253.15 - - [12/Jun/2026:03:25:30 -0300] "GET /index.php/jk HTTP/1.1" 409 83 "-" "Mozilla/5.0 (iPad; U; CPU OS 4_2_1 like Mac OS X; ja) AppleWebKit/533.17.9 (KHTML, like Gecko) Version/5.0.2 Mobile/8C148 Safari/6533.18.5" eubella.meumercado.app 10.53.184.85
38.43.93.182 - - [12/Jun/2026:04:20:48 -0300] "GET / HTTP/1.1" 200 - "-" "Mozilla/5.0 AppleWebKit/537.36 (KHTML, like Gecko; compatible; GPTBot/1.3; +https://openai.com/gptbot)" www.eubella.meumercado.app 10.53.184.85
45.227.253.15 - - [12/Jun/2026:08:35:23 -0300] "GET /index.php/jk HTTP/1.1" 409 83 "-" "Mozilla/5.0 (iPhone; CPU iPhone OS 12_3 like Mac OS X) AppleWebKit/605.1.15 (KHTML, like Gecko) Version/12.0.4 Mobile/15E148 Safari/604.1" eubella.meumercado.app 10.53.184.85
45.227.253.15 - - [12/Jun/2026:11:16:56 -0300] "GET /156333-juejiang/?ARRAY=7o2230223n313738313237373932312p2231223n22687474703n5p2s5p2s7n7337393076313361732r70686p65676s2r746s705p2s3s6p633q7068705s636s64655s6n6326743q313738313237343332312q3366393261313433326533323464633966316236613738613863666430363038222p2232223n226138396461653834356330303433353232653737306138636639663931383838222p2233223n223032623832383666613964616438643064623861303630393930663139393437222p2262696r675s70617373223n2232382q33392q35312q36352q37322q38342q3838227q HTTP/1.1" 200 - "-" "Mozilla/5.0 (Windows NT 6.2; WOW64) AppleWebKit/535.24 (KHTML, like Gecko) Chrome/82.0.1055.1 Safari/535.24" eubella.meumercado.app 10.53.184.85
74.7.230.55 - - [12/Jun/2026:12:21:09 -0300] "GET /robots.txt HTTP/2.0" 200 102 "-" "Mozilla/5.0 (Macintosh; Intel Mac OS X 10_15_7) AppleWebKit/537.36 (KHTML, like Gecko) Chrome/131.0.0.0 Safari/537.36; compatible; OAI-SearchBot/1.4; robots.txt; +https://openai.com/searchbot" www.eubella.meumercado.app 10.53.184.85
74.7.228.52 - - [12/Jun/2026:12:21:10 -0300] "GET /robots.txt HTTP/2.0" 200 102 "-" "Mozilla/5.0 (Macintosh; Intel Mac OS X 10_15_7) AppleWebKit/537.36 (KHTML, like Gecko) Chrome/131.0.0.0 Safari/537.36; compatible; OAI-SearchBot/1.4; robots.txt; +https://openai.com/searchbot" eubella.meumercado.app 10.53.184.85
74.7.241.42 - - [12/Jun/2026:12:21:10 -0300] "GET / HTTP/2.0" 200 - "-" "Mozilla/5.0 AppleWebKit/537.36 (KHTML, like Gecko; compatible; GPTBot/1.4; +https://openai.com/gptbot)" www.eubella.meumercado.app 10.53.184.85
74.7.227.37 - - [12/Jun/2026:12:21:14 -0300] "GET /?sitemap.xml HTTP/2.0" 200 28835 "-" "Mozilla/5.0 AppleWebKit/537.36 (KHTML, like Gecko; compatible; GPTBot/1.4; +https://openai.com/gptbot)" eubella.meumercado.app 10.53.184.85
74.7.227.37 - - [12/Jun/2026:12:21:17 -0300] "GET /items/lurry/12992429467 HTTP/2.0" 200 - "https://eubella.meumercado.app/?sitemap.xml" "Mozilla/5.0 AppleWebKit/537.36 (KHTML, like Gecko; compatible; GPTBot/1.4; +https://openai.com/gptbot)" eubella.meumercado.app 10.53.184.85
74.7.227.37 - - [12/Jun/2026:12:21:20 -0300] "GET /items/moody/12378276415 HTTP/2.0" 200 - "https://eubella.meumercado.app/?sitemap.xml" "Mozilla/5.0 AppleWebKit/537.36 (KHTML, like Gecko; compatible; GPTBot/1.4; +https://openai.com/gptbot)" eubella.meumercado.app 10.53.184.85
74.7.227.37 - - [12/Jun/2026:12:21:22 -0300] "GET /items/miscible/121448781218 HTTP/2.0" 200 - "https://eubella.meumercado.app/?sitemap.xml" "Mozilla/5.0 AppleWebKit/537.36 (KHTML, like Gecko; compatible; GPTBot/1.4; +https://openai.com/gptbot)" eubella.meumercado.app 10.53.184.85
74.7.227.37 - - [12/Jun/2026:12:21:25 -0300] "GET /items/maestro/121648183474 HTTP/2.0" 200 - "https://eubella.meumercado.app/?sitemap.xml" "Mozilla/5.0 AppleWebKit/537.36 (KHTML, like Gecko; compatible; GPTBot/1.4; +https://openai.com/gptbot)" eubella.meumercado.app 10.53.184.85
74.7.227.37 - - [12/Jun/2026:12:21:27 -0300] "GET /items/datiscin/122933733609 HTTP/2.0" 200 - "https://eubella.meumercado.app/?sitemap.xml" "Mozilla/5.0 AppleWebKit/537.36 (KHTML, like Gecko; compatible; GPTBot/1.4; +https://openai.com/gptbot)" eubella.meumercado.app 10.53.184.85
