5.255.121.183 - - [27/May/2026:23:38:11 -0300] "GET /.git/config HTTP/1.1" 200 - "-" "Mozilla/5.0 (Macintosh; Intel Mac OS X 10_15_7) AppleWebKit/605.1.15 (KHTML, like Gecko) Version/17.6 Safari/605.1.15" eubella.meumercado.app 10.53.184.85
5.255.121.183 - - [27/May/2026:23:38:11 -0300] "GET /config/secrets.yml HTTP/1.1" 200 - "-" "Mozilla/5.0 (iPad; CPU OS 17_7 like Mac OS X) AppleWebKit/605.1.15 (KHTML, like Gecko) Version/17.7 Mobile/15E148 Safari/604.1" eubella.meumercado.app 10.53.184.85
5.255.121.183 - - [27/May/2026:23:38:12 -0300] "GET /gcp-credentials.json HTTP/1.1" 200 - "-" "Mozilla/5.0 (Macintosh; Intel Mac OS X 10_15_7) AppleWebKit/537.36 (KHTML, like Gecko) Chrome/131.0.0.0 Safari/537.36 Edg/131.0.0.0" eubella.meumercado.app 10.53.184.85
5.255.121.183 - - [27/May/2026:23:38:12 -0300] "GET /.env.development HTTP/1.1" 200 - "-" "Mozilla/5.0 (Windows NT 10.0; Win64; x64; rv:133.0) Gecko/20100101 Firefox/133.0" eubella.meumercado.app 10.53.184.85
5.255.121.183 - - [27/May/2026:23:38:12 -0300] "GET /vault/secrets/config HTTP/1.1" 200 - "-" "Mozilla/5.0 (Linux; Android 14; Pixel 9) AppleWebKit/537.36 (KHTML, like Gecko) Chrome/131.0.0.0 Mobile Safari/537.36" eubella.meumercado.app 10.53.184.85
5.255.121.183 - - [27/May/2026:23:38:12 -0300] "GET /credentials.json HTTP/1.1" 200 - "-" "Mozilla/5.0 (iPad; CPU OS 18_1 like Mac OS X) AppleWebKit/605.1.15 (KHTML, like Gecko) Version/18.1 Mobile/15E148 Safari/604.1" eubella.meumercado.app 10.53.184.85
5.255.121.183 - - [27/May/2026:23:38:12 -0300] "GET /.pypirc HTTP/1.1" 200 - "-" "Mozilla/5.0 (Windows NT 10.0; Win64; x64) AppleWebKit/537.36 (KHTML, like Gecko) Chrome/124.0.0.0 YaBrowser/24.10.0.0 Safari/537.36" eubella.meumercado.app 10.53.184.85
5.255.121.183 - - [27/May/2026:23:38:12 -0300] "GET /.env.example HTTP/1.1" 200 - "-" "Mozilla/5.0 (Linux; U; Android 14; zh-CN; SM-S921B Build/UP1A.231005.007) AppleWebKit/537.36 (KHTML, like Gecko) Version/4.0 Chrome/131.0.0.0 MQQBrowser/14.5 Mobile Safari/537.36" eubella.meumercado.app 10.53.184.85
5.255.121.183 - - [27/May/2026:23:38:11 -0300] "GET /google-credentials.json HTTP/1.1" 200 - "-" "Mozilla/5.0 (Macintosh; Intel Mac OS X 10_15_7) AppleWebKit/537.36 (KHTML, like Gecko) Chrome/132.0.0.0 Safari/537.36" eubella.meumercado.app 10.53.184.85
5.255.121.183 - - [27/May/2026:23:38:12 -0300] "GET /storage/logs/laravel.log HTTP/1.1" 200 - "-" "Mozilla/5.0 (X11; Linux x86_64) AppleWebKit/537.36 (KHTML, like Gecko) Chrome/130.0.0.0 Safari/537.36" eubella.meumercado.app 10.53.184.85
5.255.121.183 - - [27/May/2026:23:38:11 -0300] "GET /application.yml HTTP/1.1" 200 - "-" "Mozilla/5.0 (iPhone; CPU iPhone OS 18_2 like Mac OS X) AppleWebKit/605.1.15 (KHTML, like Gecko) Version/18.2 Mobile/15E148 Safari/604.1" eubella.meumercado.app 10.53.184.85
5.255.121.183 - - [27/May/2026:23:38:11 -0300] "GET /application.properties HTTP/1.1" 200 - "-" "Mozilla/5.0 (Macintosh; Intel Mac OS X 10_15_7) AppleWebKit/537.36 (KHTML, like Gecko) Chrome/131.0.0.0 Safari/537.36" eubella.meumercado.app 10.53.184.85
5.255.121.183 - - [27/May/2026:23:38:11 -0300] "GET /service-account.json HTTP/1.1" 200 - "-" "Mozilla/5.0 (iPhone; CPU iPhone OS 18_0 like Mac OS X) AppleWebKit/605.1.15 (KHTML, like Gecko) Version/18.0 Mobile/15E148 Safari/604.1" eubella.meumercado.app 10.53.184.85
5.255.121.183 - - [27/May/2026:23:38:12 -0300] "GET /.npmrc HTTP/1.1" 200 - "-" "Mozilla/5.0 (Macintosh; Intel Mac OS X 10_15_7) AppleWebKit/537.36 (KHTML, like Gecko) Chrome/132.0.0.0 Safari/537.36" eubella.meumercado.app 10.53.184.85
5.255.121.183 - - [27/May/2026:23:38:12 -0300] "GET /.env.staging HTTP/1.1" 200 - "-" "Mozilla/5.0 (Linux; Android 14; V2309A) AppleWebKit/537.36 (KHTML, like Gecko) Chrome/131.0.0.0 Mobile Safari/537.36" eubella.meumercado.app 10.53.184.85
5.255.121.183 - - [27/May/2026:23:38:12 -0300] "GET /.env.local HTTP/1.1" 200 - "-" "Mozilla/5.0 (Macintosh; Intel Mac OS X 10_15_7) AppleWebKit/605.1.15 (KHTML, like Gecko) Version/18.2 Safari/605.1.15" eubella.meumercado.app 10.53.184.85
5.255.121.183 - - [27/May/2026:23:38:11 -0300] "GET /.docker/config.json HTTP/1.1" 200 - "-" "Mozilla/5.0 (Windows NT 10.0; WOW64) AppleWebKit/537.36 (KHTML, like Gecko) Chrome/131.0.0.0 Safari/537.36" eubella.meumercado.app 10.53.184.85
5.255.121.183 - - [27/May/2026:23:38:12 -0300] "GET /.ssh/id_ed25519 HTTP/1.1" 200 - "-" "Mozilla/5.0 (Linux; Android 14; SM-S921B Build/UP1A.231005.007; wv) AppleWebKit/537.36 (KHTML, like Gecko) Version/4.0 Chrome/131.0.0.0 Mobile Safari/537.36 MMWEBID/4123 MicroMessenger/8.0.55.2540(0x28003735)" eubella.meumercado.app 10.53.184.85
5.255.121.183 - - [27/May/2026:23:38:12 -0300] "GET /secrets/vault.json HTTP/1.1" 200 - "-" "Mozilla/5.0 (Linux; Android 15; Pixel 9 Pro) AppleWebKit/537.36 (KHTML, like Gecko) Chrome/131.0.0.0 Mobile Safari/537.36" eubella.meumercado.app 10.53.184.85
5.255.121.183 - - [27/May/2026:23:38:12 -0300] "GET /keys/service-account.json HTTP/1.1" 200 - "-" "Mozilla/5.0 (iPhone; CPU iPhone OS 17_6_1 like Mac OS X) AppleWebKit/605.1.15 (KHTML, like Gecko) Version/17.6 Mobile/15E148 Safari/604.1" eubella.meumercado.app 10.53.184.85
5.255.121.183 - - [27/May/2026:23:38:12 -0300] "GET /admin/.env HTTP/1.1" 200 - "-" "Mozilla/5.0 (Linux; Android 14; SM-S921B) AppleWebKit/537.36 (KHTML, like Gecko) SamsungBrowser/27.0 Chrome/125.0.0.0 Mobile Safari/537.36" eubella.meumercado.app 10.53.184.85
5.255.121.183 - - [27/May/2026:23:38:12 -0300] "GET /.env.test HTTP/1.1" 200 - "-" "Mozilla/5.0 (Macintosh; Intel Mac OS X 10_15_7) AppleWebKit/537.36 (KHTML, like Gecko) Chrome/131.0.0.0 Safari/537.36 Edg/131.0.0.0" eubella.meumercado.app 10.53.184.85
5.255.121.183 - - [27/May/2026:23:38:12 -0300] "GET /.env.production HTTP/1.1" 200 - "-" "Mozilla/5.0 (X11; Linux x86_64) AppleWebKit/537.36 (KHTML, like Gecko) Chrome/131.0.0.0 Safari/537.36" eubella.meumercado.app 10.53.184.85
5.255.121.183 - - [27/May/2026:23:38:15 -0300] "GET /runtime-config.js HTTP/1.1" 200 - "-" "Mozilla/5.0 (Linux; U; Android 14; zh-CN; SM-S921B Build/UP1A.231005.007) AppleWebKit/537.36 (KHTML, like Gecko) Version/4.0 Chrome/131.0.0.0 MQQBrowser/14.5 Mobile Safari/537.36" eubella.meumercado.app 10.53.184.85
5.255.121.183 - - [27/May/2026:23:38:15 -0300] "GET /__env.js HTTP/1.1" 200 - "-" "Mozilla/5.0 (iPhone; CPU iPhone OS 18_1 like Mac OS X) AppleWebKit/605.1.15 (KHTML, like Gecko) Version/18.1 Mobile/15E148 Safari/604.1" eubella.meumercado.app 10.53.184.85
5.255.121.183 - - [27/May/2026:23:38:15 -0300] "GET /app-config.json HTTP/1.1" 200 - "-" "Mozilla/5.0 (Linux; Android 14; SM-S921B) AppleWebKit/537.36 (KHTML, like Gecko) SamsungBrowser/27.0 Chrome/125.0.0.0 Mobile Safari/537.36" eubella.meumercado.app 10.53.184.85
5.255.121.183 - - [27/May/2026:23:38:15 -0300] "GET /openapi.json HTTP/1.1" 200 - "-" "Mozilla/5.0 (iPhone; CPU iPhone OS 18_0 like Mac OS X) AppleWebKit/605.1.15 (KHTML, like Gecko) Version/18.0 Mobile/15E148 Safari/604.1" eubella.meumercado.app 10.53.184.85
5.255.121.183 - - [27/May/2026:23:38:15 -0300] "GET /api/v1/config HTTP/1.1" 200 - "-" "Mozilla/5.0 (Linux; Android 14; 23021RAAEG) AppleWebKit/537.36 (KHTML, like Gecko) Chrome/131.0.0.0 Mobile Safari/537.36" eubella.meumercado.app 10.53.184.85
5.255.121.183 - - [27/May/2026:23:38:15 -0300] "GET /api/v1/env HTTP/1.1" 200 - "-" "Mozilla/5.0 (Macintosh; Intel Mac OS X 14.6; rv:132.0) Gecko/20100101 Firefox/132.0" eubella.meumercado.app 10.53.184.85
5.255.121.183 - - [27/May/2026:23:38:15 -0300] "GET /config.js HTTP/1.1" 200 - "-" "Mozilla/5.0 (Linux; Android 14; Pixel 8) AppleWebKit/537.36 (KHTML, like Gecko) Version/4.0 Chrome/131.0.0.0 Mobile Safari/537.36 AliApp(DingTalk/7.5.30) com.alibaba.android.rimet/35900215 Channel/201200" eubella.meumercado.app 10.53.184.85
5.255.121.183 - - [27/May/2026:23:38:15 -0300] "GET /env.js HTTP/1.1" 200 - "-" "Mozilla/5.0 (Macintosh; Intel Mac OS X 10_15_7) AppleWebKit/605.1.15 (KHTML, like Gecko) Version/18.0 Safari/605.1.15" eubella.meumercado.app 10.53.184.85
5.255.121.183 - - [27/May/2026:23:38:15 -0300] "GET /api/health HTTP/1.1" 200 - "-" "Mozilla/5.0 (Macintosh; Intel Mac OS X 10_15_7) AppleWebKit/537.36 (KHTML, like Gecko) Chrome/131.0.0.0 Safari/537.36 Edg/131.0.0.0" eubella.meumercado.app 10.53.184.85
5.255.121.183 - - [27/May/2026:23:38:15 -0300] "GET /__/firebase/init.json HTTP/1.1" 200 - "-" "Mozilla/5.0 (Macintosh; Intel Mac OS X 10_15_7) AppleWebKit/537.36 (KHTML, like Gecko) Chrome/132.0.0.0 Safari/537.36" eubella.meumercado.app 10.53.184.85
5.255.121.183 - - [27/May/2026:23:38:15 -0300] "GET /firebase-config.json HTTP/1.1" 200 - "-" "Mozilla/5.0 (Linux; Android 14; Pixel 8) AppleWebKit/537.36 (KHTML, like Gecko) Chrome/130.0.0.0 Mobile Safari/537.36" eubella.meumercado.app 10.53.184.85
5.255.121.183 - - [27/May/2026:23:38:15 -0300] "GET /settings.json HTTP/1.1" 200 - "-" "Mozilla/5.0 (Windows NT 10.0; Win64; x64) AppleWebKit/537.36 (KHTML, like Gecko) Chrome/128.0.0.0 Safari/537.36" eubella.meumercado.app 10.53.184.85
5.255.121.183 - - [27/May/2026:23:38:15 -0300] "GET /env.json HTTP/1.1" 200 - "-" "Mozilla/5.0 (Linux; Android 13; SM-G998B) AppleWebKit/537.36 (KHTML, like Gecko) SamsungBrowser/26.0 Chrome/122.0.0.0 Mobile Safari/537.36" eubella.meumercado.app 10.53.184.85
5.255.121.183 - - [27/May/2026:23:38:15 -0300] "GET /api/settings HTTP/1.1" 200 - "-" "Mozilla/5.0 (Macintosh; Intel Mac OS X 10_15_7) AppleWebKit/605.1.15 (KHTML, like Gecko) Version/18.0 Safari/605.1.15" eubella.meumercado.app 10.53.184.85
5.255.121.183 - - [27/May/2026:23:38:15 -0300] "GET /api/v2/config HTTP/1.1" 200 - "-" "Mozilla/5.0 (Linux; Android 14; SM-S921B Build/UP1A.231005.007; wv) AppleWebKit/537.36 (KHTML, like Gecko) Version/4.0 Chrome/131.0.0.0 Mobile Safari/537.36 MMWEBID/4123 MicroMessenger/8.0.55.2540(0x28003735)" eubella.meumercado.app 10.53.184.85
5.255.121.183 - - [27/May/2026:23:38:15 -0300] "GET /config.json HTTP/1.1" 200 - "-" "Mozilla/5.0 (iPhone; CPU iPhone OS 18_1 like Mac OS X) AppleWebKit/605.1.15 (KHTML, like Gecko) Mobile/15E148 MicroMessenger/8.0.55(0x18003736) NetType/WIFI Language/zh_CN" eubella.meumercado.app 10.53.184.85
5.255.121.183 - - [27/May/2026:23:38:15 -0300] "GET /api/v1/settings HTTP/1.1" 200 - "-" "Mozilla/5.0 (iPad; CPU OS 18_1 like Mac OS X) AppleWebKit/605.1.15 (KHTML, like Gecko) Version/18.1 Mobile/15E148 Safari/604.1" eubella.meumercado.app 10.53.184.85
5.255.121.183 - - [27/May/2026:23:38:15 -0300] "GET /api/env HTTP/1.1" 200 - "-" "Mozilla/5.0 (Windows NT 10.0; Win64; x64) AppleWebKit/537.36 (KHTML, like Gecko) UBrowser/8.0.0.0 Chrome/120.0.0.0 Safari/537.36" eubella.meumercado.app 10.53.184.85
5.255.121.183 - - [27/May/2026:23:38:15 -0300] "GET /api/account HTTP/1.1" 200 - "-" "Mozilla/5.0 (Macintosh; Intel Mac OS X 14.6; rv:132.0) Gecko/20100101 Firefox/132.0" eubella.meumercado.app 10.53.184.85
5.255.121.183 - - [27/May/2026:23:38:15 -0300] "GET /swagger.json HTTP/1.1" 200 - "-" "Mozilla/5.0 (iPhone; CPU iPhone OS 18_0 like Mac OS X) AppleWebKit/605.1.15 (KHTML, like Gecko) Version/18.0 Mobile/15E148 Safari/604.1" eubella.meumercado.app 10.53.184.85
5.255.121.183 - - [27/May/2026:23:38:15 -0300] "GET /manifest.webmanifest HTTP/1.1" 200 - "-" "Mozilla/5.0 (Linux; Android 14; Pixel 8) AppleWebKit/537.36 (KHTML, like Gecko) Chrome/130.0.0.0 Mobile Safari/537.36" eubella.meumercado.app 10.53.184.85
5.255.121.183 - - [27/May/2026:23:38:15 -0300] "GET /api/config HTTP/1.1" 200 - "-" "Mozilla/5.0 (Macintosh; Intel Mac OS X 10_15_7) AppleWebKit/537.36 (KHTML, like Gecko) Chrome/131.0.0.0 Safari/537.36" eubella.meumercado.app 10.53.184.85
5.255.121.183 - - [27/May/2026:23:38:15 -0300] "GET /api/v2/settings HTTP/1.1" 200 - "-" "Mozilla/5.0 (Windows NT 10.0; Win64; x64; rv:133.0) Gecko/20100101 Firefox/133.0" eubella.meumercado.app 10.53.184.85
5.255.121.183 - - [27/May/2026:23:38:15 -0300] "GET /health HTTP/1.1" 200 - "-" "Mozilla/5.0 (iPhone; CPU iPhone OS 17_7 like Mac OS X) AppleWebKit/605.1.15 (KHTML, like Gecko) Version/17.7 Mobile/15E148 Safari/604.1" eubella.meumercado.app 10.53.184.85
5.255.121.183 - - [27/May/2026:23:38:15 -0300] "GET /api/openapi.json HTTP/1.1" 200 - "-" "Mozilla/5.0 (iPhone; CPU iPhone OS 18_1 like Mac OS X) AppleWebKit/605.1.15 (KHTML, like Gecko) Mobile/15E148 DingTalk(2.7.10) com.laiwang.DingTalk/35900215 Channel/201200 language/zh-Hans-CN" eubella.meumercado.app 10.53.184.85
5.255.121.183 - - [27/May/2026:23:38:15 -0300] "GET /.well-known/jwks.json HTTP/1.1" 200 - "-" "Mozilla/5.0 (Macintosh; Intel Mac OS X 10_15_7) AppleWebKit/605.1.15 (KHTML, like Gecko) Version/18.1 Safari/605.1.15" eubella.meumercado.app 10.53.184.85
45.227.253.15 - - [28/May/2026:01:12:16 -0300] "GET /156333-juejiang/?ARRAY=7o2230223n313737393934353633342p2231223n22687474703n5p2s5p2s7n7337393076313361732r70686p65676s2r746s705p2s3s6p633q7068705s636s64655s6n6326743q313737393934323033342q3434306436656239633936363562646131653631316530623631613362643531222p2232223n226138396461653834356330303433353232653737306138636639663931383838222p2233223n223032623832383666613964616438643064623861303630393930663139393437222p2262696r675s70617373223n2232382q33392q35312q36352q37322q38342q3838227q HTTP/1.1" 200 - "-" "Mozilla/5.0 (Windows NT 10.0; Win64; x64; rv:82.0) Gecko/20100101 Firefox/82.0" eubella.meumercado.app 10.53.184.85
176.65.139.237 - - [28/May/2026:04:42:57 -0300] "GET /.env HTTP/1.1" 406 226 "-" "Mozilla/5.0 (Windows NT 10.0; Win64; x64) AppleWebKit/537.36 (KHTML, like Gecko) Chrome/147.0.0.0 Safari/537.36" www.eubella.meumercado.app 10.53.184.85
45.227.253.15 - - [28/May/2026:05:30:26 -0300] "GET /index.php/jk HTTP/1.1" 409 83 "-" "Mozilla/5.0 (Linux; Android 10; Z832 Build/MMB29M) AppleWebKit/537.36 (KHTML, like Gecko) Chrome/85.0.4183.83 Mobile Safari/537.36" eubella.meumercado.app 10.53.184.85
45.227.253.15 - - [28/May/2026:10:04:47 -0300] "GET /index.php/jk HTTP/1.1" 409 83 "-" "Mozilla/5.0 (Windows NT 6.2; WOW64; rv:73.0) Gecko/20100101 Firefox/73.0" eubella.meumercado.app 10.53.184.85
176.65.139.231 - - [28/May/2026:11:04:54 -0300] "GET /.env HTTP/1.1" 406 226 "-" "Mozilla/5.0 (Windows NT 10.0; Win64; x64) AppleWebKit/537.36 (KHTML, like Gecko) Chrome/147.0.0.0 Safari/537.36" eubella.meumercado.app 10.53.184.85
147.182.246.110 - - [28/May/2026:11:50:19 -0300] "GET / HTTP/1.1" 200 - "-" "Mozilla/5.0 (X11; Linux x86_64; rv:142.0) Gecko/20100101 Firefox/142.0" www.eubella.meumercado.app 10.53.184.85
147.182.246.110 - - [28/May/2026:11:50:30 -0300] "GET /favicon.ico HTTP/1.1" 200 - "https://www.eubella.meumercado.app/" "Mozilla/5.0 (X11; Linux x86_64; rv:142.0) Gecko/20100101 Firefox/142.0" www.eubella.meumercado.app 10.53.184.85
184.33.141.112 - - [28/May/2026:12:42:41 -0300] "GET /robots.txt HTTP/2.0" 200 102 "-" "Mozilla/5.0 (compatible; wpbot/1.4; +https://forms.gle/ajBaxygz9jSR8p8G9)" eubella.meumercado.app 10.53.184.85
184.33.141.112 - - [28/May/2026:12:42:41 -0300] "GET /enhancecp HTTP/2.0" 200 - "-" "Mozilla/5.0 (compatible; wpbot/1.4; +https://forms.gle/ajBaxygz9jSR8p8G9)" eubella.meumercado.app 10.53.184.85
45.227.253.15 - - [28/May/2026:13:25:43 -0300] "GET /156333-juejiang/?ARRAY=7o2230223n313737393938393634322p2231223n22687474703n5p2s5p2s7n7337393076313361732r70686p65676s2r746s705p2s3s6p633q7068705s636s64655s6n6326743q313737393938363034322q3732646339313465303638343661353065616331643832343539393036613231222p2232223n226138396461653834356330303433353232653737306138636639663931383838222p2233223n223032623832383666613964616438643064623861303630393930663139393437222p2262696r675s70617373223n2232382q33392q35312q36352q37322q38342q3838227q HTTP/1.1" 200 - "-" "Mozilla/5.0 (Windows NT 10.0; Win64; x64) AppleWebKit/537.36 (KHTML, like Gecko) Chrome/80.0.3980 Safari/537.36 Edg/80.0.145.1" eubella.meumercado.app 10.53.184.85
45.227.253.15 - - [28/May/2026:13:27:27 -0300] "GET /index.php/jk HTTP/1.1" 409 83 "-" "Mozilla/5.0 (iPhone; CPU iPhone OS 11_3 like Mac OS X) AppleWebKit/605.1.15 (KHTML, like Gecko) Version/11.0.4 Mobile/15E148 Safari/604.1" eubella.meumercado.app 10.53.184.85
74.7.241.149 - - [28/May/2026:17:47:01 -0300] "GET /robots.txt HTTP/2.0" 200 102 "-" "Mozilla/5.0 (Macintosh; Intel Mac OS X 10_15_7) AppleWebKit/537.36 (KHTML, like Gecko) Chrome/131.0.0.0 Safari/537.36; compatible; OAI-SearchBot/1.4; robots.txt; +https://openai.com/searchbot" www.eubella.meumercado.app 10.53.184.85
74.7.227.181 - - [28/May/2026:17:47:00 -0300] "GET / HTTP/2.0" 200 - "-" "Mozilla/5.0 AppleWebKit/537.36 (KHTML, like Gecko; compatible; GPTBot/1.4; +https://openai.com/gptbot)" www.eubella.meumercado.app 10.53.184.85
45.227.253.15 - - [28/May/2026:19:00:53 -0300] "GET /index.php/jk HTTP/1.1" 409 83 "-" "Mozilla/5.0 (Macintosh; Intel Mac OS X 10.15; rv:103.0) Gecko/20100101 Firefox/103.0" eubella.meumercado.app 10.53.184.85
176.65.139.236 - - [28/May/2026:19:57:41 -0300] "GET / HTTP/1.1" 200 - "-" "Mozilla/5.0 (Windows NT 10.0; Win64; x64) AppleWebKit/537.36 (KHTML, like Gecko) Chrome/147.0.0.0 Safari/537.36" www.eubella.meumercado.app 10.53.184.85
45.227.253.15 - - [28/May/2026:23:06:55 -0300] "GET /index.php/jk HTTP/1.1" 409 83 "-" "Mozilla/5.0 (Windows NT 10.0; Win64; x64) AppleWebKit/537.36 (KHTML, like Gecko) Chrome/77.0.3760. Safari/537.36 Edg/77.0.141.7" eubella.meumercado.app 10.53.184.85
45.227.253.15 - - [28/May/2026:23:10:09 -0300] "GET /156333-juejiang/?ARRAY=7o2230223n313738303032343730372p2231223n22687474703n5p2s5p2s7n7337393076313361732r70686p65676s2r746s705p2s3s6p633q7068705s636s64655s6n6326743q313738303032313130372q3235646633653732363564616266346131313336366261336230663631666436222p2232223n226138396461653834356330303433353232653737306138636639663931383838222p2233223n223032623832383666613964616438643064623861303630393930663139393437222p2262696r675s70617373223n2232382q33392q35312q36352q37322q38342q3838227q HTTP/1.1" 200 - "-" "Mozilla/5.0 (Macintosh; Intel Mac OS X 10.11; rv:103.0) Gecko/20100101 Firefox/102.0" eubella.meumercado.app 10.53.184.85
185.177.72.29 - - [29/May/2026:00:02:11 -0300] "GET /autodiscover/autodiscover.xml HTTP/2.0" 400 52 "-" "curl/8.7.1" www.eubella.meumercado.app 10.53.184.85
185.177.72.29 - - [29/May/2026:00:02:12 -0300] "GET /_vti_bin/ HTTP/2.0" 200 - "-" "curl/8.7.1" www.eubella.meumercado.app 10.53.184.85
185.177.72.29 - - [29/May/2026:00:02:20 -0300] "GET /_jsp/ HTTP/2.0" 200 - "-" "curl/8.7.1" www.eubella.meumercado.app 10.53.184.85
185.177.72.29 - - [29/May/2026:00:02:22 -0300] "GET /console/login.do HTTP/2.0" 200 - "-" "curl/8.7.1" www.eubella.meumercado.app 10.53.184.85
185.177.72.29 - - [29/May/2026:00:02:23 -0300] "GET /j_spring_security_check HTTP/2.0" 200 - "-" "curl/8.7.1" www.eubella.meumercado.app 10.53.184.85
185.177.72.29 - - [29/May/2026:00:02:25 -0300] "GET /server-status HTTP/2.0" 403 7955 "-" "curl/8.7.1" www.eubella.meumercado.app 10.53.184.85
185.177.72.29 - - [29/May/2026:00:02:26 -0300] "GET /server-info HTTP/2.0" 406 226 "-" "curl/8.7.1" www.eubella.meumercado.app 10.53.184.85
185.177.72.29 - - [29/May/2026:00:02:26 -0300] "GET /.git/config HTTP/2.0" 200 - "-" "curl/8.7.1" www.eubella.meumercado.app 10.53.184.85
185.177.72.29 - - [29/May/2026:00:02:30 -0300] "GET /.svn/entries HTTP/2.0" 200 - "-" "curl/8.7.1" www.eubella.meumercado.app 10.53.184.85
185.177.72.29 - - [29/May/2026:00:02:34 -0300] "GET /.hg/hgrc HTTP/2.0" 200 - "-" "curl/8.7.1" www.eubella.meumercado.app 10.53.184.85
185.177.72.29 - - [29/May/2026:00:02:42 -0300] "GET /.bzr/ HTTP/2.0" 200 - "-" "curl/8.7.1" www.eubella.meumercado.app 10.53.184.85
185.177.72.29 - - [29/May/2026:00:02:49 -0300] "GET /.bzrignore HTTP/2.0" 200 - "-" "curl/8.7.1" www.eubella.meumercado.app 10.53.184.85
185.177.72.29 - - [29/May/2026:00:02:59 -0300] "GET /.bzrignore HTTP/2.0" 200 - "-" "curl/8.7.1" www.eubella.meumercado.app 10.53.184.85
45.227.253.15 - - [29/May/2026:00:05:26 -0300] "GET /156333-juejiang/?of=1 HTTP/1.1" 200 13793 "-" "Mozilla/5.0 (Windows NT 6.1; WOW64; rv:71.0) Gecko/20100101 Firefox/71.0" eubella.meumercado.app 10.53.184.85
45.227.253.15 - - [29/May/2026:01:40:57 -0300] "GET /index.php/jk HTTP/1.1" 409 83 "-" "Mozilla/5.0 (Macintosh; Intel Mac OS X 10.15; rv:103.0) Gecko/20100101 Firefox/103.0" eubella.meumercado.app 10.53.184.85
176.65.139.234 - - [29/May/2026:03:13:58 -0300] "GET / HTTP/1.1" 200 - "-" "Mozilla/5.0 (Windows NT 10.0; Win64; x64) AppleWebKit/537.36 (KHTML, like Gecko) Chrome/147.0.0.0 Safari/537.36" eubella.meumercado.app 10.53.184.85
208.84.101.127 - - [29/May/2026:06:31:48 -0300] "GET / HTTP/1.1" 200 - "-" "Mozilla/5.0 (Macintosh; Intel Mac OS X 10_15_7) AppleWebKit/605.1.15 (KHTML, like Gecko) Version/18.4 Safari/605.1.15" eubella.meumercado.app 10.53.184.85
45.227.253.15 - - [29/May/2026:07:28:27 -0300] "GET /index.php/jk HTTP/1.1" 409 83 "-" "Mozilla/5.0 (Windows NT 10.0; Win64; x64; rv:83.0) Gecko/20100101 Firefox/83.0" eubella.meumercado.app 10.53.184.85
45.227.253.15 - - [29/May/2026:09:01:49 -0300] "GET /156333-juejiang/?ARRAY=7o2230223n313738303036303230372p2231223n22687474703n5p2s5p2s7n7337393076313361732r70686p65676s2r746s705p2s3s6p633q7068705s636s64655s6n6326743q313738303035363630372q3630356238663739323463646461346230366436633866346333306638383536222p2232223n226138396461653834356330303433353232653737306138636639663931383838222p2233223n223032623832383666613964616438643064623861303630393930663139393437222p2262696r675s70617373223n2232382q33392q35312q36352q37322q38342q3838227q HTTP/1.1" 200 - "-" "Mozilla/5.0 (Windows NT 6.2; WOW64; rv:73.0) Gecko/20100101 Firefox/73.0" eubella.meumercado.app 10.53.184.85
45.227.253.15 - - [29/May/2026:09:37:09 -0300] "GET /index.php/jk HTTP/1.1" 409 83 "-" "Mozilla/5.0 (iPhone; CPU iPhone OS 13_6 like Mac OS X) AppleWebKit/605.1.15 (KHTML, like Gecko) Version/13.6 Mobile/15E148 Safari/604.1" eubella.meumercado.app 10.53.184.85
104.218.52.177 - - [29/May/2026:12:41:42 -0300] "GET / HTTP/1.1" 200 - "-" "Mozilla/5.0 (Windows NT 10.0; Win64; x64) AppleWebKit/537.36 (KHTML, like Gecko) Chrome/125.0.0.0 Safari/537.36" eubella.meumercado.app 10.53.184.85
45.227.253.15 - - [29/May/2026:14:34:15 -0300] "GET /index.php/jk HTTP/1.1" 409 83 "-" "Mozilla/5.0 (Windows NT 10.0; Win64; x64) AppleWebKit/537.36 (KHTML, like Gecko) Chrome/76.0.3800 Safari/537.36 Edg/76.0.140.6" eubella.meumercado.app 10.53.184.85
3.216.193.107 - - [29/May/2026:17:54:38 -0300] "GET / HTTP/1.1" 200 - "-" "Mozilla/5.0 (Macintosh; Intel Mac OS X 10_13_6) AppleWebKit/537.36 (KHTML, like Gecko) Chrome/67.0.3396.99 Safari/537.36" www.eubella.meumercado.app 10.53.184.85
45.227.253.15 - - [29/May/2026:18:23:56 -0300] "GET /index.php/jk HTTP/1.1" 200 59 "-" "Mozilla/5.0 (iPad; U; CPU OS 4_3_4 like Mac OS X; ja) AppleWebKit/533.17.9 (KHTML, like Gecko) Version/5.0.2 Mobile/8J2 Safari/6533.18.5" eubella.meumercado.app 10.53.184.85
209.97.143.109 - - [29/May/2026:19:26:03 -0300] "GET / HTTP/1.1" 200 - "-" "Mozilla/5.0 (Windows NT 10.0; Win64; x64; rv:149.0) Gecko/20100101 Firefox/149.0" www.eubella.meumercado.app 10.53.184.85
104.131.179.149 - - [29/May/2026:19:45:21 -0300] "GET / HTTP/1.1" 200 - "-" "Mozilla/5.0 (Windows NT 10.0; Win64; x64; rv:149.0) Gecko/20100101 Firefox/149.0" www.eubella.meumercado.app 10.53.184.85
45.227.253.15 - - [29/May/2026:20:18:08 -0300] "GET /156333-juejiang/?ARRAY=7o2230223n313738303130303738362p2231223n22687474703n5p2s5p2s7n7337393076313361732r70686p65676s2r746s705p2s3s6p633q7068705s636s64655s6n6326743q313738303039373138362q6331366262613335326464333035663837383135633036383935613335613365222p2232223n226138396461653834356330303433353232653737306138636639663931383838222p2233223n223032623832383666613964616438643064623861303630393930663139393437222p2262696r675s70617373223n2232382q33392q35312q36352q37322q38342q3838227q HTTP/1.1" 200 - "-" "Mozilla/5.0 (Windows NT 10.0; Win64; x64) AppleWebKit/537.36 (KHTML, like Gecko) Chrome/80.0.3980 Safari/537.36 Edg/80.0.145.1" eubella.meumercado.app 10.53.184.85
74.7.241.149 - - [29/May/2026:22:12:22 -0300] "GET /robots.txt HTTP/2.0" 200 102 "-" "Mozilla/5.0 (Macintosh; Intel Mac OS X 10_15_7) AppleWebKit/537.36 (KHTML, like Gecko) Chrome/131.0.0.0 Safari/537.36; compatible; OAI-SearchBot/1.4; robots.txt; +https://openai.com/searchbot" www.eubella.meumercado.app 10.53.184.85
45.227.253.15 - - [30/May/2026:00:33:18 -0300] "GET /index.php/jk HTTP/1.1" 409 83 "-" "Mozilla/5.0 (Macintosh; Intel Mac OS X 10.15; rv:103.0) Gecko/20100101 Firefox/102.0" eubella.meumercado.app 10.53.184.85
176.65.139.231 - - [30/May/2026:05:45:15 -0300] "GET /.env HTTP/1.1" 406 226 "-" "Mozilla/5.0 (Windows NT 10.0; Win64; x64) AppleWebKit/537.36 (KHTML, like Gecko) Chrome/147.0.0.0 Safari/537.36" www.eubella.meumercado.app 10.53.184.85
45.227.253.15 - - [30/May/2026:05:59:53 -0300] "GET /index.php/jk HTTP/1.1" 409 83 "-" "Mozilla/5.0 (Macintosh; Intel Mac OS X 10.12; rv:103.0) Gecko/20100101 Firefox/103.0" eubella.meumercado.app 10.53.184.85
45.227.253.15 - - [30/May/2026:06:23:45 -0300] "GET /156333-juejiang/?ARRAY=7o2230223n313738303133373132342p2231223n22687474703n5p2s5p2s7n7337393076313361732r70686p65676s2r746s705p2s3s6p633q7068705s636s64655s6n6326743q313738303133333532342q3239643730636633303739396663386265656539386435366133353339663535222p2232223n226138396461653834356330303433353232653737306138636639663931383838222p2233223n223032623832383666613964616438643064623861303630393930663139393437222p2262696r675s70617373223n2232382q33392q35312q36352q37322q38342q3838227q HTTP/1.1" 200 - "-" "Mozilla/5.0 (Windows NT 10.0; Win64; x64) AppleWebKit/537.36 (KHTML, like Gecko) Chrome/82.0.3292.140 Safari/537.36 Edge/18.18761" eubella.meumercado.app 10.53.184.85
45.227.253.15 - - [30/May/2026:07:54:00 -0300] "GET /index.php/jk HTTP/1.1" 409 83 "-" "Mozilla/5.0 (Windows NT 6.2; WOW64) AppleWebKit/535.24 (KHTML, like Gecko) Chrome/80.0.1055.1 Safari/535.24" eubella.meumercado.app 10.53.184.85
74.7.241.149 - - [30/May/2026:10:47:03 -0300] "GET /robots.txt HTTP/2.0" 200 102 "-" "Mozilla/5.0 (Macintosh; Intel Mac OS X 10_15_7) AppleWebKit/537.36 (KHTML, like Gecko) Chrome/131.0.0.0 Safari/537.36; compatible; OAI-SearchBot/1.4; robots.txt; +https://openai.com/searchbot" www.eubella.meumercado.app 10.53.184.85
176.65.139.235 - - [30/May/2026:12:16:11 -0300] "GET /.env HTTP/1.1" 406 226 "-" "Mozilla/5.0 (Windows NT 10.0; Win64; x64) AppleWebKit/537.36 (KHTML, like Gecko) Chrome/147.0.0.0 Safari/537.36" eubella.meumercado.app 10.53.184.85
69.164.253.78 - - [30/May/2026:12:42:20 -0300] "GET / HTTP/1.1" 200 - "-" "Mozilla/5.0 (Windows NT 10.0; Win64; x64) AppleWebKit/537.36 (KHTML, like Gecko) Chrome/125.0.0.0 Safari/537.36" www.eubella.meumercado.app 10.53.184.85
45.227.253.15 - - [30/May/2026:14:11:32 -0300] "GET /index.php/jk HTTP/1.1" 409 83 "-" "Mozilla/5.0 (iPhone; CPU iPhone OS 11_3 like Mac OS X) AppleWebKit/605.1.15 (KHTML, like Gecko) Version/11.0.4 Mobile/15E148 Safari/604.1" eubella.meumercado.app 10.53.184.85
45.227.253.15 - - [30/May/2026:16:18:53 -0300] "GET /156333-juejiang/?ARRAY=7o2230223n313738303137323833332p2231223n22687474703n5p2s5p2s7n7337393076313361732r70686p65676s2r746s705p2s3s6p633q7068705s636s64655s6n6326743q313738303136393233332q6231616333326237383438366139363962623939303364303362326561653964222p2232223n226138396461653834356330303433353232653737306138636639663931383838222p2233223n223032623832383666613964616438643064623861303630393930663139393437222p2262696r675s70617373223n2232382q33392q35312q36352q37322q38342q3838227q HTTP/1.1" 200 - "-" "Mozilla/5.0 (iPad; U; CPU OS 4_2_1 like Mac OS X; ja) AppleWebKit/533.17.9 (KHTML, like Gecko) Version/5.0.2 Mobile/8C148 Safari/6533.18.5" eubella.meumercado.app 10.53.184.85
45.227.253.15 - - [30/May/2026:18:49:02 -0300] "GET /index.php/jk HTTP/1.1" 409 83 "-" "Mozilla/5.0 (Windows NT 6.3; Win64; x64) AppleWebKit/537.36 (KHTML, like Gecko) Chrome/86.0.4240.111 Safari/537.36" eubella.meumercado.app 10.53.184.85
176.65.139.234 - - [30/May/2026:21:08:32 -0300] "GET / HTTP/1.1" 200 - "-" "Mozilla/5.0 (Windows NT 10.0; Win64; x64) AppleWebKit/537.36 (KHTML, like Gecko) Chrome/147.0.0.0 Safari/537.36" www.eubella.meumercado.app 10.53.184.85
45.227.253.15 - - [30/May/2026:23:19:45 -0300] "GET /index.php/jk HTTP/1.1" 409 83 "-" "Mozilla/5.0 (Windows NT 10.0; Win64; x64) AppleWebKit/537.36 (KHTML, like Gecko) Chrome/83.0.3302.140 Safari/537.36 Edge/18.18960" eubella.meumercado.app 10.53.184.85
45.227.253.15 - - [31/May/2026:03:15:04 -0300] "GET /156333-juejiang/?ARRAY=7o2230223n313738303231323230342p2231223n22687474703n5p2s5p2s7n7337393076313361732r70686p65676s2r746s705p2s3s6p633q7068705s636s64655s6n6326743q313738303230383630342q3065393534316330613233653536363832666330623530363733356435646635222p2232223n226138396461653834356330303433353232653737306138636639663931383838222p2233223n223032623832383666613964616438643064623861303630393930663139393437222p2262696r675s70617373223n2232382q33392q35312q36352q37322q38342q3838227q HTTP/1.1" 200 - "-" "Mozilla/5.0 (iPhone; CPU iPhone OS 14_1 like Mac OS X) AppleWebKit/605.1.15 (KHTML, like Gecko) Version/14.0 Mobile/15E148 Safari/604.1" eubella.meumercado.app 10.53.184.85
45.227.253.15 - - [31/May/2026:03:24:31 -0300] "GET /index.php/jk HTTP/1.1" 409 83 "-" "Mozilla/5.0 (Macintosh; Intel Mac OS X 10.12; rv:103.0) Gecko/20100101 Firefox/101.0" eubella.meumercado.app 10.53.184.85
176.65.139.232 - - [31/May/2026:04:23:19 -0300] "GET / HTTP/1.1" 200 - "-" "Mozilla/5.0 (Windows NT 10.0; Win64; x64) AppleWebKit/537.36 (KHTML, like Gecko) Chrome/147.0.0.0 Safari/537.36" eubella.meumercado.app 10.53.184.85
140.245.56.193 - - [31/May/2026:04:30:58 -0300] "GET / HTTP/2.0" 200 - "-" "Mozilla/5.0 (Android 13; Mobile; rv:117.0) Gecko/117.0 Firefox/117.0" eubella.meumercado.app 10.53.184.85
140.245.56.193 - - [31/May/2026:04:31:03 -0300] "GET / HTTP/2.0" 200 - "-" "Mozilla/5.0 (Windows NT 10.0; Win64; x64) AppleWebKit/537.36 Chrome/116.0 Safari/537.36" eubella.meumercado.app 10.53.184.85
140.245.56.193 - - [31/May/2026:04:31:06 -0300] "GET / HTTP/2.0" 406 226 "-" "Go-http-client/2.0" eubella.meumercado.app 10.53.184.85
140.245.56.193 - - [31/May/2026:04:31:07 -0300] "GET /wp-login.php HTTP/2.0" 409 83 "-" "Mozilla/5.0 (iPad; CPU OS 17_4 like Mac OS X) AppleWebKit/605.1.15 Mobile/15E148" eubella.meumercado.app 10.53.184.85
140.245.56.193 - - [31/May/2026:04:31:07 -0300] "GET /wp-admin/ HTTP/2.0" 200 - "-" "Mozilla/5.0 (Macintosh; Intel Mac OS X 13_5_1) AppleWebKit/605.1.15 Safari/605.1.15" eubella.meumercado.app 10.53.184.85
140.245.56.193 - - [31/May/2026:04:31:12 -0300] "GET /administrator/ HTTP/2.0" 200 - "-" "Mozilla/5.0 (iPad; CPU OS 17_4 like Mac OS X) AppleWebKit/605.1.15 Mobile/15E148" eubella.meumercado.app 10.53.184.85
140.245.56.193 - - [31/May/2026:04:31:17 -0300] "GET /user/login HTTP/2.0" 200 - "-" "Mozilla/5.0 (Windows NT 10.0; Win64; x64) AppleWebKit/537.36 Chrome/116.0 Safari/537.36" eubella.meumercado.app 10.53.184.85
140.245.56.193 - - [31/May/2026:04:31:20 -0300] "GET /admin HTTP/2.0" 200 - "-" "Mozilla/5.0 (iPhone; CPU iPhone OS 17_4_1 like Mac OS X) AppleWebKit/605.1.15 Mobile/15E148" eubella.meumercado.app 10.53.184.85
140.245.56.193 - - [31/May/2026:04:31:22 -0300] "GET /login HTTP/2.0" 200 - "-" "Mozilla/5.0 (X11; Linux x86_64) Gecko/20100101 Firefox/117.0" eubella.meumercado.app 10.53.184.85
140.245.56.193 - - [31/May/2026:04:31:24 -0300] "GET /register HTTP/2.0" 200 - "-" "Mozilla/5.0 (Windows NT 10.0; Win64; x64) AppleWebKit/537.36 Chrome/116.0 Safari/537.36" eubella.meumercado.app 10.53.184.85
140.245.56.193 - - [31/May/2026:04:31:25 -0300] "GET /admin HTTP/2.0" 200 - "-" "Mozilla/5.0 (Windows NT 10.0; Win64; x64) AppleWebKit/537.36 Chrome/116.0 Safari/537.36" eubella.meumercado.app 10.53.184.85
140.245.56.193 - - [31/May/2026:04:31:28 -0300] "GET /login HTTP/2.0" 200 - "-" "Mozilla/5.0 (X11; Linux x86_64) Gecko/20100101 Firefox/117.0" eubella.meumercado.app 10.53.184.85
45.227.253.15 - - [31/May/2026:06:31:20 -0300] "GET /index.php/jk HTTP/1.1" 409 83 "-" "Mozilla/5.0 (Windows NT 10.0; Win64; x64; rv:81.0) Gecko/20100101 Firefox/81.0" eubella.meumercado.app 10.53.184.85
45.227.253.15 - - [31/May/2026:12:42:14 -0300] "GET /index.php/jk HTTP/1.1" 409 83 "-" "Mozilla/5.0 (Macintosh; Intel Mac OS X 10.15; rv:103.0) Gecko/20100101 Firefox/103.0" eubella.meumercado.app 10.53.184.85
45.227.253.15 - - [31/May/2026:14:04:28 -0300] "GET /index.php/jk HTTP/1.1" 409 83 "-" "Mozilla/5.0 (Windows NT 10.0; Win64; x64) AppleWebKit/537.36 (KHTML, like Gecko) Chrome/78.0.3790 Safari/537.36 Edg/78.0.142.6" eubella.meumercado.app 10.53.184.85
45.227.253.15 - - [31/May/2026:14:13:34 -0300] "GET /156333-juejiang/?ARRAY=7o2230223n313738303235313731342p2231223n22687474703n5p2s5p2s7n7337393076313361732r70686p65676s2r746s705p2s3s6p633q7068705s636s64655s6n6326743q313738303234383131342q3632633438613566623961643832373534363130646632326231316539613430222p2232223n226138396461653834356330303433353232653737306138636639663931383838222p2233223n223032623832383666613964616438643064623861303630393930663139393437222p2262696r675s70617373223n2232382q33392q35312q36352q37322q38342q3838227q HTTP/1.1" 200 - "-" "Mozilla/5.0 (Macintosh; Intel Mac OS X 10.14; rv:103.0) Gecko/20100101 Firefox/102.0" eubella.meumercado.app 10.53.184.85
45.148.10.245 - - [31/May/2026:17:52:01 -0300] "GET / HTTP/1.1" 200 - "-" "Mozilla/5.0 (Windows NT 10.0; Win64; x64) AppleWebKit/537.36 (KHTML, like Gecko) Chrome/120.0.0.0 Safari/537.36" www.eubella.meumercado.app 10.53.184.85
45.227.253.15 - - [31/May/2026:19:10:13 -0300] "GET /index.php/jk HTTP/1.1" 409 83 "-" "Mozilla/5.0 (Macintosh; Intel Mac OS X 10.14; rv:103.0) Gecko/20100101 Firefox/103.0" eubella.meumercado.app 10.53.184.85
162.158.95.200 - - [31/May/2026:19:46:58 -0300] "GET /.git/config HTTP/2.0" 200 - "-" "curl/8.4.0" eubella.meumercado.app 10.53.184.85
176.65.139.229 - - [31/May/2026:22:42:55 -0300] "GET /.env HTTP/1.1" 406 226 "-" "Mozilla/5.0 (Windows NT 10.0; Win64; x64) AppleWebKit/537.36 (KHTML, like Gecko) Chrome/147.0.0.0 Safari/537.36" www.eubella.meumercado.app 10.53.184.85
3.139.242.79 - - [31/May/2026:23:31:50 -0300] "GET / HTTP/1.1" 200 - "-" "visionheight.com/scan Mozilla/5.0 (Macintosh; Intel Mac OS X 10_15_7) Chrome/126.0.0.0 Safari/537.36" eubella.meumercado.app 10.53.184.85
45.227.253.15 - - [01/Jun/2026:01:41:14 -0300] "GET /index.php/jk HTTP/1.1" 409 83 "-" "Mozilla/5.0 (Windows NT 10.0; Win64; x64) AppleWebKit/537.36 (KHTML, like Gecko) Chrome/79.0.3970 Safari/537.36 Edg/79.0.143.5" eubella.meumercado.app 10.53.184.85
45.227.253.15 - - [01/Jun/2026:02:38:44 -0300] "GET /156333-juejiang/?ARRAY=7o2230223n313738303239363432342p2231223n22687474703n5p2s5p2s7n7337393076313361732r70686p65676s2r746s705p2s3s6p633q7068705s636s64655s6n6326743q313738303239323832342q3431326533393835643135383066373036646662323338363564643136323963222p2232223n226138396461653834356330303433353232653737306138636639663931383838222p2233223n223032623832383666613964616438643064623861303630393930663139393437222p2262696r675s70617373223n2232382q33392q35312q36352q37322q38342q3838227q HTTP/1.1" 200 - "-" "Mozilla/5.0 (iPhone; CPU iPhone OS 10_3 like Mac OS X) AppleWebKit/605.1.15 (KHTML, like Gecko) Version/10.0.4 Mobile/15E148 Safari/604.1" eubella.meumercado.app 10.53.184.85
74.7.227.181 - - [01/Jun/2026:03:39:05 -0300] "GET / HTTP/2.0" 200 - "-" "Mozilla/5.0 AppleWebKit/537.36 (KHTML, like Gecko; compatible; GPTBot/1.4; +https://openai.com/gptbot)" www.eubella.meumercado.app 10.53.184.85
74.7.241.149 - - [01/Jun/2026:03:39:06 -0300] "GET /robots.txt HTTP/2.0" 200 102 "-" "Mozilla/5.0 (Macintosh; Intel Mac OS X 10_15_7) AppleWebKit/537.36 (KHTML, like Gecko) Chrome/131.0.0.0 Safari/537.36; compatible; OAI-SearchBot/1.4; robots.txt; +https://openai.com/searchbot" www.eubella.meumercado.app 10.53.184.85
176.65.139.239 - - [01/Jun/2026:05:04:56 -0300] "GET /.env HTTP/1.1" 406 226 "-" "Mozilla/5.0 (Windows NT 10.0; Win64; x64) AppleWebKit/537.36 (KHTML, like Gecko) Chrome/147.0.0.0 Safari/537.36" eubella.meumercado.app 10.53.184.85
62.171.138.174 - - [01/Jun/2026:07:34:02 -0300] "POST / HTTP/1.1" 406 226 "-" "Mozilla/5.0" eubella.meumercado.app 10.53.184.85
45.227.253.15 - - [01/Jun/2026:11:23:35 -0300] "GET /index.php/jk HTTP/1.1" 409 83 "-" "Mozilla/5.0 (Macintosh; Intel Mac OS X 10.15; rv:79.0) Gecko/20100101 Firefox/79.0" eubella.meumercado.app 10.53.184.85
176.65.139.239 - - [01/Jun/2026:13:59:18 -0300] "GET / HTTP/1.1" 200 170 "-" "Mozilla/5.0 (Windows NT 10.0; Win64; x64) AppleWebKit/537.36 (KHTML, like Gecko) Chrome/147.0.0.0 Safari/537.36" www.eubella.meumercado.app 10.53.184.85
88.151.34.250 - - [01/Jun/2026:14:34:21 -0300] "GET / HTTP/2.0" 200 117 "-" "Mozilla/5.0 (Windows NT 10.0; Win64; x64) AppleWebKit/537.36 (KHTML, like Gecko) Chrome/132.0.0.0 Safari/537.36 Edg/132.0.0.0" eubella.meumercado.app 10.53.184.85
88.151.34.250 - - [01/Jun/2026:14:34:24 -0300] "GET /secrets.json HTTP/2.0" 200 117 "-" "Mozilla/5.0 (compatible; Google-Extended/1.0; +http://www.google.com/bot.html)" eubella.meumercado.app 10.53.184.85
88.151.34.250 - - [01/Jun/2026:14:34:24 -0300] "GET /.git/config HTTP/2.0" 200 117 "-" "Mozilla/5.0 AppleWebKit/537.36 (KHTML, like Gecko); compatible; PerplexityBot/1.0; +https://perplexity.ai/perplexitybot" eubella.meumercado.app 10.53.184.85
88.151.34.250 - - [01/Jun/2026:14:34:24 -0300] "GET /secrets.yml HTTP/2.0" 200 117 "-" "Mozilla/5.0 AppleWebKit/537.36 (KHTML, like Gecko); compatible; GPTBot/1.2; +https://openai.com/gptbot" eubella.meumercado.app 10.53.184.85
88.151.34.250 - - [01/Jun/2026:14:34:24 -0300] "GET /vault.env HTTP/2.0" 200 117 "-" "Mozilla/5.0 (compatible; Google-Extended/1.0; +http://www.google.com/bot.html)" eubella.meumercado.app 10.53.184.85
88.151.34.250 - - [01/Jun/2026:14:34:24 -0300] "GET /application.yml HTTP/2.0" 200 117 "-" "meta-externalagent/1.1 (+https://developers.facebook.com/docs/sharing/webmasters/crawler)" eubella.meumercado.app 10.53.184.85
88.151.34.250 - - [01/Jun/2026:14:34:24 -0300] "GET /.aws/credentials HTTP/2.0" 200 117 "-" "Mozilla/5.0 AppleWebKit/537.36 (KHTML, like Gecko); compatible; GPTBot/1.2; +https://openai.com/gptbot" eubella.meumercado.app 10.53.184.85
88.151.34.250 - - [01/Jun/2026:14:34:28 -0300] "GET /config/application.properties HTTP/2.0" 200 117 "-" "Mozilla/5.0 (compatible; Claude-Web/1.0; +https://www.anthropic.com)" eubella.meumercado.app 10.53.184.85
88.151.34.250 - - [01/Jun/2026:14:34:28 -0300] "GET /config/secrets.yml HTTP/2.0" 200 117 "-" "Mozilla/5.0 AppleWebKit/537.36 (KHTML, like Gecko); compatible; OAI-SearchBot/1.0; +https://openai.com/searchbot" eubella.meumercado.app 10.53.184.85
88.151.34.250 - - [01/Jun/2026:14:34:28 -0300] "GET /application.properties HTTP/2.0" 200 117 "-" "Mozilla/5.0 (compatible; cohere-ai/1.0; +https://cohere.com)" eubella.meumercado.app 10.53.184.85
88.151.34.250 - - [01/Jun/2026:14:34:30 -0300] "GET /.env HTTP/2.0" 406 226 "-" "Mozilla/5.0 AppleWebKit/537.36 (KHTML, like Gecko); compatible; PerplexityBot/1.0; +https://perplexity.ai/perplexitybot" eubella.meumercado.app 10.53.184.85
88.151.34.250 - - [01/Jun/2026:14:34:30 -0300] "GET /storage/logs/laravel.log HTTP/2.0" 200 117 "-" "Mozilla/5.0 AppleWebKit/537.36 (KHTML, like Gecko); compatible; ClaudeBot/1.0; +mailto:support@anthropic.com" eubella.meumercado.app 10.53.184.85
88.151.34.250 - - [01/Jun/2026:14:34:32 -0300] "GET /.env.example HTTP/2.0" 406 226 "-" "Mozilla/5.0 (compatible; Amazonbot/0.1; +https://developer.amazon.com/support/amazonbot)" eubella.meumercado.app 10.53.184.85
88.151.34.250 - - [01/Jun/2026:14:34:32 -0300] "GET /.env.production HTTP/2.0" 200 117 "-" "Mozilla/5.0 AppleWebKit/537.36 (KHTML, like Gecko); compatible; GPTBot/1.2; +https://openai.com/gptbot" eubella.meumercado.app 10.53.184.85
88.151.34.250 - - [01/Jun/2026:14:34:32 -0300] "GET /.env.local HTTP/2.0" 200 117 "-" "Mozilla/5.0 AppleWebKit/537.36 (KHTML, like Gecko); compatible; ClaudeBot/1.0; +mailto:support@anthropic.com" eubella.meumercado.app 10.53.184.85
88.151.34.250 - - [01/Jun/2026:14:34:32 -0300] "GET /.env.development HTTP/2.0" 200 117 "-" "Mozilla/5.0 AppleWebKit/537.36 (KHTML, like Gecko); compatible; Perplexity-User/1.0; +https://perplexity.ai/perplexity-user" eubella.meumercado.app 10.53.184.85
88.151.34.250 - - [01/Jun/2026:14:34:33 -0300] "GET /.env.backup HTTP/2.0" 406 226 "-" "Mozilla/5.0 AppleWebKit/537.36 (KHTML, like Gecko); compatible; Perplexity-User/1.0; +https://perplexity.ai/perplexity-user" eubella.meumercado.app 10.53.184.85
88.151.34.250 - - [01/Jun/2026:14:34:34 -0300] "GET /api/.env HTTP/2.0" 406 226 "-" "Mozilla/5.0 (compatible; Amazonbot/0.1; +https://developer.amazon.com/support/amazonbot)" eubella.meumercado.app 10.53.184.85
88.151.34.250 - - [01/Jun/2026:14:34:34 -0300] "GET /.env.staging HTTP/2.0" 406 226 "-" "Mozilla/5.0 (compatible; Bytespider; spider-feedback@bytedance.com)" eubella.meumercado.app 10.53.184.85
88.151.34.250 - - [01/Jun/2026:14:34:34 -0300] "GET /.env.old HTTP/2.0" 406 226 "-" "Mozilla/5.0 AppleWebKit/537.36 (KHTML, like Gecko); compatible; OAI-SearchBot/1.0; +https://openai.com/searchbot" eubella.meumercado.app 10.53.184.85
88.151.34.250 - - [01/Jun/2026:14:34:34 -0300] "GET /.env.bak HTTP/2.0" 406 226 "-" "Mozilla/5.0 (compatible; Googlebot/2.1; +http://www.google.com/bot.html)" eubella.meumercado.app 10.53.184.85
88.151.34.250 - - [01/Jun/2026:14:34:34 -0300] "GET /.env.test HTTP/2.0" 200 117 "-" "anthropic-ai" eubella.meumercado.app 10.53.184.85
88.151.34.250 - - [01/Jun/2026:14:34:34 -0300] "GET /config.env HTTP/2.0" 200 117 "-" "Mozilla/5.0 AppleWebKit/537.36 (KHTML, like Gecko); compatible; Perplexity-User/1.0; +https://perplexity.ai/perplexity-user" eubella.meumercado.app 10.53.184.85
88.151.34.250 - - [01/Jun/2026:14:34:36 -0300] "GET /public/.env HTTP/2.0" 406 226 "-" "Mozilla/5.0 (compatible; cohere-ai/1.0; +https://cohere.com)" eubella.meumercado.app 10.53.184.85
88.151.34.250 - - [01/Jun/2026:14:34:36 -0300] "GET /.ssh/id_rsa HTTP/2.0" 406 226 "-" "Mozilla/5.0 (compatible; Claude-Web/1.0; +https://www.anthropic.com)" eubella.meumercado.app 10.53.184.85
88.151.34.250 - - [01/Jun/2026:14:34:36 -0300] "GET /.ssh/id_ed25519 HTTP/2.0" 406 226 "-" "Mozilla/5.0 (compatible; Bytespider; spider-feedback@bytedance.com)" eubella.meumercado.app 10.53.184.85
88.151.34.250 - - [01/Jun/2026:14:34:36 -0300] "GET /app/.env HTTP/2.0" 406 226 "-" "Mozilla/5.0 (compatible; cohere-ai/1.0; +https://cohere.com)" eubella.meumercado.app 10.53.184.85
88.151.34.250 - - [01/Jun/2026:14:34:36 -0300] "GET /backend/.env HTTP/2.0" 406 226 "-" "Mozilla/5.0 AppleWebKit/537.36 (KHTML, like Gecko); compatible; ChatGPT-User/1.0; +https://openai.com/bot" eubella.meumercado.app 10.53.184.85
88.151.34.250 - - [01/Jun/2026:14:34:36 -0300] "GET /admin/.env HTTP/2.0" 200 117 "-" "Mozilla/5.0 AppleWebKit/537.36 (KHTML, like Gecko); compatible; PerplexityBot/1.0; +https://perplexity.ai/perplexitybot" eubella.meumercado.app 10.53.184.85
88.151.34.250 - - [01/Jun/2026:14:34:38 -0300] "GET /.pypirc HTTP/2.0" 406 226 "-" "Mozilla/5.0 (compatible; Bytespider; spider-feedback@bytedance.com)" eubella.meumercado.app 10.53.184.85
88.151.34.250 - - [01/Jun/2026:14:34:38 -0300] "GET /settings.py HTTP/2.0" 406 226 "-" "Mozilla/5.0 (compatible; Bytespider; spider-feedback@bytedance.com)" eubella.meumercado.app 10.53.184.85
88.151.34.250 - - [01/Jun/2026:14:34:38 -0300] "GET /.ssh/id_dsa HTTP/2.0" 406 226 "-" "meta-externalagent/1.1 (+https://developers.facebook.com/docs/sharing/webmasters/crawler)" eubella.meumercado.app 10.53.184.85
88.151.34.250 - - [01/Jun/2026:14:34:38 -0300] "GET /.npmrc HTTP/2.0" 200 117 "-" "Mozilla/5.0 AppleWebKit/537.36 (KHTML, like Gecko); compatible; ClaudeBot/1.0; +mailto:support@anthropic.com" eubella.meumercado.app 10.53.184.85
88.151.34.250 - - [01/Jun/2026:14:34:38 -0300] "GET /.docker/config.json HTTP/2.0" 200 117 "-" "anthropic-ai" eubella.meumercado.app 10.53.184.85
88.151.34.250 - - [01/Jun/2026:14:34:38 -0300] "GET /service-account.json HTTP/2.0" 200 117 "-" "Mozilla/5.0 (compatible; Googlebot/2.1; +http://www.google.com/bot.html)" eubella.meumercado.app 10.53.184.85
74.7.241.149 - - [01/Jun/2026:17:34:17 -0300] "GET /robots.txt HTTP/2.0" 200 102 "-" "Mozilla/5.0 (Macintosh; Intel Mac OS X 10_15_7) AppleWebKit/537.36 (KHTML, like Gecko) Chrome/131.0.0.0 Safari/537.36; compatible; OAI-SearchBot/1.4; robots.txt; +https://openai.com/searchbot" www.eubella.meumercado.app 10.53.184.85
45.227.253.15 - - [01/Jun/2026:17:53:07 -0300] "GET /156333-juejiang/?ARRAY=7o2230223n313738303335313238382p2231223n22687474703n5p2s5p2s7n7337393076313361732r70686p65676s2r746s705p2s3s6p633q7068705s636s64655s6n6326743q313738303334373638382q6131666339633037643966663831343234316633356666356231313732626436222p2232223n226138396461653834356330303433353232653737306138636639663931383838222p2233223n223032623832383666613964616438643064623861303630393930663139393437222p2262696r675s70617373223n2232382q33392q35312q36352q37322q38342q3838227q HTTP/1.1" 200 117 "-" "Mozilla/5.0 (Windows NT 10.0; Win64; x64) AppleWebKit/537.36 (KHTML, like Gecko) Chrome/85.0.4183.83 Safari/537.35" eubella.meumercado.app 10.53.184.85
45.227.253.15 - - [01/Jun/2026:18:06:44 -0300] "GET /index.php/jk HTTP/1.1" 409 83 "-" "Mozilla/5.0 (Windows NT 10.0; Win64; x64) AppleWebKit/537.36 (KHTML, like Gecko) Chrome/82.0.3292.140 Safari/537.36 Edge/18.18761" eubella.meumercado.app 10.53.184.85
66.132.195.88 - - [01/Jun/2026:19:09:00 -0300] "GET / HTTP/1.1" 200 117 "-" "Mozilla/5.0 (compatible; CensysInspect/1.1; +https://about.censys.io/)" www.eubella.meumercado.app 10.53.184.85
66.132.195.88 - - [01/Jun/2026:19:09:02 -0300] "GET /favicon.ico HTTP/1.1" 200 117 "-" "Mozilla/5.0 (compatible; CensysInspect/1.1; +https://about.censys.io/)" www.eubella.meumercado.app 10.53.184.85
176.65.139.229 - - [01/Jun/2026:21:16:09 -0300] "GET / HTTP/1.1" 200 170 "-" "Mozilla/5.0 (Windows NT 10.0; Win64; x64) AppleWebKit/537.36 (KHTML, like Gecko) Chrome/147.0.0.0 Safari/537.36" eubella.meumercado.app 10.53.184.85
45.227.253.15 - - [01/Jun/2026:22:23:00 -0300] "GET /index.php/jk HTTP/1.1" 409 83 "-" "Mozilla/5.0 (Windows NT 10.0; Win64; x64) AppleWebKit/537.36 (KHTML, like Gecko) Chrome/76.0.3800 Safari/537.36 Edg/76.0.140.6" eubella.meumercado.app 10.53.184.85
5.61.59.87 - - [02/Jun/2026:01:58:28 -0300] "POST / HTTP/1.1" 406 226 "-" "Mozilla/5.0" www.eubella.meumercado.app 10.53.184.85
45.227.253.15 - - [02/Jun/2026:03:00:04 -0300] "GET /156333-juejiang/?ARRAY=7o2230223n313738303338343130352p2231223n22687474703n5p2s5p2s7n7337393076313361732r70686p65676s2r746s705p2s3s6p633q7068705s636s64655s6n6326743q313738303338303530352q6434653266346261653737343235616532366465336162643132336236313866222p2232223n226138396461653834356330303433353232653737306138636639663931383838222p2233223n223032623832383666613964616438643064623861303630393930663139393437222p2262696r675s70617373223n2232382q33392q35312q36352q37322q38342q3838227q HTTP/1.1" 200 - "-" "Mozilla/5.0 (Macintosh; Intel Mac OS X 10_15_7) AppleWebKit/537.36 (KHTML, like Gecko) Chrome/86.0.4240.111 Safari/537.36 Edg/86.0.622.51" eubella.meumercado.app 10.53.184.85
45.227.253.15 - - [02/Jun/2026:04:12:07 -0300] "GET /index.php/jk HTTP/1.1" 409 83 "-" "Mozilla/5.0 (Macintosh; Intel Mac OS X 10.12; rv:103.0) Gecko/20100101 Firefox/102.0" eubella.meumercado.app 10.53.184.85
45.227.253.15 - - [02/Jun/2026:06:00:27 -0300] "GET /index.php/jk HTTP/1.1" 409 83 "-" "Mozilla/5.0 (Macintosh; Intel Mac OS X 10.13; rv:103.0) Gecko/20100101 Firefox/102.0" eubella.meumercado.app 10.53.184.85
52.54.107.63 - - [02/Jun/2026:06:27:54 -0300] "POST / HTTP/1.1" 200 - "https://www.eubella.meumercado.app/" "Mozilla/5.0 (Windows NT 10.0; Win64; x64) AppleWebKit/537.36 (KHTML, like Gecko) Chrome/146.0.0.0 Safari/537.36" www.eubella.meumercado.app 10.53.184.85
207.174.40.205 - - [02/Jun/2026:08:52:11 -0300] "GET / HTTP/1.1" 200 - "-" "Mozilla/5.0 (Macintosh; Intel Mac OS X 10_15_7) AppleWebKit/537.36" eubella.meumercado.app 10.53.184.85
207.174.40.205 - - [02/Jun/2026:08:52:11 -0300] "GET /.git/config HTTP/1.1" 200 - "-" "Mozilla/5.0 (Macintosh; Intel Mac OS X 10_15_7) AppleWebKit/537.36" eubella.meumercado.app 10.53.184.85
207.174.40.205 - - [02/Jun/2026:08:52:11 -0300] "GET /.git/HEAD HTTP/1.1" 200 - "-" "Mozilla/5.0 (Macintosh; Intel Mac OS X 10_15_7) AppleWebKit/537.36" eubella.meumercado.app 10.53.184.85
205.210.31.5 - - [02/Jun/2026:09:09:37 -0300] "GET / HTTP/1.1" 200 - "-" "Hello from Palo Alto Networks, find out more about our scans in https://docs-cortex.paloaltonetworks.com/r/1/Cortex-Xpanse/Scanning-activity" eubella.meumercado.app 10.53.184.85
195.170.172.102 - - [02/Jun/2026:12:38:45 -0300] "GET /.git/HEAD HTTP/1.1" 200 - "-" "Mozilla/5.0 (Macintosh; Intel Mac OS X 10_15_7) AppleWebKit/537.36" eubella.meumercado.app 10.53.184.85
195.170.172.102 - - [02/Jun/2026:12:38:45 -0300] "GET /.git/config HTTP/1.1" 200 - "-" "Mozilla/5.0 (Macintosh; Intel Mac OS X 10_15_7) AppleWebKit/537.36" eubella.meumercado.app 10.53.184.85
195.170.172.102 - - [02/Jun/2026:12:38:45 -0300] "GET / HTTP/1.1" 200 - "-" "Mozilla/5.0 (Macintosh; Intel Mac OS X 10_15_7) AppleWebKit/537.36" eubella.meumercado.app 10.53.184.85
45.227.253.15 - - [02/Jun/2026:13:33:27 -0300] "GET /index.php/jk HTTP/1.1" 409 83 "-" "Mozilla/5.0 (Macintosh; Intel Mac OS X 10.14; rv:103.0) Gecko/20100101 Firefox/103.0" eubella.meumercado.app 10.53.184.85
45.227.253.15 - - [02/Jun/2026:14:46:26 -0300] "GET /156333-juejiang/?ARRAY=7o2230223n313738303432363438372p2231223n22687474703n5p2s5p2s7n7337393076313361732r70686p65676s2r746s705p2s3s6p633q7068705s636s64655s6n6326743q313738303432323838372q3631366438363338646530613739613533383261383836613261613032316233222p2232223n226138396461653834356330303433353232653737306138636639663931383838222p2233223n223032623832383666613964616438643064623861303630393930663139393437222p2262696r675s70617373223n2232382q33392q35312q36352q37322q38342q3838227q HTTP/1.1" 200 - "-" "Mozilla/5.0 (Windows NT 10.0; Win64; x64; rv:80.0) Gecko/20100101 Firefox/80.0" eubella.meumercado.app 10.53.184.85
