5.255.121.183 - - [27/May/2026:03:20:01 -0300] "GET /api/.env HTTP/1.1" 406 226 "-" "Mozilla/5.0 (Linux; Android 13; SM-G998B) AppleWebKit/537.36 (KHTML, like Gecko) SamsungBrowser/26.0 Chrome/122.0.0.0 Mobile Safari/537.36" rioalimentos.meumercado.app 10.53.184.85
5.255.121.183 - - [27/May/2026:03:20:01 -0300] "GET /keys/service-account.json HTTP/1.1" 200 7337 "-" "Mozilla/5.0 (Macintosh; Intel Mac OS X 10_15_7) AppleWebKit/605.1.15 (KHTML, like Gecko) Version/17.5 Safari/605.1.15" rioalimentos.meumercado.app 10.53.184.85
5.255.121.183 - - [27/May/2026:03:20:01 -0300] "GET /storage/logs/laravel.log HTTP/1.1" 200 7337 "-" "Mozilla/5.0 (Linux; Android 14; Pixel 8) AppleWebKit/537.36 (KHTML, like Gecko) Version/4.0 Chrome/131.0.0.0 Mobile Safari/537.36 AliApp(DingTalk/7.5.30) com.alibaba.android.rimet/35900215 Channel/201200" rioalimentos.meumercado.app 10.53.184.85
5.255.121.183 - - [27/May/2026:03:20:01 -0300] "GET /google-credentials.json HTTP/1.1" 200 7337 "-" "Mozilla/5.0 (Linux; Android 14; Pixel 8) AppleWebKit/537.36 (KHTML, like Gecko) Chrome/130.0.0.0 Mobile Safari/537.36" rioalimentos.meumercado.app 10.53.184.85
5.255.121.183 - - [27/May/2026:03:20:01 -0300] "GET /service-account.json HTTP/1.1" 200 7337 "-" "Mozilla/5.0 (Linux; Android 15; Pixel 9 Pro) AppleWebKit/537.36 (KHTML, like Gecko) Chrome/131.0.0.0 Mobile Safari/537.36" rioalimentos.meumercado.app 10.53.184.85
5.255.121.183 - - [27/May/2026:03:20:01 -0300] "GET /secrets/vault.json HTTP/1.1" 200 7337 "-" "Mozilla/5.0 (Windows NT 10.0; Win64; x64) AppleWebKit/537.36 (KHTML, like Gecko) Chrome/124.0.0.0 YaBrowser/24.10.0.0 Safari/537.36" rioalimentos.meumercado.app 10.53.184.85
5.255.121.183 - - [27/May/2026:03:20:01 -0300] "GET /.docker/config.json HTTP/1.1" 200 7337 "-" "Mozilla/5.0 (Windows NT 10.0; Win64; x64) AppleWebKit/537.36 (KHTML, like Gecko) Chrome/132.0.0.0 Safari/537.36" rioalimentos.meumercado.app 10.53.184.85
5.255.121.183 - - [27/May/2026:03:20:01 -0300] "GET /secrets.json HTTP/1.1" 200 7337 "-" "Mozilla/5.0 (Windows NT 10.0; Win64; x64) AppleWebKit/537.36 (KHTML, like Gecko) Chrome/130.0.0.0 Safari/537.36 Edg/130.0.0.0" rioalimentos.meumercado.app 10.53.184.85
5.255.121.183 - - [27/May/2026:03:20:01 -0300] "GET /.ssh/id_ed25519 HTTP/1.1" 200 7337 "-" "Mozilla/5.0 (iPad; CPU OS 18_1 like Mac OS X) AppleWebKit/605.1.15 (KHTML, like Gecko) Version/18.1 Mobile/15E148 Safari/604.1" rioalimentos.meumercado.app 10.53.184.85
5.255.121.183 - - [27/May/2026:03:20:01 -0300] "GET /.pypirc HTTP/1.1" 200 7337 "-" "Mozilla/5.0 (Windows NT 10.0; Win64; x64) AppleWebKit/537.36 (KHTML, like Gecko) Chrome/130.0.0.0 Safari/537.36 Edg/130.0.0.0" rioalimentos.meumercado.app 10.53.184.85
5.255.121.183 - - [27/May/2026:03:20:01 -0300] "GET /config.env HTTP/1.1" 200 7337 "-" "Mozilla/5.0 (iPad; CPU OS 18_1 like Mac OS X) AppleWebKit/605.1.15 (KHTML, like Gecko) Version/18.1 Mobile/15E148 Safari/604.1" rioalimentos.meumercado.app 10.53.184.85
5.255.121.183 - - [27/May/2026:03:20:01 -0300] "GET /admin/.env HTTP/1.1" 200 7337 "-" "Mozilla/5.0 (iPhone; CPU iPhone OS 18_2 like Mac OS X) AppleWebKit/605.1.15 (KHTML, like Gecko) Version/18.2 Mobile/15E148 Safari/604.1" rioalimentos.meumercado.app 10.53.184.85
5.255.121.183 - - [27/May/2026:03:20:01 -0300] "GET /config/secrets.yml HTTP/1.1" 200 7337 "-" "Mozilla/5.0 (Linux; Android 14; SM-S921B Build/UP1A.231005.007; wv) AppleWebKit/537.36 (KHTML, like Gecko) Version/4.0 Chrome/131.0.0.0 Mobile Safari/537.36 MMWEBID/4123 MicroMessenger/8.0.55.2540(0x28003735)" rioalimentos.meumercado.app 10.53.184.85
5.255.121.183 - - [27/May/2026:03:20:02 -0300] "GET /application.properties HTTP/1.1" 200 7337 "-" "Mozilla/5.0 (Macintosh; Intel Mac OS X 10_15_7) AppleWebKit/537.36 (KHTML, like Gecko) Chrome/131.0.0.0 Safari/537.36" rioalimentos.meumercado.app 10.53.184.85
5.255.121.183 - - [27/May/2026:03:20:06 -0300] "GET /api/v1/env HTTP/1.1" 200 7337 "-" "Mozilla/5.0 (Macintosh; Intel Mac OS X 10_15_7) AppleWebKit/605.1.15 (KHTML, like Gecko) Version/17.5 Safari/605.1.15" rioalimentos.meumercado.app 10.53.184.85
5.255.121.183 - - [27/May/2026:03:20:09 -0300] "GET /api/settings HTTP/1.1" 200 7337 "-" "Mozilla/5.0 (Linux; Android 13; SM-G998B) AppleWebKit/537.36 (KHTML, like Gecko) SamsungBrowser/26.0 Chrome/122.0.0.0 Mobile Safari/537.36" rioalimentos.meumercado.app 10.53.184.85
5.255.121.183 - - [27/May/2026:03:20:11 -0300] "GET /app-config.json HTTP/1.1" 200 7337 "-" "Mozilla/5.0 (Windows NT 10.0; Win64; x64) AppleWebKit/537.36 (KHTML, like Gecko) UBrowser/8.0.0.0 Chrome/120.0.0.0 Safari/537.36" rioalimentos.meumercado.app 10.53.184.85
5.255.121.183 - - [27/May/2026:03:20:11 -0300] "GET /health HTTP/1.1" 200 7337 "-" "Mozilla/5.0 (iPhone; CPU iPhone OS 17_6_1 like Mac OS X) AppleWebKit/605.1.15 (KHTML, like Gecko) Version/17.6 Mobile/15E148 Safari/604.1" rioalimentos.meumercado.app 10.53.184.85
5.255.121.183 - - [27/May/2026:03:20:11 -0300] "GET /runtime-config.js HTTP/1.1" 200 7337 "-" "Mozilla/5.0 (Macintosh; Intel Mac OS X 10_15_7) AppleWebKit/537.36 (KHTML, like Gecko) Chrome/129.0.0.0 Safari/537.36" rioalimentos.meumercado.app 10.53.184.85
5.255.121.183 - - [27/May/2026:03:20:11 -0300] "GET /manifest.webmanifest HTTP/1.1" 200 7337 "-" "Mozilla/5.0 (iPad; CPU OS 17_7 like Mac OS X) AppleWebKit/605.1.15 (KHTML, like Gecko) Version/17.7 Mobile/15E148 Safari/604.1" rioalimentos.meumercado.app 10.53.184.85
5.255.121.183 - - [27/May/2026:03:20:11 -0300] "GET /api/v2/config HTTP/1.1" 200 7337 "-" "Mozilla/5.0 (Macintosh; Intel Mac OS X 10_15_7) AppleWebKit/605.1.15 (KHTML, like Gecko) Version/17.5 Safari/605.1.15" rioalimentos.meumercado.app 10.53.184.85
5.255.121.183 - - [27/May/2026:03:20:11 -0300] "GET /api/health HTTP/1.1" 200 7337 "-" "Mozilla/5.0 (Windows NT 10.0; Win64; x64; rv:128.0) Gecko/20100101 Firefox/128.0" rioalimentos.meumercado.app 10.53.184.85
5.255.121.183 - - [27/May/2026:03:20:11 -0300] "GET /api/env HTTP/1.1" 200 7337 "-" "Mozilla/5.0 (Linux; Android 14; 23021RAAEG) AppleWebKit/537.36 (KHTML, like Gecko) Chrome/131.0.0.0 Mobile Safari/537.36" rioalimentos.meumercado.app 10.53.184.85
5.255.121.183 - - [27/May/2026:03:20:11 -0300] "GET /api/account HTTP/1.1" 200 7337 "-" "Mozilla/5.0 (Windows NT 10.0; Win64; x64) AppleWebKit/537.36 (KHTML, like Gecko) Brave Chrome/131.0.0.0 Safari/537.36" rioalimentos.meumercado.app 10.53.184.85
5.255.121.183 - - [27/May/2026:03:20:11 -0300] "GET /swagger.json HTTP/1.1" 200 7337 "-" "Mozilla/5.0 (Linux; Android 14; Pixel 8) AppleWebKit/537.36 (KHTML, like Gecko) Chrome/130.0.0.0 Mobile Safari/537.36" rioalimentos.meumercado.app 10.53.184.85
5.255.121.183 - - [27/May/2026:03:20:11 -0300] "GET /api/openapi.json HTTP/1.1" 200 7337 "-" "Mozilla/5.0 (Macintosh; Intel Mac OS X 10_15_7) AppleWebKit/605.1.15 (KHTML, like Gecko) Version/18.1 Safari/605.1.15" rioalimentos.meumercado.app 10.53.184.85
5.255.121.183 - - [27/May/2026:03:20:11 -0300] "GET /settings.json HTTP/1.1" 200 7337 "-" "Mozilla/5.0 (iPhone; CPU iPhone OS 18_0 like Mac OS X) AppleWebKit/605.1.15 (KHTML, like Gecko) Version/18.0 Mobile/15E148 Safari/604.1" rioalimentos.meumercado.app 10.53.184.85
5.255.121.183 - - [27/May/2026:03:20:11 -0300] "GET /api/v1/settings HTTP/1.1" 200 7337 "-" "Mozilla/5.0 (iPad; CPU OS 17_7 like Mac OS X) AppleWebKit/605.1.15 (KHTML, like Gecko) Version/17.7 Mobile/15E148 Safari/604.1" rioalimentos.meumercado.app 10.53.184.85
5.255.121.183 - - [27/May/2026:03:20:11 -0300] "GET /env.json HTTP/1.1" 200 7337 "-" "Mozilla/5.0 (Linux; Android 14; SM-S921B Build/UP1A.231005.007; wv) AppleWebKit/537.36 (KHTML, like Gecko) Version/4.0 Chrome/131.0.0.0 Mobile Safari/537.36 MMWEBID/4123 MicroMessenger/8.0.55.2540(0x28003735)" rioalimentos.meumercado.app 10.53.184.85
5.255.121.183 - - [27/May/2026:03:20:11 -0300] "GET /env.js HTTP/1.1" 200 7337 "-" "Mozilla/5.0 (Linux; Android 14; Pixel 9) AppleWebKit/537.36 (KHTML, like Gecko) Chrome/131.0.0.0 Mobile Safari/537.36" rioalimentos.meumercado.app 10.53.184.85
5.255.121.183 - - [27/May/2026:03:20:11 -0300] "GET /.well-known/jwks.json HTTP/1.1" 200 7337 "-" "Mozilla/5.0 (X11; Linux x86_64; rv:133.0) Gecko/20100101 Firefox/133.0" rioalimentos.meumercado.app 10.53.184.85
5.255.121.183 - - [27/May/2026:03:20:12 -0300] "GET /api/v1/config HTTP/1.1" 200 7337 "-" "Mozilla/5.0 (iPhone; CPU iPhone OS 17_7 like Mac OS X) AppleWebKit/605.1.15 (KHTML, like Gecko) Version/17.7 Mobile/15E148 Safari/604.1" rioalimentos.meumercado.app 10.53.184.85
5.255.121.183 - - [27/May/2026:03:20:11 -0300] "GET /firebase-config.json HTTP/1.1" 200 7337 "-" "Mozilla/5.0 (Macintosh; Intel Mac OS X 10_15_7) AppleWebKit/537.36 (KHTML, like Gecko) Chrome/130.0.0.0 Safari/537.36" rioalimentos.meumercado.app 10.53.184.85
5.255.121.183 - - [27/May/2026:03:20:11 -0300] "GET /openapi.json HTTP/1.1" 200 7337 "-" "Mozilla/5.0 (Windows NT 10.0; Win64; x64) AppleWebKit/537.36 (KHTML, like Gecko) Chrome/124.0.0.0 YaBrowser/24.10.0.0 Safari/537.36" rioalimentos.meumercado.app 10.53.184.85
5.255.121.183 - - [27/May/2026:03:20:11 -0300] "GET /__env.js HTTP/1.1" 200 7337 "-" "Mozilla/5.0 (X11; Ubuntu; Linux x86_64; rv:133.0) Gecko/20100101 Firefox/133.0" rioalimentos.meumercado.app 10.53.184.85
5.255.121.183 - - [27/May/2026:03:20:12 -0300] "GET /api/config HTTP/1.1" 200 7337 "-" "Mozilla/5.0 (Macintosh; Intel Mac OS X 10_15_7) AppleWebKit/537.36 (KHTML, like Gecko) Chrome/132.0.0.0 Safari/537.36" rioalimentos.meumercado.app 10.53.184.85
5.255.121.183 - - [27/May/2026:03:20:12 -0300] "GET /config.js HTTP/1.1" 200 7337 "-" "Mozilla/5.0 (Windows NT 10.0; Win64; x64) AppleWebKit/537.36 (KHTML, like Gecko) Chrome/128.0.0.0 Safari/537.36" rioalimentos.meumercado.app 10.53.184.85
5.255.121.183 - - [27/May/2026:03:20:12 -0300] "GET /config.json HTTP/1.1" 200 7337 "-" "Mozilla/5.0 (iPhone; CPU iPhone OS 17_6_1 like Mac OS X) AppleWebKit/605.1.15 (KHTML, like Gecko) Version/17.6 Mobile/15E148 Safari/604.1" rioalimentos.meumercado.app 10.53.184.85
5.255.121.183 - - [27/May/2026:03:20:12 -0300] "GET /__/firebase/init.json HTTP/1.1" 200 7337 "-" "Mozilla/5.0 (Linux; Android 14; 23021RAAEG) AppleWebKit/537.36 (KHTML, like Gecko) Chrome/131.0.0.0 Mobile Safari/537.36" rioalimentos.meumercado.app 10.53.184.85
176.65.139.239 - - [27/May/2026:03:20:36 -0300] "GET / HTTP/1.1" 200 8709 "-" "Mozilla/5.0 (Windows NT 10.0; Win64; x64) AppleWebKit/537.36 (KHTML, like Gecko) Chrome/147.0.0.0 Safari/537.36" rioalimentos.meumercado.app 10.53.184.85
45.227.253.15 - - [27/May/2026:06:49:41 -0300] "GET /index.php/jk HTTP/1.1" 409 83 "-" "Mozilla/5.0 (Windows NT 10.0; Win64; x64; rv:83.0) Gecko/20100101 Firefox/83.0" rioalimentos.meumercado.app 10.53.184.85
74.7.241.147 - - [27/May/2026:07:56:46 -0300] "GET /robots.txt HTTP/2.0" 200 105 "-" "Mozilla/5.0 (Macintosh; Intel Mac OS X 10_15_7) AppleWebKit/537.36 (KHTML, like Gecko) Chrome/131.0.0.0 Safari/537.36; compatible; OAI-SearchBot/1.4; robots.txt; +https://openai.com/searchbot" www.rioalimentos.meumercado.app 10.53.184.85
45.227.253.15 - - [27/May/2026:12:35:23 -0300] "GET /index.php/jk HTTP/1.1" 409 83 "-" "Mozilla/5.0 (Windows NT 10.0; Win64; x64) AppleWebKit/537.36 (KHTML, like Gecko) Chrome/76.0.3800 Safari/537.36 Edg/76.0.140.6" rioalimentos.meumercado.app 10.53.184.85
45.227.253.15 - - [27/May/2026:14:07:56 -0300] "GET /index.php/jk HTTP/1.1" 409 83 "-" "Mozilla/5.0 (iPhone; CPU iPhone OS 12_4 like Mac OS X) AppleWebKit/605.1.15 (KHTML, like Gecko) Version/12.4.2 Mobile/15E148 Safari/604.1" rioalimentos.meumercado.app 10.53.184.85
45.227.253.15 - - [27/May/2026:19:43:52 -0300] "GET /index.php/jk HTTP/1.1" 409 83 "-" "Mozilla/5.0 (Macintosh; Intel Mac OS X 10.15; rv:103.0) Gecko/20100101 Firefox/103.0" rioalimentos.meumercado.app 10.53.184.85
205.210.31.51 - - [27/May/2026:21:46:13 -0300] "GET / HTTP/1.1" 200 8709 "-" "Hello from Palo Alto Networks, find out more about our scans in https://docs-cortex.paloaltonetworks.com/r/1/Cortex-Xpanse/Scanning-activity" rioalimentos.meumercado.app 10.53.184.85
45.227.253.15 - - [27/May/2026:23:43:36 -0300] "GET /index.php/jk HTTP/1.1" 409 83 "-" "Mozilla/5.0 (Macintosh; Intel Mac OS X 10.15; rv:80.0) Gecko/20100101 Firefox/80.0" rioalimentos.meumercado.app 10.53.184.85
176.65.139.234 - - [28/May/2026:04:43:03 -0300] "GET /.env HTTP/1.1" 406 226 "-" "Mozilla/5.0 (Windows NT 10.0; Win64; x64) AppleWebKit/537.36 (KHTML, like Gecko) Chrome/147.0.0.0 Safari/537.36" www.rioalimentos.meumercado.app 10.53.184.85
45.227.253.15 - - [28/May/2026:04:58:41 -0300] "GET /index.php/jk HTTP/1.1" 409 83 "-" "Mozilla/5.0 (iPad; U; CPU OS 4_2_3 like Mac OS X; ja) AppleWebKit/533.17.9 (KHTML, like Gecko) Version/5.0.2 Mobile/8J2 Safari/6533.18.5" rioalimentos.meumercado.app 10.53.184.85
176.65.139.232 - - [28/May/2026:11:04:55 -0300] "GET /.env HTTP/1.1" 406 226 "-" "Mozilla/5.0 (Windows NT 10.0; Win64; x64) AppleWebKit/537.36 (KHTML, like Gecko) Chrome/147.0.0.0 Safari/537.36" rioalimentos.meumercado.app 10.53.184.85
45.227.253.15 - - [28/May/2026:12:49:46 -0300] "GET /index.php/jk HTTP/1.1" 409 83 "-" "Mozilla/5.0 (Macintosh; Intel Mac OS X 10.12; rv:103.0) Gecko/20100101 Firefox/101.0" rioalimentos.meumercado.app 10.53.184.85
45.227.253.15 - - [28/May/2026:17:05:40 -0300] "GET /index.php/jk HTTP/1.1" 409 83 "-" "Mozilla/5.0 (Windows NT 10.0; Win64; x64; rv:80.0) Gecko/20100101 Firefox/80.0" rioalimentos.meumercado.app 10.53.184.85
74.7.241.147 - - [28/May/2026:18:45:38 -0300] "GET /robots.txt HTTP/2.0" 200 105 "-" "Mozilla/5.0 (Macintosh; Intel Mac OS X 10_15_7) AppleWebKit/537.36 (KHTML, like Gecko) Chrome/131.0.0.0 Safari/537.36; compatible; OAI-SearchBot/1.4; robots.txt; +https://openai.com/searchbot" www.rioalimentos.meumercado.app 10.53.184.85
74.7.243.201 - - [28/May/2026:18:45:38 -0300] "GET / HTTP/2.0" 200 7337 "-" "Mozilla/5.0 AppleWebKit/537.36 (KHTML, like Gecko; compatible; GPTBot/1.4; +https://openai.com/gptbot)" www.rioalimentos.meumercado.app 10.53.184.85
176.65.139.231 - - [28/May/2026:19:57:41 -0300] "GET / HTTP/1.1" 200 8709 "-" "Mozilla/5.0 (Windows NT 10.0; Win64; x64) AppleWebKit/537.36 (KHTML, like Gecko) Chrome/147.0.0.0 Safari/537.36" www.rioalimentos.meumercado.app 10.53.184.85
134.209.201.234 - - [28/May/2026:23:15:28 -0300] "GET / HTTP/1.1" 200 7337 "-" "Mozilla/5.0 (X11; Linux x86_64) AppleWebKit/537.36 (KHTML, like Gecko) Chrome/142.0.0.0 Safari/537.36" rioalimentos.meumercado.app 10.53.184.85
134.209.201.234 - - [28/May/2026:23:15:34 -0300] "GET /favicon.ico HTTP/1.1" 200 7337 "https://rioalimentos.meumercado.app/" "Mozilla/5.0 (X11; Linux x86_64) AppleWebKit/537.36 (KHTML, like Gecko) Chrome/142.0.0.0 Safari/537.36" rioalimentos.meumercado.app 10.53.184.85
45.227.253.15 - - [28/May/2026:23:31:19 -0300] "GET /index.php/jk HTTP/1.1" 409 83 "-" "Mozilla/5.0 (iPhone; CPU iPhone OS 14_1 like Mac OS X) AppleWebKit/605.1.15 (KHTML, like Gecko) Version/14.0 Mobile/15E148 Safari/604.1" rioalimentos.meumercado.app 10.53.184.85
45.227.253.15 - - [29/May/2026:02:25:49 -0300] "GET /index.php/jk HTTP/1.1" 409 83 "-" "Mozilla/5.0 (Windows NT 6.1; WOW64; rv:70.0) Gecko/20100101 Firefox/70.0" rioalimentos.meumercado.app 10.53.184.85
176.65.139.236 - - [29/May/2026:03:13:59 -0300] "GET / HTTP/1.1" 200 8709 "-" "Mozilla/5.0 (Windows NT 10.0; Win64; x64) AppleWebKit/537.36 (KHTML, like Gecko) Chrome/147.0.0.0 Safari/537.36" rioalimentos.meumercado.app 10.53.184.85
45.227.253.15 - - [29/May/2026:05:34:34 -0300] "GET /index.php/jk HTTP/1.1" 409 83 "-" "Mozilla/5.0 (Windows NT 10.0; Win64; x64) AppleWebKit/537.36 (KHTML, like Gecko) Chrome/75.0.3780 Safari/537.36 Edg/75.0.139" rioalimentos.meumercado.app 10.53.184.85
45.227.253.15 - - [29/May/2026:10:27:02 -0300] "GET /index.php/jk HTTP/1.1" 409 83 "-" "Mozilla/5.0 (Windows NT 10.0; Win64; x64) AppleWebKit/537.36 (KHTML, like Gecko) Chrome/77.0.3760. Safari/537.36 Edg/77.0.141.7" rioalimentos.meumercado.app 10.53.184.85
45.227.253.15 - - [29/May/2026:15:36:01 -0300] "GET /index.php/jk HTTP/1.1" 409 83 "-" "Mozilla/5.0 (iPhone; CPU iPhone OS 12_3 like Mac OS X) AppleWebKit/605.1.15 (KHTML, like Gecko) Version/12.0.4 Mobile/15E148 Safari/604.1" rioalimentos.meumercado.app 10.53.184.85
74.7.241.147 - - [29/May/2026:16:52:33 -0300] "GET /robots.txt HTTP/2.0" 200 105 "-" "Mozilla/5.0 (Macintosh; Intel Mac OS X 10_15_7) AppleWebKit/537.36 (KHTML, like Gecko) Chrome/131.0.0.0 Safari/537.36; compatible; OAI-SearchBot/1.4; robots.txt; +https://openai.com/searchbot" www.rioalimentos.meumercado.app 10.53.184.85
159.223.36.155 - - [29/May/2026:19:27:49 -0300] "GET / HTTP/1.1" 200 7337 "-" "Mozilla/5.0 (Windows NT 10.0; Win64; x64; rv:149.0) Gecko/20100101 Firefox/149.0" www.rioalimentos.meumercado.app 10.53.184.85
209.97.143.109 - - [29/May/2026:19:48:47 -0300] "GET / HTTP/1.1" 200 7337 "-" "Mozilla/5.0 (Windows NT 10.0; Win64; x64; rv:149.0) Gecko/20100101 Firefox/149.0" www.rioalimentos.meumercado.app 10.53.184.85
45.227.253.15 - - [29/May/2026:20:07:17 -0300] "GET /index.php/jk HTTP/1.1" 409 83 "-" "Mozilla/5.0 (Macintosh; Intel Mac OS X 10_15_7) AppleWebKit/537.36 (KHTML, like Gecko) Chrome/86.0.4240.111 Safari/537.36 Edg/86.0.622.51" rioalimentos.meumercado.app 10.53.184.85
3.18.186.238 - - [29/May/2026:21:45:55 -0300] "GET / HTTP/1.1" 200 7337 "-" "visionheight.com/scan Mozilla/5.0 (Macintosh; Intel Mac OS X 10_15_7) Chrome/126.0.0.0 Safari/537.36" rioalimentos.meumercado.app 10.53.184.85
45.227.253.15 - - [30/May/2026:00:17:50 -0300] "GET /index.php/jk HTTP/1.1" 409 83 "-" "Mozilla/5.0 (Windows NT 6.1; WOW64; rv:70.0) Gecko/20100101 Firefox/70.0" rioalimentos.meumercado.app 10.53.184.85
3.216.193.107 - - [30/May/2026:01:38:23 -0300] "GET / HTTP/1.1" 200 7337 "-" "Mozilla/5.0 (Windows NT 6.1; WOW64) AppleWebKit/537.36 (KHTML, like Gecko) Chrome/29.0.1547.66 Safari/537.36" www.rioalimentos.meumercado.app 10.53.184.85
45.227.253.15 - - [30/May/2026:03:48:19 -0300] "GET /index.php/jk HTTP/1.1" 409 83 "-" "Mozilla/5.0 (iPhone; CPU iPhone OS 12_4 like Mac OS X) AppleWebKit/605.1.15 (KHTML, like Gecko) Version/12.4.2 Mobile/15E148 Safari/604.1" rioalimentos.meumercado.app 10.53.184.85
176.65.139.239 - - [30/May/2026:05:45:14 -0300] "GET /.env HTTP/1.1" 406 226 "-" "Mozilla/5.0 (Windows NT 10.0; Win64; x64) AppleWebKit/537.36 (KHTML, like Gecko) Chrome/147.0.0.0 Safari/537.36" www.rioalimentos.meumercado.app 10.53.184.85
45.227.253.15 - - [30/May/2026:08:06:28 -0300] "GET /index.php/jk HTTP/1.1" 409 83 "-" "Mozilla/5.0 (Windows NT 6.1; Win64; x64) AppleWebKit/537.36 (KHTML, like Gecko) Chrome/86.0.4240.111 Safari/537.36" rioalimentos.meumercado.app 10.53.184.85
74.7.230.53 - - [30/May/2026:09:03:00 -0300] "GET /robots.txt HTTP/2.0" 200 105 "-" "Mozilla/5.0 (Macintosh; Intel Mac OS X 10_15_7) AppleWebKit/537.36 (KHTML, like Gecko) Chrome/131.0.0.0 Safari/537.36; compatible; OAI-SearchBot/1.4; robots.txt; +https://openai.com/searchbot" rioalimentos.meumercado.app 10.53.184.85
74.7.227.151 - - [30/May/2026:09:06:09 -0300] "GET /?sitemap.xml HTTP/2.0" 200 7337 "-" "Mozilla/5.0 AppleWebKit/537.36 (KHTML, like Gecko; compatible; GPTBot/1.4; +https://openai.com/gptbot)" rioalimentos.meumercado.app 10.53.184.85
74.7.227.151 - - [30/May/2026:09:06:25 -0300] "GET /sitemap.xml HTTP/2.0" 200 7337 "-" "Mozilla/5.0 AppleWebKit/537.36 (KHTML, like Gecko; compatible; GPTBot/1.4; +https://openai.com/gptbot)" rioalimentos.meumercado.app 10.53.184.85
176.65.139.236 - - [30/May/2026:12:16:12 -0300] "GET /.env HTTP/1.1" 406 226 "-" "Mozilla/5.0 (Windows NT 10.0; Win64; x64) AppleWebKit/537.36 (KHTML, like Gecko) Chrome/147.0.0.0 Safari/537.36" rioalimentos.meumercado.app 10.53.184.85
45.227.253.15 - - [30/May/2026:14:06:11 -0300] "GET /index.php/jk HTTP/1.1" 409 83 "-" "Mozilla/5.0 (Macintosh; Intel Mac OS X 10.12; rv:103.0) Gecko/20100101 Firefox/101.0" rioalimentos.meumercado.app 10.53.184.85
45.227.253.15 - - [30/May/2026:16:00:26 -0300] "GET /index.php/jk HTTP/1.1" 409 83 "-" "Mozilla/5.0 (Macintosh; Intel Mac OS X 10.13; rv:103.0) Gecko/20100101 Firefox/102.0" rioalimentos.meumercado.app 10.53.184.85
153.75.250.148 - - [30/May/2026:16:48:21 -0300] "GET / HTTP/1.1" 200 7337 "-" "Mozilla/5.0 (Windows NT 10.0; Win64; x64) AppleWebKit/537.36 (KHTML, like Gecko) Chrome/125.0.0.0 Safari/537.36" rioalimentos.meumercado.app 10.53.184.85
74.7.241.147 - - [30/May/2026:19:08:57 -0300] "GET /robots.txt HTTP/2.0" 200 105 "-" "Mozilla/5.0 (Macintosh; Intel Mac OS X 10_15_7) AppleWebKit/537.36 (KHTML, like Gecko) Chrome/131.0.0.0 Safari/537.36; compatible; OAI-SearchBot/1.4; robots.txt; +https://openai.com/searchbot" www.rioalimentos.meumercado.app 10.53.184.85
74.7.243.201 - - [30/May/2026:19:08:57 -0300] "GET / HTTP/2.0" 200 7337 "-" "Mozilla/5.0 AppleWebKit/537.36 (KHTML, like Gecko; compatible; GPTBot/1.4; +https://openai.com/gptbot)" www.rioalimentos.meumercado.app 10.53.184.85
176.65.139.238 - - [30/May/2026:21:08:32 -0300] "GET / HTTP/1.1" 200 8709 "-" "Mozilla/5.0 (Windows NT 10.0; Win64; x64) AppleWebKit/537.36 (KHTML, like Gecko) Chrome/147.0.0.0 Safari/537.36" www.rioalimentos.meumercado.app 10.53.184.85
45.227.253.15 - - [30/May/2026:21:15:25 -0300] "GET /index.php/jk HTTP/1.1" 409 83 "-" "Mozilla/5.0 (iPhone; CPU iPhone OS 10_3 like Mac OS X) AppleWebKit/605.1.15 (KHTML, like Gecko) Version/10.0.4 Mobile/15E148 Safari/604.1" rioalimentos.meumercado.app 10.53.184.85
74.50.84.227 - - [30/May/2026:21:25:11 -0300] "GET / HTTP/1.1" 200 7337 "-" "Mozilla/5.0 (Windows NT 10.0; Win64; x64) AppleWebKit/537.36 (KHTML, like Gecko) Chrome/125.0.0.0 Safari/537.36" www.rioalimentos.meumercado.app 10.53.184.85
45.227.253.15 - - [31/May/2026:03:28:47 -0300] "GET /index.php/jk HTTP/1.1" 409 83 "-" "Mozilla/5.0 (Macintosh; Intel Mac OS X 10.15; rv:103.0) Gecko/20100101 Firefox/102.0" rioalimentos.meumercado.app 10.53.184.85
176.65.139.232 - - [31/May/2026:04:23:20 -0300] "GET / HTTP/1.1" 200 8709 "-" "Mozilla/5.0 (Windows NT 10.0; Win64; x64) AppleWebKit/537.36 (KHTML, like Gecko) Chrome/147.0.0.0 Safari/537.36" rioalimentos.meumercado.app 10.53.184.85
45.227.253.15 - - [31/May/2026:05:35:58 -0300] "GET /index.php/jk HTTP/1.1" 409 83 "-" "Mozilla/5.0 (Windows NT 6.2; Win64; x64) AppleWebKit/537.36 (KHTML, like Gecko) Chrome/86.0.4240.111 Safari/537.36" rioalimentos.meumercado.app 10.53.184.85
74.7.230.53 - - [31/May/2026:09:09:32 -0300] "GET /robots.txt HTTP/2.0" 200 105 "-" "Mozilla/5.0 (Macintosh; Intel Mac OS X 10_15_7) AppleWebKit/537.36 (KHTML, like Gecko) Chrome/131.0.0.0 Safari/537.36; compatible; OAI-SearchBot/1.4; robots.txt; +https://openai.com/searchbot" rioalimentos.meumercado.app 10.53.184.85
74.7.227.151 - - [31/May/2026:09:09:32 -0300] "GET /sitemap.xml HTTP/2.0" 200 7337 "-" "Mozilla/5.0 AppleWebKit/537.36 (KHTML, like Gecko; compatible; GPTBot/1.4; +https://openai.com/gptbot)" rioalimentos.meumercado.app 10.53.184.85
74.7.227.151 - - [31/May/2026:09:10:13 -0300] "GET /?sitemap.xml HTTP/2.0" 200 7337 "-" "Mozilla/5.0 AppleWebKit/537.36 (KHTML, like Gecko; compatible; GPTBot/1.4; +https://openai.com/gptbot)" rioalimentos.meumercado.app 10.53.184.85
45.227.253.15 - - [31/May/2026:09:35:31 -0300] "GET /index.php/jk HTTP/1.1" 409 83 "-" "Mozilla/5.0 (Macintosh; Intel Mac OS X 10.15; rv:82.0) Gecko/20100101 Firefox/82.0" rioalimentos.meumercado.app 10.53.184.85
45.227.253.15 - - [31/May/2026:14:28:24 -0300] "GET /index.php/jk HTTP/1.1" 409 83 "-" "Mozilla/5.0 (Windows NT 6.2; WOW64; rv:72.0) Gecko/20100101 Firefox/72.0" rioalimentos.meumercado.app 10.53.184.85
74.7.241.147 - - [31/May/2026:17:23:03 -0300] "GET /robots.txt HTTP/2.0" 200 105 "-" "Mozilla/5.0 (Macintosh; Intel Mac OS X 10_15_7) AppleWebKit/537.36 (KHTML, like Gecko) Chrome/131.0.0.0 Safari/537.36; compatible; OAI-SearchBot/1.4; robots.txt; +https://openai.com/searchbot" www.rioalimentos.meumercado.app 10.53.184.85
45.148.10.245 - - [31/May/2026:17:52:01 -0300] "GET / HTTP/1.1" 200 7337 "-" "Mozilla/5.0 (Windows NT 10.0; Win64; x64) AppleWebKit/537.36 (KHTML, like Gecko) Chrome/120.0.0.0 Safari/537.36" www.rioalimentos.meumercado.app 10.53.184.85
34.156.247.133 - - [31/May/2026:19:31:45 -0300] "GET /.env HTTP/2.0" 406 226 "-" "Mozilla/5.0 (Windows NT 10.0; Win64; x64) AppleWebKit/537.36" rioalimentos.meumercado.app 10.53.184.85
34.156.247.133 - - [31/May/2026:19:31:47 -0300] "GET /.git/config HTTP/2.0" 200 8709 "-" "Mozilla/5.0 (Windows NT 10.0; Win64; x64) AppleWebKit/537.36" rioalimentos.meumercado.app 10.53.184.85
34.156.247.133 - - [31/May/2026:19:31:50 -0300] "GET /wp-config.php.bak HTTP/2.0" 406 226 "-" "Mozilla/5.0 (Windows NT 10.0; Win64; x64) AppleWebKit/537.36" rioalimentos.meumercado.app 10.53.184.85
34.156.247.133 - - [31/May/2026:19:31:51 -0300] "GET /.aws/credentials HTTP/2.0" 200 8709 "-" "Mozilla/5.0 (Windows NT 10.0; Win64; x64) AppleWebKit/537.36" rioalimentos.meumercado.app 10.53.184.85
34.156.247.133 - - [31/May/2026:19:31:54 -0300] "GET /config.json HTTP/2.0" 200 8709 "-" "Mozilla/5.0 (Windows NT 10.0; Win64; x64) AppleWebKit/537.36" rioalimentos.meumercado.app 10.53.184.85
34.156.247.133 - - [31/May/2026:19:32:04 -0300] "GET /.env.backup HTTP/2.0" 406 226 "-" "Mozilla/5.0 (Windows NT 10.0; Win64; x64) AppleWebKit/537.36" rioalimentos.meumercado.app 10.53.184.85
34.156.247.133 - - [31/May/2026:19:32:06 -0300] "GET /.env.production HTTP/2.0" 200 8709 "-" "Mozilla/5.0 (Windows NT 10.0; Win64; x64) AppleWebKit/537.36" rioalimentos.meumercado.app 10.53.184.85
34.156.247.133 - - [31/May/2026:19:32:09 -0300] "GET /.env.local HTTP/2.0" 200 8709 "-" "Mozilla/5.0 (Windows NT 10.0; Win64; x64) AppleWebKit/537.36" rioalimentos.meumercado.app 10.53.184.85
34.156.247.133 - - [31/May/2026:19:32:12 -0300] "GET /backup.sql HTTP/2.0" 406 226 "-" "Mozilla/5.0 (Windows NT 10.0; Win64; x64) AppleWebKit/537.36" rioalimentos.meumercado.app 10.53.184.85
34.156.247.133 - - [31/May/2026:19:32:14 -0300] "GET /firebase-config.json HTTP/2.0" 200 8709 "-" "Mozilla/5.0 (Windows NT 10.0; Win64; x64) AppleWebKit/537.36" rioalimentos.meumercado.app 10.53.184.85
34.156.247.133 - - [31/May/2026:19:32:19 -0300] "GET /google-services.json HTTP/2.0" 200 8709 "-" "Mozilla/5.0 (Windows NT 10.0; Win64; x64) AppleWebKit/537.36" rioalimentos.meumercado.app 10.53.184.85
34.156.247.133 - - [31/May/2026:19:32:22 -0300] "GET /wp-config.php HTTP/2.0" 403 22122 "-" "Mozilla/5.0 (Windows NT 10.0; Win64; x64) AppleWebKit/537.36" rioalimentos.meumercado.app 10.53.184.85
34.156.247.133 - - [31/May/2026:19:32:24 -0300] "GET /wp-config.php.dist HTTP/2.0" 406 226 "-" "Mozilla/5.0 (Windows NT 10.0; Win64; x64) AppleWebKit/537.36" rioalimentos.meumercado.app 10.53.184.85
34.156.247.133 - - [31/May/2026:19:32:26 -0300] "GET /lfm.php HTTP/2.0" 403 22122 "-" "Mozilla/5.0 (Windows NT 10.0; Win64; x64) AppleWebKit/537.36" rioalimentos.meumercado.app 10.53.184.85
34.156.247.133 - - [31/May/2026:19:32:28 -0300] "GET /WebServers.xml HTTP/2.0" 200 8709 "-" "Mozilla/5.0 (Windows NT 10.0; Win64; x64) AppleWebKit/537.36" rioalimentos.meumercado.app 10.53.184.85
34.156.247.133 - - [31/May/2026:19:32:31 -0300] "GET /config/databases.yml HTTP/2.0" 200 8709 "-" "Mozilla/5.0 (Windows NT 10.0; Win64; x64) AppleWebKit/537.36" rioalimentos.meumercado.app 10.53.184.85
34.156.247.133 - - [31/May/2026:19:32:34 -0300] "GET /sftp-config.json HTTP/2.0" 200 8709 "-" "Mozilla/5.0 (Windows NT 10.0; Win64; x64) AppleWebKit/537.36" rioalimentos.meumercado.app 10.53.184.85
34.156.247.133 - - [31/May/2026:19:32:36 -0300] "GET /WS_FTP.ini HTTP/2.0" 200 8709 "-" "Mozilla/5.0 (Windows NT 10.0; Win64; x64) AppleWebKit/537.36" rioalimentos.meumercado.app 10.53.184.85
34.156.247.133 - - [31/May/2026:19:32:39 -0300] "GET /filezilla.xml HTTP/2.0" 200 8709 "-" "Mozilla/5.0 (Windows NT 10.0; Win64; x64) AppleWebKit/537.36" rioalimentos.meumercado.app 10.53.184.85
34.156.247.133 - - [31/May/2026:19:32:42 -0300] "GET /sitemanager.xml HTTP/2.0" 200 8709 "-" "Mozilla/5.0 (Windows NT 10.0; Win64; x64) AppleWebKit/537.36" rioalimentos.meumercado.app 10.53.184.85
34.156.247.133 - - [31/May/2026:19:32:45 -0300] "GET /winscp.ini HTTP/2.0" 200 8709 "-" "Mozilla/5.0 (Windows NT 10.0; Win64; x64) AppleWebKit/537.36" rioalimentos.meumercado.app 10.53.184.85
34.156.247.133 - - [31/May/2026:19:32:50 -0300] "GET /wallet.dat HTTP/2.0" 200 8709 "-" "Mozilla/5.0 (Windows NT 10.0; Win64; x64) AppleWebKit/537.36" rioalimentos.meumercado.app 10.53.184.85
34.156.247.133 - - [31/May/2026:19:32:52 -0300] "GET /app/etc/local.xml HTTP/2.0" 200 8709 "-" "Mozilla/5.0 (Windows NT 10.0; Win64; x64) AppleWebKit/537.36" rioalimentos.meumercado.app 10.53.184.85
34.156.247.133 - - [31/May/2026:19:32:55 -0300] "GET /server.key HTTP/2.0" 200 8709 "-" "Mozilla/5.0 (Windows NT 10.0; Win64; x64) AppleWebKit/537.36" rioalimentos.meumercado.app 10.53.184.85
34.156.247.133 - - [31/May/2026:19:32:57 -0300] "GET /key.pem HTTP/2.0" 406 226 "-" "Mozilla/5.0 (Windows NT 10.0; Win64; x64) AppleWebKit/537.36" rioalimentos.meumercado.app 10.53.184.85
34.156.247.133 - - [31/May/2026:19:32:59 -0300] "GET /vendor/phpunit/phpunit/src/Util/PHP/eval-stdin.php HTTP/2.0" 406 226 "-" "Mozilla/5.0 (Windows NT 10.0; Win64; x64) AppleWebKit/537.36" rioalimentos.meumercado.app 10.53.184.85
34.156.247.133 - - [31/May/2026:19:33:00 -0300] "GET /sites/default/files/.ht.sqlite HTTP/2.0" 200 8709 "-" "Mozilla/5.0 (Windows NT 10.0; Win64; x64) AppleWebKit/537.36" rioalimentos.meumercado.app 10.53.184.85
34.156.247.133 - - [31/May/2026:19:33:06 -0300] "GET /wp-content/debug.log HTTP/2.0" 200 8709 "-" "Mozilla/5.0 (Windows NT 10.0; Win64; x64) AppleWebKit/537.36" rioalimentos.meumercado.app 10.53.184.85
34.156.247.133 - - [31/May/2026:19:33:08 -0300] "GET /composer.json HTTP/2.0" 200 8709 "-" "Mozilla/5.0 (Windows NT 10.0; Win64; x64) AppleWebKit/537.36" rioalimentos.meumercado.app 10.53.184.85
34.156.247.133 - - [31/May/2026:19:33:10 -0300] "GET /phpinfo.php HTTP/2.0" 403 22122 "-" "Mozilla/5.0 (Windows NT 10.0; Win64; x64) AppleWebKit/537.36" rioalimentos.meumercado.app 10.53.184.85
34.156.247.133 - - [31/May/2026:19:33:12 -0300] "GET /info.php HTTP/2.0" 403 22122 "-" "Mozilla/5.0 (Windows NT 10.0; Win64; x64) AppleWebKit/537.36" rioalimentos.meumercado.app 10.53.184.85
34.156.247.133 - - [31/May/2026:19:33:14 -0300] "GET /credentials.ini HTTP/2.0" 200 8709 "-" "Mozilla/5.0 (Windows NT 10.0; Win64; x64) AppleWebKit/537.36" rioalimentos.meumercado.app 10.53.184.85
34.156.247.133 - - [31/May/2026:19:33:17 -0300] "GET /config.ini HTTP/2.0" 200 - "-" "Mozilla/5.0 (Windows NT 10.0; Win64; x64) AppleWebKit/537.36" rioalimentos.meumercado.app 10.53.184.85
172.69.150.41 - - [31/May/2026:20:05:31 -0300] "GET /.git/config HTTP/2.0" 200 - "-" "Mozilla/5.0 (X11; Linux x86_64; rv:127.0) Gecko/20100101 Firefox/127.0" rioalimentos.meumercado.app 10.53.184.85
45.227.253.15 - - [31/May/2026:20:58:06 -0300] "GET /index.php/jk HTTP/1.1" 409 83 "-" "Mozilla/5.0 (Windows NT 10.0; Win64; x64) AppleWebKit/537.36 (KHTML, like Gecko) Chrome/76.0.3800 Safari/537.36 Edg/76.0.140.6" rioalimentos.meumercado.app 10.53.184.85
176.65.139.234 - - [31/May/2026:22:42:55 -0300] "GET /.env HTTP/1.1" 406 226 "-" "Mozilla/5.0 (Windows NT 10.0; Win64; x64) AppleWebKit/537.36 (KHTML, like Gecko) Chrome/147.0.0.0 Safari/537.36" www.rioalimentos.meumercado.app 10.53.184.85
45.227.253.15 - - [31/May/2026:23:55:31 -0300] "GET /index.php/jk HTTP/1.1" 409 83 "-" "Mozilla/5.0 (Windows NT 10.0; Win64; x64) AppleWebKit/537.36 (KHTML, like Gecko) Chrome/78.0.3790 Safari/537.36 Edg/78.0.142.6" rioalimentos.meumercado.app 10.53.184.85
208.84.101.231 - - [01/Jun/2026:00:54:55 -0300] "GET / HTTP/1.1" 200 7337 "-" "Mozilla/5.0 (Windows NT 10.0; Win64; x64; rv:149.0) Gecko/20100101 Firefox/149.0" rioalimentos.meumercado.app 10.53.184.85
98.84.1.175 - - [01/Jun/2026:03:31:02 -0300] "GET / HTTP/1.1" 421 362 "-" "RecordedFuture Global Inventory Crawler" rioalimentos.meumercado.app 10.53.184.85
176.65.139.238 - - [01/Jun/2026:05:04:57 -0300] "GET /.env HTTP/1.1" 406 226 "-" "Mozilla/5.0 (Windows NT 10.0; Win64; x64) AppleWebKit/537.36 (KHTML, like Gecko) Chrome/147.0.0.0 Safari/537.36" rioalimentos.meumercado.app 10.53.184.85
74.7.230.53 - - [01/Jun/2026:09:12:23 -0300] "GET /robots.txt HTTP/2.0" 200 105 "-" "Mozilla/5.0 (Macintosh; Intel Mac OS X 10_15_7) AppleWebKit/537.36 (KHTML, like Gecko) Chrome/131.0.0.0 Safari/537.36; compatible; OAI-SearchBot/1.4; robots.txt; +https://openai.com/searchbot" rioalimentos.meumercado.app 10.53.184.85
74.7.227.151 - - [01/Jun/2026:09:12:23 -0300] "GET /sitemap.xml HTTP/2.0" 200 7337 "-" "Mozilla/5.0 AppleWebKit/537.36 (KHTML, like Gecko; compatible; GPTBot/1.4; +https://openai.com/gptbot)" rioalimentos.meumercado.app 10.53.184.85
74.7.227.151 - - [01/Jun/2026:09:12:52 -0300] "GET /?sitemap.xml HTTP/2.0" 200 7337 "-" "Mozilla/5.0 AppleWebKit/537.36 (KHTML, like Gecko; compatible; GPTBot/1.4; +https://openai.com/gptbot)" rioalimentos.meumercado.app 10.53.184.85
45.227.253.15 - - [01/Jun/2026:11:54:55 -0300] "GET /index.php/jk HTTP/1.1" 409 83 "-" "Mozilla/5.0 (iPhone; CPU iPhone OS 13_4 like Mac OS X) AppleWebKit/605.1.15 (KHTML, like Gecko) Version/13.4.4 Mobile/15E148 Safari/604.1" rioalimentos.meumercado.app 10.53.184.85
45.227.253.15 - - [01/Jun/2026:13:54:24 -0300] "GET /index.php/jk HTTP/1.1" 409 83 "-" "Mozilla/5.0 (Macintosh; Intel Mac OS X 10.13; rv:103.0) Gecko/20100101 Firefox/101.0" rioalimentos.meumercado.app 10.53.184.85
176.65.139.238 - - [01/Jun/2026:13:59:18 -0300] "GET / HTTP/1.1" 200 170 "-" "Mozilla/5.0 (Windows NT 10.0; Win64; x64) AppleWebKit/537.36 (KHTML, like Gecko) Chrome/147.0.0.0 Safari/537.36" www.rioalimentos.meumercado.app 10.53.184.85
66.132.172.131 - - [01/Jun/2026:19:27:12 -0300] "GET / HTTP/1.1" 200 7337 "-" "Mozilla/5.0 (compatible; CensysInspect/1.1; +https://about.censys.io/)" www.rioalimentos.meumercado.app 10.53.184.85
66.132.172.131 - - [01/Jun/2026:19:27:16 -0300] "GET /favicon.ico HTTP/1.1" 200 117 "-" "Mozilla/5.0 (compatible; CensysInspect/1.1; +https://about.censys.io/)" www.rioalimentos.meumercado.app 10.53.184.85
45.227.253.15 - - [01/Jun/2026:20:29:02 -0300] "GET /index.php/jk HTTP/1.1" 409 83 "-" "Mozilla/5.0 (Windows NT 10.0; Win64; x64) AppleWebKit/537.36 (KHTML, like Gecko) Chrome/80.0.3980 Safari/537.36 Edg/80.0.145.1" rioalimentos.meumercado.app 10.53.184.85
94.141.85.82 - - [01/Jun/2026:20:58:15 -0300] "POST / HTTP/1.1" 406 226 "-" "Mozilla/5.0" rioalimentos.meumercado.app 10.53.184.85
176.65.139.238 - - [01/Jun/2026:21:16:10 -0300] "GET / HTTP/1.1" 200 170 "-" "Mozilla/5.0 (Windows NT 10.0; Win64; x64) AppleWebKit/537.36 (KHTML, like Gecko) Chrome/147.0.0.0 Safari/537.36" rioalimentos.meumercado.app 10.53.184.85
3.151.194.164 - - [01/Jun/2026:23:11:54 -0300] "GET / HTTP/1.1" 200 105 "-" "visionheight.com/scan Mozilla/5.0 (Macintosh; Intel Mac OS X 10_15_7) Chrome/126.0.0.0 Safari/537.36" rioalimentos.meumercado.app 10.53.184.85
45.227.253.15 - - [02/Jun/2026:01:09:25 -0300] "GET /index.php/jk HTTP/1.1" 409 83 "-" "Mozilla/5.0 (iPhone; CPU iPhone OS 14_1 like Mac OS X) AppleWebKit/605.1.15 (KHTML, like Gecko) Version/14.0 Mobile/15E148 Safari/604.1" rioalimentos.meumercado.app 10.53.184.85
165.232.110.100 - - [02/Jun/2026:03:19:38 -0300] "GET / HTTP/1.1" 200 7337 "-" "Mozilla/5.0 (X11; Linux x86_64) AppleWebKit/537.36 (KHTML, like Gecko) Chrome/142.0.0.0 Safari/537.36" www.rioalimentos.meumercado.app 10.53.184.85
165.232.110.100 - - [02/Jun/2026:03:19:43 -0300] "GET /favicon.ico HTTP/1.1" 200 7337 "https://www.rioalimentos.meumercado.app/" "Mozilla/5.0 (X11; Linux x86_64) AppleWebKit/537.36 (KHTML, like Gecko) Chrome/142.0.0.0 Safari/537.36" www.rioalimentos.meumercado.app 10.53.184.85
46.224.236.215 - - [02/Jun/2026:03:21:34 -0300] "POST / HTTP/1.1" 406 226 "-" "Mozilla/5.0" www.rioalimentos.meumercado.app 10.53.184.85
74.7.241.186 - - [02/Jun/2026:03:33:59 -0300] "GET /robots.txt HTTP/2.0" 200 105 "-" "Mozilla/5.0 (Macintosh; Intel Mac OS X 10_15_7) AppleWebKit/537.36 (KHTML, like Gecko) Chrome/131.0.0.0 Safari/537.36; compatible; OAI-SearchBot/1.4; robots.txt; +https://openai.com/searchbot" www.rioalimentos.meumercado.app 10.53.184.85
74.7.242.22 - - [02/Jun/2026:03:33:59 -0300] "GET / HTTP/2.0" 200 7337 "-" "Mozilla/5.0 AppleWebKit/537.36 (KHTML, like Gecko; compatible; GPTBot/1.4; +https://openai.com/gptbot)" www.rioalimentos.meumercado.app 10.53.184.85
195.96.139.233 - - [02/Jun/2026:07:29:44 -0300] "GET / HTTP/1.1" 200 7337 "-" "Mozilla/5.0 (compatible; InternetMeasurement/1.0; +https://internet-measurement.com/)" www.rioalimentos.meumercado.app 10.53.184.85
52.54.107.63 - - [02/Jun/2026:07:38:37 -0300] "POST / HTTP/1.1" 200 7337 "https://www.rioalimentos.meumercado.app/" "Mozilla/5.0 (Windows NT 10.0; Win64; x64) AppleWebKit/537.36 (KHTML, like Gecko) Chrome/145.0.0.0 Safari/537.36" www.rioalimentos.meumercado.app 10.53.184.85
45.227.253.15 - - [02/Jun/2026:08:56:23 -0300] "GET /index.php/jk HTTP/1.1" 409 83 "-" "Mozilla/5.0 (Windows NT 6.1; Win64; x64) AppleWebKit/537.36 (KHTML, like Gecko) Chrome/86.0.4240.111 Safari/537.36" rioalimentos.meumercado.app 10.53.184.85
74.7.228.28 - - [02/Jun/2026:09:13:52 -0300] "GET /robots.txt HTTP/2.0" 200 105 "-" "Mozilla/5.0 (Macintosh; Intel Mac OS X 10_15_7) AppleWebKit/537.36 (KHTML, like Gecko) Chrome/131.0.0.0 Safari/537.36; compatible; OAI-SearchBot/1.4; robots.txt; +https://openai.com/searchbot" rioalimentos.meumercado.app 10.53.184.85
74.7.227.180 - - [02/Jun/2026:09:13:52 -0300] "GET /?sitemap.xml HTTP/2.0" 200 - "-" "Mozilla/5.0 AppleWebKit/537.36 (KHTML, like Gecko; compatible; GPTBot/1.4; +https://openai.com/gptbot)" rioalimentos.meumercado.app 10.53.184.85
74.7.227.180 - - [02/Jun/2026:09:15:38 -0300] "GET /sitemap.xml HTTP/2.0" 200 - "-" "Mozilla/5.0 AppleWebKit/537.36 (KHTML, like Gecko; compatible; GPTBot/1.4; +https://openai.com/gptbot)" rioalimentos.meumercado.app 10.53.184.85
45.227.253.15 - - [02/Jun/2026:12:50:39 -0300] "GET /index.php/jk HTTP/1.1" 409 83 "-" "Mozilla/5.0 (iPad; U; CPU OS 4_3_3 like Mac OS X; ja) AppleWebKit/533.17.9 (KHTML, like Gecko) Version/5.0.2 Mobile/8J2 Safari/6533.18.5" rioalimentos.meumercado.app 10.53.184.85
8.231.167.62 - - [02/Jun/2026:14:43:11 -0300] "GET /.git/config HTTP/1.1" 200 7337 "-" "-" www.rioalimentos.meumercado.app 10.53.184.85
176.65.139.231 - - [02/Jun/2026:15:13:54 -0300] "GET /.env HTTP/1.1" 406 226 "-" "Mozilla/5.0 (Windows NT 10.0; Win64; x64) AppleWebKit/537.36 (KHTML, like Gecko) Chrome/147.0.0.0 Safari/537.36" www.rioalimentos.meumercado.app 10.53.184.85
45.227.253.15 - - [02/Jun/2026:15:43:25 -0300] "GET /index.php/jk HTTP/1.1" 409 83 "-" "Mozilla/5.0 (Windows NT 10.0; Win64; x64) AppleWebKit/537.36 (KHTML, like Gecko) Chrome/82.0.3292.140 Safari/537.36 Edge/18.18761" rioalimentos.meumercado.app 10.53.184.85
207.174.40.205 - - [02/Jun/2026:15:52:07 -0300] "GET /.git/config HTTP/1.1" 200 7337 "-" "Mozilla/5.0 (Macintosh; Intel Mac OS X 10_15_7) AppleWebKit/537.36" www.rioalimentos.meumercado.app 10.53.184.85
207.174.40.205 - - [02/Jun/2026:15:52:06 -0300] "GET /.git/HEAD HTTP/1.1" 200 7337 "-" "Mozilla/5.0 (Macintosh; Intel Mac OS X 10_15_7) AppleWebKit/537.36" www.rioalimentos.meumercado.app 10.53.184.85
207.174.40.205 - - [02/Jun/2026:15:52:06 -0300] "GET / HTTP/1.1" 200 7337 "-" "Mozilla/5.0 (Macintosh; Intel Mac OS X 10_15_7) AppleWebKit/537.36" www.rioalimentos.meumercado.app 10.53.184.85
195.170.172.102 - - [02/Jun/2026:21:32:19 -0300] "GET /.git/config HTTP/1.1" 200 7337 "-" "Mozilla/5.0 (Macintosh; Intel Mac OS X 10_15_7) AppleWebKit/537.36" rioalimentos.meumercado.app 10.53.184.85
195.170.172.102 - - [02/Jun/2026:21:32:19 -0300] "GET /.git/HEAD HTTP/1.1" 200 7337 "-" "Mozilla/5.0 (Macintosh; Intel Mac OS X 10_15_7) AppleWebKit/537.36" rioalimentos.meumercado.app 10.53.184.85
195.170.172.102 - - [02/Jun/2026:21:32:19 -0300] "GET / HTTP/1.1" 200 7337 "-" "Mozilla/5.0 (Macintosh; Intel Mac OS X 10_15_7) AppleWebKit/537.36" rioalimentos.meumercado.app 10.53.184.85
176.65.139.234 - - [02/Jun/2026:21:35:57 -0300] "GET /.env HTTP/1.1" 406 226 "-" "Mozilla/5.0 (Windows NT 10.0; Win64; x64) AppleWebKit/537.36 (KHTML, like Gecko) Chrome/147.0.0.0 Safari/537.36" rioalimentos.meumercado.app 10.53.184.85
195.178.110.242 - - [02/Jun/2026:23:02:46 -0300] "GET /wp-content/plugins/smtp-mailer/readme.txt HTTP/1.1" 406 226 "https://www.rioalimentos.meumercado.app/wp-login.php" "Mozilla/5.0 (Linux; Android 6.0.1; Nexus 5X Build/MMB29P) AppleWebKit/537.36 (KHTML, like Gecko) Chrome/125.0.0.0 Mobile Safari/537.36 (compatible; Googlebot/2.1; +http://www.google.com/bot.html)" www.rioalimentos.meumercado.app 10.53.184.85
45.227.253.15 - - [02/Jun/2026:23:08:31 -0300] "GET /index.php/jk HTTP/1.1" 409 83 "-" "Mozilla/5.0 (Macintosh; Intel Mac OS X 10.15; rv:82.0) Gecko/20100101 Firefox/82.0" rioalimentos.meumercado.app 10.53.184.85
45.227.253.15 - - [03/Jun/2026:00:57:58 -0300] "GET /index.php/jk HTTP/1.1" 409 83 "-" "Mozilla/5.0 (Windows NT 10.0; Win64; x64; rv:81.0) Gecko/20100101 Firefox/81.0" rioalimentos.meumercado.app 10.53.184.85
45.227.253.15 - - [03/Jun/2026:05:58:27 -0300] "GET /index.php/jk HTTP/1.1" 409 83 "-" "Mozilla/5.0 (iPhone; CPU iPhone OS 12_4 like Mac OS X) AppleWebKit/605.1.15 (KHTML, like Gecko) Version/12.4.2 Mobile/15E148 Safari/604.1" rioalimentos.meumercado.app 10.53.184.85
176.65.139.231 - - [03/Jun/2026:06:24:53 -0300] "GET / HTTP/1.1" 200 8709 "-" "Mozilla/5.0 (Windows NT 10.0; Win64; x64) AppleWebKit/537.36 (KHTML, like Gecko) Chrome/147.0.0.0 Safari/537.36" www.rioalimentos.meumercado.app 10.53.184.85
195.170.172.102 - - [03/Jun/2026:07:02:44 -0300] "GET /.git/HEAD HTTP/1.1" 200 7337 "-" "Mozilla/5.0 (Macintosh; Intel Mac OS X 10_15_7) AppleWebKit/537.36" www.rioalimentos.meumercado.app 10.53.184.85
195.170.172.102 - - [03/Jun/2026:07:02:44 -0300] "GET / HTTP/1.1" 200 7337 "-" "Mozilla/5.0 (Macintosh; Intel Mac OS X 10_15_7) AppleWebKit/537.36" www.rioalimentos.meumercado.app 10.53.184.85
195.170.172.102 - - [03/Jun/2026:07:02:44 -0300] "GET /.git/config HTTP/1.1" 200 7337 "-" "Mozilla/5.0 (Macintosh; Intel Mac OS X 10_15_7) AppleWebKit/537.36" www.rioalimentos.meumercado.app 10.53.184.85
74.7.228.28 - - [03/Jun/2026:09:17:03 -0300] "GET /robots.txt HTTP/2.0" 200 105 "-" "Mozilla/5.0 (Macintosh; Intel Mac OS X 10_15_7) AppleWebKit/537.36 (KHTML, like Gecko) Chrome/131.0.0.0 Safari/537.36; compatible; OAI-SearchBot/1.4; robots.txt; +https://openai.com/searchbot" rioalimentos.meumercado.app 10.53.184.85
74.7.227.180 - - [03/Jun/2026:09:17:03 -0300] "GET /?sitemap.xml HTTP/2.0" 200 7337 "-" "Mozilla/5.0 AppleWebKit/537.36 (KHTML, like Gecko; compatible; GPTBot/1.4; +https://openai.com/gptbot)" rioalimentos.meumercado.app 10.53.184.85
74.7.227.180 - - [03/Jun/2026:09:18:29 -0300] "GET /sitemap.xml HTTP/2.0" 200 7337 "-" "Mozilla/5.0 AppleWebKit/537.36 (KHTML, like Gecko; compatible; GPTBot/1.4; +https://openai.com/gptbot)" rioalimentos.meumercado.app 10.53.184.85
87.236.176.18 - - [03/Jun/2026:09:24:10 -0300] "GET / HTTP/1.1" 200 7337 "-" "Mozilla/5.0 (compatible; InternetMeasurement/1.0; +https://internet-measurement.com/)" www.rioalimentos.meumercado.app 10.53.184.85
45.227.253.15 - - [03/Jun/2026:11:32:33 -0300] "GET /index.php/jk HTTP/1.1" 409 83 "-" "Mozilla/5.0 (Macintosh; Intel Mac OS X 10.15; rv:103.0) Gecko/20100101 Firefox/102.0" rioalimentos.meumercado.app 10.53.184.85
176.65.139.231 - - [03/Jun/2026:13:36:24 -0300] "GET / HTTP/1.1" 200 8709 "-" "Mozilla/5.0 (Windows NT 10.0; Win64; x64) AppleWebKit/537.36 (KHTML, like Gecko) Chrome/147.0.0.0 Safari/537.36" rioalimentos.meumercado.app 10.53.184.85
45.227.253.15 - - [03/Jun/2026:13:52:34 -0300] "GET /index.php/jk HTTP/1.1" 409 83 "-" "Mozilla/5.0 (Windows NT 10.0; Win64; x64) AppleWebKit/537.36 (KHTML, like Gecko) Chrome/78.0.3790 Safari/537.36 Edg/78.0.142.6" rioalimentos.meumercado.app 10.53.184.85
34.42.34.237 - - [03/Jun/2026:20:56:58 -0300] "POST / HTTP/1.1" 200 7337 "https://www.rioalimentos.meumercado.app/" "Mozilla/5.0 (Macintosh; Intel Mac OS X 10_15_7) AppleWebKit/537.36 (KHTML, like Gecko) Chrome/146.0.0.0 Safari/537.36" www.rioalimentos.meumercado.app 10.53.184.85
45.227.253.15 - - [03/Jun/2026:21:21:28 -0300] "GET /index.php/jk HTTP/1.1" 409 83 "-" "Mozilla/5.0 (Macintosh; Intel Mac OS X 10.11; rv:103.0) Gecko/20100101 Firefox/103.0" rioalimentos.meumercado.app 10.53.184.85
45.227.253.15 - - [03/Jun/2026:23:36:12 -0300] "GET /index.php/jk HTTP/1.1" 409 83 "-" "Mozilla/5.0 (Windows NT 6.1; WOW64; rv:70.0) Gecko/20100101 Firefox/70.0" rioalimentos.meumercado.app 10.53.184.85
74.7.241.186 - - [04/Jun/2026:00:19:25 -0300] "GET /robots.txt HTTP/2.0" 200 105 "-" "Mozilla/5.0 (Macintosh; Intel Mac OS X 10_15_7) AppleWebKit/537.36 (KHTML, like Gecko) Chrome/131.0.0.0 Safari/537.36; compatible; OAI-SearchBot/1.4; robots.txt; +https://openai.com/searchbot" www.rioalimentos.meumercado.app 10.53.184.85
45.227.253.15 - - [04/Jun/2026:03:56:11 -0300] "GET /index.php/jk HTTP/1.1" 409 83 "-" "Mozilla/5.0 (Macintosh; Intel Mac OS X 10.11; rv:103.0) Gecko/20100101 Firefox/102.0" rioalimentos.meumercado.app 10.53.184.85
106.63.26.22 - - [04/Jun/2026:05:39:10 -0300] "GET / HTTP/1.1" 200 8709 "-" "Mozilla/5.0 (Macintosh; Intel Mac OS X 10_15_7) AppleWebKit/537.36 (KHTML, like Gecko) Chrome/120.0.0.0 Safari/537.36 Edg/120.0.0.0" www.rioalimentos.meumercado.app 10.53.184.85
35.254.244.123 - - [04/Jun/2026:05:42:02 -0300] "POST / HTTP/1.1" 200 7337 "https://www.rioalimentos.meumercado.app/" "Mozilla/5.0 (Macintosh; Intel Mac OS X 10_15_7) AppleWebKit/537.36 (KHTML, like Gecko) Chrome/146.0.0.0 Safari/537.36" www.rioalimentos.meumercado.app 10.53.184.85
134.185.86.134 - - [04/Jun/2026:07:16:06 -0300] "GET / HTTP/2.0" 200 7337 "-" "Mozilla/5.0 (Android 13; Mobile; rv:117.0) Gecko/117.0 Firefox/117.0" rioalimentos.meumercado.app 10.53.184.85
134.185.86.134 - - [04/Jun/2026:07:16:07 -0300] "GET / HTTP/2.0" 406 226 "-" "Go-http-client/2.0" rioalimentos.meumercado.app 10.53.184.85
134.185.86.134 - - [04/Jun/2026:07:16:07 -0300] "GET /wp-login.php HTTP/2.0" 406 226 "-" "Mozilla/5.0 (iPad; CPU OS 17_4 like Mac OS X) AppleWebKit/605.1.15 Mobile/15E148" rioalimentos.meumercado.app 10.53.184.85
134.185.86.134 - - [04/Jun/2026:07:16:08 -0300] "GET /wp-admin/ HTTP/2.0" 200 7337 "-" "Mozilla/5.0 (Android 13; Mobile; rv:117.0) Gecko/117.0 Firefox/117.0" rioalimentos.meumercado.app 10.53.184.85
134.185.86.134 - - [04/Jun/2026:07:16:09 -0300] "GET /administrator/ HTTP/2.0" 200 7337 "-" "Mozilla/5.0 (Android 13; Mobile; rv:117.0) Gecko/117.0 Firefox/117.0" rioalimentos.meumercado.app 10.53.184.85
134.185.86.134 - - [04/Jun/2026:07:16:10 -0300] "GET /user/login HTTP/2.0" 406 226 "-" "Mozilla/5.0 (iPad; CPU OS 17_4 like Mac OS X) AppleWebKit/605.1.15 Mobile/15E148" rioalimentos.meumercado.app 10.53.184.85
134.185.86.134 - - [04/Jun/2026:07:16:10 -0300] "GET /admin HTTP/2.0" 200 7337 "-" "Mozilla/5.0 (iPad; CPU OS 17_4 like Mac OS X) AppleWebKit/605.1.15 Mobile/15E148" rioalimentos.meumercado.app 10.53.184.85
134.185.86.134 - - [04/Jun/2026:07:16:11 -0300] "GET /login HTTP/2.0" 200 7337 "-" "Mozilla/5.0 (iPad; CPU OS 17_4 like Mac OS X) AppleWebKit/605.1.15 Mobile/15E148" rioalimentos.meumercado.app 10.53.184.85
134.185.86.134 - - [04/Jun/2026:07:16:12 -0300] "GET /register HTTP/2.0" 200 7337 "-" "Mozilla/5.0 (iPad; CPU OS 17_4 like Mac OS X) AppleWebKit/605.1.15 Mobile/15E148" rioalimentos.meumercado.app 10.53.184.85
134.185.86.134 - - [04/Jun/2026:07:16:13 -0300] "GET /admin HTTP/2.0" 200 7337 "-" "Mozilla/5.0 (Macintosh; Intel Mac OS X 13_5_1) AppleWebKit/605.1.15 Safari/605.1.15" rioalimentos.meumercado.app 10.53.184.85
134.185.86.134 - - [04/Jun/2026:07:16:14 -0300] "GET /login HTTP/2.0" 200 7337 "-" "Mozilla/5.0 (iPhone; CPU iPhone OS 17_4_1 like Mac OS X) AppleWebKit/605.1.15 Mobile/15E148" rioalimentos.meumercado.app 10.53.184.85
176.65.139.231 - - [04/Jun/2026:07:42:58 -0300] "GET /.env HTTP/1.1" 406 226 "-" "Mozilla/5.0 (Windows NT 10.0; Win64; x64) AppleWebKit/537.36 (KHTML, like Gecko) Chrome/147.0.0.0 Safari/537.36" www.rioalimentos.meumercado.app 10.53.184.85
74.7.228.28 - - [04/Jun/2026:09:18:49 -0300] "GET /robots.txt HTTP/2.0" 200 105 "-" "Mozilla/5.0 (Macintosh; Intel Mac OS X 10_15_7) AppleWebKit/537.36 (KHTML, like Gecko) Chrome/131.0.0.0 Safari/537.36; compatible; OAI-SearchBot/1.4; robots.txt; +https://openai.com/searchbot" rioalimentos.meumercado.app 10.53.184.85
74.7.227.180 - - [04/Jun/2026:09:18:49 -0300] "GET /?sitemap.xml HTTP/2.0" 200 7337 "-" "Mozilla/5.0 AppleWebKit/537.36 (KHTML, like Gecko; compatible; GPTBot/1.4; +https://openai.com/gptbot)" rioalimentos.meumercado.app 10.53.184.85
74.7.227.180 - - [04/Jun/2026:09:19:19 -0300] "GET /sitemap.xml HTTP/2.0" 200 7337 "-" "Mozilla/5.0 AppleWebKit/537.36 (KHTML, like Gecko; compatible; GPTBot/1.4; +https://openai.com/gptbot)" rioalimentos.meumercado.app 10.53.184.85
45.227.253.15 - - [04/Jun/2026:09:47:37 -0300] "GET /index.php/jk HTTP/1.1" 409 83 "-" "Mozilla/5.0 (Windows NT 10.0; Win64; x64) AppleWebKit/537.36 (KHTML, like Gecko) Chrome/78.0.3790 Safari/537.36 Edg/78.0.142.6" rioalimentos.meumercado.app 10.53.184.85
176.65.139.238 - - [04/Jun/2026:14:10:13 -0300] "GET /.env HTTP/1.1" 406 226 "-" "Mozilla/5.0 (Windows NT 10.0; Win64; x64) AppleWebKit/537.36 (KHTML, like Gecko) Chrome/147.0.0.0 Safari/537.36" rioalimentos.meumercado.app 10.53.184.85
45.227.253.15 - - [04/Jun/2026:14:13:46 -0300] "GET /index.php/jk HTTP/1.1" 409 83 "-" "Mozilla/5.0 (iPad; U; CPU OS 4_2_1 like Mac OS X; ja) AppleWebKit/533.17.9 (KHTML, like Gecko) Version/5.0.2 Mobile/8C148 Safari/6533.18.5" rioalimentos.meumercado.app 10.53.184.85
18.235.110.182 - - [04/Jun/2026:14:34:12 -0300] "GET / HTTP/1.1" 421 362 "-" "RecordedFuture Global Inventory Crawler" www.rioalimentos.meumercado.app 10.53.184.85
45.227.253.15 - - [04/Jun/2026:17:34:56 -0300] "GET /index.php/jk HTTP/1.1" 409 83 "-" "Mozilla/5.0 (Macintosh; Intel Mac OS X 10.14; rv:103.0) Gecko/20100101 Firefox/101.0" rioalimentos.meumercado.app 10.53.184.85
