45.227.253.15 - - [04/Jun/2026:21:40:27 -0300] "GET /index.php/jk HTTP/1.1" 409 83 "-" "Mozilla/5.0 (Windows NT 10.0; Win64; x64) AppleWebKit/537.36 (KHTML, like Gecko) Chrome/80.0.3980 Safari/537.36 Edg/80.0.145.1" rioalimentos.meumercado.app 10.53.184.85
176.65.139.232 - - [04/Jun/2026:23:15:16 -0300] "GET / HTTP/1.1" 200 8709 "-" "Mozilla/5.0 (Windows NT 10.0; Win64; x64) AppleWebKit/537.36 (KHTML, like Gecko) Chrome/147.0.0.0 Safari/537.36" www.rioalimentos.meumercado.app 10.53.184.85
45.227.253.15 - - [05/Jun/2026:01:44:04 -0300] "GET /index.php/jk HTTP/1.1" 409 83 "-" "Mozilla/5.0 (Windows NT 10.0; Win64; x64) AppleWebKit/537.36 (KHTML, like Gecko) Chrome/78.0.3790 Safari/537.36 Edg/78.0.142.6" rioalimentos.meumercado.app 10.53.184.85
176.65.139.238 - - [05/Jun/2026:06:35:56 -0300] "GET / HTTP/1.1" 200 8709 "-" "Mozilla/5.0 (Windows NT 10.0; Win64; x64) AppleWebKit/537.36 (KHTML, like Gecko) Chrome/147.0.0.0 Safari/537.36" rioalimentos.meumercado.app 10.53.184.85
74.7.241.179 - - [05/Jun/2026:09:21:52 -0300] "GET /robots.txt HTTP/2.0" 200 105 "-" "Mozilla/5.0 (Macintosh; Intel Mac OS X 10_15_7) AppleWebKit/537.36 (KHTML, like Gecko) Chrome/131.0.0.0 Safari/537.36; compatible; OAI-SearchBot/1.4; robots.txt; +https://openai.com/searchbot" rioalimentos.meumercado.app 10.53.184.85
74.7.242.50 - - [05/Jun/2026:09:21:52 -0300] "GET /?sitemap.xml HTTP/2.0" 200 7337 "-" "Mozilla/5.0 AppleWebKit/537.36 (KHTML, like Gecko; compatible; GPTBot/1.4; +https://openai.com/gptbot)" rioalimentos.meumercado.app 10.53.184.85
74.7.242.50 - - [05/Jun/2026:09:23:21 -0300] "GET /sitemap.xml HTTP/2.0" 200 7337 "-" "Mozilla/5.0 AppleWebKit/537.36 (KHTML, like Gecko; compatible; GPTBot/1.4; +https://openai.com/gptbot)" rioalimentos.meumercado.app 10.53.184.85
45.227.253.15 - - [05/Jun/2026:09:45:25 -0300] "GET /index.php/jk HTTP/1.1" 409 83 "-" "Mozilla/5.0 (Windows NT 10.0; Win64; x64) AppleWebKit/537.36 (KHTML, like Gecko) Chrome/80.0.3980 Safari/537.36 Edg/80.0.145.1" rioalimentos.meumercado.app 10.53.184.85
45.227.253.15 - - [05/Jun/2026:11:22:50 -0300] "GET /index.php/jk HTTP/1.1" 409 83 "-" "Mozilla/5.0 (Macintosh; Intel Mac OS X 10.13; rv:103.0) Gecko/20100101 Firefox/103.0" rioalimentos.meumercado.app 10.53.184.85
45.227.253.15 - - [05/Jun/2026:15:31:20 -0300] "GET /index.php/jk HTTP/1.1" 409 83 "-" "Mozilla/5.0 (Windows NT 10.0; Win64; x64) AppleWebKit/537.36 (KHTML, like Gecko) Chrome/75.0.3780 Safari/537.36 Edg/75.0.139" rioalimentos.meumercado.app 10.53.184.85
45.227.253.15 - - [05/Jun/2026:21:41:09 -0300] "GET /index.php/jk HTTP/1.1" 409 83 "-" "Mozilla/5.0 (iPad; U; CPU OS 4_2_1 like Mac OS X; ja) AppleWebKit/533.17.9 (KHTML, like Gecko) Version/5.0.2 Mobile/8C148 Safari/6533.18.5" rioalimentos.meumercado.app 10.53.184.85
176.65.139.238 - - [06/Jun/2026:00:26:13 -0300] "GET /.env HTTP/1.1" 406 226 "-" "Mozilla/5.0 (Windows NT 10.0; Win64; x64) AppleWebKit/537.36 (KHTML, like Gecko) Chrome/147.0.0.0 Safari/537.36" www.rioalimentos.meumercado.app 10.53.184.85
66.187.7.97 - - [06/Jun/2026:01:42:20 -0300] "GET /.git/HEAD HTTP/1.1" 200 7337 "-" "Mozilla/5.0 (Macintosh; Intel Mac OS X 10_15_7) AppleWebKit/537.36" rioalimentos.meumercado.app 10.53.184.85
66.187.7.97 - - [06/Jun/2026:01:42:20 -0300] "GET /.git/config HTTP/1.1" 200 7337 "-" "Mozilla/5.0 (Macintosh; Intel Mac OS X 10_15_7) AppleWebKit/537.36" rioalimentos.meumercado.app 10.53.184.85
66.187.7.97 - - [06/Jun/2026:01:42:20 -0300] "GET / HTTP/1.1" 200 7337 "-" "Mozilla/5.0 (Macintosh; Intel Mac OS X 10_15_7) AppleWebKit/537.36" rioalimentos.meumercado.app 10.53.184.85
98.90.93.233 - - [06/Jun/2026:03:31:14 -0300] "GET / HTTP/1.1" 200 7337 "-" "Mozilla/5.0 (X11; Linux x86_64) AppleWebKit/537.36 (KHTML, like Gecko) Chrome/112.0.0.0 Safari/537.36" www.rioalimentos.meumercado.app 10.53.184.85
45.227.253.15 - - [06/Jun/2026:03:56:10 -0300] "GET /index.php/jk HTTP/1.1" 409 83 "-" "Mozilla/5.0 (Windows NT 10.0; Win64; x64) AppleWebKit/537.36 (KHTML, like Gecko) Chrome/82.0.3292.140 Safari/537.36 Edge/18.18761" rioalimentos.meumercado.app 10.53.184.85
45.227.253.15 - - [06/Jun/2026:07:03:31 -0300] "GET /index.php/jk HTTP/1.1" 409 83 "-" "Mozilla/5.0 (Macintosh; Intel Mac OS X 10_15_7) AppleWebKit/537.36 (KHTML, like Gecko) Chrome/86.0.4240.111 Safari/537.36" rioalimentos.meumercado.app 10.53.184.85
178.128.89.34 - - [06/Jun/2026:07:34:50 -0300] "GET / HTTP/1.1" 200 7337 "-" "Mozilla/5.0 (Windows NT 10.0; Win64; x64; rv:149.0) Gecko/20100101 Firefox/149.0" www.rioalimentos.meumercado.app 10.53.184.85
104.248.245.161 - - [06/Jun/2026:07:47:31 -0300] "GET / HTTP/1.1" 200 7337 "-" "Mozilla/5.0 (Windows NT 10.0; Win64; x64; rv:149.0) Gecko/20100101 Firefox/149.0" www.rioalimentos.meumercado.app 10.53.184.85
74.7.241.179 - - [06/Jun/2026:09:25:32 -0300] "GET /robots.txt HTTP/2.0" 200 105 "-" "Mozilla/5.0 (Macintosh; Intel Mac OS X 10_15_7) AppleWebKit/537.36 (KHTML, like Gecko) Chrome/131.0.0.0 Safari/537.36; compatible; OAI-SearchBot/1.4; robots.txt; +https://openai.com/searchbot" rioalimentos.meumercado.app 10.53.184.85
74.7.242.50 - - [06/Jun/2026:09:25:32 -0300] "GET /?sitemap.xml HTTP/2.0" 200 7337 "-" "Mozilla/5.0 AppleWebKit/537.36 (KHTML, like Gecko; compatible; GPTBot/1.4; +https://openai.com/gptbot)" rioalimentos.meumercado.app 10.53.184.85
74.7.242.50 - - [06/Jun/2026:09:26:24 -0300] "GET /sitemap.xml HTTP/2.0" 200 7337 "-" "Mozilla/5.0 AppleWebKit/537.36 (KHTML, like Gecko; compatible; GPTBot/1.4; +https://openai.com/gptbot)" rioalimentos.meumercado.app 10.53.184.85
205.210.31.42 - - [06/Jun/2026:10:01:15 -0300] "GET / HTTP/1.1" 503 11129 "-" "Hello from Palo Alto Networks, find out more about our scans in https://docs-cortex.paloaltonetworks.com/r/1/Cortex-Xpanse/Scanning-activity" www.rioalimentos.meumercado.app 10.53.184.85
66.187.7.97 - - [06/Jun/2026:10:49:38 -0300] "GET / HTTP/1.1" 200 7337 "-" "Mozilla/5.0 (Macintosh; Intel Mac OS X 10_15_7) AppleWebKit/537.36" www.rioalimentos.meumercado.app 10.53.184.85
66.187.7.97 - - [06/Jun/2026:10:49:38 -0300] "GET /.git/config HTTP/1.1" 200 7337 "-" "Mozilla/5.0 (Macintosh; Intel Mac OS X 10_15_7) AppleWebKit/537.36" www.rioalimentos.meumercado.app 10.53.184.85
66.187.7.97 - - [06/Jun/2026:10:49:38 -0300] "GET /.git/HEAD HTTP/1.1" 200 7337 "-" "Mozilla/5.0 (Macintosh; Intel Mac OS X 10_15_7) AppleWebKit/537.36" www.rioalimentos.meumercado.app 10.53.184.85
45.227.253.15 - - [06/Jun/2026:11:09:02 -0300] "GET /index.php/jk HTTP/1.1" 409 83 "-" "Mozilla/5.0 (iPhone; CPU iPhone OS 12_4 like Mac OS X) AppleWebKit/605.1.15 (KHTML, like Gecko) Version/12.4.2 Mobile/15E148 Safari/604.1" rioalimentos.meumercado.app 10.53.184.85
45.227.253.15 - - [06/Jun/2026:15:39:35 -0300] "GET /index.php/jk HTTP/1.1" 409 83 "-" "Mozilla/5.0 (Windows NT 6.2; WOW64; rv:73.0) Gecko/20100101 Firefox/73.0" rioalimentos.meumercado.app 10.53.184.85
176.65.139.237 - - [06/Jun/2026:15:48:26 -0300] "GET / HTTP/1.1" 200 8709 "-" "Mozilla/5.0 (Windows NT 10.0; Win64; x64) AppleWebKit/537.36 (KHTML, like Gecko) Chrome/147.0.0.0 Safari/537.36" www.rioalimentos.meumercado.app 10.53.184.85
45.45.237.8 - - [06/Jun/2026:16:46:57 -0300] "GET /.git/HEAD HTTP/1.1" 200 7332 "-" "Mozilla/5.0 (compatible; DeepSeekBot/1.0; +https://www.deepseek.com/bot)" www.rioalimentos.meumercado.app 10.53.184.85
45.45.237.8 - - [06/Jun/2026:16:46:57 -0300] "GET / HTTP/1.1" 200 7337 "-" "Mozilla/5.0 (compatible; DeepSeekBot/1.0; +https://www.deepseek.com/bot)" www.rioalimentos.meumercado.app 10.53.184.85
45.45.237.8 - - [06/Jun/2026:16:46:57 -0300] "GET /.git/config HTTP/1.1" 200 7337 "-" "Mozilla/5.0 (compatible; PerplexityBot/1.0; +https://perplexity.ai/perplexitybot)" www.rioalimentos.meumercado.app 10.53.184.85
4.227.232.143 - - [06/Jun/2026:19:29:13 -0300] "POST / HTTP/1.1" 200 7337 "https://www.rioalimentos.meumercado.app/" "Mozilla/5.0 (Windows NT 10.0; Win64; x64) AppleWebKit/537.36 (KHTML, like Gecko) Chrome/145.0.0.0 Safari/537.36" www.rioalimentos.meumercado.app 10.53.184.85
45.227.253.15 - - [06/Jun/2026:20:38:33 -0300] "GET /index.php/jk HTTP/1.1" 409 83 "-" "Mozilla/5.0 (Macintosh; Intel Mac OS X 10.11; rv:103.0) Gecko/20100101 Firefox/101.0" rioalimentos.meumercado.app 10.53.184.85
176.65.139.233 - - [06/Jun/2026:23:04:55 -0300] "GET / HTTP/1.1" 200 8709 "-" "Mozilla/5.0 (Windows NT 10.0; Win64; x64) AppleWebKit/537.36 (KHTML, like Gecko) Chrome/147.0.0.0 Safari/537.36" rioalimentos.meumercado.app 10.53.184.85
45.227.253.15 - - [07/Jun/2026:00:08:32 -0300] "GET /index.php/jk HTTP/1.1" 409 83 "-" "Mozilla/5.0 (Windows NT 6.3; Win64; x64) AppleWebKit/537.36 (KHTML, like Gecko) Chrome/86.0.4240.111 Safari/537.36" rioalimentos.meumercado.app 10.53.184.85
45.227.253.15 - - [07/Jun/2026:02:20:45 -0300] "GET /index.php/jk HTTP/1.1" 409 83 "-" "Mozilla/5.0 (iPad; U; CPU OS 4_3_4 like Mac OS X; ja) AppleWebKit/533.17.9 (KHTML, like Gecko) Version/5.0.2 Mobile/8J2 Safari/6533.18.5" rioalimentos.meumercado.app 10.53.184.85
151.243.143.47 - - [07/Jun/2026:02:21:32 -0300] "GET / HTTP/1.1" 406 226 "-" "CCBot/2.0 (https://commoncrawl.org/faq/)" rioalimentos.meumercado.app 10.53.184.85
151.243.143.47 - - [07/Jun/2026:02:21:32 -0300] "GET /.git/HEAD HTTP/1.1" 200 7337 "-" "Mozilla/5.0 (compatible; ClaudeBot/1.0; +claudebot@anthropic.com)" rioalimentos.meumercado.app 10.53.184.85
151.243.143.47 - - [07/Jun/2026:02:21:33 -0300] "GET /.env HTTP/1.1" 406 226 "-" "Mozilla/5.0 (compatible; DeepSeekBot/1.0; +https://www.deepseek.com/bot)" rioalimentos.meumercado.app 10.53.184.85
151.243.143.47 - - [07/Jun/2026:02:21:33 -0300] "GET /.env.bak HTTP/1.1" 406 226 "-" "Mozilla/5.0 (compatible; DeepSeekBot/1.0; +https://www.deepseek.com/bot)" rioalimentos.meumercado.app 10.53.184.85
151.243.143.47 - - [07/Jun/2026:02:21:33 -0300] "GET /firebase-adminsdk.json HTTP/1.1" 406 226 "-" "CCBot/2.0 (https://commoncrawl.org/faq/)" rioalimentos.meumercado.app 10.53.184.85
151.243.143.47 - - [07/Jun/2026:02:21:33 -0300] "GET /.env.backup HTTP/1.1" 406 226 "-" "Mozilla/5.0 (compatible; ClaudeBot/1.0; +claudebot@anthropic.com)" rioalimentos.meumercado.app 10.53.184.85
151.243.143.47 - - [07/Jun/2026:02:21:33 -0300] "GET /robots.txt HTTP/1.1" 200 105 "-" "Mozilla/5.0 AppleWebKit/537.36 (KHTML, like Gecko; compatible; GPTBot/1.3; +https://openai.com/gptbot)" rioalimentos.meumercado.app 10.53.184.85
151.243.143.47 - - [07/Jun/2026:02:21:33 -0300] "GET /.env.local HTTP/1.1" 200 7337 "-" "Mozilla/5.0 (compatible; Google-CloudVertexBot; +https://cloud.google.com/vertex-ai-bot)" rioalimentos.meumercado.app 10.53.184.85
151.243.143.47 - - [07/Jun/2026:02:21:33 -0300] "GET /sitemap.xml HTTP/1.1" 200 8489 "-" "Mozilla/5.0 (compatible; Google-CloudVertexBot; +https://cloud.google.com/vertex-ai-bot)" rioalimentos.meumercado.app 10.53.184.85
151.243.143.47 - - [07/Jun/2026:02:21:33 -0300] "GET /account.json HTTP/1.1" 200 19767 "-" "Mozilla/5.0 (compatible; Googlebot/2.1; +http://www.google.com/bot.html)" rioalimentos.meumercado.app 10.53.184.85
151.243.143.47 - - [07/Jun/2026:02:21:33 -0300] "GET /config.json HTTP/1.1" 200 7337 "-" "Mozilla/5.0 (compatible; Googlebot/2.1; +http://www.google.com/bot.html)" rioalimentos.meumercado.app 10.53.184.85
151.243.143.47 - - [07/Jun/2026:02:21:33 -0300] "GET /api/config HTTP/1.1" 200 7337 "-" "Mozilla/5.0 (compatible; PerplexityBot/1.0; +https://perplexity.ai/perplexitybot)" rioalimentos.meumercado.app 10.53.184.85
151.243.143.47 - - [07/Jun/2026:02:21:33 -0300] "GET /.env.development HTTP/1.1" 200 7337 "-" "Mozilla/5.0 (compatible; PerplexityBot/1.0; +https://perplexity.ai/perplexitybot)" rioalimentos.meumercado.app 10.53.184.85
151.243.143.47 - - [07/Jun/2026:02:21:33 -0300] "GET /keyfile.json HTTP/1.1" 200 7337 "-" "Mozilla/5.0 (compatible; DeepSeekBot/1.0; +https://www.deepseek.com/bot)" rioalimentos.meumercado.app 10.53.184.85
151.243.143.47 - - [07/Jun/2026:02:21:33 -0300] "GET /service-account.json HTTP/1.1" 200 7337 "-" "Mozilla/5.0 (compatible; Googlebot/2.1; +http://www.google.com/bot.html)" rioalimentos.meumercado.app 10.53.184.85
151.243.143.47 - - [07/Jun/2026:02:21:33 -0300] "GET /firebase.json HTTP/1.1" 200 7337 "-" "Mozilla/5.0 (compatible; OAI-SearchBot/1.3; +https://openai.com/searchbot)" rioalimentos.meumercado.app 10.53.184.85
151.243.143.47 - - [07/Jun/2026:02:21:33 -0300] "GET /api/env HTTP/1.1" 200 7337 "-" "Mozilla/5.0 (compatible; ClaudeBot/1.0; +claudebot@anthropic.com)" rioalimentos.meumercado.app 10.53.184.85
151.243.143.47 - - [07/Jun/2026:02:21:33 -0300] "GET /.env.production HTTP/1.1" 200 7337 "-" "Mozilla/5.0 (compatible; Baiduspider/2.0; +http://www.baidu.com/search/spider.html)" rioalimentos.meumercado.app 10.53.184.85
151.243.143.47 - - [07/Jun/2026:02:21:33 -0300] "GET /gcp-credentials.json HTTP/1.1" 200 7337 "-" "Mozilla/5.0 (compatible; YandexBot/3.0; +http://yandex.com/bots)" rioalimentos.meumercado.app 10.53.184.85
151.243.143.47 - - [07/Jun/2026:02:21:33 -0300] "GET /appsettings.json HTTP/1.1" 200 7337 "-" "Mozilla/5.0 (compatible; ClaudeBot/1.0; +claudebot@anthropic.com)" rioalimentos.meumercado.app 10.53.184.85
151.243.143.47 - - [07/Jun/2026:02:21:33 -0300] "GET /actuator/env HTTP/1.1" 200 7337 "-" "Mozilla/5.0 (compatible; ClaudeBot/1.0; +claudebot@anthropic.com)" rioalimentos.meumercado.app 10.53.184.85
151.243.143.47 - - [07/Jun/2026:02:21:33 -0300] "GET /google-credentials.json HTTP/1.1" 200 7337 "-" "Mozilla/5.0 (compatible; YandexBot/3.0; +http://yandex.com/bots)" rioalimentos.meumercado.app 10.53.184.85
151.243.143.47 - - [07/Jun/2026:02:21:33 -0300] "GET /credentials.json HTTP/1.1" 200 7337 "-" "Mozilla/5.0 AppleWebKit/537.36 (KHTML, like Gecko; compatible; ChatGPT-User/1.0; +https://openai.com/bot)" rioalimentos.meumercado.app 10.53.184.85
151.243.143.47 - - [07/Jun/2026:02:21:33 -0300] "GET /key.json HTTP/1.1" 200 7337 "-" "Mozilla/5.0 (compatible; Baiduspider/2.0; +http://www.baidu.com/search/spider.html)" rioalimentos.meumercado.app 10.53.184.85
151.243.143.47 - - [07/Jun/2026:02:21:33 -0300] "GET /secrets.json HTTP/1.1" 200 7337 "-" "Mozilla/5.0 (compatible; DeepSeekBot/1.0; +https://www.deepseek.com/bot)" rioalimentos.meumercado.app 10.53.184.85
151.243.143.47 - - [07/Jun/2026:02:21:32 -0300] "GET /.git/config HTTP/1.1" 200 7337 "-" "Mozilla/5.0 (compatible; Google-CloudVertexBot; +https://cloud.google.com/vertex-ai-bot)" rioalimentos.meumercado.app 10.53.184.85
45.227.253.15 - - [07/Jun/2026:08:58:07 -0300] "GET /index.php/jk HTTP/1.1" 409 83 "-" "Mozilla/5.0 (Windows NT 10.0; Win64; x64) AppleWebKit/537.36 (KHTML, like Gecko) Chrome/78.0.3790 Safari/537.36 Edg/78.0.142.6" rioalimentos.meumercado.app 10.53.184.85
74.7.241.179 - - [07/Jun/2026:09:28:00 -0300] "GET /robots.txt HTTP/2.0" 200 105 "-" "Mozilla/5.0 (Macintosh; Intel Mac OS X 10_15_7) AppleWebKit/537.36 (KHTML, like Gecko) Chrome/131.0.0.0 Safari/537.36; compatible; OAI-SearchBot/1.4; robots.txt; +https://openai.com/searchbot" rioalimentos.meumercado.app 10.53.184.85
74.7.242.50 - - [07/Jun/2026:09:28:00 -0300] "GET /?sitemap.xml HTTP/2.0" 200 7337 "-" "Mozilla/5.0 AppleWebKit/537.36 (KHTML, like Gecko; compatible; GPTBot/1.4; +https://openai.com/gptbot)" rioalimentos.meumercado.app 10.53.184.85
74.7.242.50 - - [07/Jun/2026:09:29:45 -0300] "GET /sitemap.xml HTTP/2.0" 200 7337 "-" "Mozilla/5.0 AppleWebKit/537.36 (KHTML, like Gecko; compatible; GPTBot/1.4; +https://openai.com/gptbot)" rioalimentos.meumercado.app 10.53.184.85
45.227.253.15 - - [07/Jun/2026:12:52:28 -0300] "GET /index.php/jk HTTP/1.1" 409 83 "-" "Mozilla/5.0 (iPhone; CPU iPhone OS 13_6 like Mac OS X) AppleWebKit/605.1.15 (KHTML, like Gecko) Version/13.6 Mobile/15E148 Safari/604.1" rioalimentos.meumercado.app 10.53.184.85
3.151.194.164 - - [07/Jun/2026:14:55:53 -0300] "GET / HTTP/1.1" 200 7337 "-" "visionheight.com/scan Mozilla/5.0 (Macintosh; Intel Mac OS X 10_15_7) Chrome/126.0.0.0 Safari/537.36" rioalimentos.meumercado.app 10.53.184.85
45.227.253.15 - - [07/Jun/2026:16:32:44 -0300] "GET /index.php/jk HTTP/1.1" 409 83 "-" "Mozilla/5.0 (iPhone; CPU iPhone OS 12_3 like Mac OS X) AppleWebKit/605.1.15 (KHTML, like Gecko) Version/12.0.4 Mobile/15E148 Safari/604.1" rioalimentos.meumercado.app 10.53.184.85
176.65.139.237 - - [07/Jun/2026:16:49:48 -0300] "GET /.env HTTP/1.1" 406 226 "-" "Mozilla/5.0 (Windows NT 10.0; Win64; x64) AppleWebKit/537.36 (KHTML, like Gecko) Chrome/147.0.0.0 Safari/537.36" www.rioalimentos.meumercado.app 10.53.184.85
45.227.253.15 - - [07/Jun/2026:21:08:08 -0300] "GET /index.php/jk HTTP/1.1" 409 83 "-" "Mozilla/5.0 (Windows NT 6.2; WOW64; rv:73.0) Gecko/20100101 Firefox/73.0" rioalimentos.meumercado.app 10.53.184.85
176.65.139.238 - - [07/Jun/2026:23:16:58 -0300] "GET /.env HTTP/1.1" 406 226 "-" "Mozilla/5.0 (Windows NT 10.0; Win64; x64) AppleWebKit/537.36 (KHTML, like Gecko) Chrome/147.0.0.0 Safari/537.36" rioalimentos.meumercado.app 10.53.184.85
45.227.253.15 - - [08/Jun/2026:00:03:30 -0300] "GET /index.php/jk HTTP/1.1" 409 83 "-" "Mozilla/5.0 (Windows NT 6.2; WOW64) AppleWebKit/535.24 (KHTML, like Gecko) Chrome/80.0.1055.1 Safari/535.24" rioalimentos.meumercado.app 10.53.184.85
34.159.120.185 - - [08/Jun/2026:02:09:57 -0300] "GET /.git/config HTTP/1.1" 200 7337 "-" "Mozilla/5.0 (X11; Linux x86_64) AppleWebKit/537.36 (KHTML, like Gecko) Chrome/77.0.3865.35 Safari/537.36" www.rioalimentos.meumercado.app 10.53.184.85
134.185.85.99 - - [08/Jun/2026:04:45:46 -0300] "GET / HTTP/2.0" 200 7337 "-" "Mozilla/5.0 (iPad; CPU OS 17_4 like Mac OS X) AppleWebKit/605.1.15 Mobile/15E148" rioalimentos.meumercado.app 10.53.184.85
134.185.85.99 - - [08/Jun/2026:04:45:47 -0300] "GET / HTTP/2.0" 406 226 "-" "Go-http-client/2.0" rioalimentos.meumercado.app 10.53.184.85
134.185.85.99 - - [08/Jun/2026:04:45:47 -0300] "GET /wp-login.php HTTP/2.0" 409 83 "-" "Mozilla/5.0 (Android 13; Mobile; rv:117.0) Gecko/117.0 Firefox/117.0" rioalimentos.meumercado.app 10.53.184.85
134.185.85.99 - - [08/Jun/2026:04:45:48 -0300] "GET /wp-admin/ HTTP/2.0" 200 7337 "-" "Mozilla/5.0 (Android 13; Mobile; rv:117.0) Gecko/117.0 Firefox/117.0" rioalimentos.meumercado.app 10.53.184.85
134.185.85.99 - - [08/Jun/2026:04:45:49 -0300] "GET /administrator/ HTTP/2.0" 200 7337 "-" "Mozilla/5.0 (Macintosh; Intel Mac OS X 13_5_1) AppleWebKit/605.1.15 Safari/605.1.15" rioalimentos.meumercado.app 10.53.184.85
134.185.85.99 - - [08/Jun/2026:04:45:50 -0300] "GET /user/login HTTP/2.0" 200 7337 "-" "Mozilla/5.0 (Windows NT 10.0; Win64; x64) AppleWebKit/537.36 Chrome/116.0 Safari/537.36" rioalimentos.meumercado.app 10.53.184.85
134.185.85.99 - - [08/Jun/2026:04:45:51 -0300] "GET /admin HTTP/2.0" 200 7337 "-" "Mozilla/5.0 (Android 13; Mobile; rv:117.0) Gecko/117.0 Firefox/117.0" rioalimentos.meumercado.app 10.53.184.85
134.185.85.99 - - [08/Jun/2026:04:45:51 -0300] "GET /login HTTP/2.0" 200 7337 "-" "Mozilla/5.0 (Android 13; Mobile; rv:117.0) Gecko/117.0 Firefox/117.0" rioalimentos.meumercado.app 10.53.184.85
134.185.85.99 - - [08/Jun/2026:04:45:52 -0300] "GET /register HTTP/2.0" 200 7337 "-" "Mozilla/5.0 (Macintosh; Intel Mac OS X 13_5_1) AppleWebKit/605.1.15 Safari/605.1.15" rioalimentos.meumercado.app 10.53.184.85
134.185.85.99 - - [08/Jun/2026:04:45:53 -0300] "GET /admin HTTP/2.0" 200 7337 "-" "Mozilla/5.0 (iPhone; CPU iPhone OS 17_4_1 like Mac OS X) AppleWebKit/605.1.15 Mobile/15E148" rioalimentos.meumercado.app 10.53.184.85
134.185.85.99 - - [08/Jun/2026:04:45:54 -0300] "GET /login HTTP/2.0" 200 7337 "-" "Mozilla/5.0 (X11; Linux x86_64) Gecko/20100101 Firefox/117.0" rioalimentos.meumercado.app 10.53.184.85
45.227.253.15 - - [08/Jun/2026:07:11:07 -0300] "GET /index.php/jk HTTP/1.1" 409 83 "-" "Mozilla/5.0 (Windows NT 10.0; Win64; x64) AppleWebKit/537.36 (KHTML, like Gecko) Chrome/76.0.3800 Safari/537.36 Edg/76.0.140.6" rioalimentos.meumercado.app 10.53.184.85
176.65.139.235 - - [08/Jun/2026:08:13:34 -0300] "GET / HTTP/1.1" 200 8709 "-" "Mozilla/5.0 (Windows NT 10.0; Win64; x64) AppleWebKit/537.36 (KHTML, like Gecko) Chrome/147.0.0.0 Safari/537.36" www.rioalimentos.meumercado.app 10.53.184.85
74.7.241.179 - - [08/Jun/2026:09:29:03 -0300] "GET /robots.txt HTTP/2.0" 200 105 "-" "Mozilla/5.0 (Macintosh; Intel Mac OS X 10_15_7) AppleWebKit/537.36 (KHTML, like Gecko) Chrome/131.0.0.0 Safari/537.36; compatible; OAI-SearchBot/1.4; robots.txt; +https://openai.com/searchbot" rioalimentos.meumercado.app 10.53.184.85
74.7.242.50 - - [08/Jun/2026:09:29:03 -0300] "GET /?sitemap.xml HTTP/2.0" 200 7337 "-" "Mozilla/5.0 AppleWebKit/537.36 (KHTML, like Gecko; compatible; GPTBot/1.4; +https://openai.com/gptbot)" rioalimentos.meumercado.app 10.53.184.85
74.7.242.50 - - [08/Jun/2026:09:34:07 -0300] "GET /sitemap.xml HTTP/2.0" 200 7337 "-" "Mozilla/5.0 AppleWebKit/537.36 (KHTML, like Gecko; compatible; GPTBot/1.4; +https://openai.com/gptbot)" rioalimentos.meumercado.app 10.53.184.85
34.31.242.137 - - [08/Jun/2026:09:52:55 -0300] "GET /wp-json/gravitysmtp/v1/settings HTTP/1.1" 200 7337 "-" "Mozilla/5.0 (Windows NT 6.1; Win64; x64) AppleWebKit/537.36 (KHTML, like Gecko) Chrome/37.0.2062.124 Safari/537.36" www.rioalimentos.meumercado.app 10.53.184.85
34.31.242.137 - - [08/Jun/2026:09:52:55 -0300] "GET /wp-json/gravitysmtp/v1/tests/mock-data?page=gravitysmtp-settings HTTP/1.1" 200 7337 "-" "Mozilla/5.0 (Windows NT 6.1; WOW64) AppleWebKit/537.1 (KHTML like Gecko) Maxthon/4.0.0.2000 Chrome/22.0.1229.79 Safari/537.1" www.rioalimentos.meumercado.app 10.53.184.85
34.31.242.137 - - [08/Jun/2026:09:52:55 -0300] "GET /wp-json/gravitysmtp/v1/config HTTP/1.1" 200 7337 "-" "Mozilla/5.0 (Windows NT 6.1; Win64; x64; rv:25.0) Gecko/20100101 Firefox/29.0" www.rioalimentos.meumercado.app 10.53.184.85
34.31.242.137 - - [08/Jun/2026:09:52:55 -0300] "GET /wp-json/gravitysmtp/v1/tests/mock-data HTTP/1.1" 200 7337 "-" "Mozilla/5.0 (X11; U; Linux i686; en-US; rv:1.8.1) Gecko/20061024 Firefox/2.0 (Swiftfox)" www.rioalimentos.meumercado.app 10.53.184.85
34.31.242.137 - - [08/Jun/2026:09:52:55 -0300] "GET /wp-json/wp/v2/settings HTTP/1.1" 200 7337 "-" "Mozilla/5.0 (Linux; Android 9; SM-A505F) AppleWebKit/537.36 (KHTML, like Gecko) Chrome/76.0.3809.111 Mobile Safari/537.36" www.rioalimentos.meumercado.app 10.53.184.85
34.141.254.56 - - [08/Jun/2026:10:43:35 -0300] "GET / HTTP/1.1" 406 226 "-" "Scrapy/2.16.0 (+https://scrapy.org)" rioalimentos.meumercado.app 10.53.184.85
45.227.253.15 - - [08/Jun/2026:10:58:12 -0300] "GET /index.php/jk HTTP/1.1" 409 83 "-" "Mozilla/5.0 (iPhone; CPU iPhone OS 11_3 like Mac OS X) AppleWebKit/605.1.15 (KHTML, like Gecko) Version/11.0.4 Mobile/15E148 Safari/604.1" rioalimentos.meumercado.app 10.53.184.85
94.176.161.166 - - [08/Jun/2026:14:52:24 -0300] "GET / HTTP/2.0" 200 7337 "-" "Mozilla/5.0 (Windows NT 10.0; Win64; x64) AppleWebKit/537.36 (KHTML, like Gecko) Chrome/132.0.0.0 Safari/537.36" rioalimentos.meumercado.app 10.53.184.85
94.176.161.166 - - [08/Jun/2026:14:52:29 -0300] "GET /settings.py HTTP/2.0" 403 7955 "-" "Mozilla/5.0 AppleWebKit/537.36 (KHTML, like Gecko); compatible; GPTBot/1.2; +https://openai.com/gptbot" rioalimentos.meumercado.app 10.53.184.85
94.176.161.166 - - [08/Jun/2026:14:52:29 -0300] "GET /debug/pprof/cmdline HTTP/2.0" 406 226 "-" "Mozilla/5.0 (compatible; Amazonbot/0.1; +https://developer.amazon.com/support/amazonbot)" rioalimentos.meumercado.app 10.53.184.85
94.176.161.166 - - [08/Jun/2026:14:52:29 -0300] "GET /robots.txt HTTP/2.0" 200 105 "-" "Mozilla/5.0 (Windows NT 10.0; Win64; x64) AppleWebKit/537.36 (KHTML, like Gecko) Chrome/129.0.0.0 Safari/537.36" rioalimentos.meumercado.app 10.53.184.85
94.176.161.166 - - [08/Jun/2026:14:52:29 -0300] "GET /.pypirc HTTP/2.0" 200 7337 "-" "Mozilla/5.0 AppleWebKit/537.36 (KHTML, like Gecko); compatible; OAI-SearchBot/1.0; +https://openai.com/searchbot" rioalimentos.meumercado.app 10.53.184.85
94.176.161.166 - - [08/Jun/2026:14:52:29 -0300] "GET /.npmrc HTTP/2.0" 200 7337 "-" "Mozilla/5.0 AppleWebKit/537.36 (KHTML, like Gecko); compatible; ChatGPT-User/1.0; +https://openai.com/bot" rioalimentos.meumercado.app 10.53.184.85
94.176.161.166 - - [08/Jun/2026:14:52:29 -0300] "GET /sitemap.xml HTTP/2.0" 200 7337 "-" "Mozilla/5.0 (Macintosh; Intel Mac OS X 10_15_7) AppleWebKit/537.36 (KHTML, like Gecko) Chrome/131.0.0.0 Safari/537.36 OPR/116.0.0.0" rioalimentos.meumercado.app 10.53.184.85
94.176.161.166 - - [08/Jun/2026:14:52:32 -0300] "GET /google-credentials.json HTTP/2.0" 406 226 "-" "Mozilla/5.0 (compatible; Amazonbot/0.1; +https://developer.amazon.com/support/amazonbot)" rioalimentos.meumercado.app 10.53.184.85
94.176.161.166 - - [08/Jun/2026:14:52:33 -0300] "GET /key.json HTTP/2.0" 406 226 "-" "Mozilla/5.0 (compatible; Bytespider; spider-feedback@bytedance.com)" rioalimentos.meumercado.app 10.53.184.85
94.176.161.166 - - [08/Jun/2026:14:52:32 -0300] "GET /gcp-credentials.json HTTP/2.0" 200 7337 "-" "meta-externalagent/1.1 (+https://developers.facebook.com/docs/sharing/webmasters/crawler)" rioalimentos.meumercado.app 10.53.184.85
94.176.161.166 - - [08/Jun/2026:14:52:32 -0300] "GET /service-account.json HTTP/2.0" 200 7337 "-" "Mozilla/5.0 AppleWebKit/537.36 (KHTML, like Gecko); compatible; ClaudeBot/1.0; +mailto:support@anthropic.com" rioalimentos.meumercado.app 10.53.184.85
94.176.161.166 - - [08/Jun/2026:14:52:32 -0300] "GET /keys/service-account.json HTTP/2.0" 200 7337 "-" "meta-externalagent/1.1 (+https://developers.facebook.com/docs/sharing/webmasters/crawler)" rioalimentos.meumercado.app 10.53.184.85
94.176.161.166 - - [08/Jun/2026:14:52:32 -0300] "GET /credentials.json HTTP/2.0" 200 7337 "-" "anthropic-ai" rioalimentos.meumercado.app 10.53.184.85
94.176.161.166 - - [08/Jun/2026:14:52:35 -0300] "GET /config/gcp/sa.json HTTP/2.0" 406 226 "-" "Mozilla/5.0 (compatible; Bytespider; spider-feedback@bytedance.com)" rioalimentos.meumercado.app 10.53.184.85
94.176.161.166 - - [08/Jun/2026:14:52:37 -0300] "GET /secrets/google.json HTTP/2.0" 200 7337 "-" "Mozilla/5.0 (compatible; Claude-Web/1.0; +https://www.anthropic.com)" rioalimentos.meumercado.app 10.53.184.85
94.176.161.166 - - [08/Jun/2026:14:52:37 -0300] "GET /secrets/service-account.json HTTP/2.0" 200 7337 "-" "Mozilla/5.0 AppleWebKit/537.36 (KHTML, like Gecko); compatible; Perplexity-User/1.0; +https://perplexity.ai/perplexity-user" rioalimentos.meumercado.app 10.53.184.85
94.176.161.166 - - [08/Jun/2026:14:52:38 -0300] "GET /secrets/gcp.json HTTP/2.0" 200 7337 "-" "Mozilla/5.0 AppleWebKit/537.36 (KHTML, like Gecko); compatible; ChatGPT-User/1.0; +https://openai.com/bot" rioalimentos.meumercado.app 10.53.184.85
94.176.161.166 - - [08/Jun/2026:14:52:38 -0300] "GET /sa.json HTTP/2.0" 200 7337 "-" "anthropic-ai" rioalimentos.meumercado.app 10.53.184.85
94.176.161.166 - - [08/Jun/2026:14:53:03 -0300] "GET /api/config HTTP/2.0" 406 226 "-" "Mozilla/5.0 (compatible; Amazonbot/0.1; +https://developer.amazon.com/support/amazonbot)" rioalimentos.meumercado.app 10.53.184.85
94.176.161.166 - - [08/Jun/2026:14:53:03 -0300] "GET /config.json HTTP/2.0" 406 226 "-" "Mozilla/5.0 (compatible; Amazonbot/0.1; +https://developer.amazon.com/support/amazonbot)" rioalimentos.meumercado.app 10.53.184.85
94.176.161.166 - - [08/Jun/2026:14:53:03 -0300] "GET /config.js HTTP/2.0" 200 7337 "-" "Mozilla/5.0 (compatible; Applebot/0.1; +http://www.apple.com/go/applebot)" rioalimentos.meumercado.app 10.53.184.85
94.176.161.166 - - [08/Jun/2026:14:53:03 -0300] "GET /__/firebase/init.json HTTP/2.0" 200 7337 "-" "Mozilla/5.0 AppleWebKit/537.36 (KHTML, like Gecko); compatible; GPTBot/1.2; +https://openai.com/gptbot" rioalimentos.meumercado.app 10.53.184.85
94.176.161.166 - - [08/Jun/2026:14:53:06 -0300] "GET /api/v1/settings HTTP/2.0" 200 7337 "-" "Mozilla/5.0 (compatible; Applebot/0.1; +http://www.apple.com/go/applebot)" rioalimentos.meumercado.app 10.53.184.85
94.176.161.166 - - [08/Jun/2026:14:53:06 -0300] "GET /api/settings HTTP/2.0" 200 7337 "-" "Mozilla/5.0 (compatible; cohere-ai/1.0; +https://cohere.com)" rioalimentos.meumercado.app 10.53.184.85
94.176.161.166 - - [08/Jun/2026:14:53:09 -0300] "GET /firebase-config.json HTTP/2.0" 406 226 "-" "Mozilla/5.0 (compatible; Bytespider; spider-feedback@bytedance.com)" rioalimentos.meumercado.app 10.53.184.85
94.176.161.166 - - [08/Jun/2026:14:53:08 -0300] "GET /env.js HTTP/2.0" 200 7337 "-" "Mozilla/5.0 (compatible; Applebot/0.1; +http://www.apple.com/go/applebot)" rioalimentos.meumercado.app 10.53.184.85
94.176.161.166 - - [08/Jun/2026:14:53:10 -0300] "GET /env.json HTTP/2.0" 406 226 "-" "Mozilla/5.0 (compatible; Amazonbot/0.1; +https://developer.amazon.com/support/amazonbot)" rioalimentos.meumercado.app 10.53.184.85
94.176.161.166 - - [08/Jun/2026:14:53:10 -0300] "GET /api/v2/config HTTP/2.0" 200 7337 "-" "Mozilla/5.0 (compatible; cohere-ai/1.0; +https://cohere.com)" rioalimentos.meumercado.app 10.53.184.85
94.176.161.166 - - [08/Jun/2026:14:53:11 -0300] "GET /.well-known/jwks.json HTTP/2.0" 406 226 "-" "Mozilla/5.0 (compatible; Bytespider; spider-feedback@bytedance.com)" rioalimentos.meumercado.app 10.53.184.85
94.176.161.166 - - [08/Jun/2026:14:53:11 -0300] "GET /settings.json HTTP/2.0" 406 226 "-" "Mozilla/5.0 (compatible; Bytespider; spider-feedback@bytedance.com)" rioalimentos.meumercado.app 10.53.184.85
94.176.161.166 - - [08/Jun/2026:14:53:12 -0300] "GET /api/v1/config HTTP/2.0" 200 7337 "-" "Mozilla/5.0 AppleWebKit/537.36 (KHTML, like Gecko); compatible; PerplexityBot/1.0; +https://perplexity.ai/perplexitybot" rioalimentos.meumercado.app 10.53.184.85
94.176.161.166 - - [08/Jun/2026:14:53:12 -0300] "GET /api/v2/settings HTTP/2.0" 200 7337 "-" "Mozilla/5.0 (compatible; Google-Extended/1.0; +http://www.google.com/bot.html)" rioalimentos.meumercado.app 10.53.184.85
94.176.161.166 - - [08/Jun/2026:14:53:12 -0300] "GET /runtime-config.js HTTP/2.0" 200 7337 "-" "Mozilla/5.0 AppleWebKit/537.36 (KHTML, like Gecko); compatible; PerplexityBot/1.0; +https://perplexity.ai/perplexitybot" rioalimentos.meumercado.app 10.53.184.85
94.176.161.166 - - [08/Jun/2026:14:53:13 -0300] "GET /openapi.json HTTP/2.0" 200 7337 "-" "anthropic-ai" rioalimentos.meumercado.app 10.53.184.85
94.176.161.166 - - [08/Jun/2026:14:53:13 -0300] "GET /api/env HTTP/2.0" 200 7337 "-" "Mozilla/5.0 (compatible; Googlebot/2.1; +http://www.google.com/bot.html)" rioalimentos.meumercado.app 10.53.184.85
94.176.161.166 - - [08/Jun/2026:14:53:14 -0300] "GET /api/openapi.json HTTP/2.0" 406 226 "-" "Mozilla/5.0 (compatible; Bytespider; spider-feedback@bytedance.com)" rioalimentos.meumercado.app 10.53.184.85
94.176.161.166 - - [08/Jun/2026:14:53:14 -0300] "GET /api/health HTTP/2.0" 200 7337 "-" "Mozilla/5.0 (compatible; Google-Extended/1.0; +http://www.google.com/bot.html)" rioalimentos.meumercado.app 10.53.184.85
94.176.161.166 - - [08/Jun/2026:14:53:14 -0300] "GET /api/account HTTP/2.0" 200 7337 "-" "meta-externalagent/1.1 (+https://developers.facebook.com/docs/sharing/webmasters/crawler)" rioalimentos.meumercado.app 10.53.184.85
94.176.161.166 - - [08/Jun/2026:14:53:15 -0300] "GET /manifest.webmanifest HTTP/2.0" 200 7337 "-" "Mozilla/5.0 AppleWebKit/537.36 (KHTML, like Gecko); compatible; ChatGPT-User/1.0; +https://openai.com/bot" rioalimentos.meumercado.app 10.53.184.85
94.176.161.166 - - [08/Jun/2026:14:53:15 -0300] "GET /api/v1/env HTTP/2.0" 200 7337 "-" "Mozilla/5.0 AppleWebKit/537.36 (KHTML, like Gecko); compatible; PerplexityBot/1.0; +https://perplexity.ai/perplexitybot" rioalimentos.meumercado.app 10.53.184.85
94.176.161.166 - - [08/Jun/2026:14:53:15 -0300] "GET /app-config.json HTTP/2.0" 200 7337 "-" "Mozilla/5.0 AppleWebKit/537.36 (KHTML, like Gecko); compatible; OAI-SearchBot/1.0; +https://openai.com/searchbot" rioalimentos.meumercado.app 10.53.184.85
94.176.161.166 - - [08/Jun/2026:14:53:17 -0300] "GET /sw.js HTTP/2.0" 406 226 "-" "CCBot/2.0 (https://commoncrawl.org/faq/)" rioalimentos.meumercado.app 10.53.184.85
94.176.161.166 - - [08/Jun/2026:14:53:17 -0300] "GET /health HTTP/2.0" 406 226 "-" "CCBot/2.0 (https://commoncrawl.org/faq/)" rioalimentos.meumercado.app 10.53.184.85
94.176.161.166 - - [08/Jun/2026:14:53:17 -0300] "GET /__env.js HTTP/2.0" 406 226 "-" "Mozilla/5.0 (compatible; Bytespider; spider-feedback@bytedance.com)" rioalimentos.meumercado.app 10.53.184.85
45.227.253.15 - - [08/Jun/2026:15:43:50 -0300] "GET /index.php/jk HTTP/1.1" 409 83 "-" "Mozilla/5.0 (Windows NT 6.2; WOW64) AppleWebKit/535.24 (KHTML, like Gecko) Chrome/80.0.1055.1 Safari/535.24" rioalimentos.meumercado.app 10.53.184.85
45.227.253.15 - - [08/Jun/2026:19:35:15 -0300] "GET /index.php/jk HTTP/1.1" 409 83 "-" "Mozilla/5.0 (iPhone; CPU iPhone OS 13_5 like Mac OS X) AppleWebKit/605.1.15 (KHTML, like Gecko) Version/13.5.1 Mobile/15E148 Safari/604.1" rioalimentos.meumercado.app 10.53.184.85
66.132.172.43 - - [08/Jun/2026:22:25:07 -0300] "GET / HTTP/1.1" 200 7337 "-" "Mozilla/5.0 (compatible; CensysInspect/1.1; +https://about.censys.io/)" www.rioalimentos.meumercado.app 10.53.184.85
66.132.172.43 - - [08/Jun/2026:22:25:11 -0300] "GET /favicon.ico HTTP/1.1" 200 7337 "-" "Mozilla/5.0 (compatible; CensysInspect/1.1; +https://about.censys.io/)" www.rioalimentos.meumercado.app 10.53.184.85
45.227.253.15 - - [09/Jun/2026:00:06:15 -0300] "GET /index.php/jk HTTP/1.1" 409 83 "-" "Mozilla/5.0 (Macintosh; Intel Mac OS X 10.14; rv:103.0) Gecko/20100101 Firefox/102.0" rioalimentos.meumercado.app 10.53.184.85
45.227.253.15 - - [09/Jun/2026:02:52:26 -0300] "GET /index.php/jk HTTP/1.1" 409 83 "-" "Mozilla/5.0 (Macintosh; Intel Mac OS X 10.15; rv:103.0) Gecko/20100101 Firefox/102.0" rioalimentos.meumercado.app 10.53.184.85
185.213.175.173 - - [09/Jun/2026:06:52:13 -0300] "GET /.git/config HTTP/1.1" 200 7337 "-" "Mozilla/5.0 (Macintosh; Intel Mac OS X 10_15_7) AppleWebKit/537.36" www.rioalimentos.meumercado.app 10.53.184.85
185.213.175.173 - - [09/Jun/2026:06:52:14 -0300] "GET / HTTP/1.1" 200 7337 "-" "Mozilla/5.0 (Macintosh; Intel Mac OS X 10_15_7) AppleWebKit/537.36" www.rioalimentos.meumercado.app 10.53.184.85
185.213.175.173 - - [09/Jun/2026:06:52:16 -0300] "GET /.git/HEAD HTTP/1.1" 200 7337 "-" "Mozilla/5.0 (Macintosh; Intel Mac OS X 10_15_7) AppleWebKit/537.36" www.rioalimentos.meumercado.app 10.53.184.85
45.227.253.15 - - [09/Jun/2026:08:27:45 -0300] "GET /index.php/jk HTTP/1.1" 409 83 "-" "Mozilla/5.0 (iPad; U; CPU OS 4_1_3 like Mac OS X; ja) AppleWebKit/533.17.9 (KHTML, like Gecko) Version/5.0.2 Mobile/8J2 Safari/6533.18.5" rioalimentos.meumercado.app 10.53.184.85
74.7.241.179 - - [09/Jun/2026:09:30:22 -0300] "GET /robots.txt HTTP/2.0" 200 105 "-" "Mozilla/5.0 (Macintosh; Intel Mac OS X 10_15_7) AppleWebKit/537.36 (KHTML, like Gecko) Chrome/131.0.0.0 Safari/537.36; compatible; OAI-SearchBot/1.4; robots.txt; +https://openai.com/searchbot" rioalimentos.meumercado.app 10.53.184.85
74.7.242.50 - - [09/Jun/2026:09:30:22 -0300] "GET /?sitemap.xml HTTP/2.0" 200 7337 "-" "Mozilla/5.0 AppleWebKit/537.36 (KHTML, like Gecko; compatible; GPTBot/1.4; +https://openai.com/gptbot)" rioalimentos.meumercado.app 10.53.184.85
35.243.146.58 - - [09/Jun/2026:09:32:36 -0300] "GET /.git/config HTTP/1.1" 200 7337 "-" "Mozilla/5.0 (X11; U; Linux i686; it; rv:1.9.2.3) Gecko/20100406 Firefox/3.6.3 (Swiftfox)" www.rioalimentos.meumercado.app 10.53.184.85
74.7.242.50 - - [09/Jun/2026:09:35:03 -0300] "GET /sitemap.xml HTTP/2.0" 200 7337 "-" "Mozilla/5.0 AppleWebKit/537.36 (KHTML, like Gecko; compatible; GPTBot/1.4; +https://openai.com/gptbot)" rioalimentos.meumercado.app 10.53.184.85
45.227.253.15 - - [09/Jun/2026:11:08:10 -0300] "GET /index.php/jk HTTP/1.1" 409 83 "-" "Mozilla/5.0 (Macintosh; Intel Mac OS X 10.15; rv:103.0) Gecko/20100101 Firefox/102.0" rioalimentos.meumercado.app 10.53.184.85
45.227.253.15 - - [09/Jun/2026:17:56:36 -0300] "GET /index.php/jk HTTP/1.1" 409 83 "-" "Mozilla/5.0 (Windows NT 10.0; Win64; x64; rv:80.0) Gecko/20100101 Firefox/80.0" rioalimentos.meumercado.app 10.53.184.85
45.227.253.15 - - [09/Jun/2026:19:28:55 -0300] "GET /index.php/jk HTTP/1.1" 409 83 "-" "Mozilla/5.0 (iPhone; CPU iPhone OS 11_3 like Mac OS X) AppleWebKit/605.1.15 (KHTML, like Gecko) Version/11.0.4 Mobile/15E148 Safari/604.1" rioalimentos.meumercado.app 10.53.184.85
45.227.253.15 - - [10/Jun/2026:00:52:51 -0300] "GET /index.php/jk HTTP/1.1" 409 83 "-" "Mozilla/5.0 (Windows NT 10.0; Win64; x64; rv:80.0) Gecko/20100101 Firefox/80.0" rioalimentos.meumercado.app 10.53.184.85
45.227.253.15 - - [10/Jun/2026:05:57:10 -0300] "GET /index.php/jk HTTP/1.1" 409 83 "-" "Mozilla/5.0 (Windows NT 10.0; Win64; x64) AppleWebKit/537.36 (KHTML, like Gecko) Chrome/80.0.3980 Safari/537.36 Edg/80.0.145.1" rioalimentos.meumercado.app 10.53.184.85
74.7.241.179 - - [10/Jun/2026:09:32:00 -0300] "GET /robots.txt HTTP/2.0" 200 105 "-" "Mozilla/5.0 (Macintosh; Intel Mac OS X 10_15_7) AppleWebKit/537.36 (KHTML, like Gecko) Chrome/131.0.0.0 Safari/537.36; compatible; OAI-SearchBot/1.4; robots.txt; +https://openai.com/searchbot" rioalimentos.meumercado.app 10.53.184.85
74.7.242.50 - - [10/Jun/2026:09:31:59 -0300] "GET /?sitemap.xml HTTP/2.0" 200 7337 "-" "Mozilla/5.0 AppleWebKit/537.36 (KHTML, like Gecko; compatible; GPTBot/1.4; +https://openai.com/gptbot)" rioalimentos.meumercado.app 10.53.184.85
45.227.253.15 - - [10/Jun/2026:09:34:59 -0300] "GET /index.php/jk HTTP/1.1" 409 83 "-" "Mozilla/5.0 (iPhone; CPU iPhone OS 12_3 like Mac OS X) AppleWebKit/605.1.15 (KHTML, like Gecko) Version/12.0.4 Mobile/15E148 Safari/604.1" rioalimentos.meumercado.app 10.53.184.85
74.7.242.50 - - [10/Jun/2026:09:36:02 -0300] "GET /sitemap.xml HTTP/2.0" 200 7337 "-" "Mozilla/5.0 AppleWebKit/537.36 (KHTML, like Gecko; compatible; GPTBot/1.4; +https://openai.com/gptbot)" rioalimentos.meumercado.app 10.53.184.85
104.168.115.241 - - [10/Jun/2026:11:12:22 -0300] "GET / HTTP/1.1" 200 7337 "-" "Mozilla/5.0 (Macintosh; Intel Mac OS X 10_15_7) AppleWebKit/537.36" rioalimentos.meumercado.app 10.53.184.85
104.168.115.241 - - [10/Jun/2026:11:12:23 -0300] "GET /.git/config HTTP/1.1" 200 7337 "-" "Mozilla/5.0 (Macintosh; Intel Mac OS X 10_15_7) AppleWebKit/537.36" rioalimentos.meumercado.app 10.53.184.85
104.168.115.241 - - [10/Jun/2026:11:12:23 -0300] "GET /.git/HEAD HTTP/1.1" 200 7337 "-" "Mozilla/5.0 (Macintosh; Intel Mac OS X 10_15_7) AppleWebKit/537.36" rioalimentos.meumercado.app 10.53.184.85
45.227.253.15 - - [10/Jun/2026:16:10:38 -0300] "GET /index.php/jk HTTP/1.1" 409 83 "-" "Mozilla/5.0 (Windows NT 10.0; Win64; x64) AppleWebKit/537.36 (KHTML, like Gecko) Chrome/78.0.3790 Safari/537.36 Edg/78.0.142.6" rioalimentos.meumercado.app 10.53.184.85
45.227.253.15 - - [10/Jun/2026:18:24:39 -0300] "GET /index.php/jk HTTP/1.1" 409 83 "-" "Mozilla/5.0 (Macintosh; Intel Mac OS X 10.15; rv:79.0) Gecko/20100101 Firefox/79.0" rioalimentos.meumercado.app 10.53.184.85
66.187.7.97 - - [10/Jun/2026:22:00:51 -0300] "GET / HTTP/1.1" 200 7337 "-" "Mozilla/5.0 (Macintosh; Intel Mac OS X 10_15_7) AppleWebKit/537.36" rioalimentos.meumercado.app 10.53.184.85
66.187.7.97 - - [10/Jun/2026:22:00:51 -0300] "GET /.git/config HTTP/1.1" 200 7337 "-" "Mozilla/5.0 (Macintosh; Intel Mac OS X 10_15_7) AppleWebKit/537.36" rioalimentos.meumercado.app 10.53.184.85
66.187.7.97 - - [10/Jun/2026:22:00:51 -0300] "GET /.git/HEAD HTTP/1.1" 200 7337 "-" "Mozilla/5.0 (Macintosh; Intel Mac OS X 10_15_7) AppleWebKit/537.36" rioalimentos.meumercado.app 10.53.184.85
45.227.253.15 - - [11/Jun/2026:00:33:03 -0300] "GET /index.php/jk HTTP/1.1" 409 83 "-" "Mozilla/5.0 (Macintosh; Intel Mac OS X 10.13; rv:103.0) Gecko/20100101 Firefox/101.0" rioalimentos.meumercado.app 10.53.184.85
34.7.182.204 - - [11/Jun/2026:00:40:54 -0300] "GET /wp-json/gravitysmtp/v1/tests/mock-data?page=gravitysmtp-settings HTTP/1.1" 200 7337 "-" "Mozilla/5.0 (Linux; Android 9; LG-H930) AppleWebKit/537.36 (KHTML, like Gecko) Chrome/76.0.3809.111 Mobile Safari/537.36" www.rioalimentos.meumercado.app 10.53.184.85
34.7.182.204 - - [11/Jun/2026:00:40:54 -0300] "GET /wp-json/gravitysmtp/v1/config HTTP/1.1" 200 7337 "-" "Mozilla/5.0 (PLAYSTATION 3; 2.00)" www.rioalimentos.meumercado.app 10.53.184.85
34.7.182.204 - - [11/Jun/2026:00:40:54 -0300] "GET /wp-json/gravitysmtp/v1/settings HTTP/1.1" 200 7337 "-" "Gulper Web Bot 0.2.4 (www.ecsl.cs.sunysb.edu/~maxim/cgi-bin/Link/GulperBot)" www.rioalimentos.meumercado.app 10.53.184.85
34.7.182.204 - - [11/Jun/2026:00:40:54 -0300] "GET /wp-json/gravitysmtp/v1/tests/mock-data HTTP/1.1" 200 7337 "-" "Mozilla/5.0 (Macintosh; Intel Mac OS X 10_14_1) AppleWebKit/537.36 (KHTML, like Gecko) Chrome/75.0.3770.142 Safari/537.36" www.rioalimentos.meumercado.app 10.53.184.85
34.7.182.204 - - [11/Jun/2026:00:40:54 -0300] "GET /wp-json/wp/v2/settings HTTP/1.1" 200 7337 "-" "Mozilla/5.0 (iPod; CPU iPhone OS 8_4 like Mac OS X) AppleWebKit/600.1.4 (KHTML, like Gecko) CriOS/44.0.2403.67 Mobile/12H143 Safari/600.1.4" www.rioalimentos.meumercado.app 10.53.184.85
44.243.142.21 - - [11/Jun/2026:02:02:53 -0300] "GET /robots.txt HTTP/2.0" 200 105 "-" "Mozilla/5.0 (compatible; wpbot/1.4; +https://forms.gle/ajBaxygz9jSR8p8G9)" www.rioalimentos.meumercado.app 10.53.184.85
44.243.142.21 - - [11/Jun/2026:02:02:53 -0300] "GET / HTTP/2.0" 200 7337 "-" "Mozilla/5.0 (compatible; wpbot/1.4; +https://forms.gle/ajBaxygz9jSR8p8G9)" www.rioalimentos.meumercado.app 10.53.184.85
35.94.103.223 - - [11/Jun/2026:04:13:59 -0300] "GET /robots.txt HTTP/2.0" 200 105 "-" "Mozilla/5.0 (compatible; wpbot/1.4; +https://forms.gle/ajBaxygz9jSR8p8G9)" rioalimentos.meumercado.app 10.53.184.85
35.94.103.223 - - [11/Jun/2026:04:13:59 -0300] "GET / HTTP/2.0" 200 7337 "-" "Mozilla/5.0 (compatible; wpbot/1.4; +https://forms.gle/ajBaxygz9jSR8p8G9)" rioalimentos.meumercado.app 10.53.184.85
45.227.253.15 - - [11/Jun/2026:05:28:24 -0300] "GET /index.php/jk HTTP/1.1" 409 83 "-" "Mozilla/5.0 (Windows NT 6.2; WOW64) AppleWebKit/535.24 (KHTML, like Gecko) Chrome/83.0.1055.1 Safari/535.24" rioalimentos.meumercado.app 10.53.184.85
45.227.253.15 - - [11/Jun/2026:08:39:03 -0300] "GET /index.php/jk HTTP/1.1" 409 83 "-" "Mozilla/5.0 (Macintosh; Intel Mac OS X 10.11; rv:103.0) Gecko/20100101 Firefox/103.0" rioalimentos.meumercado.app 10.53.184.85
74.7.228.51 - - [11/Jun/2026:09:36:24 -0300] "GET /robots.txt HTTP/2.0" 200 105 "-" "Mozilla/5.0 (Macintosh; Intel Mac OS X 10_15_7) AppleWebKit/537.36 (KHTML, like Gecko) Chrome/131.0.0.0 Safari/537.36; compatible; OAI-SearchBot/1.4; robots.txt; +https://openai.com/searchbot" rioalimentos.meumercado.app 10.53.184.85
74.7.227.144 - - [11/Jun/2026:09:36:24 -0300] "GET /?sitemap.xml HTTP/2.0" 200 7337 "-" "Mozilla/5.0 AppleWebKit/537.36 (KHTML, like Gecko; compatible; GPTBot/1.4; +https://openai.com/gptbot)" rioalimentos.meumercado.app 10.53.184.85
74.7.227.144 - - [11/Jun/2026:09:39:57 -0300] "GET /sitemap.xml HTTP/2.0" 200 7337 "-" "Mozilla/5.0 AppleWebKit/537.36 (KHTML, like Gecko; compatible; GPTBot/1.4; +https://openai.com/gptbot)" rioalimentos.meumercado.app 10.53.184.85
20.88.181.244 - - [11/Jun/2026:10:53:46 -0300] "POST / HTTP/1.1" 406 226 "-" "Mozilla/5.0" rioalimentos.meumercado.app 10.53.184.85
45.227.253.15 - - [11/Jun/2026:12:29:03 -0300] "GET /index.php/jk HTTP/1.1" 409 83 "-" "Mozilla/5.0 (Windows NT 6.2; WOW64) AppleWebKit/535.24 (KHTML, like Gecko) Chrome/80.0.1055.1 Safari/535.24" rioalimentos.meumercado.app 10.53.184.85
45.227.253.15 - - [11/Jun/2026:18:08:40 -0300] "GET /index.php/jk HTTP/1.1" 409 83 "-" "Mozilla/5.0 (Windows NT 10.0; Win64; x64; rv:80.0) Gecko/20100101 Firefox/80.0" rioalimentos.meumercado.app 10.53.184.85
45.227.253.15 - - [11/Jun/2026:22:00:25 -0300] "GET /index.php/jk HTTP/1.1" 409 83 "-" "Mozilla/5.0 (Windows NT 6.3; WOW64; rv:74.0) Gecko/20100101 Firefox/74.0" rioalimentos.meumercado.app 10.53.184.85
165.22.17.214 - - [11/Jun/2026:22:32:51 -0300] "GET / HTTP/1.1" 200 7337 "-" "Mozilla/5.0 (X11; Linux x86_64) AppleWebKit/537.36 (KHTML, like Gecko) Chrome/142.0.0.0 Safari/537.36" rioalimentos.meumercado.app 10.53.184.85
165.22.17.214 - - [11/Jun/2026:22:32:57 -0300] "GET /favicon.ico HTTP/1.1" 200 7337 "https://rioalimentos.meumercado.app/" "Mozilla/5.0 (X11; Linux x86_64) AppleWebKit/537.36 (KHTML, like Gecko) Chrome/142.0.0.0 Safari/537.36" rioalimentos.meumercado.app 10.53.184.85
45.227.253.15 - - [12/Jun/2026:02:54:21 -0300] "GET /index.php/jk HTTP/1.1" 409 83 "-" "Mozilla/5.0 (Macintosh; Intel Mac OS X 10.11; rv:103.0) Gecko/20100101 Firefox/102.0" rioalimentos.meumercado.app 10.53.184.85
38.43.93.182 - - [12/Jun/2026:07:54:22 -0300] "GET / HTTP/1.1" 406 226 "-" "Mozilla/5.0 (compatible; Amazonbot/0.1; +https://developer.amazon.com/support/amazonbot)" www.rioalimentos.meumercado.app 10.53.184.85
74.7.228.51 - - [12/Jun/2026:09:36:43 -0300] "GET /robots.txt HTTP/2.0" 200 105 "-" "Mozilla/5.0 (Macintosh; Intel Mac OS X 10_15_7) AppleWebKit/537.36 (KHTML, like Gecko) Chrome/131.0.0.0 Safari/537.36; compatible; OAI-SearchBot/1.4; robots.txt; +https://openai.com/searchbot" rioalimentos.meumercado.app 10.53.184.85
74.7.227.144 - - [12/Jun/2026:09:36:43 -0300] "GET /?sitemap.xml HTTP/2.0" 200 - "-" "Mozilla/5.0 AppleWebKit/537.36 (KHTML, like Gecko; compatible; GPTBot/1.4; +https://openai.com/gptbot)" rioalimentos.meumercado.app 10.53.184.85
74.7.227.144 - - [12/Jun/2026:09:43:20 -0300] "GET /sitemap.xml HTTP/2.0" 200 - "-" "Mozilla/5.0 AppleWebKit/537.36 (KHTML, like Gecko; compatible; GPTBot/1.4; +https://openai.com/gptbot)" rioalimentos.meumercado.app 10.53.184.85
45.227.253.15 - - [12/Jun/2026:10:37:21 -0300] "GET /index.php/jk HTTP/1.1" 409 83 "-" "Mozilla/5.0 (Windows NT 10.0; Win64; x64) AppleWebKit/537.36 (KHTML, like Gecko) Chrome/75.0.3780 Safari/537.36 Edg/75.0.139" rioalimentos.meumercado.app 10.53.184.85
74.7.175.166 - - [12/Jun/2026:14:07:05 -0300] "GET /robots.txt HTTP/2.0" 200 105 "-" "Mozilla/5.0 (Macintosh; Intel Mac OS X 10_15_7) AppleWebKit/537.36 (KHTML, like Gecko) Chrome/131.0.0.0 Safari/537.36; compatible; OAI-SearchBot/1.4; robots.txt; +https://openai.com/searchbot" www.rioalimentos.meumercado.app 10.53.184.85
74.7.227.156 - - [12/Jun/2026:14:07:06 -0300] "GET / HTTP/2.0" 200 7337 "-" "Mozilla/5.0 AppleWebKit/537.36 (KHTML, like Gecko; compatible; GPTBot/1.4; +https://openai.com/gptbot)" www.rioalimentos.meumercado.app 10.53.184.85
45.227.253.15 - - [12/Jun/2026:14:54:25 -0300] "GET /index.php/jk HTTP/1.1" 409 83 "-" "Mozilla/5.0 (Macintosh; Intel Mac OS X 10.14; rv:103.0) Gecko/20100101 Firefox/103.0" rioalimentos.meumercado.app 10.53.184.85
216.73.216.124 - - [12/Jun/2026:17:59:14 -0300] "GET /robots.txt HTTP/2.0" 200 105 "-" "Mozilla/5.0 AppleWebKit/537.36 (KHTML, like Gecko; compatible; ClaudeBot/1.0; +claudebot@anthropic.com)" www.rioalimentos.meumercado.app 10.53.184.85
216.73.216.124 - - [12/Jun/2026:17:59:32 -0300] "GET / HTTP/2.0" 200 7337 "-" "Mozilla/5.0 AppleWebKit/537.36 (KHTML, like Gecko; compatible; ClaudeBot/1.0; +claudebot@anthropic.com)" www.rioalimentos.meumercado.app 10.53.184.85
45.227.253.15 - - [12/Jun/2026:18:03:03 -0300] "GET /index.php/jk HTTP/1.1" 409 83 "-" "Mozilla/5.0 (Macintosh; Intel Mac OS X 10.15; rv:80.0) Gecko/20100101 Firefox/80.0" rioalimentos.meumercado.app 10.53.184.85
45.227.253.15 - - [12/Jun/2026:21:41:11 -0300] "GET /index.php/jk HTTP/1.1" 409 83 "-" "Mozilla/5.0 (Windows NT 10.0; Win64; x64) AppleWebKit/537.36 (KHTML, like Gecko) Chrome/81.0.3282.140 Safari/537.36 Edge/18.17763" rioalimentos.meumercado.app 10.53.184.85
208.84.100.238 - - [12/Jun/2026:22:48:41 -0300] "GET / HTTP/1.1" 200 7337 "-" "Mozilla/5.0 (Windows NT 10.0; Win64; x64; rv:149.0) Gecko/20100101 Firefox/149.0" rioalimentos.meumercado.app 10.53.184.85
208.84.100.238 - - [12/Jun/2026:22:48:42 -0300] "GET /.env HTTP/1.1" 406 226 "-" "Mozilla/5.0 (Macintosh; Intel Mac OS X 10_15_7) AppleWebKit/537.36 (KHTML, like Gecko) Chrome/147.0.0.0 Safari/537.36 Edg/147.0.0.0" rioalimentos.meumercado.app 10.53.184.85
208.84.100.238 - - [12/Jun/2026:22:48:44 -0300] "GET /app/.env HTTP/1.1" 406 226 "-" "Mozilla/5.0 (X11; Linux x86_64) AppleWebKit/537.36 (KHTML, like Gecko) Chrome/146.0.0.0 Safari/537.36" rioalimentos.meumercado.app 10.53.184.85
208.84.100.238 - - [12/Jun/2026:22:48:44 -0300] "GET /backend/.env HTTP/1.1" 406 226 "-" "Mozilla/5.0 (Windows NT 10.0; Win64; x64; rv:150.0) Gecko/20100101 Firefox/150.0" rioalimentos.meumercado.app 10.53.184.85
208.84.100.238 - - [12/Jun/2026:22:48:44 -0300] "GET /.env.old HTTP/1.1" 406 226 "-" "Mozilla/5.0 (Windows NT 10.0; Win64; x64) AppleWebKit/537.36 (KHTML, like Gecko) Chrome/146.0.0.0 Safari/537.36" rioalimentos.meumercado.app 10.53.184.85
208.84.100.238 - - [12/Jun/2026:22:48:44 -0300] "GET /web/.env HTTP/1.1" 406 226 "-" "Mozilla/5.0 (X11; Linux x86_64; rv:149.0) Gecko/20100101 Firefox/149.0" rioalimentos.meumercado.app 10.53.184.85
208.84.100.238 - - [12/Jun/2026:22:48:44 -0300] "GET /.env.bak HTTP/1.1" 406 226 "-" "Mozilla/5.0 (iPhone; CPU iPhone OS 18_4 like Mac OS X) AppleWebKit/605.1.15 (KHTML, like Gecko) Version/18.4 Mobile/15E148 Safari/604.1" rioalimentos.meumercado.app 10.53.184.85
208.84.100.238 - - [12/Jun/2026:22:48:43 -0300] "GET /.env.local HTTP/1.1" 200 7337 "-" "Mozilla/5.0 (Windows NT 10.0; Win64; x64) AppleWebKit/537.36 (KHTML, like Gecko) Chrome/146.0.0.0 Safari/537.36 Edg/146.0.0.0" rioalimentos.meumercado.app 10.53.184.85
208.84.100.238 - - [12/Jun/2026:22:48:43 -0300] "GET /.npmrc HTTP/1.1" 200 7337 "-" "Mozilla/5.0 (Macintosh; Intel Mac OS X 10_15_7) AppleWebKit/537.36 (KHTML, like Gecko) Chrome/146.0.0.0 Safari/537.36" rioalimentos.meumercado.app 10.53.184.85
208.84.100.238 - - [12/Jun/2026:22:48:43 -0300] "GET /sa-key.json HTTP/1.1" 200 7337 "-" "Mozilla/5.0 (Windows NT 10.0; Win64; x64) AppleWebKit/537.36 (KHTML, like Gecko) Chrome/146.0.0.0 Safari/537.36 Edg/146.0.0.0" rioalimentos.meumercado.app 10.53.184.85
208.84.100.238 - - [12/Jun/2026:22:48:44 -0300] "GET /.yarnrc HTTP/1.1" 200 7337 "-" "Mozilla/5.0 (X11; Linux x86_64) AppleWebKit/537.36 (KHTML, like Gecko) Chrome/146.0.0.0 Safari/537.36" rioalimentos.meumercado.app 10.53.184.85
208.84.100.238 - - [12/Jun/2026:22:48:44 -0300] "GET /.aws/credentials HTTP/1.1" 200 7337 "-" "Mozilla/5.0 (Windows NT 10.0; Win64; x64) AppleWebKit/537.36 (KHTML, like Gecko) Chrome/147.0.0.0 Safari/537.36" rioalimentos.meumercado.app 10.53.184.85
