208.84.100.238 - - [12/Jun/2026:22:48:44 -0300] "GET /config/service-account.json HTTP/1.1" 200 7337 "-" "Mozilla/5.0 (X11; Linux x86_64; rv:150.0) Gecko/20100101 Firefox/150.0" rioalimentos.meumercado.app 10.53.184.85
208.84.100.238 - - [12/Jun/2026:22:48:44 -0300] "GET /.env.staging HTTP/1.1" 200 7337 "-" "Mozilla/5.0 (Macintosh; Intel Mac OS X 10_15_7) AppleWebKit/537.36 (KHTML, like Gecko) Chrome/147.0.0.0 Safari/537.36" rioalimentos.meumercado.app 10.53.184.85
208.84.100.238 - - [12/Jun/2026:22:48:44 -0300] "GET /config/credentials.json HTTP/1.1" 200 7337 "-" "Mozilla/5.0 (Macintosh; Intel Mac OS X 10.15; rv:150.0) Gecko/20100101 Firefox/150.0" rioalimentos.meumercado.app 10.53.184.85
208.84.100.238 - - [12/Jun/2026:22:48:44 -0300] "GET /.env.test HTTP/1.1" 200 7337 "-" "Mozilla/5.0 (X11; Linux x86_64) AppleWebKit/537.36 (KHTML, like Gecko) Chrome/147.0.0.0 Safari/537.36" rioalimentos.meumercado.app 10.53.184.85
208.84.100.238 - - [12/Jun/2026:22:48:44 -0300] "GET /.cursor/mcp.json HTTP/1.1" 200 7337 "-" "Mozilla/5.0 (Macintosh; Intel Mac OS X 10_15_7) AppleWebKit/605.1.15 (KHTML, like Gecko) Version/18.4 Safari/605.1.15" rioalimentos.meumercado.app 10.53.184.85
208.84.100.238 - - [12/Jun/2026:22:48:44 -0300] "GET /serviceAccountKey.json HTTP/1.1" 200 7337 "-" "Mozilla/5.0 (X11; Linux x86_64) AppleWebKit/537.36 (KHTML, like Gecko) Chrome/147.0.0.0 Safari/537.36" rioalimentos.meumercado.app 10.53.184.85
208.84.100.238 - - [12/Jun/2026:22:48:44 -0300] "GET /.openai/config.json HTTP/1.1" 200 7337 "-" "Mozilla/5.0 (Macintosh; Intel Mac OS X 10_15_7) AppleWebKit/537.36 (KHTML, like Gecko) Chrome/147.0.0.0 Safari/537.36 Edg/147.0.0.0" rioalimentos.meumercado.app 10.53.184.85
208.84.100.238 - - [12/Jun/2026:22:48:44 -0300] "GET /.env.production HTTP/1.1" 200 7337 "-" "Mozilla/5.0 (Macintosh; Intel Mac OS X 10_15_7) AppleWebKit/605.1.15 (KHTML, like Gecko) Version/18.4 Safari/605.1.15" rioalimentos.meumercado.app 10.53.184.85
208.84.100.238 - - [12/Jun/2026:22:48:44 -0300] "GET /auth/service_key.json HTTP/1.1" 200 7337 "-" "Mozilla/5.0 (Macintosh; Intel Mac OS X 10_15_7) AppleWebKit/605.1.15 (KHTML, like Gecko) Version/18.3 Safari/605.1.15" rioalimentos.meumercado.app 10.53.184.85
208.84.100.238 - - [12/Jun/2026:22:48:44 -0300] "GET /.env.save HTTP/1.1" 200 7337 "-" "Mozilla/5.0 (Macintosh; Intel Mac OS X 10_15_7) AppleWebKit/537.36 (KHTML, like Gecko) Chrome/146.0.0.0 Safari/537.36" rioalimentos.meumercado.app 10.53.184.85
208.84.100.238 - - [12/Jun/2026:22:48:44 -0300] "GET /credentials.json HTTP/1.1" 200 7337 "-" "Mozilla/5.0 (Macintosh; Intel Mac OS X 10_15_7) AppleWebKit/537.36 (KHTML, like Gecko) Chrome/147.0.0.0 Safari/537.36" rioalimentos.meumercado.app 10.53.184.85
208.84.100.238 - - [12/Jun/2026:22:48:44 -0300] "GET /config/gcp-credentials.json HTTP/1.1" 200 7337 "-" "Mozilla/5.0 (Windows NT 10.0; Win64; x64; rv:149.0) Gecko/20100101 Firefox/149.0" rioalimentos.meumercado.app 10.53.184.85
208.84.100.238 - - [12/Jun/2026:22:48:44 -0300] "GET /.anthropic/config.json HTTP/1.1" 200 7337 "-" "Mozilla/5.0 (Windows NT 10.0; Win64; x64) AppleWebKit/537.36 (KHTML, like Gecko) Chrome/146.0.0.0 Safari/537.36 Edg/146.0.0.0" rioalimentos.meumercado.app 10.53.184.85
208.84.100.238 - - [12/Jun/2026:22:48:44 -0300] "GET /service-account.json HTTP/1.1" 200 7337 "-" "Mozilla/5.0 (X11; Linux x86_64; rv:150.0) Gecko/20100101 Firefox/150.0" rioalimentos.meumercado.app 10.53.184.85
208.84.100.238 - - [12/Jun/2026:22:48:44 -0300] "GET /app/credentials.json HTTP/1.1" 200 7337 "-" "Mozilla/5.0 (Windows NT 10.0; Win64; x64; rv:150.0) Gecko/20100101 Firefox/150.0" rioalimentos.meumercado.app 10.53.184.85
208.84.100.238 - - [12/Jun/2026:22:48:44 -0300] "GET /.docker/config.json HTTP/1.1" 200 7337 "-" "Mozilla/5.0 (X11; Linux x86_64) AppleWebKit/537.36 (KHTML, like Gecko) Chrome/147.0.0.0 Safari/537.36" rioalimentos.meumercado.app 10.53.184.85
208.84.100.238 - - [12/Jun/2026:22:48:43 -0300] "GET /.env.development HTTP/1.1" 200 7337 "-" "Mozilla/5.0 (Windows NT 10.0; Win64; x64) AppleWebKit/537.36 (KHTML, like Gecko) Chrome/147.0.0.0 Safari/537.36" rioalimentos.meumercado.app 10.53.184.85
208.84.100.238 - - [12/Jun/2026:22:48:44 -0300] "GET /serviceAccountCredentials.json HTTP/1.1" 200 7337 "-" "Mozilla/5.0 (Windows NT 10.0; Win64; x64) AppleWebKit/537.36 (KHTML, like Gecko) Chrome/145.0.0.0 Safari/537.36" rioalimentos.meumercado.app 10.53.184.85
208.84.100.238 - - [12/Jun/2026:22:48:44 -0300] "GET /config.json HTTP/1.1" 200 7337 "-" "Mozilla/5.0 (Macintosh; Intel Mac OS X 10_15_7) AppleWebKit/537.36 (KHTML, like Gecko) Chrome/146.0.0.0 Safari/537.36" rioalimentos.meumercado.app 10.53.184.85
208.84.100.238 - - [12/Jun/2026:22:48:44 -0300] "GET /.config/gcloud/application_default_credentials.json HTTP/1.1" 200 7337 "-" "Mozilla/5.0 (Macintosh; Intel Mac OS X 10_15_7) AppleWebKit/537.36 (KHTML, like Gecko) Chrome/147.0.0.0 Safari/537.36" rioalimentos.meumercado.app 10.53.184.85
208.84.100.238 - - [12/Jun/2026:22:48:44 -0300] "GET /gcp.json HTTP/1.1" 200 7337 "-" "Mozilla/5.0 (Macintosh; Intel Mac OS X 10_15_7) AppleWebKit/537.36 (KHTML, like Gecko) Chrome/146.0.0.0 Safari/537.36" rioalimentos.meumercado.app 10.53.184.85
208.84.100.238 - - [12/Jun/2026:22:48:44 -0300] "GET /serviceAccount.json HTTP/1.1" 200 7337 "-" "Mozilla/5.0 (X11; Linux x86_64) AppleWebKit/537.36 (KHTML, like Gecko) Chrome/146.0.0.0 Safari/537.36" rioalimentos.meumercado.app 10.53.184.85
208.84.100.238 - - [12/Jun/2026:22:48:44 -0300] "GET /.openclaw/openclaw.json HTTP/1.1" 200 7337 "-" "Mozilla/5.0 (iPhone; CPU iPhone OS 18_4 like Mac OS X) AppleWebKit/605.1.15 (KHTML, like Gecko) Version/18.4 Mobile/15E148 Safari/604.1" rioalimentos.meumercado.app 10.53.184.85
208.84.100.238 - - [12/Jun/2026:22:48:44 -0300] "GET /service-account-config.json HTTP/1.1" 200 7337 "-" "Mozilla/5.0 (Windows NT 10.0; Win64; x64) AppleWebKit/537.36 (KHTML, like Gecko) Chrome/146.0.0.0 Safari/537.36" rioalimentos.meumercado.app 10.53.184.85
208.84.100.238 - - [12/Jun/2026:22:48:44 -0300] "GET /sa-private-key.json HTTP/1.1" 200 7337 "-" "Mozilla/5.0 (Macintosh; Intel Mac OS X 10_15_7) AppleWebKit/605.1.15 (KHTML, like Gecko) Version/18.4 Safari/605.1.15" rioalimentos.meumercado.app 10.53.184.85
208.84.100.238 - - [12/Jun/2026:22:48:44 -0300] "GET /google-application-credentials.json HTTP/1.1" 200 7337 "-" "Mozilla/5.0 (Windows NT 10.0; Win64; x64; rv:149.0) Gecko/20100101 Firefox/149.0" rioalimentos.meumercado.app 10.53.184.85
208.84.100.238 - - [12/Jun/2026:22:48:44 -0300] "GET /gcp_key.json HTTP/1.1" 200 7337 "-" "Mozilla/5.0 (Windows NT 10.0; Win64; x64) AppleWebKit/537.36 (KHTML, like Gecko) Chrome/146.0.0.0 Safari/537.36" rioalimentos.meumercado.app 10.53.184.85
208.84.100.238 - - [12/Jun/2026:22:48:44 -0300] "GET /wp-content/debug.log HTTP/1.1" 200 7337 "-" "Mozilla/5.0 (Windows NT 10.0; Win64; x64) AppleWebKit/537.36 (KHTML, like Gecko) Chrome/147.0.0.0 Safari/537.36 Edg/147.0.0.0" rioalimentos.meumercado.app 10.53.184.85
208.84.100.238 - - [12/Jun/2026:22:48:44 -0300] "GET /appsettings.Development.json HTTP/1.1" 200 7337 "-" "Mozilla/5.0 (Windows NT 10.0; Win64; x64; rv:150.0) Gecko/20100101 Firefox/150.0" rioalimentos.meumercado.app 10.53.184.85
208.84.100.238 - - [12/Jun/2026:22:48:44 -0300] "GET /client_secrets.json HTTP/1.1" 200 7337 "-" "Mozilla/5.0 (Macintosh; Intel Mac OS X 10_15_7) AppleWebKit/605.1.15 (KHTML, like Gecko) Version/18.4 Safari/605.1.15" rioalimentos.meumercado.app 10.53.184.85
208.84.100.238 - - [12/Jun/2026:22:48:45 -0300] "GET /public/.env HTTP/1.1" 406 226 "-" "Mozilla/5.0 (Windows NT 10.0; Win64; x64) AppleWebKit/537.36 (KHTML, like Gecko) Chrome/147.0.0.0 Safari/537.36 Edg/147.0.0.0" rioalimentos.meumercado.app 10.53.184.85
208.84.100.238 - - [12/Jun/2026:22:48:45 -0300] "GET /api/.env HTTP/1.1" 406 226 "-" "Mozilla/5.0 (Windows NT 10.0; Win64; x64) AppleWebKit/537.36 (KHTML, like Gecko) Chrome/145.0.0.0 Safari/537.36" rioalimentos.meumercado.app 10.53.184.85
208.84.100.238 - - [12/Jun/2026:22:48:44 -0300] "GET /.gcp/credentials.json HTTP/1.1" 200 7337 "-" "Mozilla/5.0 (Windows NT 10.0; Win64; x64) AppleWebKit/537.36 (KHTML, like Gecko) Chrome/147.0.0.0 Safari/537.36" rioalimentos.meumercado.app 10.53.184.85
208.84.100.238 - - [12/Jun/2026:22:48:44 -0300] "GET /google-service-account.json HTTP/1.1" 200 7337 "-" "Mozilla/5.0 (Windows NT 10.0; Win64; x64; rv:150.0) Gecko/20100101 Firefox/150.0" rioalimentos.meumercado.app 10.53.184.85
208.84.100.238 - - [12/Jun/2026:22:48:45 -0300] "GET /src/.env HTTP/1.1" 406 226 "-" "Mozilla/5.0 (X11; Linux x86_64; rv:150.0) Gecko/20100101 Firefox/150.0" rioalimentos.meumercado.app 10.53.184.85
208.84.100.238 - - [12/Jun/2026:22:48:45 -0300] "GET /laravel/.env HTTP/1.1" 406 226 "-" "Mozilla/5.0 (Macintosh; Intel Mac OS X 10.15; rv:150.0) Gecko/20100101 Firefox/150.0" rioalimentos.meumercado.app 10.53.184.85
208.84.100.238 - - [12/Jun/2026:22:48:45 -0300] "GET /server/.env HTTP/1.1" 406 226 "-" "Mozilla/5.0 (Windows NT 10.0; Win64; x64; rv:149.0) Gecko/20100101 Firefox/149.0" rioalimentos.meumercado.app 10.53.184.85
208.84.100.238 - - [12/Jun/2026:22:48:44 -0300] "GET /application_default_credentials.json HTTP/1.1" 200 7337 "-" "Mozilla/5.0 (X11; Linux x86_64; rv:149.0) Gecko/20100101 Firefox/149.0" rioalimentos.meumercado.app 10.53.184.85
208.84.100.238 - - [12/Jun/2026:22:48:44 -0300] "GET /config/production.json HTTP/1.1" 200 7337 "-" "Mozilla/5.0 (X11; Linux x86_64; rv:149.0) Gecko/20100101 Firefox/149.0" rioalimentos.meumercado.app 10.53.184.85
208.84.100.238 - - [12/Jun/2026:22:48:45 -0300] "GET /.env.backup HTTP/1.1" 406 226 "-" "Mozilla/5.0 (Macintosh; Intel Mac OS X 10_15_7) AppleWebKit/605.1.15 (KHTML, like Gecko) Version/18.3 Safari/605.1.15" rioalimentos.meumercado.app 10.53.184.85
208.84.100.238 - - [12/Jun/2026:22:48:44 -0300] "GET /.kube/config HTTP/1.1" 200 7337 "-" "Mozilla/5.0 (Windows NT 10.0; Win64; x64) AppleWebKit/537.36 (KHTML, like Gecko) Chrome/146.0.0.0 Safari/537.36" rioalimentos.meumercado.app 10.53.184.85
208.84.100.238 - - [12/Jun/2026:22:48:44 -0300] "GET /.openclaw/agents/main/agent/models.json HTTP/1.1" 200 7337 "-" "Mozilla/5.0 (Macintosh; Intel Mac OS X 10_15_7) AppleWebKit/605.1.15 (KHTML, like Gecko) Version/18.3 Safari/605.1.15" rioalimentos.meumercado.app 10.53.184.85
208.84.100.238 - - [12/Jun/2026:22:48:45 -0300] "GET /firebase-credentials.json HTTP/1.1" 200 7337 "-" "Mozilla/5.0 (Windows NT 10.0; Win64; x64) AppleWebKit/537.36 (KHTML, like Gecko) Chrome/145.0.0.0 Safari/537.36" rioalimentos.meumercado.app 10.53.184.85
208.84.100.238 - - [12/Jun/2026:22:48:45 -0300] "GET /service-account-key.json HTTP/1.1" 200 7337 "-" "Mozilla/5.0 (Windows NT 10.0; Win64; x64; rv:149.0) Gecko/20100101 Firefox/149.0" rioalimentos.meumercado.app 10.53.184.85
208.84.100.238 - - [12/Jun/2026:22:48:45 -0300] "GET /google_service_app.json HTTP/1.1" 200 7337 "-" "Mozilla/5.0 (Macintosh; Intel Mac OS X 10_15_7) AppleWebKit/537.36 (KHTML, like Gecko) Chrome/147.0.0.0 Safari/537.36" rioalimentos.meumercado.app 10.53.184.85
208.84.100.238 - - [12/Jun/2026:22:48:45 -0300] "GET /client_secret.json HTTP/1.1" 200 7337 "-" "Mozilla/5.0 (Windows NT 10.0; Win64; x64) AppleWebKit/537.36 (KHTML, like Gecko) Chrome/147.0.0.0 Safari/537.36 Edg/147.0.0.0" rioalimentos.meumercado.app 10.53.184.85
208.84.100.238 - - [12/Jun/2026:22:48:45 -0300] "GET /google_credentials.json HTTP/1.1" 200 7337 "-" "Mozilla/5.0 (Macintosh; Intel Mac OS X 10_15_7) AppleWebKit/605.1.15 (KHTML, like Gecko) Version/18.3 Safari/605.1.15" rioalimentos.meumercado.app 10.53.184.85
208.84.100.238 - - [12/Jun/2026:22:48:45 -0300] "GET /gcp-credentials.json HTTP/1.1" 200 7337 "-" "Mozilla/5.0 (Macintosh; Intel Mac OS X 10_15_7) AppleWebKit/537.36 (KHTML, like Gecko) Chrome/147.0.0.0 Safari/537.36" rioalimentos.meumercado.app 10.53.184.85
208.84.100.238 - - [12/Jun/2026:22:48:45 -0300] "GET /google-credentials.json HTTP/1.1" 200 7337 "-" "Mozilla/5.0 (iPhone; CPU iPhone OS 18_4 like Mac OS X) AppleWebKit/605.1.15 (KHTML, like Gecko) Version/18.4 Mobile/15E148 Safari/604.1" rioalimentos.meumercado.app 10.53.184.85
208.84.100.238 - - [12/Jun/2026:22:48:45 -0300] "GET /firebase-service-account.json HTTP/1.1" 200 7337 "-" "Mozilla/5.0 (Macintosh; Intel Mac OS X 10.15; rv:150.0) Gecko/20100101 Firefox/150.0" rioalimentos.meumercado.app 10.53.184.85
208.84.100.238 - - [12/Jun/2026:22:48:45 -0300] "GET /firebase_credentials.json HTTP/1.1" 200 7337 "-" "Mozilla/5.0 (Macintosh; Intel Mac OS X 10_15_7) AppleWebKit/605.1.15 (KHTML, like Gecko) Version/18.3 Safari/605.1.15" rioalimentos.meumercado.app 10.53.184.85
208.84.100.238 - - [12/Jun/2026:22:48:45 -0300] "GET /secrets.json HTTP/1.1" 200 7337 "-" "Mozilla/5.0 (Windows NT 10.0; Win64; x64) AppleWebKit/537.36 (KHTML, like Gecko) Chrome/145.0.0.0 Safari/537.36" rioalimentos.meumercado.app 10.53.184.85
208.84.100.238 - - [12/Jun/2026:22:48:45 -0300] "GET /service-account-file.json HTTP/1.1" 200 7337 "-" "Mozilla/5.0 (X11; Linux x86_64) AppleWebKit/537.36 (KHTML, like Gecko) Chrome/147.0.0.0 Safari/537.36" rioalimentos.meumercado.app 10.53.184.85
208.84.100.238 - - [12/Jun/2026:22:48:45 -0300] "GET /google-services.json HTTP/1.1" 200 7337 "-" "Mozilla/5.0 (X11; Linux x86_64; rv:150.0) Gecko/20100101 Firefox/150.0" rioalimentos.meumercado.app 10.53.184.85
208.84.100.238 - - [12/Jun/2026:22:48:45 -0300] "GET /gcp-key.json HTTP/1.1" 200 7337 "-" "Mozilla/5.0 (Windows NT 10.0; Win64; x64) AppleWebKit/537.36 (KHTML, like Gecko) Chrome/146.0.0.0 Safari/537.36" rioalimentos.meumercado.app 10.53.184.85
208.84.100.238 - - [12/Jun/2026:22:48:45 -0300] "GET /gcloud-service-key.json HTTP/1.1" 200 7337 "-" "Mozilla/5.0 (iPhone; CPU iPhone OS 18_4 like Mac OS X) AppleWebKit/605.1.15 (KHTML, like Gecko) Version/18.4 Mobile/15E148 Safari/604.1" rioalimentos.meumercado.app 10.53.184.85
208.84.100.238 - - [12/Jun/2026:22:48:45 -0300] "GET /appsettings.json HTTP/1.1" 200 7337 "-" "Mozilla/5.0 (Windows NT 10.0; Win64; x64) AppleWebKit/537.36 (KHTML, like Gecko) Chrome/145.0.0.0 Safari/537.36" rioalimentos.meumercado.app 10.53.184.85
208.84.100.238 - - [12/Jun/2026:22:48:45 -0300] "GET /secrets/gcp-key.json HTTP/1.1" 200 7337 "-" "Mozilla/5.0 (Windows NT 10.0; Win64; x64) AppleWebKit/537.36 (KHTML, like Gecko) Chrome/146.0.0.0 Safari/537.36 Edg/146.0.0.0" rioalimentos.meumercado.app 10.53.184.85
208.84.100.238 - - [12/Jun/2026:22:48:45 -0300] "GET /secrets/service-account.json HTTP/1.1" 200 7337 "-" "Mozilla/5.0 (Macintosh; Intel Mac OS X 10_15_7) AppleWebKit/537.36 (KHTML, like Gecko) Chrome/147.0.0.0 Safari/537.36 Edg/147.0.0.0" rioalimentos.meumercado.app 10.53.184.85
208.84.100.238 - - [12/Jun/2026:22:48:45 -0300] "GET /appsettings.Production.json HTTP/1.1" 200 7337 "-" "Mozilla/5.0 (Macintosh; Intel Mac OS X 10.15; rv:150.0) Gecko/20100101 Firefox/150.0" rioalimentos.meumercado.app 10.53.184.85
208.84.100.238 - - [12/Jun/2026:22:48:45 -0300] "GET /google-cloud.json HTTP/1.1" 200 7337 "-" "Mozilla/5.0 (Windows NT 10.0; Win64; x64) AppleWebKit/537.36 (KHTML, like Gecko) Chrome/147.0.0.0 Safari/537.36" rioalimentos.meumercado.app 10.53.184.85
208.84.100.238 - - [12/Jun/2026:22:48:45 -0300] "GET /keyfile.json HTTP/1.1" 200 7337 "-" "Mozilla/5.0 (Macintosh; Intel Mac OS X 10_15_7) AppleWebKit/537.36 (KHTML, like Gecko) Chrome/147.0.0.0 Safari/537.36 Edg/147.0.0.0" rioalimentos.meumercado.app 10.53.184.85
208.84.100.238 - - [12/Jun/2026:22:48:45 -0300] "GET /gcp-service-account.json HTTP/1.1" 200 7337 "-" "Mozilla/5.0 (X11; Linux x86_64) AppleWebKit/537.36 (KHTML, like Gecko) Chrome/147.0.0.0 Safari/537.36" rioalimentos.meumercado.app 10.53.184.85
208.84.100.238 - - [12/Jun/2026:22:48:45 -0300] "GET /config/firebase_credentials.json HTTP/1.1" 200 7337 "-" "Mozilla/5.0 (Windows NT 10.0; Win64; x64) AppleWebKit/537.36 (KHTML, like Gecko) Chrome/147.0.0.0 Safari/537.36 Edg/147.0.0.0" rioalimentos.meumercado.app 10.53.184.85
208.84.100.238 - - [12/Jun/2026:22:48:45 -0300] "GET /credentials/service-account.json HTTP/1.1" 200 7337 "-" "Mozilla/5.0 (iPhone; CPU iPhone OS 18_4 like Mac OS X) AppleWebKit/605.1.15 (KHTML, like Gecko) Version/18.4 Mobile/15E148 Safari/604.1" rioalimentos.meumercado.app 10.53.184.85
208.84.100.238 - - [12/Jun/2026:22:48:45 -0300] "GET /service-account-credentials.json HTTP/1.1" 200 7337 "-" "Mozilla/5.0 (Macintosh; Intel Mac OS X 10_15_7) AppleWebKit/537.36 (KHTML, like Gecko) Chrome/146.0.0.0 Safari/537.36" rioalimentos.meumercado.app 10.53.184.85
208.84.100.238 - - [12/Jun/2026:22:48:45 -0300] "GET /firebase.json HTTP/1.1" 200 7337 "-" "Mozilla/5.0 (X11; Linux x86_64) AppleWebKit/537.36 (KHTML, like Gecko) Chrome/146.0.0.0 Safari/537.36" rioalimentos.meumercado.app 10.53.184.85
208.84.100.238 - - [12/Jun/2026:22:48:44 -0300] "GET /secrets/gcp-credentials.json HTTP/1.1" 200 7337 "-" "Mozilla/5.0 (Macintosh; Intel Mac OS X 10_15_7) AppleWebKit/605.1.15 (KHTML, like Gecko) Version/18.4 Safari/605.1.15" rioalimentos.meumercado.app 10.53.184.85
208.84.100.238 - - [12/Jun/2026:22:48:45 -0300] "GET /google_key.json HTTP/1.1" 200 7337 "-" "Mozilla/5.0 (Windows NT 10.0; Win64; x64) AppleWebKit/537.36 (KHTML, like Gecko) Chrome/147.0.0.0 Safari/537.36" rioalimentos.meumercado.app 10.53.184.85
208.84.100.238 - - [12/Jun/2026:22:48:45 -0300] "GET /config/gcp.json HTTP/1.1" 200 7337 "-" "Mozilla/5.0 (X11; Linux x86_64; rv:149.0) Gecko/20100101 Firefox/149.0" rioalimentos.meumercado.app 10.53.184.85
208.84.100.238 - - [12/Jun/2026:22:48:45 -0300] "GET /api/client_secret.json HTTP/1.1" 200 7337 "-" "Mozilla/5.0 (Windows NT 10.0; Win64; x64) AppleWebKit/537.36 (KHTML, like Gecko) Chrome/146.0.0.0 Safari/537.36 Edg/146.0.0.0" rioalimentos.meumercado.app 10.53.184.85
208.84.100.238 - - [12/Jun/2026:22:48:45 -0300] "GET /key.json HTTP/1.1" 200 7337 "-" "Mozilla/5.0 (Windows NT 10.0; Win64; x64) AppleWebKit/537.36 (KHTML, like Gecko) Chrome/147.0.0.0 Safari/537.36 Edg/147.0.0.0" rioalimentos.meumercado.app 10.53.184.85
208.84.100.238 - - [12/Jun/2026:22:48:45 -0300] "GET /firebase-adminsdk.json HTTP/1.1" 200 7337 "-" "Mozilla/5.0 (Windows NT 10.0; Win64; x64; rv:150.0) Gecko/20100101 Firefox/150.0" rioalimentos.meumercado.app 10.53.184.85
208.84.100.238 - - [12/Jun/2026:22:48:45 -0300] "GET /config/default.json HTTP/1.1" 200 7337 "-" "Mozilla/5.0 (X11; Linux x86_64; rv:150.0) Gecko/20100101 Firefox/150.0" rioalimentos.meumercado.app 10.53.184.85
208.84.100.238 - - [12/Jun/2026:22:48:45 -0300] "GET /service_account.json HTTP/1.1" 200 7337 "-" "Mozilla/5.0 (X11; Linux x86_64; rv:149.0) Gecko/20100101 Firefox/149.0" rioalimentos.meumercado.app 10.53.184.85
208.84.100.238 - - [12/Jun/2026:22:48:54 -0300] "GET / HTTP/1.1" 200 7337 "-" "Mozilla/5.0 (Windows NT 10.0; Win64; x64) AppleWebKit/537.36 (KHTML, like Gecko) Chrome/147.0.0.0 Safari/537.36" rioalimentos.meumercado.app 10.53.184.85
208.84.100.238 - - [12/Jun/2026:22:48:55 -0300] "GET /.env.production.copy HTTP/1.1" 403 7955 "-" "Mozilla/5.0 (Macintosh; Intel Mac OS X 10_15_7) AppleWebKit/605.1.15 (KHTML, like Gecko) Version/18.4 Safari/605.1.15" rioalimentos.meumercado.app 10.53.184.85
208.84.100.238 - - [12/Jun/2026:22:48:55 -0300] "GET /.git/HEAD HTTP/1.1" 200 7337 "-" "Mozilla/5.0 (Windows NT 10.0; Win64; x64) AppleWebKit/537.36 (KHTML, like Gecko) Chrome/147.0.0.0 Safari/537.36 Edg/147.0.0.0" rioalimentos.meumercado.app 10.53.184.85
208.84.100.238 - - [12/Jun/2026:22:48:57 -0300] "GET /.git/config HTTP/1.1" 200 7337 "-" "Mozilla/5.0 (Macintosh; Intel Mac OS X 10_15_7) AppleWebKit/537.36 (KHTML, like Gecko) Chrome/147.0.0.0 Safari/537.36 Edg/147.0.0.0" rioalimentos.meumercado.app 10.53.184.85
208.84.100.238 - - [12/Jun/2026:22:48:57 -0300] "GET /.env.production.old HTTP/1.1" 406 226 "-" "Mozilla/5.0 (Windows NT 10.0; Win64; x64) AppleWebKit/537.36 (KHTML, like Gecko) Chrome/146.0.0.0 Safari/537.36 Edg/146.0.0.0" rioalimentos.meumercado.app 10.53.184.85
208.84.100.238 - - [12/Jun/2026:22:48:57 -0300] "GET /.env.local.orig HTTP/1.1" 406 226 "-" "Mozilla/5.0 (X11; Linux x86_64; rv:150.0) Gecko/20100101 Firefox/150.0" rioalimentos.meumercado.app 10.53.184.85
208.84.100.238 - - [12/Jun/2026:22:48:57 -0300] "GET /.env.local.bak HTTP/1.1" 406 226 "-" "Mozilla/5.0 (Macintosh; Intel Mac OS X 10_15_7) AppleWebKit/605.1.15 (KHTML, like Gecko) Version/18.4 Safari/605.1.15" rioalimentos.meumercado.app 10.53.184.85
208.84.100.238 - - [12/Jun/2026:22:48:57 -0300] "GET /.env~ HTTP/1.1" 406 226 "-" "Mozilla/5.0 (Macintosh; Intel Mac OS X 10_15_7) AppleWebKit/537.36 (KHTML, like Gecko) Chrome/146.0.0.0 Safari/537.36" rioalimentos.meumercado.app 10.53.184.85
208.84.100.238 - - [12/Jun/2026:22:48:57 -0300] "GET /.env.local.swp HTTP/1.1" 406 226 "-" "Mozilla/5.0 (Windows NT 10.0; Win64; x64; rv:150.0) Gecko/20100101 Firefox/150.0" rioalimentos.meumercado.app 10.53.184.85
208.84.100.238 - - [12/Jun/2026:22:48:57 -0300] "GET /.env.production.swp HTTP/1.1" 406 226 "-" "Mozilla/5.0 (Windows NT 10.0; Win64; x64) AppleWebKit/537.36 (KHTML, like Gecko) Chrome/145.0.0.0 Safari/537.36" rioalimentos.meumercado.app 10.53.184.85
208.84.100.238 - - [12/Jun/2026:22:48:57 -0300] "GET /.env.production~ HTTP/1.1" 406 226 "-" "Mozilla/5.0 (Macintosh; Intel Mac OS X 10_15_7) AppleWebKit/537.36 (KHTML, like Gecko) Chrome/146.0.0.0 Safari/537.36" rioalimentos.meumercado.app 10.53.184.85
208.84.100.238 - - [12/Jun/2026:22:48:57 -0300] "GET /.env.orig HTTP/1.1" 406 226 "-" "Mozilla/5.0 (X11; Linux x86_64; rv:150.0) Gecko/20100101 Firefox/150.0" rioalimentos.meumercado.app 10.53.184.85
208.84.100.238 - - [12/Jun/2026:22:48:57 -0300] "GET /.env.local.backup HTTP/1.1" 406 226 "-" "Mozilla/5.0 (Macintosh; Intel Mac OS X 10_15_7) AppleWebKit/537.36 (KHTML, like Gecko) Chrome/147.0.0.0 Safari/537.36" rioalimentos.meumercado.app 10.53.184.85
208.84.100.238 - - [12/Jun/2026:22:48:57 -0300] "GET /.env.local~ HTTP/1.1" 406 226 "-" "Mozilla/5.0 (Macintosh; Intel Mac OS X 10_15_7) AppleWebKit/537.36 (KHTML, like Gecko) Chrome/146.0.0.0 Safari/537.36" rioalimentos.meumercado.app 10.53.184.85
208.84.100.238 - - [12/Jun/2026:22:48:57 -0300] "GET /.env.copy HTTP/1.1" 403 7955 "-" "Mozilla/5.0 (Windows NT 10.0; Win64; x64; rv:149.0) Gecko/20100101 Firefox/149.0" rioalimentos.meumercado.app 10.53.184.85
208.84.100.238 - - [12/Jun/2026:22:48:57 -0300] "GET /.env.swp HTTP/1.1" 406 226 "-" "Mozilla/5.0 (Windows NT 10.0; Win64; x64; rv:150.0) Gecko/20100101 Firefox/150.0" rioalimentos.meumercado.app 10.53.184.85
208.84.100.238 - - [12/Jun/2026:22:48:57 -0300] "GET /.env.production.orig HTTP/1.1" 406 226 "-" "Mozilla/5.0 (Macintosh; Intel Mac OS X 10.15; rv:150.0) Gecko/20100101 Firefox/150.0" rioalimentos.meumercado.app 10.53.184.85
208.84.100.238 - - [12/Jun/2026:22:48:57 -0300] "GET /.env.local.copy HTTP/1.1" 403 7955 "-" "Mozilla/5.0 (X11; Linux x86_64; rv:149.0) Gecko/20100101 Firefox/149.0" rioalimentos.meumercado.app 10.53.184.85
208.84.100.238 - - [12/Jun/2026:22:48:57 -0300] "GET /.env.local.old HTTP/1.1" 406 226 "-" "Mozilla/5.0 (Macintosh; Intel Mac OS X 10_15_7) AppleWebKit/605.1.15 (KHTML, like Gecko) Version/18.3 Safari/605.1.15" rioalimentos.meumercado.app 10.53.184.85
208.84.100.238 - - [12/Jun/2026:22:48:57 -0300] "GET /.env.production.backup HTTP/1.1" 406 226 "-" "Mozilla/5.0 (iPhone; CPU iPhone OS 18_4 like Mac OS X) AppleWebKit/605.1.15 (KHTML, like Gecko) Version/18.4 Mobile/15E148 Safari/604.1" rioalimentos.meumercado.app 10.53.184.85
208.84.100.238 - - [12/Jun/2026:22:48:57 -0300] "GET /.env.production.bak HTTP/1.1" 406 226 "-" "Mozilla/5.0 (Macintosh; Intel Mac OS X 10_15_7) AppleWebKit/537.36 (KHTML, like Gecko) Chrome/147.0.0.0 Safari/537.36 Edg/147.0.0.0" rioalimentos.meumercado.app 10.53.184.85
208.84.100.238 - - [12/Jun/2026:22:48:57 -0300] "GET /.git/FETCH_HEAD HTTP/1.1" 200 7337 "-" "Mozilla/5.0 (iPhone; CPU iPhone OS 18_4 like Mac OS X) AppleWebKit/605.1.15 (KHTML, like Gecko) Version/18.4 Mobile/15E148 Safari/604.1" rioalimentos.meumercado.app 10.53.184.85
208.84.100.238 - - [12/Jun/2026:22:48:57 -0300] "GET /.env.local.save HTTP/1.1" 200 7337 "-" "Mozilla/5.0 (Windows NT 10.0; Win64; x64) AppleWebKit/537.36 (KHTML, like Gecko) Chrome/146.0.0.0 Safari/537.36" rioalimentos.meumercado.app 10.53.184.85
208.84.100.238 - - [12/Jun/2026:22:48:57 -0300] "GET /.git/refs/heads/master HTTP/1.1" 200 7337 "-" "Mozilla/5.0 (X11; Linux x86_64) AppleWebKit/537.36 (KHTML, like Gecko) Chrome/147.0.0.0 Safari/537.36" rioalimentos.meumercado.app 10.53.184.85
208.84.100.238 - - [12/Jun/2026:22:48:57 -0300] "GET /.git/logs/HEAD HTTP/1.1" 200 7337 "-" "Mozilla/5.0 (Windows NT 10.0; Win64; x64) AppleWebKit/537.36 (KHTML, like Gecko) Chrome/146.0.0.0 Safari/537.36" rioalimentos.meumercado.app 10.53.184.85
208.84.100.238 - - [12/Jun/2026:22:48:57 -0300] "GET /.env.production.save HTTP/1.1" 200 7337 "-" "Mozilla/5.0 (Macintosh; Intel Mac OS X 10_15_7) AppleWebKit/537.36 (KHTML, like Gecko) Chrome/147.0.0.0 Safari/537.36" rioalimentos.meumercado.app 10.53.184.85
208.84.100.238 - - [12/Jun/2026:22:48:57 -0300] "GET /.git/refs/heads/main HTTP/1.1" 200 7337 "-" "Mozilla/5.0 (Windows NT 10.0; Win64; x64) AppleWebKit/537.36 (KHTML, like Gecko) Chrome/147.0.0.0 Safari/537.36" rioalimentos.meumercado.app 10.53.184.85
208.84.100.238 - - [12/Jun/2026:22:49:00 -0300] "GET / HTTP/1.1" 200 7337 "-" "Mozilla/5.0 (Windows NT 10.0; Win64; x64; rv:150.0) Gecko/20100101 Firefox/150.0" rioalimentos.meumercado.app 10.53.184.85
45.227.253.15 - - [13/Jun/2026:02:39:59 -0300] "GET /index.php/jk HTTP/1.1" 409 83 "-" "Mozilla/5.0 (Windows NT 10.0; Win64; x64; rv:83.0) Gecko/20100101 Firefox/83.0" rioalimentos.meumercado.app 10.53.184.85
45.227.253.15 - - [13/Jun/2026:09:36:42 -0300] "GET /index.php/jk HTTP/1.1" 409 83 "-" "Mozilla/5.0 (Macintosh; Intel Mac OS X 10.14; rv:103.0) Gecko/20100101 Firefox/101.0" rioalimentos.meumercado.app 10.53.184.85
74.7.228.51 - - [13/Jun/2026:09:40:12 -0300] "GET /robots.txt HTTP/2.0" 200 105 "-" "Mozilla/5.0 (Macintosh; Intel Mac OS X 10_15_7) AppleWebKit/537.36 (KHTML, like Gecko) Chrome/131.0.0.0 Safari/537.36; compatible; OAI-SearchBot/1.4; robots.txt; +https://openai.com/searchbot" rioalimentos.meumercado.app 10.53.184.85
74.7.227.144 - - [13/Jun/2026:09:40:12 -0300] "GET /?sitemap.xml HTTP/2.0" 200 7337 "-" "Mozilla/5.0 AppleWebKit/537.36 (KHTML, like Gecko; compatible; GPTBot/1.4; +https://openai.com/gptbot)" rioalimentos.meumercado.app 10.53.184.85
74.7.227.144 - - [13/Jun/2026:09:44:05 -0300] "GET /sitemap.xml HTTP/2.0" 200 7337 "-" "Mozilla/5.0 AppleWebKit/537.36 (KHTML, like Gecko; compatible; GPTBot/1.4; +https://openai.com/gptbot)" rioalimentos.meumercado.app 10.53.184.85
45.227.253.15 - - [13/Jun/2026:16:26:03 -0300] "GET /index.php/jk HTTP/1.1" 409 83 "-" "Mozilla/5.0 (iPhone; CPU iPhone OS 12_4 like Mac OS X) AppleWebKit/605.1.15 (KHTML, like Gecko) Version/12.4.2 Mobile/15E148 Safari/604.1" rioalimentos.meumercado.app 10.53.184.85
45.227.253.15 - - [13/Jun/2026:19:27:24 -0300] "GET /index.php/jk HTTP/1.1" 409 83 "-" "Mozilla/5.0 (Macintosh; Intel Mac OS X 10.15; rv:103.0) Gecko/20100101 Firefox/101.0" rioalimentos.meumercado.app 10.53.184.85
34.31.88.250 - - [14/Jun/2026:01:50:04 -0300] "GET /.env HTTP/1.1" 406 226 "-" "Mozilla/5.0 (Macintosh; Intel Mac OS X 10_15_7) AppleWebKit/537.36 (KHTML, like Gecko) Chrome/142.0.0.0 Safari/537.36" www.rioalimentos.meumercado.app 10.53.184.85
45.227.253.15 - - [14/Jun/2026:02:34:11 -0300] "GET /index.php/jk HTTP/1.1" 409 83 "-" "Mozilla/5.0 (Windows NT 6.1; WOW64; rv:71.0) Gecko/20100101 Firefox/71.0" rioalimentos.meumercado.app 10.53.184.85
34.122.16.212 - - [14/Jun/2026:04:36:35 -0300] "POST / HTTP/1.1" 200 7337 "https://www.rioalimentos.meumercado.app/" "Mozilla/5.0 (Windows NT 10.0; Win64; x64) AppleWebKit/537.36 (KHTML, like Gecko) Chrome/145.0.0.0 Safari/537.36" www.rioalimentos.meumercado.app 10.53.184.85
45.227.253.15 - - [14/Jun/2026:07:19:34 -0300] "GET /index.php/jk HTTP/1.1" 409 83 "-" "Mozilla/5.0 (Macintosh; Intel Mac OS X 10.12; rv:103.0) Gecko/20100101 Firefox/102.0" rioalimentos.meumercado.app 10.53.184.85
34.123.82.129 - - [14/Jun/2026:09:10:43 -0300] "GET /.env HTTP/1.1" 406 226 "-" "Mozilla/5.0 (Macintosh; Intel Mac OS X 10_15_7) AppleWebKit/537.36 (KHTML, like Gecko) Chrome/142.0.0.0 Safari/537.36" www.rioalimentos.meumercado.app 10.53.184.85
74.7.228.51 - - [14/Jun/2026:09:44:19 -0300] "GET /robots.txt HTTP/2.0" 200 105 "-" "Mozilla/5.0 (Macintosh; Intel Mac OS X 10_15_7) AppleWebKit/537.36 (KHTML, like Gecko) Chrome/131.0.0.0 Safari/537.36; compatible; OAI-SearchBot/1.4; robots.txt; +https://openai.com/searchbot" rioalimentos.meumercado.app 10.53.184.85
74.7.227.144 - - [14/Jun/2026:09:44:19 -0300] "GET /?sitemap.xml HTTP/2.0" 200 - "-" "Mozilla/5.0 AppleWebKit/537.36 (KHTML, like Gecko; compatible; GPTBot/1.4; +https://openai.com/gptbot)" rioalimentos.meumercado.app 10.53.184.85
74.7.227.144 - - [14/Jun/2026:09:44:49 -0300] "GET /sitemap.xml HTTP/2.0" 200 - "-" "Mozilla/5.0 AppleWebKit/537.36 (KHTML, like Gecko; compatible; GPTBot/1.4; +https://openai.com/gptbot)" rioalimentos.meumercado.app 10.53.184.85
45.227.253.15 - - [14/Jun/2026:10:41:44 -0300] "GET /index.php/jk HTTP/1.1" 409 83 "-" "Mozilla/5.0 (Windows NT 10.0; Win64; x64) AppleWebKit/537.36 (KHTML, like Gecko) Chrome/82.0.3292.140 Safari/537.36 Edge/18.18761" rioalimentos.meumercado.app 10.53.184.85
34.123.82.129 - - [14/Jun/2026:15:55:11 -0300] "GET /.env HTTP/1.1" 406 226 "-" "Mozilla/5.0 (Macintosh; Intel Mac OS X 10_15_7) AppleWebKit/537.36 (KHTML, like Gecko) Chrome/142.0.0.0 Safari/537.36" www.rioalimentos.meumercado.app 10.53.184.85
45.227.253.15 - - [14/Jun/2026:19:10:45 -0300] "GET /index.php/jk HTTP/1.1" 409 83 "-" "Mozilla/5.0 (Macintosh; Intel Mac OS X 10.12; rv:103.0) Gecko/20100101 Firefox/103.0" rioalimentos.meumercado.app 10.53.184.85
34.31.88.250 - - [14/Jun/2026:23:40:12 -0300] "GET /.env HTTP/1.1" 406 226 "-" "Mozilla/5.0 (Macintosh; Intel Mac OS X 10_15_7) AppleWebKit/537.36 (KHTML, like Gecko) Chrome/142.0.0.0 Safari/537.36" www.rioalimentos.meumercado.app 10.53.184.85
45.227.253.15 - - [15/Jun/2026:01:40:59 -0300] "GET /index.php/jk HTTP/1.1" 409 83 "-" "Mozilla/5.0 (Windows NT 10.0; Win64; x64; rv:83.0) Gecko/20100101 Firefox/83.0" rioalimentos.meumercado.app 10.53.184.85
45.227.253.15 - - [15/Jun/2026:05:20:29 -0300] "GET /index.php/jk HTTP/1.1" 409 83 "-" "Mozilla/5.0 (Windows NT 6.2; Win64; x64) AppleWebKit/537.36 (KHTML, like Gecko) Chrome/86.0.4240.111 Safari/537.36" rioalimentos.meumercado.app 10.53.184.85
34.31.88.250 - - [15/Jun/2026:06:35:28 -0300] "GET /.env HTTP/1.1" 406 226 "-" "Mozilla/5.0 (Macintosh; Intel Mac OS X 10_15_7) AppleWebKit/537.36 (KHTML, like Gecko) Chrome/142.0.0.0 Safari/537.36" www.rioalimentos.meumercado.app 10.53.184.85
35.192.232.168 - - [15/Jun/2026:06:42:50 -0300] "POST / HTTP/1.1" 200 7337 "https://www.rioalimentos.meumercado.app/" "Mozilla/5.0 (Windows NT 10.0; Win64; x64) AppleWebKit/537.36 (KHTML, like Gecko) Chrome/146.0.0.0 Safari/537.36" www.rioalimentos.meumercado.app 10.53.184.85
45.227.253.15 - - [15/Jun/2026:09:31:19 -0300] "GET /index.php/jk HTTP/1.1" 409 83 "-" "Mozilla/5.0 (iPad; U; CPU OS 4_3_3 like Mac OS X; ja) AppleWebKit/533.17.9 (KHTML, like Gecko) Version/5.0.2 Mobile/8J2 Safari/6533.18.5" rioalimentos.meumercado.app 10.53.184.85
74.7.228.51 - - [15/Jun/2026:09:44:53 -0300] "GET /robots.txt HTTP/2.0" 200 105 "-" "Mozilla/5.0 (Macintosh; Intel Mac OS X 10_15_7) AppleWebKit/537.36 (KHTML, like Gecko) Chrome/131.0.0.0 Safari/537.36; compatible; OAI-SearchBot/1.4; robots.txt; +https://openai.com/searchbot" rioalimentos.meumercado.app 10.53.184.85
74.7.227.144 - - [15/Jun/2026:09:44:52 -0300] "GET /?sitemap.xml HTTP/2.0" 200 7337 "-" "Mozilla/5.0 AppleWebKit/537.36 (KHTML, like Gecko; compatible; GPTBot/1.4; +https://openai.com/gptbot)" rioalimentos.meumercado.app 10.53.184.85
74.7.227.144 - - [15/Jun/2026:09:45:36 -0300] "GET /sitemap.xml HTTP/2.0" 200 7337 "-" "Mozilla/5.0 AppleWebKit/537.36 (KHTML, like Gecko; compatible; GPTBot/1.4; +https://openai.com/gptbot)" rioalimentos.meumercado.app 10.53.184.85
45.130.203.196 - - [15/Jun/2026:11:42:08 -0300] "GET /.env.production HTTP/1.1" 406 226 "-" "Python-urllib/3.10" www.rioalimentos.meumercado.app 10.53.184.85
45.130.203.196 - - [15/Jun/2026:11:42:09 -0300] "GET /.env HTTP/1.1" 406 226 "-" "Python-urllib/3.10" www.rioalimentos.meumercado.app 10.53.184.85
34.31.88.250 - - [15/Jun/2026:13:27:34 -0300] "GET /.env HTTP/1.1" 406 226 "-" "Mozilla/5.0 (Macintosh; Intel Mac OS X 10_15_7) AppleWebKit/537.36 (KHTML, like Gecko) Chrome/142.0.0.0 Safari/537.36" www.rioalimentos.meumercado.app 10.53.184.85
45.227.253.15 - - [15/Jun/2026:16:55:04 -0300] "GET /index.php/jk HTTP/1.1" 409 83 "-" "Mozilla/5.0 (iPhone; CPU iPhone OS 13_4 like Mac OS X) AppleWebKit/605.1.15 (KHTML, like Gecko) Version/13.4.4 Mobile/15E148 Safari/604.1" rioalimentos.meumercado.app 10.53.184.85
3.151.194.164 - - [15/Jun/2026:17:03:05 -0300] "GET / HTTP/1.1" 200 7337 "-" "visionheight.com/scan Mozilla/5.0 (Macintosh; Intel Mac OS X 10_15_7) Chrome/126.0.0.0 Safari/537.36" rioalimentos.meumercado.app 10.53.184.85
45.227.253.15 - - [15/Jun/2026:19:58:21 -0300] "GET /index.php/jk HTTP/1.1" 409 83 "-" "Mozilla/5.0 (Windows NT 6.2; Win64; x64) AppleWebKit/537.36 (KHTML, like Gecko) Chrome/86.0.4240.111 Safari/537.36" rioalimentos.meumercado.app 10.53.184.85
34.31.88.250 - - [15/Jun/2026:20:20:12 -0300] "GET /.env HTTP/1.1" 406 226 "-" "Mozilla/5.0 (Macintosh; Intel Mac OS X 10_15_7) AppleWebKit/537.36 (KHTML, like Gecko) Chrome/142.0.0.0 Safari/537.36" www.rioalimentos.meumercado.app 10.53.184.85
40.114.79.135 - - [16/Jun/2026:00:55:31 -0300] "POST / HTTP/1.1" 200 7337 "https://www.rioalimentos.meumercado.app/" "Mozilla/5.0 (Windows NT 10.0; Win64; x64) AppleWebKit/537.36 (KHTML, like Gecko) Chrome/140.0.0.0 Safari/537.36" www.rioalimentos.meumercado.app 10.53.184.85
34.31.88.250 - - [16/Jun/2026:03:08:26 -0300] "GET /.env HTTP/1.1" 406 226 "-" "Mozilla/5.0 (Macintosh; Intel Mac OS X 10_15_7) AppleWebKit/537.36 (KHTML, like Gecko) Chrome/142.0.0.0 Safari/537.36" www.rioalimentos.meumercado.app 10.53.184.85
45.227.253.15 - - [16/Jun/2026:03:36:23 -0300] "GET /index.php/jk HTTP/1.1" 409 83 "-" "Mozilla/5.0 (Windows NT 10.0; Win64; x64) AppleWebKit/537.36 (KHTML, like Gecko) Chrome/82.0.3292.140 Safari/537.36 Edge/18.18761" rioalimentos.meumercado.app 10.53.184.85
66.132.172.32 - - [16/Jun/2026:05:19:35 -0300] "GET / HTTP/1.1" 200 7337 "-" "Mozilla/5.0 (compatible; CensysInspect/1.1; +https://about.censys.io/)" www.rioalimentos.meumercado.app 10.53.184.85
45.227.253.15 - - [16/Jun/2026:06:28:34 -0300] "GET /index.php/jk HTTP/1.1" 409 83 "-" "Mozilla/5.0 (Macintosh; Intel Mac OS X 10_15_7) AppleWebKit/537.36 (KHTML, like Gecko) Chrome/86.0.4240.111 Safari/537.36 Edg/86.0.622.51" rioalimentos.meumercado.app 10.53.184.85
159.223.122.175 - - [16/Jun/2026:06:43:02 -0300] "GET / HTTP/1.1" 200 7337 "-" "Mozilla/5.0 (X11; Linux x86_64) AppleWebKit/537.36 (KHTML, like Gecko) Chrome/142.0.0.0 Safari/537.36" www.rioalimentos.meumercado.app 10.53.184.85
159.223.122.175 - - [16/Jun/2026:06:43:05 -0300] "GET /favicon.ico HTTP/1.1" 200 7337 "https://www.rioalimentos.meumercado.app/" "Mozilla/5.0 (X11; Linux x86_64) AppleWebKit/537.36 (KHTML, like Gecko) Chrome/142.0.0.0 Safari/537.36" www.rioalimentos.meumercado.app 10.53.184.85
74.7.228.51 - - [16/Jun/2026:09:46:19 -0300] "GET /robots.txt HTTP/2.0" 200 105 "-" "Mozilla/5.0 (Macintosh; Intel Mac OS X 10_15_7) AppleWebKit/537.36 (KHTML, like Gecko) Chrome/131.0.0.0 Safari/537.36; compatible; OAI-SearchBot/1.4; robots.txt; +https://openai.com/searchbot" rioalimentos.meumercado.app 10.53.184.85
74.7.227.144 - - [16/Jun/2026:09:46:19 -0300] "GET /?sitemap.xml HTTP/2.0" 200 7337 "-" "Mozilla/5.0 AppleWebKit/537.36 (KHTML, like Gecko; compatible; GPTBot/1.4; +https://openai.com/gptbot)" rioalimentos.meumercado.app 10.53.184.85
74.7.227.144 - - [16/Jun/2026:09:46:37 -0300] "GET /sitemap.xml HTTP/2.0" 200 7337 "-" "Mozilla/5.0 AppleWebKit/537.36 (KHTML, like Gecko; compatible; GPTBot/1.4; +https://openai.com/gptbot)" rioalimentos.meumercado.app 10.53.184.85
34.31.88.250 - - [16/Jun/2026:09:54:39 -0300] "GET /.env HTTP/1.1" 406 226 "-" "Mozilla/5.0 (Macintosh; Intel Mac OS X 10_15_7) AppleWebKit/537.36 (KHTML, like Gecko) Chrome/142.0.0.0 Safari/537.36" www.rioalimentos.meumercado.app 10.53.184.85
45.227.253.15 - - [16/Jun/2026:12:24:00 -0300] "GET /index.php/jk HTTP/1.1" 409 83 "-" "Mozilla/5.0 (Macintosh; Intel Mac OS X 10.11; rv:103.0) Gecko/20100101 Firefox/103.0" rioalimentos.meumercado.app 10.53.184.85
34.170.189.242 - - [16/Jun/2026:14:40:12 -0300] "GET /.env HTTP/1.1" 406 226 "-" "Mozilla/5.0 (Macintosh; Intel Mac OS X 10_15_7) AppleWebKit/537.36 (KHTML, like Gecko) Chrome/142.0.0.0 Safari/537.36" www.rioalimentos.meumercado.app 10.53.184.85
45.227.253.15 - - [16/Jun/2026:18:00:20 -0300] "GET /index.php/jk HTTP/1.1" 409 83 "-" "Mozilla/5.0 (iPhone; CPU iPhone OS 13_6 like Mac OS X) AppleWebKit/605.1.15 (KHTML, like Gecko) Version/13.6 Mobile/15E148 Safari/604.1" rioalimentos.meumercado.app 10.53.184.85
98.80.202.57 - - [16/Jun/2026:20:50:55 -0300] "GET / HTTP/1.1" 200 7337 "https://www.google.com/" "Mozilla/5.0 (Linux; Android 14; Pixel 8) AppleWebKit/537.36 (KHTML, like Gecko) Chrome/124.0.0.0 Mobile Safari/537.36" www.rioalimentos.meumercado.app 10.53.184.85
100.54.201.195 - - [16/Jun/2026:22:08:17 -0300] "GET / HTTP/1.1" 200 7337 "https://www.google.com/" "Mozilla/5.0 (Windows NT 10.0; Win64; x64) AppleWebKit/537.36 (KHTML, like Gecko) Chrome/124.0.0.0 Safari/537.36 Edg/124.0.0.0" rioalimentos.meumercado.app 10.53.184.85
45.227.253.15 - - [17/Jun/2026:00:57:58 -0300] "GET /index.php/jk HTTP/1.1" 409 83 "-" "Mozilla/5.0 (Windows NT 6.2; WOW64) AppleWebKit/535.24 (KHTML, like Gecko) Chrome/83.0.1055.1 Safari/535.24" rioalimentos.meumercado.app 10.53.184.85
45.227.253.15 - - [17/Jun/2026:07:46:04 -0300] "GET /index.php/jk HTTP/1.1" 409 83 "-" "Mozilla/5.0 (Windows NT 10.0; Win64; x64) AppleWebKit/537.36 (KHTML, like Gecko) Chrome/85.0.4183.83 Safari/537.35" rioalimentos.meumercado.app 10.53.184.85
74.7.228.51 - - [17/Jun/2026:09:47:45 -0300] "GET /robots.txt HTTP/2.0" 200 105 "-" "Mozilla/5.0 (Macintosh; Intel Mac OS X 10_15_7) AppleWebKit/537.36 (KHTML, like Gecko) Chrome/131.0.0.0 Safari/537.36; compatible; OAI-SearchBot/1.4; robots.txt; +https://openai.com/searchbot" rioalimentos.meumercado.app 10.53.184.85
74.7.227.144 - - [17/Jun/2026:09:47:45 -0300] "GET /sitemap.xml HTTP/2.0" 200 - "-" "Mozilla/5.0 AppleWebKit/537.36 (KHTML, like Gecko; compatible; GPTBot/1.4; +https://openai.com/gptbot)" rioalimentos.meumercado.app 10.53.184.85
74.7.227.144 - - [17/Jun/2026:09:49:10 -0300] "GET /?sitemap.xml HTTP/2.0" 200 - "-" "Mozilla/5.0 AppleWebKit/537.36 (KHTML, like Gecko; compatible; GPTBot/1.4; +https://openai.com/gptbot)" rioalimentos.meumercado.app 10.53.184.85
72.11.155.223 - - [17/Jun/2026:12:54:17 -0300] "GET / HTTP/1.1" 200 7337 "-" "Mozilla/5.0 (Windows NT 10.0; Win64; x64; rv:85.0) Gecko/20100101 Firefox/85.0" www.rioalimentos.meumercado.app 10.53.184.85
45.227.253.15 - - [17/Jun/2026:13:10:54 -0300] "GET /index.php/jk HTTP/1.1" 409 83 "-" "Mozilla/5.0 (Windows NT 10.0; Win64; x64) AppleWebKit/537.36 (KHTML, like Gecko) Chrome/82.0.3292.140 Safari/537.36 Edge/18.18761" rioalimentos.meumercado.app 10.53.184.85
45.227.253.15 - - [17/Jun/2026:18:45:23 -0300] "GET /index.php/jk HTTP/1.1" 409 83 "-" "Mozilla/5.0 (Windows NT 10.0; Win64; x64) AppleWebKit/537.36 (KHTML, like Gecko) Chrome/84.0.4183.83 Safari/537.36" rioalimentos.meumercado.app 10.53.184.85
45.227.253.15 - - [17/Jun/2026:22:03:52 -0300] "GET /index.php/jk HTTP/1.1" 409 83 "-" "Mozilla/5.0 (Macintosh; Intel Mac OS X 10.11; rv:103.0) Gecko/20100101 Firefox/102.0" rioalimentos.meumercado.app 10.53.184.85
45.227.253.15 - - [18/Jun/2026:02:30:32 -0300] "GET /index.php/jk HTTP/1.1" 409 83 "-" "Mozilla/5.0 (iPad; U; CPU OS 4_3_4 like Mac OS X; ja) AppleWebKit/533.17.9 (KHTML, like Gecko) Version/5.0.2 Mobile/8J2 Safari/6533.18.5" rioalimentos.meumercado.app 10.53.184.85
34.90.191.83 - - [18/Jun/2026:04:47:04 -0300] "GET / HTTP/1.1" 406 226 "-" "Scrapy/2.16.0 (+https://scrapy.org)" www.rioalimentos.meumercado.app 10.53.184.85
45.227.253.15 - - [18/Jun/2026:08:03:21 -0300] "GET /index.php/jk HTTP/1.1" 409 83 "-" "Mozilla/5.0 (Windows NT 10.0; Win64; x64) AppleWebKit/537.36 (KHTML, like Gecko) Chrome/75.0.3780 Safari/537.36 Edg/75.0.139" rioalimentos.meumercado.app 10.53.184.85
74.7.228.51 - - [18/Jun/2026:09:49:47 -0300] "GET /robots.txt HTTP/2.0" 200 105 "-" "Mozilla/5.0 (Macintosh; Intel Mac OS X 10_15_7) AppleWebKit/537.36 (KHTML, like Gecko) Chrome/131.0.0.0 Safari/537.36; compatible; OAI-SearchBot/1.4; robots.txt; +https://openai.com/searchbot" rioalimentos.meumercado.app 10.53.184.85
74.7.243.216 - - [18/Jun/2026:09:49:46 -0300] "GET /?sitemap.xml HTTP/2.0" 200 7337 "-" "Mozilla/5.0 AppleWebKit/537.36 (KHTML, like Gecko; compatible; GPTBot/1.4; +https://openai.com/gptbot)" rioalimentos.meumercado.app 10.53.184.85
74.7.243.216 - - [18/Jun/2026:09:51:55 -0300] "GET /sitemap.xml HTTP/2.0" 200 7337 "-" "Mozilla/5.0 AppleWebKit/537.36 (KHTML, like Gecko; compatible; GPTBot/1.4; +https://openai.com/gptbot)" rioalimentos.meumercado.app 10.53.184.85
45.227.253.15 - - [18/Jun/2026:15:13:42 -0300] "GET /index.php/jk HTTP/1.1" 409 83 "-" "Mozilla/5.0 (Windows NT 10.0; Win64; x64) AppleWebKit/537.36 (KHTML, like Gecko) Chrome/82.0.3292.140 Safari/537.36 Edge/18.18761" rioalimentos.meumercado.app 10.53.184.85
142.248.80.47 - - [18/Jun/2026:18:21:25 -0300] "GET / HTTP/1.1" 200 7337 "-" "Mozilla/5.0 (Windows NT 10.0; Win64; x64) AppleWebKit/537.36 (KHTML, like Gecko) Chrome/147.0.0.0 Safari/537.36 Edg/147.0.0.0" rioalimentos.meumercado.app 10.53.184.85
142.248.80.47 - - [18/Jun/2026:18:21:27 -0300] "GET /wp-content/debug.log HTTP/1.1" 200 7337 "-" "Mozilla/5.0 (Macintosh; Intel Mac OS X 10_15_7) AppleWebKit/537.36 (KHTML, like Gecko) Chrome/146.0.0.0 Safari/537.36" rioalimentos.meumercado.app 10.53.184.85
142.248.80.47 - - [18/Jun/2026:18:21:30 -0300] "GET /.env HTTP/1.1" 406 226 "-" "Mozilla/5.0 (Windows NT 10.0; Win64; x64; rv:150.0) Gecko/20100101 Firefox/150.0" rioalimentos.meumercado.app 10.53.184.85
142.248.80.47 - - [18/Jun/2026:18:21:31 -0300] "GET /public/.env HTTP/1.1" 406 226 "-" "Mozilla/5.0 (Windows NT 10.0; Win64; x64) AppleWebKit/537.36 (KHTML, like Gecko) Chrome/145.0.0.0 Safari/537.36" rioalimentos.meumercado.app 10.53.184.85
142.248.80.47 - - [18/Jun/2026:18:21:31 -0300] "GET /backend/.env HTTP/1.1" 406 226 "-" "Mozilla/5.0 (Macintosh; Intel Mac OS X 10_15_7) AppleWebKit/537.36 (KHTML, like Gecko) Chrome/147.0.0.0 Safari/537.36" rioalimentos.meumercado.app 10.53.184.85
142.248.80.47 - - [18/Jun/2026:18:21:31 -0300] "GET /src/.env HTTP/1.1" 406 226 "-" "Mozilla/5.0 (Windows NT 10.0; Win64; x64) AppleWebKit/537.36 (KHTML, like Gecko) Chrome/146.0.0.0 Safari/537.36" rioalimentos.meumercado.app 10.53.184.85
142.248.80.47 - - [18/Jun/2026:18:21:31 -0300] "GET /api/.env HTTP/1.1" 406 226 "-" "Mozilla/5.0 (Windows NT 10.0; Win64; x64) AppleWebKit/537.36 (KHTML, like Gecko) Chrome/147.0.0.0 Safari/537.36" rioalimentos.meumercado.app 10.53.184.85
142.248.80.47 - - [18/Jun/2026:18:21:31 -0300] "GET /.env.old HTTP/1.1" 406 226 "-" "Mozilla/5.0 (Macintosh; Intel Mac OS X 10_15_7) AppleWebKit/605.1.15 (KHTML, like Gecko) Version/18.4 Safari/605.1.15" rioalimentos.meumercado.app 10.53.184.85
142.248.80.47 - - [18/Jun/2026:18:21:31 -0300] "GET /web/.env HTTP/1.1" 406 226 "-" "Mozilla/5.0 (X11; Linux x86_64) AppleWebKit/537.36 (KHTML, like Gecko) Chrome/146.0.0.0 Safari/537.36" rioalimentos.meumercado.app 10.53.184.85
142.248.80.47 - - [18/Jun/2026:18:21:31 -0300] "GET /server/.env HTTP/1.1" 406 226 "-" "Mozilla/5.0 (Macintosh; Intel Mac OS X 10_15_7) AppleWebKit/537.36 (KHTML, like Gecko) Chrome/146.0.0.0 Safari/537.36" rioalimentos.meumercado.app 10.53.184.85
142.248.80.47 - - [18/Jun/2026:18:21:31 -0300] "GET /.env.backup HTTP/1.1" 406 226 "-" "Mozilla/5.0 (X11; Linux x86_64; rv:149.0) Gecko/20100101 Firefox/149.0" rioalimentos.meumercado.app 10.53.184.85
142.248.80.47 - - [18/Jun/2026:18:21:31 -0300] "GET /laravel/.env HTTP/1.1" 406 226 "-" "Mozilla/5.0 (X11; Linux x86_64) AppleWebKit/537.36 (KHTML, like Gecko) Chrome/147.0.0.0 Safari/537.36" rioalimentos.meumercado.app 10.53.184.85
142.248.80.47 - - [18/Jun/2026:18:21:31 -0300] "GET /app/.env HTTP/1.1" 406 226 "-" "Mozilla/5.0 (Macintosh; Intel Mac OS X 10_15_7) AppleWebKit/605.1.15 (KHTML, like Gecko) Version/18.3 Safari/605.1.15" rioalimentos.meumercado.app 10.53.184.85
142.248.80.47 - - [18/Jun/2026:18:21:31 -0300] "GET /.env.bak HTTP/1.1" 406 226 "-" "Mozilla/5.0 (Windows NT 10.0; Win64; x64; rv:149.0) Gecko/20100101 Firefox/149.0" rioalimentos.meumercado.app 10.53.184.85
142.248.80.47 - - [18/Jun/2026:18:21:31 -0300] "GET /appsettings.Development.json HTTP/1.1" 200 7337 "-" "Mozilla/5.0 (iPhone; CPU iPhone OS 18_4 like Mac OS X) AppleWebKit/605.1.15 (KHTML, like Gecko) Version/18.4 Mobile/15E148 Safari/604.1" rioalimentos.meumercado.app 10.53.184.85
142.248.80.47 - - [18/Jun/2026:18:21:31 -0300] "GET /gcp_key.json HTTP/1.1" 200 7337 "-" "Mozilla/5.0 (Macintosh; Intel Mac OS X 10_15_7) AppleWebKit/537.36 (KHTML, like Gecko) Chrome/147.0.0.0 Safari/537.36 Edg/147.0.0.0" rioalimentos.meumercado.app 10.53.184.85
142.248.80.47 - - [18/Jun/2026:18:21:31 -0300] "GET /serviceAccountKey.json HTTP/1.1" 200 7337 "-" "Mozilla/5.0 (Windows NT 10.0; Win64; x64) AppleWebKit/537.36 (KHTML, like Gecko) Chrome/146.0.0.0 Safari/537.36 Edg/146.0.0.0" rioalimentos.meumercado.app 10.53.184.85
142.248.80.47 - - [18/Jun/2026:18:21:31 -0300] "GET /gcp-service-account.json HTTP/1.1" 200 7337 "-" "Mozilla/5.0 (X11; Linux x86_64; rv:149.0) Gecko/20100101 Firefox/149.0" rioalimentos.meumercado.app 10.53.184.85
142.248.80.47 - - [18/Jun/2026:18:21:31 -0300] "GET /sa-key.json HTTP/1.1" 200 7337 "-" "Mozilla/5.0 (X11; Linux x86_64) AppleWebKit/537.36 (KHTML, like Gecko) Chrome/146.0.0.0 Safari/537.36" rioalimentos.meumercado.app 10.53.184.85
142.248.80.47 - - [18/Jun/2026:18:21:31 -0300] "GET /.cursor/mcp.json HTTP/1.1" 200 7337 "-" "Mozilla/5.0 (X11; Linux x86_64; rv:150.0) Gecko/20100101 Firefox/150.0" rioalimentos.meumercado.app 10.53.184.85
142.248.80.47 - - [18/Jun/2026:18:21:31 -0300] "GET /firebase_credentials.json HTTP/1.1" 200 7337 "-" "Mozilla/5.0 (Macintosh; Intel Mac OS X 10.15; rv:150.0) Gecko/20100101 Firefox/150.0" rioalimentos.meumercado.app 10.53.184.85
142.248.80.47 - - [18/Jun/2026:18:21:31 -0300] "GET /config/production.json HTTP/1.1" 200 7337 "-" "Mozilla/5.0 (Macintosh; Intel Mac OS X 10_15_7) AppleWebKit/537.36 (KHTML, like Gecko) Chrome/147.0.0.0 Safari/537.36" rioalimentos.meumercado.app 10.53.184.85
142.248.80.47 - - [18/Jun/2026:18:21:31 -0300] "GET /.kube/config HTTP/1.1" 200 7337 "-" "Mozilla/5.0 (Windows NT 10.0; Win64; x64) AppleWebKit/537.36 (KHTML, like Gecko) Chrome/147.0.0.0 Safari/537.36 Edg/147.0.0.0" rioalimentos.meumercado.app 10.53.184.85
142.248.80.47 - - [18/Jun/2026:18:21:31 -0300] "GET /google-cloud.json HTTP/1.1" 200 7337 "-" "Mozilla/5.0 (X11; Linux x86_64; rv:150.0) Gecko/20100101 Firefox/150.0" rioalimentos.meumercado.app 10.53.184.85
142.248.80.47 - - [18/Jun/2026:18:21:31 -0300] "GET /service_account.json HTTP/1.1" 200 7337 "-" "Mozilla/5.0 (Windows NT 10.0; Win64; x64) AppleWebKit/537.36 (KHTML, like Gecko) Chrome/146.0.0.0 Safari/537.36" rioalimentos.meumercado.app 10.53.184.85
142.248.80.47 - - [18/Jun/2026:18:21:31 -0300] "GET /service-account-credentials.json HTTP/1.1" 200 7337 "-" "Mozilla/5.0 (Macintosh; Intel Mac OS X 10_15_7) AppleWebKit/537.36 (KHTML, like Gecko) Chrome/147.0.0.0 Safari/537.36 Edg/147.0.0.0" rioalimentos.meumercado.app 10.53.184.85
142.248.80.47 - - [18/Jun/2026:18:21:31 -0300] "GET /.docker/config.json HTTP/1.1" 200 7337 "-" "Mozilla/5.0 (X11; Linux x86_64; rv:149.0) Gecko/20100101 Firefox/149.0" rioalimentos.meumercado.app 10.53.184.85
142.248.80.47 - - [18/Jun/2026:18:21:31 -0300] "GET /.gcp/credentials.json HTTP/1.1" 200 7337 "-" "Mozilla/5.0 (X11; Linux x86_64; rv:150.0) Gecko/20100101 Firefox/150.0" rioalimentos.meumercado.app 10.53.184.85
142.248.80.47 - - [18/Jun/2026:18:21:31 -0300] "GET /.yarnrc HTTP/1.1" 200 7337 "-" "Mozilla/5.0 (Windows NT 10.0; Win64; x64) AppleWebKit/537.36 (KHTML, like Gecko) Chrome/146.0.0.0 Safari/537.36 Edg/146.0.0.0" rioalimentos.meumercado.app 10.53.184.85
142.248.80.47 - - [18/Jun/2026:18:21:31 -0300] "GET /credentials/service-account.json HTTP/1.1" 200 7337 "-" "Mozilla/5.0 (Windows NT 10.0; Win64; x64; rv:150.0) Gecko/20100101 Firefox/150.0" rioalimentos.meumercado.app 10.53.184.85
142.248.80.47 - - [18/Jun/2026:18:21:31 -0300] "GET /.npmrc HTTP/1.1" 200 7337 "-" "Mozilla/5.0 (Macintosh; Intel Mac OS X 10_15_7) AppleWebKit/537.36 (KHTML, like Gecko) Chrome/147.0.0.0 Safari/537.36 Edg/147.0.0.0" rioalimentos.meumercado.app 10.53.184.85
142.248.80.47 - - [18/Jun/2026:18:21:31 -0300] "GET /google-application-credentials.json HTTP/1.1" 200 7337 "-" "Mozilla/5.0 (Macintosh; Intel Mac OS X 10_15_7) AppleWebKit/537.36 (KHTML, like Gecko) Chrome/147.0.0.0 Safari/537.36" rioalimentos.meumercado.app 10.53.184.85
142.248.80.47 - - [18/Jun/2026:18:21:31 -0300] "GET /serviceAccountCredentials.json HTTP/1.1" 200 7337 "-" "Mozilla/5.0 (Macintosh; Intel Mac OS X 10_15_7) AppleWebKit/605.1.15 (KHTML, like Gecko) Version/18.4 Safari/605.1.15" rioalimentos.meumercado.app 10.53.184.85
142.248.80.47 - - [18/Jun/2026:18:21:31 -0300] "GET /config/default.json HTTP/1.1" 200 7337 "-" "Mozilla/5.0 (Windows NT 10.0; Win64; x64) AppleWebKit/537.36 (KHTML, like Gecko) Chrome/147.0.0.0 Safari/537.36" rioalimentos.meumercado.app 10.53.184.85
142.248.80.47 - - [18/Jun/2026:18:21:31 -0300] "GET /app/credentials.json HTTP/1.1" 200 7337 "-" "Mozilla/5.0 (iPhone; CPU iPhone OS 18_4 like Mac OS X) AppleWebKit/605.1.15 (KHTML, like Gecko) Version/18.4 Mobile/15E148 Safari/604.1" rioalimentos.meumercado.app 10.53.184.85
