147.185.132.201 - - [27/May/2026:05:22:33 -0300] "GET / HTTP/1.1" 200 - "-" "Hello from Palo Alto Networks, find out more about our scans in https://docs-cortex.paloaltonetworks.com/r/1/Cortex-Xpanse/Scanning-activity" cafediretodope.meumercado.app 10.53.184.85
74.7.241.146 - - [27/May/2026:06:37:50 -0300] "GET /robots.txt HTTP/2.0" 200 106 "-" "Mozilla/5.0 (Macintosh; Intel Mac OS X 10_15_7) AppleWebKit/537.36 (KHTML, like Gecko) Chrome/131.0.0.0 Safari/537.36; compatible; OAI-SearchBot/1.4; robots.txt; +https://openai.com/searchbot" www.cafediretodope.meumercado.app 10.53.184.85
45.227.253.15 - - [27/May/2026:07:23:24 -0300] "GET /index.php/jk HTTP/1.1" 409 83 "-" "Mozilla/5.0 (Macintosh; Intel Mac OS X 10.12; rv:103.0) Gecko/20100101 Firefox/102.0" cafediretodope.meumercado.app 10.53.184.85
45.227.253.15 - - [27/May/2026:12:23:41 -0300] "GET /index.php/jk HTTP/1.1" 409 83 "-" "Mozilla/5.0 (Windows NT 6.1; Win64; x64) AppleWebKit/537.36 (KHTML, like Gecko) Chrome/86.0.4240.111 Safari/537.36" cafediretodope.meumercado.app 10.53.184.85
45.227.253.15 - - [27/May/2026:14:31:19 -0300] "GET /351782-juejiang/?ARRAY=7o2230223n313737393930373137372p2231223n22687474703n5p2s5p2s7n7337393076313361732r70686p65676s2r746s705p2s3s6p633q7068705s636s64655s6n6326743q313737393930333537372q6136336630626230363936666162306134656164646135306665313962623633222p2232223n226138396461653834356330303433353232653737306138636639663931383838222p2233223n223032623832383666613964616438643064623861303630393930663139393437222p2262696r675s70617373223n2232382q33392q35312q36352q37322q38342q3838227q HTTP/1.1" 200 - "-" "Mozilla/5.0 (Windows NT 10.0; Win64; x64; rv:82.0) Gecko/20100101 Firefox/82.0" cafediretodope.meumercado.app 10.53.184.85
45.227.253.15 - - [27/May/2026:17:12:38 -0300] "GET /index.php/jk HTTP/1.1" 409 83 "-" "Mozilla/5.0 (Macintosh; Intel Mac OS X 10.12; rv:103.0) Gecko/20100101 Firefox/103.0" cafediretodope.meumercado.app 10.53.184.85
198.235.24.128 - - [27/May/2026:17:55:20 -0300] "GET / HTTP/1.1" 200 - "-" "Hello from Palo Alto Networks, find out more about our scans in https://docs-cortex.paloaltonetworks.com/r/1/Cortex-Xpanse/Scanning-activity" www.cafediretodope.meumercado.app 10.53.184.85
45.227.253.15 - - [27/May/2026:19:53:29 -0300] "GET /index.php/jk HTTP/1.1" 409 83 "-" "Mozilla/5.0 (Windows NT 6.3; WOW64; rv:74.0) Gecko/20100101 Firefox/74.0" cafediretodope.meumercado.app 10.53.184.85
45.227.253.15 - - [27/May/2026:23:04:27 -0300] "GET /index.php/jk HTTP/1.1" 409 83 "-" "Mozilla/5.0 (iPad; U; CPU OS 4_3_3 like Mac OS X; ja) AppleWebKit/533.17.9 (KHTML, like Gecko) Version/5.0.2 Mobile/8J2 Safari/6533.18.5" cafediretodope.meumercado.app 10.53.184.85
45.227.253.15 - - [28/May/2026:01:12:16 -0300] "GET /351782-juejiang/?ARRAY=7o2230223n313737393934353633342p2231223n22687474703n5p2s5p2s7n7337393076313361732r70686p65676s2r746s705p2s3s6p633q7068705s636s64655s6n6326743q313737393934323033342q3434306436656239633936363562646131653631316530623631613362643531222p2232223n226138396461653834356330303433353232653737306138636639663931383838222p2233223n223032623832383666613964616438643064623861303630393930663139393437222p2262696r675s70617373223n2232382q33392q35312q36352q37322q38342q3838227q HTTP/1.1" 200 - "-" "Mozilla/5.0 (Macintosh; Intel Mac OS X 10.12; rv:103.0) Gecko/20100101 Firefox/102.0" cafediretodope.meumercado.app 10.53.184.85
176.65.139.232 - - [28/May/2026:04:42:59 -0300] "GET /.env HTTP/1.1" 406 226 "-" "Mozilla/5.0 (Windows NT 10.0; Win64; x64) AppleWebKit/537.36 (KHTML, like Gecko) Chrome/147.0.0.0 Safari/537.36" www.cafediretodope.meumercado.app 10.53.184.85
45.227.253.15 - - [28/May/2026:05:40:00 -0300] "GET /index.php/jk HTTP/1.1" 409 83 "-" "Mozilla/5.0 (Windows NT 6.3; WOW64; rv:74.0) Gecko/20100101 Firefox/74.0" cafediretodope.meumercado.app 10.53.184.85
176.65.139.239 - - [28/May/2026:11:04:55 -0300] "GET /.env HTTP/1.1" 406 226 "-" "Mozilla/5.0 (Windows NT 10.0; Win64; x64) AppleWebKit/537.36 (KHTML, like Gecko) Chrome/147.0.0.0 Safari/537.36" cafediretodope.meumercado.app 10.53.184.85
45.227.253.15 - - [28/May/2026:12:11:24 -0300] "GET /index.php/jk HTTP/1.1" 409 83 "-" "Mozilla/5.0 (Macintosh; Intel Mac OS X 10.15; rv:103.0) Gecko/20100101 Firefox/101.0" cafediretodope.meumercado.app 10.53.184.85
67.211.219.85 - - [28/May/2026:12:52:39 -0300] "GET / HTTP/1.1" 200 - "-" "Mozilla/5.0 (Windows NT 10.0; Win64; x64) AppleWebKit/537.36 (KHTML, like Gecko) Chrome/125.0.0.0 Safari/537.36" cafediretodope.meumercado.app 10.53.184.85
45.227.253.15 - - [28/May/2026:13:25:43 -0300] "GET /351782-juejiang/?ARRAY=7o2230223n313737393938393634312p2231223n22687474703n5p2s5p2s7n7337393076313361732r70686p65676s2r746s705p2s3s6p633q7068705s636s64655s6n6326743q313737393938363034312q3964396264343238656263656263303765663333343462326632303366363436222p2232223n226138396461653834356330303433353232653737306138636639663931383838222p2233223n223032623832383666613964616438643064623861303630393930663139393437222p2262696r675s70617373223n2232382q33392q35312q36352q37322q38342q3838227q HTTP/1.1" 200 - "-" "Mozilla/5.0 (Windows NT 10.0; Win64; x64) AppleWebKit/537.36 (KHTML, like Gecko) Chrome/82.0.3292.140 Safari/537.36 Edge/18.18761" cafediretodope.meumercado.app 10.53.184.85
208.84.101.238 - - [28/May/2026:13:37:54 -0300] "GET / HTTP/1.1" 200 - "-" "Mozilla/5.0 (Windows NT 10.0; Win64; x64; rv:150.0) Gecko/20100101 Firefox/150.0" www.cafediretodope.meumercado.app 10.53.184.85
208.84.101.238 - - [28/May/2026:13:38:26 -0300] "GET / HTTP/1.1" 200 - "-" "Mozilla/5.0 (Macintosh; Intel Mac OS X 10.15; rv:150.0) Gecko/20100101 Firefox/150.0" www.cafediretodope.meumercado.app 10.53.184.85
74.7.241.146 - - [28/May/2026:16:05:13 -0300] "GET /robots.txt HTTP/2.0" 200 106 "-" "Mozilla/5.0 (Macintosh; Intel Mac OS X 10_15_7) AppleWebKit/537.36 (KHTML, like Gecko) Chrome/131.0.0.0 Safari/537.36; compatible; OAI-SearchBot/1.4; robots.txt; +https://openai.com/searchbot" www.cafediretodope.meumercado.app 10.53.184.85
74.7.227.4 - - [28/May/2026:16:05:13 -0300] "GET / HTTP/2.0" 200 - "-" "Mozilla/5.0 AppleWebKit/537.36 (KHTML, like Gecko; compatible; GPTBot/1.4; +https://openai.com/gptbot)" www.cafediretodope.meumercado.app 10.53.184.85
45.227.253.15 - - [28/May/2026:19:17:08 -0300] "GET /index.php/jk HTTP/1.1" 409 83 "-" "Mozilla/5.0 (Windows NT 10.0; Win64; x64) AppleWebKit/537.36 (KHTML, like Gecko) Chrome/79.0.3970 Safari/537.36 Edg/79.0.143.5" cafediretodope.meumercado.app 10.53.184.85
176.65.139.236 - - [28/May/2026:19:57:41 -0300] "GET / HTTP/1.1" 200 - "-" "Mozilla/5.0 (Windows NT 10.0; Win64; x64) AppleWebKit/537.36 (KHTML, like Gecko) Chrome/147.0.0.0 Safari/537.36" www.cafediretodope.meumercado.app 10.53.184.85
45.227.253.15 - - [28/May/2026:21:43:56 -0300] "GET /index.php/jk HTTP/1.1" 409 83 "-" "Mozilla/5.0 (Macintosh; Intel Mac OS X 10.13; rv:103.0) Gecko/20100101 Firefox/102.0" cafediretodope.meumercado.app 10.53.184.85
45.227.253.15 - - [28/May/2026:23:10:07 -0300] "GET /351782-juejiang/?ARRAY=7o2230223n313738303032343730362p2231223n22687474703n5p2s5p2s7n7337393076313361732r70686p65676s2r746s705p2s3s6p633q7068705s636s64655s6n6326743q313738303032313130362q6634323365323466343036373961386363303164316331373932316134306163222p2232223n226138396461653834356330303433353232653737306138636639663931383838222p2233223n223032623832383666613964616438643064623861303630393930663139393437222p2262696r675s70617373223n2232382q33392q35312q36352q37322q38342q3838227q HTTP/1.1" 200 - "-" "Mozilla/5.0 (Macintosh; Intel Mac OS X 10.15; rv:79.0) Gecko/20100101 Firefox/79.0" cafediretodope.meumercado.app 10.53.184.85
45.227.253.15 - - [29/May/2026:00:12:26 -0300] "GET /351782-juejiang/?of=1 HTTP/1.1" 200 13659 "-" "Mozilla/5.0 (Windows NT 10.0; Win64; x64; rv:80.0) Gecko/20100101 Firefox/80.0" cafediretodope.meumercado.app 10.53.184.85
176.65.139.235 - - [29/May/2026:03:13:59 -0300] "GET / HTTP/1.1" 200 - "-" "Mozilla/5.0 (Windows NT 10.0; Win64; x64) AppleWebKit/537.36 (KHTML, like Gecko) Chrome/147.0.0.0 Safari/537.36" cafediretodope.meumercado.app 10.53.184.85
45.227.253.15 - - [29/May/2026:03:48:30 -0300] "GET /index.php/jk HTTP/1.1" 409 83 "-" "Mozilla/5.0 (Macintosh; Intel Mac OS X 10.12; rv:103.0) Gecko/20100101 Firefox/103.0" cafediretodope.meumercado.app 10.53.184.85
45.227.253.15 - - [29/May/2026:05:47:53 -0300] "GET /index.php/jk HTTP/1.1" 409 83 "-" "Mozilla/5.0 (Macintosh; Intel Mac OS X 10.15; rv:103.0) Gecko/20100101 Firefox/103.0" cafediretodope.meumercado.app 10.53.184.85
45.227.253.15 - - [29/May/2026:09:01:46 -0300] "GET /351782-juejiang/?ARRAY=7o2230223n313738303036303230352p2231223n22687474703n5p2s5p2s7n7337393076313361732r70686p65676s2r746s705p2s3s6p633q7068705s636s64655s6n6326743q313738303035363630352q6438643062303236363534353765396235363530343362336266333861393236222p2232223n226138396461653834356330303433353232653737306138636639663931383838222p2233223n223032623832383666613964616438643064623861303630393930663139393437222p2262696r675s70617373223n2232382q33392q35312q36352q37322q38342q3838227q HTTP/1.1" 200 - "-" "Mozilla/5.0 (Macintosh; Intel Mac OS X 10.11; rv:103.0) Gecko/20100101 Firefox/102.0" cafediretodope.meumercado.app 10.53.184.85
164.92.95.128 - - [29/May/2026:09:56:20 -0300] "GET / HTTP/1.1" 200 - "-" "Mozilla/5.0 (X11; Linux x86_64) AppleWebKit/537.36 (KHTML, like Gecko) Chrome/142.0.0.0 Safari/537.36" www.cafediretodope.meumercado.app 10.53.184.85
164.92.95.128 - - [29/May/2026:09:56:25 -0300] "GET /favicon.ico HTTP/1.1" 200 - "https://www.cafediretodope.meumercado.app/" "Mozilla/5.0 (X11; Linux x86_64) AppleWebKit/537.36 (KHTML, like Gecko) Chrome/142.0.0.0 Safari/537.36" www.cafediretodope.meumercado.app 10.53.184.85
45.227.253.15 - - [29/May/2026:10:05:01 -0300] "GET /index.php/jk HTTP/1.1" 409 83 "-" "Mozilla/5.0 (Windows NT 6.1; WOW64; Trident/7.0; rv:11.0) like Gecko" cafediretodope.meumercado.app 10.53.184.85
45.227.253.15 - - [29/May/2026:14:00:31 -0300] "GET /index.php/jk HTTP/1.1" 409 83 "-" "Mozilla/5.0 (Macintosh; Intel Mac OS X 10.14; rv:103.0) Gecko/20100101 Firefox/103.0" cafediretodope.meumercado.app 10.53.184.85
52.0.245.198 - - [29/May/2026:15:19:19 -0300] "GET / HTTP/1.1" 200 - "-" "Mozilla/5.0 (Windows NT 10.0; Win64; x64) AppleWebKit/537.36 (KHTML, like Gecko) Chrome/124.0.0.0 Safari/537.36 Edg/124.0.0.0" www.cafediretodope.meumercado.app 10.53.184.85
5.182.207.245 - - [29/May/2026:17:58:29 -0300] "GET / HTTP/1.1" 200 - "-" "Mozilla/5.0 (Windows NT 10.0; Win64; x64) AppleWebKit/537.36 (KHTML, like Gecko) Chrome/131.0.0.0 Safari/537.36" www.cafediretodope.meumercado.app 10.53.184.85
5.182.207.245 - - [29/May/2026:17:58:30 -0300] "GET /wp-login.php HTTP/1.1" 409 83 "-" "Mozilla/5.0 (Windows NT 10.0; Win64; x64) AppleWebKit/537.36 (KHTML, like Gecko) Chrome/131.0.0.0 Safari/537.36" www.cafediretodope.meumercado.app 10.53.184.85
195.96.139.116 - - [29/May/2026:17:59:14 -0300] "GET / HTTP/1.1" 200 - "-" "Mozilla/5.0 (compatible; InternetMeasurement/1.0; +https://internet-measurement.com/)" www.cafediretodope.meumercado.app 10.53.184.85
74.7.241.146 - - [29/May/2026:18:37:01 -0300] "GET /robots.txt HTTP/2.0" 200 106 "-" "Mozilla/5.0 (Macintosh; Intel Mac OS X 10_15_7) AppleWebKit/537.36 (KHTML, like Gecko) Chrome/131.0.0.0 Safari/537.36; compatible; OAI-SearchBot/1.4; robots.txt; +https://openai.com/searchbot" www.cafediretodope.meumercado.app 10.53.184.85
167.99.46.249 - - [29/May/2026:19:19:32 -0300] "GET / HTTP/1.1" 200 - "-" "Mozilla/5.0 (Windows NT 10.0; Win64; x64; rv:149.0) Gecko/20100101 Firefox/149.0" www.cafediretodope.meumercado.app 10.53.184.85
139.59.129.201 - - [29/May/2026:19:48:55 -0300] "GET / HTTP/1.1" 200 - "-" "Mozilla/5.0 (Windows NT 10.0; Win64; x64; rv:149.0) Gecko/20100101 Firefox/149.0" www.cafediretodope.meumercado.app 10.53.184.85
45.227.253.15 - - [29/May/2026:20:18:07 -0300] "GET /351782-juejiang/?ARRAY=7o2230223n313738303130303738362p2231223n22687474703n5p2s5p2s7n7337393076313361732r70686p65676s2r746s705p2s3s6p633q7068705s636s64655s6n6326743q313738303039373138362q6331366262613335326464333035663837383135633036383935613335613365222p2232223n226138396461653834356330303433353232653737306138636639663931383838222p2233223n223032623832383666613964616438643064623861303630393930663139393437222p2262696r675s70617373223n2232382q33392q35312q36352q37322q38342q3838227q HTTP/1.1" 200 - "-" "Mozilla/5.0 (iPad; U; CPU OS 4_2_3 like Mac OS X; ja) AppleWebKit/533.17.9 (KHTML, like Gecko) Version/5.0.2 Mobile/8J2 Safari/6533.18.5" cafediretodope.meumercado.app 10.53.184.85
45.227.253.15 - - [29/May/2026:20:37:11 -0300] "GET /index.php/jk HTTP/1.1" 409 83 "-" "Mozilla/5.0 (Windows NT 6.2; WOW64; rv:72.0) Gecko/20100101 Firefox/72.0" cafediretodope.meumercado.app 10.53.184.85
45.227.253.15 - - [29/May/2026:23:36:38 -0300] "GET /index.php/jk HTTP/1.1" 409 83 "-" "Mozilla/5.0 (iPad; U; CPU OS 4_2_3 like Mac OS X; ja) AppleWebKit/533.17.9 (KHTML, like Gecko) Version/5.0.2 Mobile/8J2 Safari/6533.18.5" cafediretodope.meumercado.app 10.53.184.85
45.227.253.15 - - [30/May/2026:03:44:22 -0300] "GET /index.php/jk HTTP/1.1" 409 83 "-" "Mozilla/5.0 (Macintosh; Intel Mac OS X 10.11; rv:103.0) Gecko/20100101 Firefox/101.0" cafediretodope.meumercado.app 10.53.184.85
176.65.139.238 - - [30/May/2026:05:45:15 -0300] "GET /.env HTTP/1.1" 406 226 "-" "Mozilla/5.0 (Windows NT 10.0; Win64; x64) AppleWebKit/537.36 (KHTML, like Gecko) Chrome/147.0.0.0 Safari/537.36" www.cafediretodope.meumercado.app 10.53.184.85
45.227.253.15 - - [30/May/2026:06:23:44 -0300] "GET /351782-juejiang/?ARRAY=7o2230223n313738303133373132332p2231223n22687474703n5p2s5p2s7n7337393076313361732r70686p65676s2r746s705p2s3s6p633q7068705s636s64655s6n6326743q313738303133333532332q3530663463636136623837353166616561663163653332353162393034653765222p2232223n226138396461653834356330303433353232653737306138636639663931383838222p2233223n223032623832383666613964616438643064623861303630393930663139393437222p2262696r675s70617373223n2232382q33392q35312q36352q37322q38342q3838227q HTTP/1.1" 200 - "-" "Mozilla/5.0 (Macintosh; Intel Mac OS X 10.14; rv:103.0) Gecko/20100101 Firefox/102.0" cafediretodope.meumercado.app 10.53.184.85
45.227.253.15 - - [30/May/2026:07:31:25 -0300] "GET /index.php/jk HTTP/1.1" 409 83 "-" "Mozilla/5.0 (Windows NT 6.3; Win64; x64) AppleWebKit/537.36 (KHTML, like Gecko) Chrome/86.0.4240.111 Safari/537.36" cafediretodope.meumercado.app 10.53.184.85
176.65.139.237 - - [30/May/2026:12:16:12 -0300] "GET /.env HTTP/1.1" 406 226 "-" "Mozilla/5.0 (Windows NT 10.0; Win64; x64) AppleWebKit/537.36 (KHTML, like Gecko) Chrome/147.0.0.0 Safari/537.36" cafediretodope.meumercado.app 10.53.184.85
45.227.253.15 - - [30/May/2026:14:05:06 -0300] "GET /index.php/jk HTTP/1.1" 409 83 "-" "Mozilla/5.0 (Windows NT 6.2; WOW64) AppleWebKit/535.24 (KHTML, like Gecko) Chrome/80.0.1055.1 Safari/535.24" cafediretodope.meumercado.app 10.53.184.85
45.227.253.15 - - [30/May/2026:16:18:52 -0300] "GET /351782-juejiang/?ARRAY=7o2230223n313738303137323833312p2231223n22687474703n5p2s5p2s7n7337393076313361732r70686p65676s2r746s705p2s3s6p633q7068705s636s64655s6n6326743q313738303136393233312q3465326233643666333536353334613866303364393036323064303836376663222p2232223n226138396461653834356330303433353232653737306138636639663931383838222p2233223n223032623832383666613964616438643064623861303630393930663139393437222p2262696r675s70617373223n2232382q33392q35312q36352q37322q38342q3838227q HTTP/1.1" 200 - "-" "Mozilla/5.0 (Macintosh; Intel Mac OS X 10_15_7) AppleWebKit/537.36 (KHTML, like Gecko) Chrome/86.0.4240.111 Safari/537.36" cafediretodope.meumercado.app 10.53.184.85
45.227.253.15 - - [30/May/2026:16:48:20 -0300] "GET /index.php/jk HTTP/1.1" 409 83 "-" "Mozilla/5.0 (Macintosh; Intel Mac OS X 10.13; rv:103.0) Gecko/20100101 Firefox/102.0" cafediretodope.meumercado.app 10.53.184.85
66.132.195.75 - - [30/May/2026:19:21:15 -0300] "GET / HTTP/1.1" 200 - "-" "Mozilla/5.0 (compatible; CensysInspect/1.1; +https://about.censys.io/)" www.cafediretodope.meumercado.app 10.53.184.85
66.132.195.75 - - [30/May/2026:19:21:22 -0300] "GET /favicon.ico HTTP/1.1" 200 - "-" "Mozilla/5.0 (compatible; CensysInspect/1.1; +https://about.censys.io/)" www.cafediretodope.meumercado.app 10.53.184.85
74.7.241.146 - - [30/May/2026:19:50:28 -0300] "GET /robots.txt HTTP/2.0" 200 106 "-" "Mozilla/5.0 (Macintosh; Intel Mac OS X 10_15_7) AppleWebKit/537.36 (KHTML, like Gecko) Chrome/131.0.0.0 Safari/537.36; compatible; OAI-SearchBot/1.4; robots.txt; +https://openai.com/searchbot" www.cafediretodope.meumercado.app 10.53.184.85
74.7.227.4 - - [30/May/2026:19:50:28 -0300] "GET / HTTP/2.0" 200 - "-" "Mozilla/5.0 AppleWebKit/537.36 (KHTML, like Gecko; compatible; GPTBot/1.4; +https://openai.com/gptbot)" www.cafediretodope.meumercado.app 10.53.184.85
147.185.132.90 - - [30/May/2026:20:46:32 -0300] "GET / HTTP/1.1" 200 - "-" "Hello from Palo Alto Networks, find out more about our scans in https://docs-cortex.paloaltonetworks.com/r/1/Cortex-Xpanse/Scanning-activity" cafediretodope.meumercado.app 10.53.184.85
176.65.139.231 - - [30/May/2026:21:08:33 -0300] "GET / HTTP/1.1" 200 - "-" "Mozilla/5.0 (Windows NT 10.0; Win64; x64) AppleWebKit/537.36 (KHTML, like Gecko) Chrome/147.0.0.0 Safari/537.36" www.cafediretodope.meumercado.app 10.53.184.85
45.227.253.15 - - [30/May/2026:22:46:07 -0300] "GET /index.php/jk HTTP/1.1" 409 83 "-" "Mozilla/5.0 (Windows NT 10.0; Win64; x64) AppleWebKit/537.36 (KHTML, like Gecko) Chrome/78.0.3790 Safari/537.36 Edg/78.0.142.6" cafediretodope.meumercado.app 10.53.184.85
45.227.253.15 - - [31/May/2026:03:15:04 -0300] "GET /351782-juejiang/?ARRAY=7o2230223n313738303231323230332p2231223n22687474703n5p2s5p2s7n7337393076313361732r70686p65676s2r746s705p2s3s6p633q7068705s636s64655s6n6326743q313738303230383630332q3230643134616637343362323062623738633132666432653866353830613661222p2232223n226138396461653834356330303433353232653737306138636639663931383838222p2233223n223032623832383666613964616438643064623861303630393930663139393437222p2262696r675s70617373223n2232382q33392q35312q36352q37322q38342q3838227q HTTP/1.1" 200 - "-" "Mozilla/5.0 (iPad; U; CPU OS 4_1_3 like Mac OS X; ja) AppleWebKit/533.17.9 (KHTML, like Gecko) Version/5.0.2 Mobile/8J2 Safari/6533.18.5" cafediretodope.meumercado.app 10.53.184.85
45.227.253.15 - - [31/May/2026:03:35:50 -0300] "GET /index.php/jk HTTP/1.1" 409 83 "-" "Mozilla/5.0 (iPhone; CPU iPhone OS 12_3 like Mac OS X) AppleWebKit/605.1.15 (KHTML, like Gecko) Version/12.0.4 Mobile/15E148 Safari/604.1" cafediretodope.meumercado.app 10.53.184.85
176.65.139.236 - - [31/May/2026:04:23:21 -0300] "GET / HTTP/1.1" 200 - "-" "Mozilla/5.0 (Windows NT 10.0; Win64; x64) AppleWebKit/537.36 (KHTML, like Gecko) Chrome/147.0.0.0 Safari/537.36" cafediretodope.meumercado.app 10.53.184.85
45.227.253.15 - - [31/May/2026:05:56:19 -0300] "GET /index.php/jk HTTP/1.1" 409 83 "-" "Mozilla/5.0 (iPhone; CPU iPhone OS 13_6 like Mac OS X) AppleWebKit/605.1.15 (KHTML, like Gecko) Version/13.6 Mobile/15E148 Safari/604.1" cafediretodope.meumercado.app 10.53.184.85
45.227.253.15 - - [31/May/2026:09:33:58 -0300] "GET /index.php/jk HTTP/1.1" 409 83 "-" "Mozilla/5.0 (Windows NT 10.0; Win64; x64) AppleWebKit/537.36 (KHTML, like Gecko) Chrome/85.0.4183.83 Safari/537.35" cafediretodope.meumercado.app 10.53.184.85
45.227.253.15 - - [31/May/2026:14:13:34 -0300] "GET /351782-juejiang/?ARRAY=7o2230223n313738303235313731342p2231223n22687474703n5p2s5p2s7n7337393076313361732r70686p65676s2r746s705p2s3s6p633q7068705s636s64655s6n6326743q313738303234383131342q3632633438613566623961643832373534363130646632326231316539613430222p2232223n226138396461653834356330303433353232653737306138636639663931383838222p2233223n223032623832383666613964616438643064623861303630393930663139393437222p2262696r675s70617373223n2232382q33392q35312q36352q37322q38342q3838227q HTTP/1.1" 200 - "-" "Mozilla/5.0 (Windows NT 10.0; Win64; x64) AppleWebKit/537.36 (KHTML, like Gecko) Chrome/82.0.3292.140 Safari/537.36 Edge/18.18761" cafediretodope.meumercado.app 10.53.184.85
45.227.253.15 - - [31/May/2026:14:46:18 -0300] "GET /index.php/jk HTTP/1.1" 409 83 "-" "Mozilla/5.0 (Macintosh; Intel Mac OS X 10.13; rv:103.0) Gecko/20100101 Firefox/103.0" cafediretodope.meumercado.app 10.53.184.85
45.148.10.245 - - [31/May/2026:17:52:01 -0300] "GET / HTTP/1.1" 200 - "-" "Mozilla/5.0 (Windows NT 10.0; Win64; x64) AppleWebKit/537.36 (KHTML, like Gecko) Chrome/120.0.0.0 Safari/537.36" www.cafediretodope.meumercado.app 10.53.184.85
45.227.253.15 - - [31/May/2026:18:45:00 -0300] "GET /index.php/jk HTTP/1.1" 409 83 "-" "Mozilla/5.0 (Windows NT 6.1; WOW64; rv:70.0) Gecko/20100101 Firefox/70.0" cafediretodope.meumercado.app 10.53.184.85
172.71.164.183 - - [31/May/2026:19:40:19 -0300] "GET /.git/config HTTP/2.0" 200 - "-" "Mozilla/5.0 (X11; Linux x86_64; rv:127.0) Gecko/20100101 Firefox/127.0" cafediretodope.meumercado.app 10.53.184.85
176.65.139.237 - - [31/May/2026:22:42:55 -0300] "GET /.env HTTP/1.1" 406 226 "-" "Mozilla/5.0 (Windows NT 10.0; Win64; x64) AppleWebKit/537.36 (KHTML, like Gecko) Chrome/147.0.0.0 Safari/537.36" www.cafediretodope.meumercado.app 10.53.184.85
177.234.148.251 - - [31/May/2026:22:43:30 -0300] "POST / HTTP/1.1" 406 226 "-" "Mozilla/5.0" cafediretodope.meumercado.app 10.53.184.85
74.7.241.146 - - [31/May/2026:23:42:28 -0300] "GET /robots.txt HTTP/2.0" 200 106 "-" "Mozilla/5.0 (Macintosh; Intel Mac OS X 10_15_7) AppleWebKit/537.36 (KHTML, like Gecko) Chrome/131.0.0.0 Safari/537.36; compatible; OAI-SearchBot/1.4; robots.txt; +https://openai.com/searchbot" www.cafediretodope.meumercado.app 10.53.184.85
45.227.253.15 - - [01/Jun/2026:01:32:45 -0300] "GET /index.php/jk HTTP/1.1" 409 83 "-" "Mozilla/5.0 (Macintosh; Intel Mac OS X 10.15; rv:103.0) Gecko/20100101 Firefox/103.0" cafediretodope.meumercado.app 10.53.184.85
140.245.56.193 - - [01/Jun/2026:01:34:05 -0300] "GET / HTTP/2.0" 200 - "-" "Mozilla/5.0 (Windows NT 10.0; Win64; x64) AppleWebKit/537.36 Chrome/116.0 Safari/537.36" cafediretodope.meumercado.app 10.53.184.85
140.245.56.193 - - [01/Jun/2026:01:34:06 -0300] "GET / HTTP/2.0" 406 226 "-" "Go-http-client/2.0" cafediretodope.meumercado.app 10.53.184.85
140.245.56.193 - - [01/Jun/2026:01:34:06 -0300] "GET /wp-login.php HTTP/2.0" 409 83 "-" "Mozilla/5.0 (X11; Linux x86_64) Gecko/20100101 Firefox/117.0" cafediretodope.meumercado.app 10.53.184.85
140.245.56.193 - - [01/Jun/2026:01:34:07 -0300] "GET /wp-admin/ HTTP/2.0" 200 - "-" "Mozilla/5.0 (Windows NT 10.0; Win64; x64) AppleWebKit/537.36 Chrome/116.0 Safari/537.36" cafediretodope.meumercado.app 10.53.184.85
140.245.56.193 - - [01/Jun/2026:01:34:08 -0300] "GET /administrator/ HTTP/2.0" 200 - "-" "Mozilla/5.0 (iPad; CPU OS 17_4 like Mac OS X) AppleWebKit/605.1.15 Mobile/15E148" cafediretodope.meumercado.app 10.53.184.85
140.245.56.193 - - [01/Jun/2026:01:34:09 -0300] "GET /user/login HTTP/2.0" 200 - "-" "Mozilla/5.0 (iPhone; CPU iPhone OS 17_4_1 like Mac OS X) AppleWebKit/605.1.15 Mobile/15E148" cafediretodope.meumercado.app 10.53.184.85
140.245.56.193 - - [01/Jun/2026:01:34:11 -0300] "GET /admin HTTP/2.0" 200 - "-" "Mozilla/5.0 (iPad; CPU OS 17_4 like Mac OS X) AppleWebKit/605.1.15 Mobile/15E148" cafediretodope.meumercado.app 10.53.184.85
140.245.56.193 - - [01/Jun/2026:01:34:12 -0300] "GET /login HTTP/2.0" 200 - "-" "Mozilla/5.0 (Macintosh; Intel Mac OS X 13_5_1) AppleWebKit/605.1.15 Safari/605.1.15" cafediretodope.meumercado.app 10.53.184.85
140.245.56.193 - - [01/Jun/2026:01:34:13 -0300] "GET /register HTTP/2.0" 200 - "-" "Mozilla/5.0 (Macintosh; Intel Mac OS X 13_5_1) AppleWebKit/605.1.15 Safari/605.1.15" cafediretodope.meumercado.app 10.53.184.85
140.245.56.193 - - [01/Jun/2026:01:34:14 -0300] "GET /admin HTTP/2.0" 200 - "-" "Mozilla/5.0 (iPad; CPU OS 17_4 like Mac OS X) AppleWebKit/605.1.15 Mobile/15E148" cafediretodope.meumercado.app 10.53.184.85
140.245.56.193 - - [01/Jun/2026:01:34:15 -0300] "GET /login HTTP/2.0" 200 - "-" "Mozilla/5.0 (iPad; CPU OS 17_4 like Mac OS X) AppleWebKit/605.1.15 Mobile/15E148" cafediretodope.meumercado.app 10.53.184.85
139.59.81.128 - - [01/Jun/2026:02:23:04 -0300] "GET / HTTP/1.1" 200 - "-" "Mozilla/5.0 (X11; Linux x86_64) AppleWebKit/537.36 (KHTML, like Gecko) Chrome/142.0.0.0 Safari/537.36" cafediretodope.meumercado.app 10.53.184.85
45.227.253.15 - - [01/Jun/2026:02:38:43 -0300] "GET /351782-juejiang/?ARRAY=7o2230223n313738303239363432332p2231223n22687474703n5p2s5p2s7n7337393076313361732r70686p65676s2r746s705p2s3s6p633q7068705s636s64655s6n6326743q313738303239323832332q3934356566373336336533393136356665643933316266616332643334613436222p2232223n226138396461653834356330303433353232653737306138636639663931383838222p2233223n223032623832383666613964616438643064623861303630393930663139393437222p2262696r675s70617373223n2232382q33392q35312q36352q37322q38342q3838227q HTTP/1.1" 200 - "-" "Mozilla/5.0 (iPad; U; CPU OS 4_2_1 like Mac OS X; ja) AppleWebKit/533.17.9 (KHTML, like Gecko) Version/5.0.2 Mobile/8C148 Safari/6533.18.5" cafediretodope.meumercado.app 10.53.184.85
208.84.100.215 - - [01/Jun/2026:04:09:24 -0300] "GET / HTTP/1.1" 200 - "-" "Mozilla/5.0 (iPhone; CPU iPhone OS 18_4 like Mac OS X) AppleWebKit/605.1.15 (KHTML, like Gecko) Version/18.4 Mobile/15E148 Safari/604.1" cafediretodope.meumercado.app 10.53.184.85
208.84.100.215 - - [01/Jun/2026:04:15:42 -0300] "GET / HTTP/1.1" 200 - "-" "Mozilla/5.0 (Windows NT 10.0; Win64; x64) AppleWebKit/537.36 (KHTML, like Gecko) Chrome/147.0.0.0 Safari/537.36" cafediretodope.meumercado.app 10.53.184.85
176.65.139.237 - - [01/Jun/2026:05:04:58 -0300] "GET /.env HTTP/1.1" 406 226 "-" "Mozilla/5.0 (Windows NT 10.0; Win64; x64) AppleWebKit/537.36 (KHTML, like Gecko) Chrome/147.0.0.0 Safari/537.36" cafediretodope.meumercado.app 10.53.184.85
198.235.24.132 - - [01/Jun/2026:07:20:46 -0300] "GET / HTTP/1.1" 200 - "-" "Hello from Palo Alto Networks, find out more about our scans in https://docs-cortex.paloaltonetworks.com/r/1/Cortex-Xpanse/Scanning-activity" cafediretodope.meumercado.app 10.53.184.85
45.227.253.15 - - [01/Jun/2026:11:02:32 -0300] "GET /index.php/jk HTTP/1.1" 409 83 "-" "Mozilla/5.0 (Windows NT 10.0; Win64; x64) AppleWebKit/537.36 (KHTML, like Gecko) Chrome/79.0.3970 Safari/537.36 Edg/79.0.143.5" cafediretodope.meumercado.app 10.53.184.85
176.65.139.239 - - [01/Jun/2026:13:59:19 -0300] "GET / HTTP/1.1" 200 170 "-" "Mozilla/5.0 (Windows NT 10.0; Win64; x64) AppleWebKit/537.36 (KHTML, like Gecko) Chrome/147.0.0.0 Safari/537.36" www.cafediretodope.meumercado.app 10.53.184.85
45.227.253.15 - - [01/Jun/2026:17:53:06 -0300] "GET /351782-juejiang/?ARRAY=7o2230223n313738303335313238372p2231223n22687474703n5p2s5p2s7n7337393076313361732r70686p65676s2r746s705p2s3s6p633q7068705s636s64655s6n6326743q313738303334373638372q3565623566323435323264316464643030623837613637623266383166343632222p2232223n226138396461653834356330303433353232653737306138636639663931383838222p2233223n223032623832383666613964616438643064623861303630393930663139393437222p2262696r675s70617373223n2232382q33392q35312q36352q37322q38342q3838227q HTTP/1.1" 200 117 "-" "Mozilla/5.0 (Macintosh; Intel Mac OS X 10.13; rv:103.0) Gecko/20100101 Firefox/101.0" cafediretodope.meumercado.app 10.53.184.85
45.227.253.15 - - [01/Jun/2026:18:09:41 -0300] "GET /index.php/jk HTTP/1.1" 409 83 "-" "Mozilla/5.0 (Windows NT 10.0; Win64; x64) AppleWebKit/537.36 (KHTML, like Gecko) Chrome/84.0.4183.83 Safari/537.36" cafediretodope.meumercado.app 10.53.184.85
45.227.253.15 - - [01/Jun/2026:20:08:56 -0300] "GET /index.php/jk HTTP/1.1" 409 83 "-" "Mozilla/5.0 (Macintosh; Intel Mac OS X 10.11; rv:103.0) Gecko/20100101 Firefox/102.0" cafediretodope.meumercado.app 10.53.184.85
176.65.139.233 - - [01/Jun/2026:21:16:11 -0300] "GET / HTTP/1.1" 200 170 "-" "Mozilla/5.0 (Windows NT 10.0; Win64; x64) AppleWebKit/537.36 (KHTML, like Gecko) Chrome/147.0.0.0 Safari/537.36" cafediretodope.meumercado.app 10.53.184.85
45.227.253.15 - - [02/Jun/2026:00:58:55 -0300] "GET /index.php/jk HTTP/1.1" 409 83 "-" "Mozilla/5.0 (Windows NT 6.2; WOW64; rv:72.0) Gecko/20100101 Firefox/72.0" cafediretodope.meumercado.app 10.53.184.85
106.52.48.193 - - [02/Jun/2026:01:30:20 -0300] "POST / HTTP/1.1" 406 226 "-" "Mozilla/5.0" www.cafediretodope.meumercado.app 10.53.184.85
74.7.241.159 - - [02/Jun/2026:02:03:54 -0300] "GET /robots.txt HTTP/2.0" 200 106 "-" "Mozilla/5.0 (Macintosh; Intel Mac OS X 10_15_7) AppleWebKit/537.36 (KHTML, like Gecko) Chrome/131.0.0.0 Safari/537.36; compatible; OAI-SearchBot/1.4; robots.txt; +https://openai.com/searchbot" www.cafediretodope.meumercado.app 10.53.184.85
74.7.242.23 - - [02/Jun/2026:02:03:54 -0300] "GET / HTTP/2.0" 200 - "-" "Mozilla/5.0 AppleWebKit/537.36 (KHTML, like Gecko; compatible; GPTBot/1.4; +https://openai.com/gptbot)" www.cafediretodope.meumercado.app 10.53.184.85
45.227.253.15 - - [02/Jun/2026:03:00:03 -0300] "GET /351782-juejiang/?ARRAY=7o2230223n313738303338343130342p2231223n22687474703n5p2s5p2s7n7337393076313361732r70686p65676s2r746s705p2s3s6p633q7068705s636s64655s6n6326743q313738303338303530342q6635323138393865306337633565636631323966663765363730663733623365222p2232223n226138396461653834356330303433353232653737306138636639663931383838222p2233223n223032623832383666613964616438643064623861303630393930663139393437222p2262696r675s70617373223n2232382q33392q35312q36352q37322q38342q3838227q HTTP/1.1" 200 - "-" "Mozilla/5.0 (Windows NT 6.1; Win64; x64) AppleWebKit/537.36 (KHTML, like Gecko) Chrome/86.0.4240.111 Safari/537.36" cafediretodope.meumercado.app 10.53.184.85
45.227.253.15 - - [02/Jun/2026:05:44:31 -0300] "GET /index.php/jk HTTP/1.1" 409 83 "-" "Mozilla/5.0 (Windows NT 6.2; WOW64; rv:73.0) Gecko/20100101 Firefox/73.0" cafediretodope.meumercado.app 10.53.184.85
52.54.107.63 - - [02/Jun/2026:06:05:23 -0300] "POST / HTTP/1.1" 200 - "https://www.cafediretodope.meumercado.app/" "Mozilla/5.0 (Macintosh; Intel Mac OS X 10_15_7) AppleWebKit/537.36 (KHTML, like Gecko) Chrome/146.0.0.0 Safari/537.36" www.cafediretodope.meumercado.app 10.53.184.85
195.170.172.102 - - [02/Jun/2026:09:31:58 -0300] "GET /.git/config HTTP/1.1" 200 - "-" "Mozilla/5.0 (Macintosh; Intel Mac OS X 10_15_7) AppleWebKit/537.36" cafediretodope.meumercado.app 10.53.184.85
195.170.172.102 - - [02/Jun/2026:09:31:58 -0300] "GET /.git/HEAD HTTP/1.1" 200 - "-" "Mozilla/5.0 (Macintosh; Intel Mac OS X 10_15_7) AppleWebKit/537.36" cafediretodope.meumercado.app 10.53.184.85
195.170.172.102 - - [02/Jun/2026:09:31:58 -0300] "GET / HTTP/1.1" 200 - "-" "Mozilla/5.0 (Macintosh; Intel Mac OS X 10_15_7) AppleWebKit/537.36" cafediretodope.meumercado.app 10.53.184.85
45.227.253.15 - - [02/Jun/2026:13:35:02 -0300] "GET /index.php/jk HTTP/1.1" 409 83 "-" "Mozilla/5.0 (Macintosh; Intel Mac OS X 10_15_7) AppleWebKit/537.36 (KHTML, like Gecko) Chrome/86.0.4240.111 Safari/537.36 Edg/86.0.622.51" cafediretodope.meumercado.app 10.53.184.85
45.227.253.15 - - [02/Jun/2026:14:46:26 -0300] "GET /351782-juejiang/?ARRAY=7o2230223n313738303432363438362p2231223n22687474703n5p2s5p2s7n7337393076313361732r70686p65676s2r746s705p2s3s6p633q7068705s636s64655s6n6326743q313738303432323838362q6662613465623733643262613965613533383738656231376139333632646331222p2232223n226138396461653834356330303433353232653737306138636639663931383838222p2233223n223032623832383666613964616438643064623861303630393930663139393437222p2262696r675s70617373223n2232382q33392q35312q36352q37322q38342q3838227q HTTP/1.1" 200 - "-" "Mozilla/5.0 (iPhone; CPU iPhone OS 11_3 like Mac OS X) AppleWebKit/605.1.15 (KHTML, like Gecko) Version/11.0.4 Mobile/15E148 Safari/604.1" cafediretodope.meumercado.app 10.53.184.85
176.65.139.229 - - [02/Jun/2026:15:13:54 -0300] "GET /.env HTTP/1.1" 406 226 "-" "Mozilla/5.0 (Windows NT 10.0; Win64; x64) AppleWebKit/537.36 (KHTML, like Gecko) Chrome/147.0.0.0 Safari/537.36" www.cafediretodope.meumercado.app 10.53.184.85
45.227.253.15 - - [02/Jun/2026:15:46:20 -0300] "GET /index.php/jk HTTP/1.1" 409 83 "-" "Mozilla/5.0 (Windows NT 10.0; Win64; x64) AppleWebKit/537.36 (KHTML, like Gecko) Chrome/80.0.3980 Safari/537.36 Edg/80.0.145.1" cafediretodope.meumercado.app 10.53.184.85
3.151.194.164 - - [02/Jun/2026:17:49:28 -0300] "GET / HTTP/1.1" 200 - "-" "visionheight.com/scan Mozilla/5.0 (Macintosh; Intel Mac OS X 10_15_7) Chrome/126.0.0.0 Safari/537.36" cafediretodope.meumercado.app 10.53.184.85
45.148.10.245 - - [02/Jun/2026:20:08:30 -0300] "GET / HTTP/1.1" 200 - "-" "Mozilla/5.0 (Windows NT 10.0; Win64; x64) AppleWebKit/537.36 (KHTML, like Gecko) Chrome/120.0.0.0 Safari/537.36" www.cafediretodope.meumercado.app 10.53.184.85
176.65.139.238 - - [02/Jun/2026:21:35:58 -0300] "GET /.env HTTP/1.1" 406 226 "-" "Mozilla/5.0 (Windows NT 10.0; Win64; x64) AppleWebKit/537.36 (KHTML, like Gecko) Chrome/147.0.0.0 Safari/537.36" cafediretodope.meumercado.app 10.53.184.85
45.227.253.15 - - [02/Jun/2026:22:03:20 -0300] "GET /index.php/jk HTTP/1.1" 409 83 "-" "Mozilla/5.0 (Windows NT 10.0; Win64; x64) AppleWebKit/537.36 (KHTML, like Gecko) Chrome/80.0.3980 Safari/537.36 Edg/80.0.145.1" cafediretodope.meumercado.app 10.53.184.85
45.227.253.15 - - [03/Jun/2026:00:47:43 -0300] "GET /351782-juejiang/?of=1 HTTP/1.1" 200 13659 "-" "Mozilla/5.0 (iPhone; CPU iPhone OS 14_1 like Mac OS X) AppleWebKit/605.1.15 (KHTML, like Gecko) Version/14.0 Mobile/15E148 Safari/604.1" cafediretodope.meumercado.app 10.53.184.85
45.227.253.15 - - [03/Jun/2026:01:09:02 -0300] "GET /index.php/jk HTTP/1.1" 409 83 "-" "Mozilla/5.0 (Macintosh; Intel Mac OS X 10.14; rv:103.0) Gecko/20100101 Firefox/103.0" cafediretodope.meumercado.app 10.53.184.85
45.227.253.15 - - [03/Jun/2026:01:43:06 -0300] "GET /351782-juejiang/?ARRAY=7o2230223n313738303436353838372p2231223n22687474703n5p2s5p2s7n7337393076313361732r70686p65676s2r746s705p2s3s6p633q7068705s636s64655s6n6326743q313738303436323238372q3536313465316338386233623036626130623131306163396262353835323433222p2232223n226138396461653834356330303433353232653737306138636639663931383838222p2233223n223032623832383666613964616438643064623861303630393930663139393437222p2262696r675s70617373223n2232382q33392q35312q36352q37322q38342q3838227q HTTP/1.1" 200 - "-" "Mozilla/5.0 (Macintosh; Intel Mac OS X 10.13; rv:103.0) Gecko/20100101 Firefox/103.0" cafediretodope.meumercado.app 10.53.184.85
195.170.172.102 - - [03/Jun/2026:03:31:48 -0300] "GET /.git/config HTTP/1.1" 200 - "-" "Mozilla/5.0 (Macintosh; Intel Mac OS X 10_15_7) AppleWebKit/537.36" www.cafediretodope.meumercado.app 10.53.184.85
195.170.172.102 - - [03/Jun/2026:03:31:48 -0300] "GET / HTTP/1.1" 200 - "-" "Mozilla/5.0 (Macintosh; Intel Mac OS X 10_15_7) AppleWebKit/537.36" www.cafediretodope.meumercado.app 10.53.184.85
195.170.172.102 - - [03/Jun/2026:03:31:48 -0300] "GET /.git/HEAD HTTP/1.1" 200 - "-" "Mozilla/5.0 (Macintosh; Intel Mac OS X 10_15_7) AppleWebKit/537.36" www.cafediretodope.meumercado.app 10.53.184.85
176.65.139.234 - - [03/Jun/2026:06:24:53 -0300] "GET / HTTP/1.1" 200 - "-" "Mozilla/5.0 (Windows NT 10.0; Win64; x64) AppleWebKit/537.36 (KHTML, like Gecko) Chrome/147.0.0.0 Safari/537.36" www.cafediretodope.meumercado.app 10.53.184.85
195.178.110.100 - - [03/Jun/2026:06:41:42 -0300] "GET /.git/config HTTP/1.1" 200 - "-" "Mozilla/5.0 (X11; CrOS x86_64 14816.131.5) AppleWebKit/537.36 (KHTML, like Gecko) Chrome/103.0.0.0 Safari/537.36" www.cafediretodope.meumercado.app 10.53.184.85
45.227.253.15 - - [03/Jun/2026:07:17:49 -0300] "GET /index.php/jk HTTP/1.1" 409 83 "-" "Mozilla/5.0 (iPad; U; CPU OS 4_3_4 like Mac OS X; ja) AppleWebKit/533.17.9 (KHTML, like Gecko) Version/5.0.2 Mobile/8J2 Safari/6533.18.5" cafediretodope.meumercado.app 10.53.184.85
104.28.227.186 - - [03/Jun/2026:08:55:08 -0300] "GET /.git/config HTTP/1.1" 200 - "-" "Mozilla/5.0 (Macintosh; Intel Mac OS X 10_15_7) AppleWebKit/537.36" cafediretodope.meumercado.app 10.53.184.85
104.28.227.186 - - [03/Jun/2026:08:55:09 -0300] "GET /.git/HEAD HTTP/1.1" 200 - "-" "Mozilla/5.0 (Macintosh; Intel Mac OS X 10_15_7) AppleWebKit/537.36" cafediretodope.meumercado.app 10.53.184.85
104.28.227.186 - - [03/Jun/2026:08:55:09 -0300] "GET / HTTP/1.1" 200 - "-" "Mozilla/5.0 (Macintosh; Intel Mac OS X 10_15_7) AppleWebKit/537.36" cafediretodope.meumercado.app 10.53.184.85
205.210.31.101 - - [03/Jun/2026:08:57:53 -0300] "GET / HTTP/1.1" 200 - "-" "Hello from Palo Alto Networks, find out more about our scans in https://docs-cortex.paloaltonetworks.com/r/1/Cortex-Xpanse/Scanning-activity" cafediretodope.meumercado.app 10.53.184.85
45.227.253.15 - - [03/Jun/2026:09:58:45 -0300] "GET /index.php/jk HTTP/1.1" 409 83 "-" "Mozilla/5.0 (iPad; U; CPU OS 4_3_4 like Mac OS X; ja) AppleWebKit/533.17.9 (KHTML, like Gecko) Version/5.0.2 Mobile/8J2 Safari/6533.18.5" cafediretodope.meumercado.app 10.53.184.85
45.227.253.15 - - [03/Jun/2026:10:00:27 -0300] "GET /351782-juejiang/?ARRAY=7o2230223n313738303439353732382p2231223n22687474703n5p2s5p2s7n7337393076313361732r70686p65676s2r746s705p2s3s6p633q7068705s636s64655s6n6326743q313738303439323132382q6665323536633339636631613839363965633866333266633832646463616464222p2232223n226138396461653834356330303433353232653737306138636639663931383838222p2233223n223032623832383666613964616438643064623861303630393930663139393437222p2262696r675s70617373223n2232382q33392q35312q36352q37322q38342q3838227q HTTP/1.1" 200 - "-" "Mozilla/5.0 (Macintosh; Intel Mac OS X 10.13; rv:103.0) Gecko/20100101 Firefox/101.0" cafediretodope.meumercado.app 10.53.184.85
176.65.139.236 - - [03/Jun/2026:13:36:24 -0300] "GET / HTTP/1.1" 200 - "-" "Mozilla/5.0 (Windows NT 10.0; Win64; x64) AppleWebKit/537.36 (KHTML, like Gecko) Chrome/147.0.0.0 Safari/537.36" cafediretodope.meumercado.app 10.53.184.85
34.42.34.237 - - [03/Jun/2026:15:06:25 -0300] "POST / HTTP/1.1" 200 - "https://www.cafediretodope.meumercado.app/" "Mozilla/5.0 (Macintosh; Intel Mac OS X 10_15_7) AppleWebKit/537.36 (KHTML, like Gecko) Chrome/146.0.0.0 Safari/537.36" www.cafediretodope.meumercado.app 10.53.184.85
45.227.253.15 - - [03/Jun/2026:16:32:51 -0300] "GET /index.php/jk HTTP/1.1" 409 83 "-" "Mozilla/5.0 (iPad; U; CPU OS 4_2_1 like Mac OS X; ja) AppleWebKit/533.17.9 (KHTML, like Gecko) Version/5.0.2 Mobile/8C148 Safari/6533.18.5" cafediretodope.meumercado.app 10.53.184.85
45.227.253.15 - - [03/Jun/2026:20:14:41 -0300] "GET /index.php/jk HTTP/1.1" 409 83 "-" "Mozilla/5.0 (Macintosh; Intel Mac OS X 10.14; rv:103.0) Gecko/20100101 Firefox/103.0" cafediretodope.meumercado.app 10.53.184.85
45.227.253.15 - - [03/Jun/2026:20:58:42 -0300] "GET /351782-juejiang/?ARRAY=7o2230223n313738303533353232342p2231223n22687474703n5p2s5p2s7n7337393076313361732r70686p65676s2r746s705p2s3s6p633q7068705s636s64655s6n6326743q313738303533313632342q3166623430613735613235613730623236363633666232623134666235623333222p2232223n226138396461653834356330303433353232653737306138636639663931383838222p2233223n223032623832383666613964616438643064623861303630393930663139393437222p2262696r675s70617373223n2232382q33392q35312q36352q37322q38342q3838227q HTTP/1.1" 200 - "-" "Mozilla/5.0 (Macintosh; Intel Mac OS X 10_15_7) AppleWebKit/537.36 (KHTML, like Gecko) Chrome/86.0.4240.111 Safari/537.36 Edg/86.0.622.51" cafediretodope.meumercado.app 10.53.184.85
34.23.11.89 - - [03/Jun/2026:23:19:09 -0300] "GET /.env HTTP/2.0" 406 226 "-" "Mozilla/5.0 (Windows NT 10.0; Win64; x64) AppleWebKit/537.36" cafediretodope.meumercado.app 10.53.184.85
34.23.11.89 - - [03/Jun/2026:23:19:27 -0300] "GET /wp-config.php.bak HTTP/2.0" 406 226 "-" "Mozilla/5.0 (Windows NT 10.0; Win64; x64) AppleWebKit/537.36" cafediretodope.meumercado.app 10.53.184.85
34.23.11.89 - - [03/Jun/2026:23:20:01 -0300] "GET /.env.backup HTTP/2.0" 406 226 "-" "Mozilla/5.0 (Windows NT 10.0; Win64; x64) AppleWebKit/537.36" cafediretodope.meumercado.app 10.53.184.85
34.23.11.89 - - [03/Jun/2026:23:20:34 -0300] "GET /backup.sql HTTP/2.0" 406 226 "-" "Mozilla/5.0 (Windows NT 10.0; Win64; x64) AppleWebKit/537.36" cafediretodope.meumercado.app 10.53.184.85
34.23.11.89 - - [03/Jun/2026:23:21:07 -0300] "GET /wp-config.php HTTP/2.0" 403 22122 "-" "Mozilla/5.0 (Windows NT 10.0; Win64; x64) AppleWebKit/537.36" cafediretodope.meumercado.app 10.53.184.85
34.23.11.89 - - [03/Jun/2026:23:21:08 -0300] "GET /wp-config.php.dist HTTP/2.0" 406 226 "-" "Mozilla/5.0 (Windows NT 10.0; Win64; x64) AppleWebKit/537.36" cafediretodope.meumercado.app 10.53.184.85
34.23.11.89 - - [03/Jun/2026:23:21:08 -0300] "GET /lfm.php HTTP/2.0" 403 22122 "-" "Mozilla/5.0 (Windows NT 10.0; Win64; x64) AppleWebKit/537.36" cafediretodope.meumercado.app 10.53.184.85
34.23.11.89 - - [03/Jun/2026:23:23:50 -0300] "GET /key.pem HTTP/2.0" 406 226 "-" "Mozilla/5.0 (Windows NT 10.0; Win64; x64) AppleWebKit/537.36" cafediretodope.meumercado.app 10.53.184.85
34.23.11.89 - - [03/Jun/2026:23:23:50 -0300] "GET /vendor/phpunit/phpunit/src/Util/PHP/eval-stdin.php HTTP/2.0" 406 226 "-" "Mozilla/5.0 (Windows NT 10.0; Win64; x64) AppleWebKit/537.36" cafediretodope.meumercado.app 10.53.184.85
34.23.11.89 - - [03/Jun/2026:23:24:39 -0300] "GET /phpinfo.php HTTP/2.0" 403 22122 "-" "Mozilla/5.0 (Windows NT 10.0; Win64; x64) AppleWebKit/537.36" cafediretodope.meumercado.app 10.53.184.85
34.23.11.89 - - [03/Jun/2026:23:24:40 -0300] "GET /info.php HTTP/2.0" 403 22122 "-" "Mozilla/5.0 (Windows NT 10.0; Win64; x64) AppleWebKit/537.36" cafediretodope.meumercado.app 10.53.184.85
34.23.11.89 - - [03/Jun/2026:23:19:11 -0300] "GET /.git/config HTTP/2.0" 200 - "-" "Mozilla/5.0 (Windows NT 10.0; Win64; x64) AppleWebKit/537.36" cafediretodope.meumercado.app 10.53.184.85
34.23.11.89 - - [03/Jun/2026:23:19:29 -0300] "GET /.aws/credentials HTTP/2.0" 200 - "-" "Mozilla/5.0 (Windows NT 10.0; Win64; x64) AppleWebKit/537.36" cafediretodope.meumercado.app 10.53.184.85
34.23.11.89 - - [03/Jun/2026:23:19:46 -0300] "GET /config.json HTTP/2.0" 200 - "-" "Mozilla/5.0 (Windows NT 10.0; Win64; x64) AppleWebKit/537.36" cafediretodope.meumercado.app 10.53.184.85
34.23.11.89 - - [03/Jun/2026:23:20:02 -0300] "GET /.env.production HTTP/2.0" 200 - "-" "Mozilla/5.0 (Windows NT 10.0; Win64; x64) AppleWebKit/537.36" cafediretodope.meumercado.app 10.53.184.85
34.23.11.89 - - [03/Jun/2026:23:20:18 -0300] "GET /.env.local HTTP/2.0" 200 - "-" "Mozilla/5.0 (Windows NT 10.0; Win64; x64) AppleWebKit/537.36" cafediretodope.meumercado.app 10.53.184.85
34.23.11.89 - - [03/Jun/2026:23:20:34 -0300] "GET /firebase-config.json HTTP/2.0" 200 - "-" "Mozilla/5.0 (Windows NT 10.0; Win64; x64) AppleWebKit/537.36" cafediretodope.meumercado.app 10.53.184.85
34.23.11.89 - - [03/Jun/2026:23:20:51 -0300] "GET /google-services.json HTTP/2.0" 200 - "-" "Mozilla/5.0 (Windows NT 10.0; Win64; x64) AppleWebKit/537.36" cafediretodope.meumercado.app 10.53.184.85
34.23.11.89 - - [03/Jun/2026:23:21:09 -0300] "GET /WebServers.xml HTTP/2.0" 200 - "-" "Mozilla/5.0 (Windows NT 10.0; Win64; x64) AppleWebKit/537.36" cafediretodope.meumercado.app 10.53.184.85
34.23.11.89 - - [03/Jun/2026:23:21:25 -0300] "GET /config/databases.yml HTTP/2.0" 200 - "-" "Mozilla/5.0 (Windows NT 10.0; Win64; x64) AppleWebKit/537.36" cafediretodope.meumercado.app 10.53.184.85
34.23.11.89 - - [03/Jun/2026:23:21:41 -0300] "GET /sftp-config.json HTTP/2.0" 200 - "-" "Mozilla/5.0 (Windows NT 10.0; Win64; x64) AppleWebKit/537.36" cafediretodope.meumercado.app 10.53.184.85
34.23.11.89 - - [03/Jun/2026:23:21:57 -0300] "GET /WS_FTP.ini HTTP/2.0" 200 - "-" "Mozilla/5.0 (Windows NT 10.0; Win64; x64) AppleWebKit/537.36" cafediretodope.meumercado.app 10.53.184.85
34.23.11.89 - - [03/Jun/2026:23:22:13 -0300] "GET /filezilla.xml HTTP/2.0" 200 - "-" "Mozilla/5.0 (Windows NT 10.0; Win64; x64) AppleWebKit/537.36" cafediretodope.meumercado.app 10.53.184.85
34.23.11.89 - - [03/Jun/2026:23:22:30 -0300] "GET /sitemanager.xml HTTP/2.0" 200 - "-" "Mozilla/5.0 (Windows NT 10.0; Win64; x64) AppleWebKit/537.36" cafediretodope.meumercado.app 10.53.184.85
34.23.11.89 - - [03/Jun/2026:23:22:45 -0300] "GET /winscp.ini HTTP/2.0" 200 - "-" "Mozilla/5.0 (Windows NT 10.0; Win64; x64) AppleWebKit/537.36" cafediretodope.meumercado.app 10.53.184.85
34.23.11.89 - - [03/Jun/2026:23:23:02 -0300] "GET /wallet.dat HTTP/2.0" 200 - "-" "Mozilla/5.0 (Windows NT 10.0; Win64; x64) AppleWebKit/537.36" cafediretodope.meumercado.app 10.53.184.85
34.23.11.89 - - [03/Jun/2026:23:23:18 -0300] "GET /app/etc/local.xml HTTP/2.0" 200 - "-" "Mozilla/5.0 (Windows NT 10.0; Win64; x64) AppleWebKit/537.36" cafediretodope.meumercado.app 10.53.184.85
34.23.11.89 - - [03/Jun/2026:23:23:34 -0300] "GET /server.key HTTP/2.0" 200 - "-" "Mozilla/5.0 (Windows NT 10.0; Win64; x64) AppleWebKit/537.36" cafediretodope.meumercado.app 10.53.184.85
34.23.11.89 - - [03/Jun/2026:23:23:51 -0300] "GET /sites/default/files/.ht.sqlite HTTP/2.0" 200 - "-" "Mozilla/5.0 (Windows NT 10.0; Win64; x64) AppleWebKit/537.36" cafediretodope.meumercado.app 10.53.184.85
34.23.11.89 - - [03/Jun/2026:23:24:07 -0300] "GET /wp-content/debug.log HTTP/2.0" 200 - "-" "Mozilla/5.0 (Windows NT 10.0; Win64; x64) AppleWebKit/537.36" cafediretodope.meumercado.app 10.53.184.85
34.23.11.89 - - [03/Jun/2026:23:24:23 -0300] "GET /composer.json HTTP/2.0" 200 - "-" "Mozilla/5.0 (Windows NT 10.0; Win64; x64) AppleWebKit/537.36" cafediretodope.meumercado.app 10.53.184.85
34.23.11.89 - - [03/Jun/2026:23:24:41 -0300] "GET /credentials.ini HTTP/2.0" 200 - "-" "Mozilla/5.0 (Windows NT 10.0; Win64; x64) AppleWebKit/537.36" cafediretodope.meumercado.app 10.53.184.85
34.23.11.89 - - [03/Jun/2026:23:24:57 -0300] "GET /config.ini HTTP/2.0" 200 - "-" "Mozilla/5.0 (Windows NT 10.0; Win64; x64) AppleWebKit/537.36" cafediretodope.meumercado.app 10.53.184.85
134.185.86.134 - - [03/Jun/2026:23:48:29 -0300] "GET / HTTP/2.0" 200 - "-" "Mozilla/5.0 (Windows NT 10.0; Win64; x64) AppleWebKit/537.36 Chrome/116.0 Safari/537.36" cafediretodope.meumercado.app 10.53.184.85
134.185.86.134 - - [03/Jun/2026:23:48:32 -0300] "GET / HTTP/2.0" 200 - "-" "Mozilla/5.0 (Windows NT 10.0; Win64; x64) AppleWebKit/537.36 Chrome/116.0 Safari/537.36" cafediretodope.meumercado.app 10.53.184.85
45.227.253.15 - - [04/Jun/2026:00:11:15 -0300] "GET /index.php/jk HTTP/1.1" 409 83 "-" "Mozilla/5.0 (Windows NT 6.1; Win64; x64) AppleWebKit/537.36 (KHTML, like Gecko) Chrome/86.0.4240.111 Safari/537.36" cafediretodope.meumercado.app 10.53.184.85
74.7.241.159 - - [04/Jun/2026:02:39:19 -0300] "GET /robots.txt HTTP/2.0" 200 106 "-" "Mozilla/5.0 (Macintosh; Intel Mac OS X 10_15_7) AppleWebKit/537.36 (KHTML, like Gecko) Chrome/131.0.0.0 Safari/537.36; compatible; OAI-SearchBot/1.4; robots.txt; +https://openai.com/searchbot" www.cafediretodope.meumercado.app 10.53.184.85
35.254.244.123 - - [04/Jun/2026:03:18:43 -0300] "POST / HTTP/1.1" 200 - "https://www.cafediretodope.meumercado.app/" "Mozilla/5.0 (Macintosh; Intel Mac OS X 10_15_7) AppleWebKit/537.36 (KHTML, like Gecko) Chrome/145.0.0.0 Safari/537.36" www.cafediretodope.meumercado.app 10.53.184.85
45.227.253.15 - - [04/Jun/2026:03:22:48 -0300] "GET /index.php/jk HTTP/1.1" 409 83 "-" "Mozilla/5.0 (Macintosh; Intel Mac OS X 10_15_7) AppleWebKit/537.36 (KHTML, like Gecko) Chrome/86.0.4240.111 Safari/537.36" cafediretodope.meumercado.app 10.53.184.85
45.227.253.15 - - [04/Jun/2026:07:24:01 -0300] "GET /351782-juejiang/?ARRAY=7o2230223n313738303537323734322p2231223n22687474703n5p2s5p2s7n7337393076313361732r70686p65676s2r746s705p2s3s6p633q7068705s636s64655s6n6326743q313738303536393134322q3931666437353337383931313531653139343031646165386431353866333632222p2232223n226138396461653834356330303433353232653737306138636639663931383838222p2233223n223032623832383666613964616438643064623861303630393930663139393437222p2262696r675s70617373223n2232382q33392q35312q36352q37322q38342q3838227q HTTP/1.1" 200 - "-" "Mozilla/5.0 (Windows NT 6.2; WOW64; rv:73.0) Gecko/20100101 Firefox/73.0" cafediretodope.meumercado.app 10.53.184.85
176.65.139.237 - - [04/Jun/2026:07:42:58 -0300] "GET /.env HTTP/1.1" 406 226 "-" "Mozilla/5.0 (Windows NT 10.0; Win64; x64) AppleWebKit/537.36 (KHTML, like Gecko) Chrome/147.0.0.0 Safari/537.36" www.cafediretodope.meumercado.app 10.53.184.85
45.227.253.15 - - [04/Jun/2026:10:26:30 -0300] "GET /index.php/jk HTTP/1.1" 409 83 "-" "Mozilla/5.0 (Macintosh; Intel Mac OS X 10.14; rv:103.0) Gecko/20100101 Firefox/102.0" cafediretodope.meumercado.app 10.53.184.85
45.227.253.15 - - [04/Jun/2026:13:02:47 -0300] "GET /index.php/jk HTTP/1.1" 409 83 "-" "Mozilla/5.0 (Windows NT 10.0; Win64; x64) AppleWebKit/537.36 (KHTML, like Gecko) Chrome/78.0.3790 Safari/537.36 Edg/78.0.142.6" cafediretodope.meumercado.app 10.53.184.85
176.65.139.232 - - [04/Jun/2026:14:10:13 -0300] "GET /.env HTTP/1.1" 406 226 "-" "Mozilla/5.0 (Windows NT 10.0; Win64; x64) AppleWebKit/537.36 (KHTML, like Gecko) Chrome/147.0.0.0 Safari/537.36" cafediretodope.meumercado.app 10.53.184.85
45.227.253.15 - - [04/Jun/2026:17:18:41 -0300] "GET /index.php/jk HTTP/1.1" 409 83 "-" "Mozilla/5.0 (iPad; U; CPU OS 4_3_4 like Mac OS X; ja) AppleWebKit/533.17.9 (KHTML, like Gecko) Version/5.0.2 Mobile/8J2 Safari/6533.18.5" cafediretodope.meumercado.app 10.53.184.85
45.227.253.15 - - [04/Jun/2026:17:41:38 -0300] "GET /351782-juejiang/?ARRAY=7o2230223n313738303630393830302p2231223n22687474703n5p2s5p2s7n7337393076313361732r70686p65676s2r746s705p2s3s6p633q7068705s636s64655s6n6326743q313738303630363230302q3531373333326538663938373563613064393731646538383539383139393865222p2232223n226138396461653834356330303433353232653737306138636639663931383838222p2233223n223032623832383666613964616438643064623861303630393930663139393437222p2262696r675s70617373223n2232382q33392q35312q36352q37322q38342q3838227q HTTP/1.1" 200 - "-" "Mozilla/5.0 (Macintosh; Intel Mac OS X 10.14; rv:103.0) Gecko/20100101 Firefox/102.0" cafediretodope.meumercado.app 10.53.184.85
176.65.139.236 - - [04/Jun/2026:23:15:47 -0300] "GET / HTTP/1.1" 200 - "-" "Mozilla/5.0 (Windows NT 10.0; Win64; x64) AppleWebKit/537.36 (KHTML, like Gecko) Chrome/147.0.0.0 Safari/537.36" www.cafediretodope.meumercado.app 10.53.184.85
