45.227.253.15 - - [10/Jun/2026:19:19:52 -0300] "GET /index.php/jk HTTP/1.1" 409 83 "-" "Mozilla/5.0 (Windows NT 10.0; Win64; x64) AppleWebKit/537.36 (KHTML, like Gecko) Chrome/85.0.4183.83 Safari/537.35" kaickaviella.meumercado.app 10.53.184.85
185.56.45.16 - - [10/Jun/2026:21:36:24 -0300] "GET /livewire/preview-file/123 HTTP/1.1" 200 - "-" "Mozilla/5.0 (Windows NT 10.0; Win64; x64) AppleWebKit/537.36 (KHTML, like Gecko) Chrome/125.0.0.0 Safari/537.36" www.kaickaviella.meumercado.app 10.53.184.85
185.56.45.163 - - [11/Jun/2026:00:16:36 -0300] "GET /livewire/preview-file/123 HTTP/1.1" 200 - "-" "Mozilla/5.0 (Windows NT 10.0; Win64; x64) AppleWebKit/537.36 (KHTML, like Gecko) Chrome/125.0.0.0 Safari/537.36" kaickaviella.meumercado.app 10.53.184.85
45.227.253.15 - - [11/Jun/2026:01:22:29 -0300] "GET /index.php/jk HTTP/1.1" 409 83 "-" "Mozilla/5.0 (Macintosh; Intel Mac OS X 10.14; rv:103.0) Gecko/20100101 Firefox/103.0" kaickaviella.meumercado.app 10.53.184.85
152.53.207.216 - - [11/Jun/2026:02:25:08 -0300] "POST / HTTP/1.1" 406 226 "-" "Mozilla/5.0" kaickaviella.meumercado.app 10.53.184.85
45.227.253.15 - - [11/Jun/2026:06:03:11 -0300] "GET /index.php/jk HTTP/1.1" 409 83 "-" "Mozilla/5.0 (Macintosh; Intel Mac OS X 10.14; rv:103.0) Gecko/20100101 Firefox/102.0" kaickaviella.meumercado.app 10.53.184.85
45.227.253.15 - - [11/Jun/2026:10:03:41 -0300] "GET /index.php/jk HTTP/1.1" 409 83 "-" "Mozilla/5.0 (Windows NT 6.1; WOW64; Trident/7.0; rv:11.0) like Gecko" kaickaviella.meumercado.app 10.53.184.85
34.147.232.34 - - [11/Jun/2026:11:14:27 -0300] "GET /wp-json/gravitysmtp/v1/tests/mock-data HTTP/1.1" 200 - "-" "Opera/9.80 (X11; FreeBSD 8.1-RELEASE i386; Edition Next) Presto/2.12.388 Version/12.10" www.kaickaviella.meumercado.app 10.53.184.85
34.147.232.34 - - [11/Jun/2026:11:14:27 -0300] "GET /wp-json/wp/v2/settings HTTP/1.1" 200 - "-" "Mozilla/5.0 (Linux; Android 7.1.2; Redmi 5) AppleWebKit/537.36 (KHTML, like Gecko) Chrome/74.0.3729.157 Mobile Safari/537.36" www.kaickaviella.meumercado.app 10.53.184.85
34.147.232.34 - - [11/Jun/2026:11:14:27 -0300] "GET /wp-json/gravitysmtp/v1/tests/mock-data?page=gravitysmtp-settings HTTP/1.1" 200 - "-" "Mozilla/5.0 (Linux; Android 9; SAMSUNG SM-G965F Build/PPR1.180610.011) AppleWebKit/537.36 (KHTML, like Gecko) SamsungBrowser/9.4 Chrome/67.0.3396.87 Mobile Safari/537.36" www.kaickaviella.meumercado.app 10.53.184.85
34.147.232.34 - - [11/Jun/2026:11:14:27 -0300] "GET /wp-json/gravitysmtp/v1/config HTTP/1.1" 200 - "-" "Mozilla/5.0 (Linux; Android 8.1.0; Moto G (5S) Plus) AppleWebKit/537.36 (KHTML, like Gecko) Chrome/76.0.3809.111 Mobile Safari/537.36" www.kaickaviella.meumercado.app 10.53.184.85
34.147.232.34 - - [11/Jun/2026:11:14:27 -0300] "GET /wp-json/gravitysmtp/v1/settings HTTP/1.1" 200 - "-" "Mozilla/5.0 (iPhone; CPU iPhone OS 12_4 like Mac OS X) AppleWebKit/605.1.15 (KHTML, like Gecko) GSA/79.0.259819395 Mobile/16G77 Safari/604.1" www.kaickaviella.meumercado.app 10.53.184.85
38.43.93.182 - - [11/Jun/2026:13:08:54 -0300] "GET / HTTP/1.1" 200 - "-" "Mozilla/5.0 (compatible; YandexBot/3.0; +http://yandex.com/bots)" kaickaviella.meumercado.app 10.53.184.85
45.227.253.15 - - [11/Jun/2026:13:45:07 -0300] "GET /index.php/jk HTTP/1.1" 409 83 "-" "Mozilla/5.0 (Windows NT 6.2; WOW64) AppleWebKit/535.24 (KHTML, like Gecko) Chrome/83.0.1055.1 Safari/535.24" kaickaviella.meumercado.app 10.53.184.85
52.199.142.171 - - [11/Jun/2026:16:40:27 -0300] "POST / HTTP/1.1" 406 226 "-" "Mozilla/5.0" www.kaickaviella.meumercado.app 10.53.184.85
74.7.228.27 - - [11/Jun/2026:17:16:03 -0300] "GET /robots.txt HTTP/2.0" 200 106 "-" "Mozilla/5.0 (Macintosh; Intel Mac OS X 10_15_7) AppleWebKit/537.36 (KHTML, like Gecko) Chrome/131.0.0.0 Safari/537.36; compatible; OAI-SearchBot/1.4; robots.txt; +https://openai.com/searchbot" kaickaviella.meumercado.app 10.53.184.85
74.7.243.217 - - [11/Jun/2026:17:16:03 -0300] "GET /sitemap.xml HTTP/2.0" 200 - "-" "Mozilla/5.0 AppleWebKit/537.36 (KHTML, like Gecko; compatible; GPTBot/1.4; +https://openai.com/gptbot)" kaickaviella.meumercado.app 10.53.184.85
74.7.243.217 - - [11/Jun/2026:17:19:07 -0300] "GET /?sitemap.xml HTTP/2.0" 200 - "-" "Mozilla/5.0 AppleWebKit/537.36 (KHTML, like Gecko; compatible; GPTBot/1.4; +https://openai.com/gptbot)" kaickaviella.meumercado.app 10.53.184.85
45.227.253.15 - - [11/Jun/2026:20:05:45 -0300] "GET /index.php/jk HTTP/1.1" 409 83 "-" "Mozilla/5.0 (Windows NT 6.2; WOW64; rv:73.0) Gecko/20100101 Firefox/73.0" kaickaviella.meumercado.app 10.53.184.85
41.142.0.48 - - [11/Jun/2026:21:42:12 -0300] "GET /.env HTTP/1.1" 406 226 "-" "Mozilla/5.0 (Windows NT 10.0; Win64; x64) Chrome/141 Safari/537.36" www.kaickaviella.meumercado.app 10.53.184.85
45.227.253.15 - - [11/Jun/2026:22:47:54 -0300] "GET /index.php/jk HTTP/1.1" 409 83 "-" "Mozilla/5.0 (Windows NT 10.0; Win64; x64) AppleWebKit/537.36 (KHTML, like Gecko) Chrome/85.0.4183.83 Safari/537.35" kaickaviella.meumercado.app 10.53.184.85
45.227.253.15 - - [12/Jun/2026:03:15:20 -0300] "GET /index.php/jk HTTP/1.1" 409 83 "-" "Mozilla/5.0 (Windows NT 10.0; Win64; x64) AppleWebKit/537.36 (KHTML, like Gecko) Chrome/79.0.3970 Safari/537.36 Edg/79.0.143.5" kaickaviella.meumercado.app 10.53.184.85
38.43.93.182 - - [12/Jun/2026:05:06:08 -0300] "GET / HTTP/1.1" 200 - "-" "Mozilla/5.0 (compatible; DuckDuckBot/1.1; +http://duckduckgo.com/duckduckbot.html)" www.kaickaviella.meumercado.app 10.53.184.85
45.227.253.15 - - [12/Jun/2026:07:47:39 -0300] "GET /index.php/jk HTTP/1.1" 409 83 "-" "Mozilla/5.0 (iPhone; CPU iPhone OS 12_4 like Mac OS X) AppleWebKit/605.1.15 (KHTML, like Gecko) Version/12.4.2 Mobile/15E148 Safari/604.1" kaickaviella.meumercado.app 10.53.184.85
45.227.253.15 - - [12/Jun/2026:13:09:22 -0300] "GET /index.php/jk HTTP/1.1" 409 83 "-" "Mozilla/5.0 (Windows NT 10.0; Win64; x64) AppleWebKit/537.36 (KHTML, like Gecko) Chrome/81.0.3282.140 Safari/537.36 Edge/18.17763" kaickaviella.meumercado.app 10.53.184.85
74.7.228.58 - - [12/Jun/2026:13:27:58 -0300] "GET /robots.txt HTTP/2.0" 200 106 "-" "Mozilla/5.0 (Macintosh; Intel Mac OS X 10_15_7) AppleWebKit/537.36 (KHTML, like Gecko) Chrome/131.0.0.0 Safari/537.36; compatible; OAI-SearchBot/1.4; robots.txt; +https://openai.com/searchbot" www.kaickaviella.meumercado.app 10.53.184.85
74.7.228.27 - - [12/Jun/2026:13:27:59 -0300] "GET /robots.txt HTTP/2.0" 200 106 "-" "Mozilla/5.0 (Macintosh; Intel Mac OS X 10_15_7) AppleWebKit/537.36 (KHTML, like Gecko) Chrome/131.0.0.0 Safari/537.36; compatible; OAI-SearchBot/1.4; robots.txt; +https://openai.com/searchbot" kaickaviella.meumercado.app 10.53.184.85
74.7.227.35 - - [12/Jun/2026:13:27:59 -0300] "GET / HTTP/2.0" 200 - "-" "Mozilla/5.0 AppleWebKit/537.36 (KHTML, like Gecko; compatible; GPTBot/1.4; +https://openai.com/gptbot)" www.kaickaviella.meumercado.app 10.53.184.85
74.7.243.217 - - [12/Jun/2026:17:16:58 -0300] "GET /sitemap.xml HTTP/2.0" 200 - "-" "Mozilla/5.0 AppleWebKit/537.36 (KHTML, like Gecko; compatible; GPTBot/1.4; +https://openai.com/gptbot)" kaickaviella.meumercado.app 10.53.184.85
74.7.243.217 - - [12/Jun/2026:17:19:56 -0300] "GET /?sitemap.xml HTTP/2.0" 200 - "-" "Mozilla/5.0 AppleWebKit/537.36 (KHTML, like Gecko; compatible; GPTBot/1.4; +https://openai.com/gptbot)" kaickaviella.meumercado.app 10.53.184.85
45.227.253.15 - - [12/Jun/2026:19:50:10 -0300] "GET /index.php/jk HTTP/1.1" 409 83 "-" "Mozilla/5.0 (Macintosh; Intel Mac OS X 10.13; rv:103.0) Gecko/20100101 Firefox/103.0" kaickaviella.meumercado.app 10.53.184.85
45.227.253.15 - - [12/Jun/2026:22:13:51 -0300] "GET /index.php/jk HTTP/1.1" 409 83 "-" "Mozilla/5.0 (Macintosh; Intel Mac OS X 10.12; rv:103.0) Gecko/20100101 Firefox/103.0" kaickaviella.meumercado.app 10.53.184.85
207.241.173.38 - - [12/Jun/2026:23:15:34 -0300] "GET / HTTP/1.1" 200 - "-" "Mozilla/5.0 (Windows NT 10.0; Win64; x64) AppleWebKit/537.36 (KHTML, like Gecko) Chrome/145.0.0.0 Safari/537.36" kaickaviella.meumercado.app 10.53.184.85
45.227.253.15 - - [13/Jun/2026:05:38:14 -0300] "GET /index.php/jk HTTP/1.1" 409 83 "-" "Mozilla/5.0 (Windows NT 6.1; WOW64; Trident/7.0; rv:11.0) like Gecko" kaickaviella.meumercado.app 10.53.184.85
45.227.253.15 - - [13/Jun/2026:11:31:40 -0300] "GET /index.php/jk HTTP/1.1" 409 83 "-" "Mozilla/5.0 (iPhone; CPU iPhone OS 12_3 like Mac OS X) AppleWebKit/605.1.15 (KHTML, like Gecko) Version/12.0.4 Mobile/15E148 Safari/604.1" kaickaviella.meumercado.app 10.53.184.85
45.227.253.15 - - [13/Jun/2026:15:32:54 -0300] "GET /index.php/jk HTTP/1.1" 409 83 "-" "Mozilla/5.0 (Windows NT 10.0; Win64; x64; rv:82.0) Gecko/20100101 Firefox/82.0" kaickaviella.meumercado.app 10.53.184.85
74.7.228.27 - - [13/Jun/2026:17:21:55 -0300] "GET /robots.txt HTTP/2.0" 200 106 "-" "Mozilla/5.0 (Macintosh; Intel Mac OS X 10_15_7) AppleWebKit/537.36 (KHTML, like Gecko) Chrome/131.0.0.0 Safari/537.36; compatible; OAI-SearchBot/1.4; robots.txt; +https://openai.com/searchbot" kaickaviella.meumercado.app 10.53.184.85
74.7.243.217 - - [13/Jun/2026:17:21:55 -0300] "GET /sitemap.xml HTTP/2.0" 200 - "-" "Mozilla/5.0 AppleWebKit/537.36 (KHTML, like Gecko; compatible; GPTBot/1.4; +https://openai.com/gptbot)" kaickaviella.meumercado.app 10.53.184.85
74.7.243.217 - - [13/Jun/2026:17:24:45 -0300] "GET /?sitemap.xml HTTP/2.0" 200 - "-" "Mozilla/5.0 AppleWebKit/537.36 (KHTML, like Gecko; compatible; GPTBot/1.4; +https://openai.com/gptbot)" kaickaviella.meumercado.app 10.53.184.85
45.227.253.15 - - [13/Jun/2026:19:52:45 -0300] "GET /index.php/jk HTTP/1.1" 409 83 "-" "Mozilla/5.0 (iPad; U; CPU OS 4_1_3 like Mac OS X; ja) AppleWebKit/533.17.9 (KHTML, like Gecko) Version/5.0.2 Mobile/8J2 Safari/6533.18.5" kaickaviella.meumercado.app 10.53.184.85
34.123.82.129 - - [14/Jun/2026:00:50:10 -0300] "GET /.env HTTP/1.1" 406 226 "-" "Mozilla/5.0 (Macintosh; Intel Mac OS X 10_15_7) AppleWebKit/537.36 (KHTML, like Gecko) Chrome/142.0.0.0 Safari/537.36" www.kaickaviella.meumercado.app 10.53.184.85
45.227.253.15 - - [14/Jun/2026:00:57:13 -0300] "GET /index.php/jk HTTP/1.1" 200 59 "-" "Mozilla/5.0 (Macintosh; Intel Mac OS X 10.15; rv:82.0) Gecko/20100101 Firefox/82.0" kaickaviella.meumercado.app 10.53.184.85
3.139.242.79 - - [14/Jun/2026:01:40:14 -0300] "GET / HTTP/1.1" 200 - "-" "visionheight.com/scan Mozilla/5.0 (Macintosh; Intel Mac OS X 10_15_7) Chrome/126.0.0.0 Safari/537.36" kaickaviella.meumercado.app 10.53.184.85
45.227.253.15 - - [14/Jun/2026:05:45:42 -0300] "GET /index.php/jk HTTP/1.1" 409 83 "-" "Mozilla/5.0 (Windows NT 6.2; Win64; x64) AppleWebKit/537.36 (KHTML, like Gecko) Chrome/86.0.4240.111 Safari/537.36" kaickaviella.meumercado.app 10.53.184.85
34.170.189.242 - - [14/Jun/2026:09:22:26 -0300] "GET /.env HTTP/1.1" 406 226 "-" "Mozilla/5.0 (Macintosh; Intel Mac OS X 10_15_7) AppleWebKit/537.36 (KHTML, like Gecko) Chrome/142.0.0.0 Safari/537.36" www.kaickaviella.meumercado.app 10.53.184.85
45.227.253.15 - - [14/Jun/2026:12:39:15 -0300] "GET /index.php/jk HTTP/1.1" 409 83 "-" "Mozilla/5.0 (Windows NT 10.0; Win64; x64) AppleWebKit/537.36 (KHTML, like Gecko) Chrome/75.0.3780 Safari/537.36 Edg/75.0.139" kaickaviella.meumercado.app 10.53.184.85
34.31.88.250 - - [14/Jun/2026:15:06:05 -0300] "GET /.env HTTP/1.1" 406 226 "-" "Mozilla/5.0 (Macintosh; Intel Mac OS X 10_15_7) AppleWebKit/537.36 (KHTML, like Gecko) Chrome/142.0.0.0 Safari/537.36" www.kaickaviella.meumercado.app 10.53.184.85
74.7.228.27 - - [14/Jun/2026:17:26:08 -0300] "GET /robots.txt HTTP/2.0" 200 106 "-" "Mozilla/5.0 (Macintosh; Intel Mac OS X 10_15_7) AppleWebKit/537.36 (KHTML, like Gecko) Chrome/131.0.0.0 Safari/537.36; compatible; OAI-SearchBot/1.4; robots.txt; +https://openai.com/searchbot" kaickaviella.meumercado.app 10.53.184.85
74.7.243.217 - - [14/Jun/2026:17:26:08 -0300] "GET /sitemap.xml HTTP/2.0" 200 - "-" "Mozilla/5.0 AppleWebKit/537.36 (KHTML, like Gecko; compatible; GPTBot/1.4; +https://openai.com/gptbot)" kaickaviella.meumercado.app 10.53.184.85
74.7.243.217 - - [14/Jun/2026:17:27:57 -0300] "GET /?sitemap.xml HTTP/2.0" 200 - "-" "Mozilla/5.0 AppleWebKit/537.36 (KHTML, like Gecko; compatible; GPTBot/1.4; +https://openai.com/gptbot)" kaickaviella.meumercado.app 10.53.184.85
45.227.253.15 - - [14/Jun/2026:18:46:25 -0300] "GET /index.php/jk HTTP/1.1" 409 83 "-" "Mozilla/5.0 (Macintosh; Intel Mac OS X 10.15; rv:103.0) Gecko/20100101 Firefox/103.0" kaickaviella.meumercado.app 10.53.184.85
34.170.189.242 - - [14/Jun/2026:22:39:30 -0300] "GET /.env HTTP/1.1" 406 226 "-" "Mozilla/5.0 (Macintosh; Intel Mac OS X 10_15_7) AppleWebKit/537.36 (KHTML, like Gecko) Chrome/142.0.0.0 Safari/537.36" www.kaickaviella.meumercado.app 10.53.184.85
45.227.253.15 - - [14/Jun/2026:23:24:42 -0300] "GET /index.php/jk HTTP/1.1" 409 83 "-" "Mozilla/5.0 (Windows NT 6.2; WOW64; rv:73.0) Gecko/20100101 Firefox/73.0" kaickaviella.meumercado.app 10.53.184.85
3.139.242.79 - - [15/Jun/2026:03:37:01 -0300] "GET / HTTP/1.1" 200 - "-" "visionheight.com/scan Mozilla/5.0 (Macintosh; Intel Mac OS X 10_15_7) Chrome/126.0.0.0 Safari/537.36" kaickaviella.meumercado.app 10.53.184.85
35.254.244.123 - - [15/Jun/2026:03:37:38 -0300] "POST / HTTP/1.1" 200 - "https://www.kaickaviella.meumercado.app/" "Mozilla/5.0 (Windows NT 10.0; Win64; x64) AppleWebKit/537.36 (KHTML, like Gecko) Chrome/146.0.0.0 Safari/537.36" www.kaickaviella.meumercado.app 10.53.184.85
45.227.253.15 - - [15/Jun/2026:05:35:30 -0300] "GET /index.php/jk HTTP/1.1" 409 83 "-" "Mozilla/5.0 (Windows NT 6.2; Win64; x64) AppleWebKit/537.36 (KHTML, like Gecko) Chrome/86.0.4240.111 Safari/537.36" kaickaviella.meumercado.app 10.53.184.85
34.170.189.242 - - [15/Jun/2026:05:44:05 -0300] "GET /.env HTTP/1.1" 406 226 "-" "Mozilla/5.0 (Macintosh; Intel Mac OS X 10_15_7) AppleWebKit/537.36 (KHTML, like Gecko) Chrome/142.0.0.0 Safari/537.36" www.kaickaviella.meumercado.app 10.53.184.85
98.92.97.151 - - [15/Jun/2026:07:07:37 -0300] "POST / HTTP/1.1" 200 - "https://www.kaickaviella.meumercado.app/" "Mozilla/5.0 (Windows NT 10.0; Win64; x64) AppleWebKit/537.36 (KHTML, like Gecko) Chrome/145.0.0.0 Safari/537.36" www.kaickaviella.meumercado.app 10.53.184.85
18.235.110.182 - - [15/Jun/2026:10:26:08 -0300] "GET / HTTP/1.1" 421 362 "-" "RecordedFuture Global Inventory Crawler" kaickaviella.meumercado.app 10.53.184.85
3.249.120.82 - - [15/Jun/2026:10:48:52 -0300] "GET / HTTP/1.0" 406 226 "-" "Mozilla/5.0 (compatible; NetcraftSurveyAgent/1.0; +info@netcraft.com)" www.kaickaviella.meumercado.app 10.53.184.85
34.122.16.212 - - [15/Jun/2026:10:49:18 -0300] "POST / HTTP/1.1" 200 - "https://www.kaickaviella.meumercado.app/" "Mozilla/5.0 (Windows NT 10.0; Win64; x64) AppleWebKit/537.36 (KHTML, like Gecko) Chrome/145.0.0.0 Safari/537.36" www.kaickaviella.meumercado.app 10.53.184.85
45.130.203.229 - - [15/Jun/2026:11:44:20 -0300] "GET /.env.production HTTP/1.1" 406 226 "-" "Python-urllib/3.10" www.kaickaviella.meumercado.app 10.53.184.85
45.130.203.223 - - [15/Jun/2026:11:44:20 -0300] "GET /.env HTTP/1.1" 406 226 "-" "Python-urllib/3.10" www.kaickaviella.meumercado.app 10.53.184.85
45.227.253.15 - - [15/Jun/2026:12:17:53 -0300] "GET /index.php/jk HTTP/1.1" 409 83 "-" "Mozilla/5.0 (Windows NT 10.0; Win64; x64) AppleWebKit/537.36 (KHTML, like Gecko) Chrome/82.0.3292.140 Safari/537.36 Edge/18.18761" kaickaviella.meumercado.app 10.53.184.85
34.123.82.129 - - [15/Jun/2026:15:10:58 -0300] "GET /.env HTTP/1.1" 406 226 "-" "Mozilla/5.0 (Macintosh; Intel Mac OS X 10_15_7) AppleWebKit/537.36 (KHTML, like Gecko) Chrome/142.0.0.0 Safari/537.36" www.kaickaviella.meumercado.app 10.53.184.85
40.114.79.135 - - [15/Jun/2026:15:22:39 -0300] "POST / HTTP/1.1" 200 - "https://www.kaickaviella.meumercado.app/" "Mozilla/5.0 (Macintosh; Intel Mac OS X 10_15_7) AppleWebKit/537.36 (KHTML, like Gecko) Chrome/145.0.0.0 Safari/537.36" www.kaickaviella.meumercado.app 10.53.184.85
45.227.253.15 - - [15/Jun/2026:15:59:31 -0300] "GET /index.php/jk HTTP/1.1" 409 83 "-" "Mozilla/5.0 (Windows NT 6.2; WOW64) AppleWebKit/535.24 (KHTML, like Gecko) Chrome/83.0.1055.1 Safari/535.24" kaickaviella.meumercado.app 10.53.184.85
74.7.228.27 - - [15/Jun/2026:17:26:12 -0300] "GET /robots.txt HTTP/2.0" 200 106 "-" "Mozilla/5.0 (Macintosh; Intel Mac OS X 10_15_7) AppleWebKit/537.36 (KHTML, like Gecko) Chrome/131.0.0.0 Safari/537.36; compatible; OAI-SearchBot/1.4; robots.txt; +https://openai.com/searchbot" kaickaviella.meumercado.app 10.53.184.85
74.7.243.217 - - [15/Jun/2026:17:26:12 -0300] "GET /sitemap.xml HTTP/2.0" 200 - "-" "Mozilla/5.0 AppleWebKit/537.36 (KHTML, like Gecko; compatible; GPTBot/1.4; +https://openai.com/gptbot)" kaickaviella.meumercado.app 10.53.184.85
74.7.243.217 - - [15/Jun/2026:17:32:50 -0300] "GET /?sitemap.xml HTTP/2.0" 200 - "-" "Mozilla/5.0 AppleWebKit/537.36 (KHTML, like Gecko; compatible; GPTBot/1.4; +https://openai.com/gptbot)" kaickaviella.meumercado.app 10.53.184.85
98.92.97.151 - - [15/Jun/2026:21:50:56 -0300] "POST / HTTP/1.1" 200 - "https://www.kaickaviella.meumercado.app/" "Mozilla/5.0 (Macintosh; Intel Mac OS X 10_15_7) AppleWebKit/537.36 (KHTML, like Gecko) Chrome/145.0.0.0 Safari/537.36" www.kaickaviella.meumercado.app 10.53.184.85
45.227.253.15 - - [15/Jun/2026:21:54:00 -0300] "GET /index.php/jk HTTP/1.1" 409 83 "-" "Mozilla/5.0 (iPhone; CPU iPhone OS 11_3 like Mac OS X) AppleWebKit/605.1.15 (KHTML, like Gecko) Version/11.0.4 Mobile/15E148 Safari/604.1" kaickaviella.meumercado.app 10.53.184.85
34.123.82.129 - - [15/Jun/2026:22:32:40 -0300] "GET /.env HTTP/1.1" 406 226 "-" "Mozilla/5.0 (Macintosh; Intel Mac OS X 10_15_7) AppleWebKit/537.36 (KHTML, like Gecko) Chrome/142.0.0.0 Safari/537.36" www.kaickaviella.meumercado.app 10.53.184.85
143.110.171.121 - - [15/Jun/2026:23:06:52 -0300] "GET / HTTP/1.1" 200 - "-" "Mozilla/5.0 (X11; Linux x86_64; rv:142.0) Gecko/20100101 Firefox/142.0" www.kaickaviella.meumercado.app 10.53.184.85
45.227.253.15 - - [16/Jun/2026:00:48:08 -0300] "GET /index.php/jk HTTP/1.1" 409 83 "-" "Mozilla/5.0 (Windows NT 10.0; Win64; x64) AppleWebKit/537.36 (KHTML, like Gecko) Chrome/80.0.3980 Safari/537.36 Edg/80.0.145.1" kaickaviella.meumercado.app 10.53.184.85
45.227.253.15 - - [16/Jun/2026:06:09:59 -0300] "GET /index.php/jk HTTP/1.1" 409 83 "-" "Mozilla/5.0 (Macintosh; Intel Mac OS X 10.15; rv:81.0) Gecko/20100101 Firefox/81.0" kaickaviella.meumercado.app 10.53.184.85
45.227.253.15 - - [16/Jun/2026:13:36:56 -0300] "GET /index.php/jk HTTP/1.1" 409 83 "-" "Mozilla/5.0 (Windows NT 10.0; Win64; x64; rv:80.0) Gecko/20100101 Firefox/80.0" kaickaviella.meumercado.app 10.53.184.85
74.7.228.27 - - [16/Jun/2026:17:27:12 -0300] "GET /robots.txt HTTP/2.0" 200 106 "-" "Mozilla/5.0 (Macintosh; Intel Mac OS X 10_15_7) AppleWebKit/537.36 (KHTML, like Gecko) Chrome/131.0.0.0 Safari/537.36; compatible; OAI-SearchBot/1.4; robots.txt; +https://openai.com/searchbot" kaickaviella.meumercado.app 10.53.184.85
74.7.243.217 - - [16/Jun/2026:17:27:12 -0300] "GET /sitemap.xml HTTP/2.0" 200 - "-" "Mozilla/5.0 AppleWebKit/537.36 (KHTML, like Gecko; compatible; GPTBot/1.4; +https://openai.com/gptbot)" kaickaviella.meumercado.app 10.53.184.85
74.7.243.217 - - [16/Jun/2026:17:36:37 -0300] "GET /?sitemap.xml HTTP/2.0" 200 - "-" "Mozilla/5.0 AppleWebKit/537.36 (KHTML, like Gecko; compatible; GPTBot/1.4; +https://openai.com/gptbot)" kaickaviella.meumercado.app 10.53.184.85
45.227.253.15 - - [16/Jun/2026:20:12:12 -0300] "GET /index.php/jk HTTP/1.1" 409 83 "-" "Mozilla/5.0 (Macintosh; Intel Mac OS X 10.15; rv:103.0) Gecko/20100101 Firefox/102.0" kaickaviella.meumercado.app 10.53.184.85
45.227.253.15 - - [17/Jun/2026:02:18:54 -0300] "GET /index.php/jk HTTP/1.1" 409 83 "-" "Mozilla/5.0 (Windows NT 10.0; Win64; x64) AppleWebKit/537.36 (KHTML, like Gecko) Chrome/80.0.3980 Safari/537.36 Edg/80.0.145.1" kaickaviella.meumercado.app 10.53.184.85
199.45.155.86 - - [17/Jun/2026:05:35:23 -0300] "GET / HTTP/1.1" 200 - "-" "Mozilla/5.0 (compatible; CensysInspect/1.1; +https://about.censys.io/)" www.kaickaviella.meumercado.app 10.53.184.85
199.45.155.86 - - [17/Jun/2026:05:35:27 -0300] "GET /favicon.ico HTTP/1.1" 200 - "-" "Mozilla/5.0 (compatible; CensysInspect/1.1; +https://about.censys.io/)" www.kaickaviella.meumercado.app 10.53.184.85
45.227.253.15 - - [17/Jun/2026:06:35:14 -0300] "GET /index.php/jk HTTP/1.1" 409 83 "-" "Mozilla/5.0 (Windows NT 6.2; WOW64; rv:72.0) Gecko/20100101 Firefox/72.0" kaickaviella.meumercado.app 10.53.184.85
34.90.191.83 - - [17/Jun/2026:09:46:51 -0300] "GET / HTTP/1.1" 406 226 "-" "Scrapy/2.16.0 (+https://scrapy.org)" www.kaickaviella.meumercado.app 10.53.184.85
45.227.253.15 - - [17/Jun/2026:12:21:41 -0300] "GET /index.php/jk HTTP/1.1" 409 83 "-" "Mozilla/5.0 (Macintosh; Intel Mac OS X 10.14; rv:103.0) Gecko/20100101 Firefox/101.0" kaickaviella.meumercado.app 10.53.184.85
2a06:98c0:3600::103 - - [17/Jun/2026:13:50:06 -0300] "GET /.git/config HTTP/2.0" 200 - "-" "Mozilla/5.0 (X11; Linux x86_64; rv:127.0) Gecko/20100101 Firefox/127.0" kaickaviella.meumercado.app 10.53.184.85
74.7.228.27 - - [17/Jun/2026:17:27:21 -0300] "GET /robots.txt HTTP/2.0" 200 106 "-" "Mozilla/5.0 (Macintosh; Intel Mac OS X 10_15_7) AppleWebKit/537.36 (KHTML, like Gecko) Chrome/131.0.0.0 Safari/537.36; compatible; OAI-SearchBot/1.4; robots.txt; +https://openai.com/searchbot" kaickaviella.meumercado.app 10.53.184.85
74.7.227.148 - - [17/Jun/2026:17:27:21 -0300] "GET /sitemap.xml HTTP/2.0" 200 - "-" "Mozilla/5.0 AppleWebKit/537.36 (KHTML, like Gecko; compatible; GPTBot/1.4; +https://openai.com/gptbot)" kaickaviella.meumercado.app 10.53.184.85
74.7.227.148 - - [17/Jun/2026:17:38:59 -0300] "GET /?sitemap.xml HTTP/2.0" 200 - "-" "Mozilla/5.0 AppleWebKit/537.36 (KHTML, like Gecko; compatible; GPTBot/1.4; +https://openai.com/gptbot)" kaickaviella.meumercado.app 10.53.184.85
45.227.253.15 - - [17/Jun/2026:17:45:40 -0300] "GET /index.php/jk HTTP/1.1" 409 83 "-" "Mozilla/5.0 (Macintosh; Intel Mac OS X 10.13; rv:103.0) Gecko/20100101 Firefox/103.0" kaickaviella.meumercado.app 10.53.184.85
45.227.253.15 - - [17/Jun/2026:23:25:07 -0300] "GET /index.php/jk HTTP/1.1" 409 83 "-" "Mozilla/5.0 (Windows NT 10.0; Win64; x64; rv:83.0) Gecko/20100101 Firefox/83.0" kaickaviella.meumercado.app 10.53.184.85
104.28.225.24 - - [17/Jun/2026:23:29:59 -0300] "GET / HTTP/1.1" 200 50239 "-" "Mozilla/5.0 (compatible; Google-CloudVertexBot; +https://cloud.google.com/vertex-ai-bot)" www.kaickaviella.meumercado.app 10.53.184.85
104.28.225.24 - - [17/Jun/2026:23:31:32 -0300] "GET /.env HTTP/1.1" 406 226 "-" "Mozilla/5.0 (compatible; YandexBot/3.0; +http://yandex.com/bots)" www.kaickaviella.meumercado.app 10.53.184.85
104.28.225.24 - - [17/Jun/2026:23:38:25 -0300] "GET /shop/strigose/robed013430572069.shtml HTTP/1.1" 200 - "-" "Mozilla/5.0 (compatible; OAI-SearchBot/1.3; +https://openai.com/searchbot)" www.kaickaviella.meumercado.app 10.53.184.85
104.28.225.24 - - [17/Jun/2026:23:38:25 -0300] "GET /shop/sumbulic/micropyle012551384105.shtml HTTP/1.1" 200 49444 "-" "Mozilla/5.0 (compatible; bingbot/2.0; +http://www.bing.com/bingbot.htm)" www.kaickaviella.meumercado.app 10.53.184.85
104.28.225.24 - - [17/Jun/2026:23:38:30 -0300] "GET /shop/sleevehand/annihilated013964261154.shtml HTTP/1.1" 200 - "-" "Mozilla/5.0 (compatible; PerplexityBot/1.0; +https://perplexity.ai/perplexitybot)" www.kaickaviella.meumercado.app 10.53.184.85
104.28.225.24 - - [17/Jun/2026:23:38:30 -0300] "GET /shop/perilymph/stylometer01512191273.shtml HTTP/1.1" 200 51084 "-" "Mozilla/5.0 (compatible; Google-CloudVertexBot; +https://cloud.google.com/vertex-ai-bot)" www.kaickaviella.meumercado.app 10.53.184.85
104.28.225.24 - - [17/Jun/2026:23:38:37 -0300] "GET /shop/pg/1005024010/ HTTP/1.1" 200 - "-" "Mozilla/5.0 (compatible; Baiduspider/2.0; +http://www.baidu.com/search/spider.html)" www.kaickaviella.meumercado.app 10.53.184.85
104.28.225.24 - - [17/Jun/2026:23:38:35 -0300] "GET /shop/pg/1Sitemap/ HTTP/1.1" 200 49361 "-" "Mozilla/5.0 (compatible; GoogleOther; +https://developers.google.com/search/)" www.kaickaviella.meumercado.app 10.53.184.85
104.28.225.24 - - [17/Jun/2026:23:39:23 -0300] "GET /shop/celli/tragelaphus012291794797.shtml HTTP/1.1" 200 - "-" "Mozilla/5.0 (compatible; Applebot/0.1; +http://www.apple.com/go/applebot)" www.kaickaviella.meumercado.app 10.53.184.85
104.28.225.24 - - [17/Jun/2026:23:39:24 -0300] "GET /shop/holdall/slicken011855353441.shtml HTTP/1.1" 200 48215 "-" "Mozilla/5.0 (compatible; Google-CloudVertexBot; +https://cloud.google.com/vertex-ai-bot)" www.kaickaviella.meumercado.app 10.53.184.85
104.28.225.24 - - [17/Jun/2026:23:39:25 -0300] "GET /shop/unfurl/dybbuks012981627124.shtml HTTP/1.1" 200 52559 "-" "Mozilla/5.0 (compatible; GoogleOther; +https://developers.google.com/search/)" www.kaickaviella.meumercado.app 10.53.184.85
104.28.225.24 - - [17/Jun/2026:23:39:27 -0300] "GET /shop/abhorrent/sootiest014015275525.shtml HTTP/1.1" 200 50905 "-" "Mozilla/5.0 (compatible; Google-CloudVertexBot; +https://cloud.google.com/vertex-ai-bot)" www.kaickaviella.meumercado.app 10.53.184.85
104.28.225.24 - - [17/Jun/2026:23:39:34 -0300] "GET /shop/cotswold/fussily011732475680.shtml HTTP/1.1" 406 226 "-" "CCBot/2.0 (https://commoncrawl.org/faq/)" www.kaickaviella.meumercado.app 10.53.184.85
104.28.225.24 - - [17/Jun/2026:23:39:33 -0300] "GET /shop/enridge/synonymally011418798455.shtml HTTP/1.1" 200 - "-" "Mozilla/5.0 (compatible; Baiduspider/2.0; +http://www.baidu.com/search/spider.html)" www.kaickaviella.meumercado.app 10.53.184.85
104.28.225.24 - - [17/Jun/2026:23:39:36 -0300] "GET /shop/petasites/incompressible011567601713.shtml HTTP/1.1" 406 226 "-" "Mozilla/5.0 (compatible; Amazonbot/0.1; +https://developer.amazon.com/support/amazonbot)" www.kaickaviella.meumercado.app 10.53.184.85
104.28.225.24 - - [17/Jun/2026:23:39:31 -0300] "GET /shop/klinkstone/diversify01172892557.shtml HTTP/1.1" 200 50910 "-" "Mozilla/5.0 (compatible; bingbot/2.0; +http://www.bing.com/bingbot.htm)" www.kaickaviella.meumercado.app 10.53.184.85
104.28.225.24 - - [17/Jun/2026:23:40:23 -0300] "GET /shop/acalephans/mustiness011499329228.shtml HTTP/1.1" 406 226 "-" "Mozilla/5.0 (compatible; Amazonbot/0.1; +https://developer.amazon.com/support/amazonbot)" www.kaickaviella.meumercado.app 10.53.184.85
104.28.225.24 - - [17/Jun/2026:23:40:24 -0300] "GET /shop/subconscious/scrid011139855209.shtml HTTP/1.1" 406 226 "-" "CCBot/2.0 (https://commoncrawl.org/faq/)" www.kaickaviella.meumercado.app 10.53.184.85
104.28.225.24 - - [17/Jun/2026:23:40:24 -0300] "GET /shop/travailous/suprahyoid012571046129.shtml HTTP/1.1" 406 226 "-" "Mozilla/5.0 (compatible; Amazonbot/0.1; +https://developer.amazon.com/support/amazonbot)" www.kaickaviella.meumercado.app 10.53.184.85
104.28.225.24 - - [17/Jun/2026:23:40:24 -0300] "GET /shop/gyronny/dromedary031855353441.shtml HTTP/1.1" 406 226 "-" "Mozilla/5.0 (compatible; Amazonbot/0.1; +https://developer.amazon.com/support/amazonbot)" www.kaickaviella.meumercado.app 10.53.184.85
104.28.225.24 - - [17/Jun/2026:23:40:24 -0300] "GET /shop/excise/magged01356912573.shtml HTTP/1.1" 406 226 "-" "CCBot/2.0 (https://commoncrawl.org/faq/)" www.kaickaviella.meumercado.app 10.53.184.85
104.28.225.24 - - [17/Jun/2026:23:40:24 -0300] "GET /shop/gluteal/symbolics013739077980.shtml HTTP/1.1" 406 226 "-" "CCBot/2.0 (https://commoncrawl.org/faq/)" www.kaickaviella.meumercado.app 10.53.184.85
104.28.225.24 - - [17/Jun/2026:23:40:25 -0300] "GET /shop/extensiveness/portrait012935689247.shtml HTTP/1.1" 406 226 "-" "CCBot/2.0 (https://commoncrawl.org/faq/)" www.kaickaviella.meumercado.app 10.53.184.85
104.28.225.24 - - [17/Jun/2026:23:40:24 -0300] "GET /shop/insecticidal/synchronic012735920096.shtml HTTP/1.1" 200 - "-" "Mozilla/5.0 (compatible; YandexBot/3.0; +http://yandex.com/bots)" www.kaickaviella.meumercado.app 10.53.184.85
104.28.225.24 - - [17/Jun/2026:23:40:24 -0300] "GET /shop/gives/divulged013752449196.shtml HTTP/1.1" 200 - "-" "Mozilla/5.0 (compatible; YandexBot/3.0; +http://yandex.com/bots)" www.kaickaviella.meumercado.app 10.53.184.85
104.28.225.24 - - [17/Jun/2026:23:40:24 -0300] "GET /shop/altruistic/lacertina013456939848.shtml HTTP/1.1" 200 - "-" "Mozilla/5.0 (compatible; YandexBot/3.0; +http://yandex.com/bots)" www.kaickaviella.meumercado.app 10.53.184.85
104.28.225.24 - - [17/Jun/2026:23:40:24 -0300] "GET /shop/saccopteryx/friended012694900236.shtml HTTP/1.1" 200 - "-" "Mozilla/5.0 (compatible; YandexBot/3.0; +http://yandex.com/bots)" www.kaickaviella.meumercado.app 10.53.184.85
104.28.225.24 - - [17/Jun/2026:23:40:24 -0300] "GET /shop/protoza/smyrnium014146772207.shtml HTTP/1.1" 200 - "-" "Mozilla/5.0 AppleWebKit/537.36 (KHTML, like Gecko; compatible; GPTBot/1.3; +https://openai.com/gptbot)" www.kaickaviella.meumercado.app 10.53.184.85
104.28.225.24 - - [17/Jun/2026:23:40:24 -0300] "GET /shop/cogency/thwartness011893652239.shtml HTTP/1.1" 200 - "-" "Mozilla/5.0 (compatible; PerplexityBot/1.0; +https://perplexity.ai/perplexitybot)" www.kaickaviella.meumercado.app 10.53.184.85
104.28.225.24 - - [17/Jun/2026:23:40:24 -0300] "GET /shop/sparverius/surnaming0169791833.shtml HTTP/1.1" 200 - "-" "Mozilla/5.0 (compatible; Baiduspider/2.0; +http://www.baidu.com/search/spider.html)" www.kaickaviella.meumercado.app 10.53.184.85
104.28.225.24 - - [17/Jun/2026:23:40:24 -0300] "GET /shop/hither/unobedience01751235584.shtml HTTP/1.1" 200 - "-" "Mozilla/5.0 (compatible; PerplexityBot/1.0; +https://perplexity.ai/perplexitybot)" www.kaickaviella.meumercado.app 10.53.184.85
104.28.225.24 - - [17/Jun/2026:23:40:24 -0300] "GET /shop/spumed/semiparabola012719172191.shtml HTTP/1.1" 200 - "-" "Mozilla/5.0 (compatible; Baiduspider/2.0; +http://www.baidu.com/search/spider.html)" www.kaickaviella.meumercado.app 10.53.184.85
104.28.225.24 - - [17/Jun/2026:23:40:24 -0300] "GET /shop/precentor/mountebankism011130514126.shtml HTTP/1.1" 200 - "-" "Mozilla/5.0 (compatible; PerplexityBot/1.0; +https://perplexity.ai/perplexitybot)" www.kaickaviella.meumercado.app 10.53.184.85
104.28.225.24 - - [17/Jun/2026:23:40:24 -0300] "GET /shop/hankeypankey/vicing01451095313.shtml HTTP/1.1" 200 - "-" "Mozilla/5.0 (compatible; Baiduspider/2.0; +http://www.baidu.com/search/spider.html)" www.kaickaviella.meumercado.app 10.53.184.85
104.28.225.24 - - [17/Jun/2026:23:40:24 -0300] "GET /shop/exolete/penmanship013999017525.shtml HTTP/1.1" 200 - "-" "Mozilla/5.0 (compatible; Baiduspider/2.0; +http://www.baidu.com/search/spider.html)" www.kaickaviella.meumercado.app 10.53.184.85
104.28.225.24 - - [17/Jun/2026:23:40:24 -0300] "GET /shop/heartgrief/jimcrow011829869387.shtml HTTP/1.1" 200 - "-" "Mozilla/5.0 AppleWebKit/537.36 (KHTML, like Gecko; compatible; ChatGPT-User/1.0; +https://openai.com/bot)" www.kaickaviella.meumercado.app 10.53.184.85
104.28.225.24 - - [17/Jun/2026:23:40:24 -0300] "GET /shop/theorist/ouzel013604694530.shtml HTTP/1.1" 200 - "-" "Mozilla/5.0 (compatible; OAI-SearchBot/1.3; +https://openai.com/searchbot)" www.kaickaviella.meumercado.app 10.53.184.85
104.28.225.24 - - [17/Jun/2026:23:40:24 -0300] "GET /shop/chieftain/parried013104735198.shtml HTTP/1.1" 200 - "-" "Mozilla/5.0 (compatible; DuckDuckBot/1.1; +http://duckduckgo.com/duckduckbot.html)" www.kaickaviella.meumercado.app 10.53.184.85
104.28.225.24 - - [17/Jun/2026:23:40:29 -0300] "GET /shop/meloidae/synepy01600874885.shtml HTTP/1.1" 406 226 "-" "Mozilla/5.0 (compatible; Amazonbot/0.1; +https://developer.amazon.com/support/amazonbot)" www.kaickaviella.meumercado.app 10.53.184.85
104.28.225.24 - - [17/Jun/2026:23:40:24 -0300] "GET /shop/disappointing/hissed01898990234.shtml HTTP/1.1" 200 - "-" "Mozilla/5.0 (compatible; YandexBot/3.0; +http://yandex.com/bots)" www.kaickaviella.meumercado.app 10.53.184.85
104.28.225.24 - - [17/Jun/2026:23:40:24 -0300] "GET /shop/haresfoot/mindererus011351574562.shtml HTTP/1.1" 200 - "-" "Mozilla/5.0 (compatible; YandexBot/3.0; +http://yandex.com/bots)" www.kaickaviella.meumercado.app 10.53.184.85
104.28.225.24 - - [17/Jun/2026:23:40:24 -0300] "GET /shop/parthenogeny/regulize011211159912.shtml HTTP/1.1" 200 - "-" "Mozilla/5.0 (compatible; Applebot/0.1; +http://www.apple.com/go/applebot)" www.kaickaviella.meumercado.app 10.53.184.85
104.28.225.24 - - [17/Jun/2026:23:40:24 -0300] "GET /shop/vanquishing/calyceraceae011970707152.shtml HTTP/1.1" 200 - "-" "Mozilla/5.0 AppleWebKit/537.36 (KHTML, like Gecko; compatible; ChatGPT-User/1.0; +https://openai.com/bot)" www.kaickaviella.meumercado.app 10.53.184.85
104.28.225.24 - - [17/Jun/2026:23:40:24 -0300] "GET /shop/beggarwoman/sheating021855353441.shtml HTTP/1.1" 200 - "-" "Mozilla/5.0 AppleWebKit/537.36 (KHTML, like Gecko; compatible; GPTBot/1.3; +https://openai.com/gptbot)" www.kaickaviella.meumercado.app 10.53.184.85
104.28.225.24 - - [17/Jun/2026:23:40:25 -0300] "GET /shop/shibboleth/editing014294526857.shtml HTTP/1.1" 200 - "-" "Mozilla/5.0 (compatible; YandexBot/3.0; +http://yandex.com/bots)" www.kaickaviella.meumercado.app 10.53.184.85
104.28.225.24 - - [17/Jun/2026:23:40:24 -0300] "GET /shop/omphalocele/hebdomatical013293042227.shtml HTTP/1.1" 200 48030 "-" "Mozilla/5.0 (compatible; GoogleOther; +https://developers.google.com/search/)" www.kaickaviella.meumercado.app 10.53.184.85
104.28.225.24 - - [17/Jun/2026:23:40:24 -0300] "GET /shop/cuspidation/christianized012110073194.shtml HTTP/1.1" 200 53664 "-" "Mozilla/5.0 (compatible; Google-CloudVertexBot; +https://cloud.google.com/vertex-ai-bot)" www.kaickaviella.meumercado.app 10.53.184.85
104.28.225.24 - - [17/Jun/2026:23:40:25 -0300] "GET /shop/typed/serrulate011672591803.shtml HTTP/1.1" 200 - "-" "Mozilla/5.0 (compatible; Applebot/0.1; +http://www.apple.com/go/applebot)" www.kaickaviella.meumercado.app 10.53.184.85
104.28.225.24 - - [17/Jun/2026:23:40:24 -0300] "GET /shop/disengagement/minutilla013483028852.shtml HTTP/1.1" 200 51019 "-" "Mozilla/5.0 (compatible; bingbot/2.0; +http://www.bing.com/bingbot.htm)" www.kaickaviella.meumercado.app 10.53.184.85
104.28.225.24 - - [17/Jun/2026:23:40:24 -0300] "GET /shop/rambling/abdest01217546499.shtml HTTP/1.1" 200 55456 "-" "Mozilla/5.0 (compatible; GoogleOther; +https://developers.google.com/search/)" www.kaickaviella.meumercado.app 10.53.184.85
104.28.225.24 - - [17/Jun/2026:23:40:24 -0300] "GET /shop/palatable/feminal012883674746.shtml HTTP/1.1" 200 54772 "-" "Mozilla/5.0 (compatible; bingbot/2.0; +http://www.bing.com/bingbot.htm)" www.kaickaviella.meumercado.app 10.53.184.85
104.28.225.24 - - [17/Jun/2026:23:40:24 -0300] "GET /shop/archippus/changefulness012965369124.shtml HTTP/1.1" 200 49641 "-" "Mozilla/5.0 (compatible; GoogleOther; +https://developers.google.com/search/)" www.kaickaviella.meumercado.app 10.53.184.85
104.28.225.24 - - [17/Jun/2026:23:40:24 -0300] "GET /shop/underplanting/dicotyledonous012056501268.shtml HTTP/1.1" 200 - "-" "Mozilla/5.0 (compatible; Baiduspider/2.0; +http://www.baidu.com/search/spider.html)" www.kaickaviella.meumercado.app 10.53.184.85
104.28.225.24 - - [17/Jun/2026:23:40:25 -0300] "GET /shop/conops/disconnection012541366236.shtml HTTP/1.1" 200 - "-" "Mozilla/5.0 (compatible; Applebot/0.1; +http://www.apple.com/go/applebot)" www.kaickaviella.meumercado.app 10.53.184.85
104.28.225.24 - - [17/Jun/2026:23:40:25 -0300] "GET /shop/borrowed/resistibility012680732278.shtml HTTP/1.1" 200 - "-" "Mozilla/5.0 AppleWebKit/537.36 (KHTML, like Gecko; compatible; GPTBot/1.3; +https://openai.com/gptbot)" www.kaickaviella.meumercado.app 10.53.184.85
104.28.225.24 - - [17/Jun/2026:23:40:24 -0300] "GET /shop/forecastle/phanaeus01611869510.shtml HTTP/1.1" 200 - "-" "Mozilla/5.0 (compatible; DuckDuckBot/1.1; +http://duckduckgo.com/duckduckbot.html)" www.kaickaviella.meumercado.app 10.53.184.85
104.28.225.24 - - [17/Jun/2026:23:40:32 -0300] "GET /shop/duteousness/lactary022981627124.shtml HTTP/1.1" 406 226 "-" "Mozilla/5.0 (compatible; Amazonbot/0.1; +https://developer.amazon.com/support/amazonbot)" www.kaickaviella.meumercado.app 10.53.184.85
104.28.225.24 - - [17/Jun/2026:23:40:25 -0300] "GET /shop/magnifiable/preventively012393611570.shtml HTTP/1.1" 200 - "-" "Mozilla/5.0 (compatible; OAI-SearchBot/1.3; +https://openai.com/searchbot)" www.kaickaviella.meumercado.app 10.53.184.85
104.28.225.24 - - [17/Jun/2026:23:40:24 -0300] "GET /shop/bogies/indiarubber013784154011.shtml HTTP/1.1" 200 - "-" "Mozilla/5.0 (compatible; OAI-SearchBot/1.3; +https://openai.com/searchbot)" www.kaickaviella.meumercado.app 10.53.184.85
104.28.225.24 - - [17/Jun/2026:23:40:25 -0300] "GET /shop/writhing/satinette01845418308.shtml HTTP/1.1" 200 - "-" "Mozilla/5.0 (compatible; PerplexityBot/1.0; +https://perplexity.ai/perplexitybot)" www.kaickaviella.meumercado.app 10.53.184.85
104.28.225.24 - - [17/Jun/2026:23:40:25 -0300] "GET /shop/trebly/autocatalysis013835119920.shtml HTTP/1.1" 200 - "-" "Mozilla/5.0 AppleWebKit/537.36 (KHTML, like Gecko; compatible; GPTBot/1.3; +https://openai.com/gptbot)" www.kaickaviella.meumercado.app 10.53.184.85
104.28.225.24 - - [17/Jun/2026:23:40:25 -0300] "GET /shop/dendrocygna/utterance012041406889.shtml HTTP/1.1" 200 - "-" "Mozilla/5.0 (compatible; Applebot/0.1; +http://www.apple.com/go/applebot)" www.kaickaviella.meumercado.app 10.53.184.85
104.28.225.24 - - [17/Jun/2026:23:40:24 -0300] "GET /shop/dephlegmated/psychiatria012178748024.shtml HTTP/1.1" 200 50297 "-" "Mozilla/5.0 (compatible; bingbot/2.0; +http://www.bing.com/bingbot.htm)" www.kaickaviella.meumercado.app 10.53.184.85
104.28.225.24 - - [17/Jun/2026:23:40:24 -0300] "GET /shop/galliwasp/chronophotograph012787934565.shtml HTTP/1.1" 200 52505 "-" "Mozilla/5.0 (compatible; Google-CloudVertexBot; +https://cloud.google.com/vertex-ai-bot)" www.kaickaviella.meumercado.app 10.53.184.85
104.28.225.24 - - [17/Jun/2026:23:40:24 -0300] "GET /shop/buffeted/karat013588551559.shtml HTTP/1.1" 200 49573 "-" "Mozilla/5.0 (compatible; bingbot/2.0; +http://www.bing.com/bingbot.htm)" www.kaickaviella.meumercado.app 10.53.184.85
104.28.225.24 - - [17/Jun/2026:23:40:27 -0300] "GET /shop/pintados/laborant013982874570.shtml HTTP/1.1" 200 - "-" "Mozilla/5.0 (compatible; Applebot/0.1; +http://www.apple.com/go/applebot)" www.kaickaviella.meumercado.app 10.53.184.85
104.28.225.24 - - [17/Jun/2026:23:40:24 -0300] "GET /shop/terrigenous/renewedness01303340631.shtml HTTP/1.1" 200 50727 "-" "Mozilla/5.0 (compatible; GoogleOther; +https://developers.google.com/search/)" www.kaickaviella.meumercado.app 10.53.184.85
104.28.225.24 - - [17/Jun/2026:23:40:28 -0300] "GET /shop/ovenbake/childhood01510026699.shtml HTTP/1.1" 200 - "-" "Mozilla/5.0 (compatible; Applebot/0.1; +http://www.apple.com/go/applebot)" www.kaickaviella.meumercado.app 10.53.184.85
104.28.225.24 - - [17/Jun/2026:23:40:24 -0300] "GET /shop/outweigh/smoother01993172990.shtml HTTP/1.1" 200 51843 "-" "Mozilla/5.0 (compatible; Google-CloudVertexBot; +https://cloud.google.com/vertex-ai-bot)" www.kaickaviella.meumercado.app 10.53.184.85
104.28.225.24 - - [17/Jun/2026:23:40:27 -0300] "GET /shop/tripetaloid/womanlike013674345707.shtml HTTP/1.1" 200 - "-" "Mozilla/5.0 (compatible; PerplexityBot/1.0; +https://perplexity.ai/perplexitybot)" www.kaickaviella.meumercado.app 10.53.184.85
104.28.225.24 - - [17/Jun/2026:23:40:27 -0300] "GET /shop/adyta/swallower011182528595.shtml HTTP/1.1" 200 - "-" "Mozilla/5.0 (compatible; OAI-SearchBot/1.3; +https://openai.com/searchbot)" www.kaickaviella.meumercado.app 10.53.184.85
104.28.225.24 - - [17/Jun/2026:23:40:24 -0300] "GET /shop/nigra/christs01943764506.shtml HTTP/1.1" 200 50303 "-" "Mozilla/5.0 (compatible; Google-CloudVertexBot; +https://cloud.google.com/vertex-ai-bot)" www.kaickaviella.meumercado.app 10.53.184.85
104.28.225.24 - - [17/Jun/2026:23:40:28 -0300] "GET /shop/ousted/nettings052981627124.shtml HTTP/1.1" 200 - "-" "Mozilla/5.0 (compatible; PerplexityBot/1.0; +https://perplexity.ai/perplexitybot)" www.kaickaviella.meumercado.app 10.53.184.85
104.28.225.24 - - [17/Jun/2026:23:40:28 -0300] "GET /shop/fulled/demosthenes013075055289.shtml HTTP/1.1" 200 - "-" "Mozilla/5.0 (compatible; OAI-SearchBot/1.3; +https://openai.com/searchbot)" www.kaickaviella.meumercado.app 10.53.184.85
104.28.225.24 - - [17/Jun/2026:23:40:24 -0300] "GET /shop/stratagemical/journalizing013440796909.shtml HTTP/1.1" 200 54117 "-" "Mozilla/5.0 (compatible; GoogleOther; +https://developers.google.com/search/)" www.kaickaviella.meumercado.app 10.53.184.85
104.28.225.24 - - [17/Jun/2026:23:40:25 -0300] "GET /shop/burgessship/genially0158797208.shtml HTTP/1.1" 200 50902 "-" "Mozilla/5.0 (compatible; GoogleOther; +https://developers.google.com/search/)" www.kaickaviella.meumercado.app 10.53.184.85
104.28.225.24 - - [17/Jun/2026:23:40:29 -0300] "GET /shop/coordinates/refectory01288246268.shtml HTTP/1.1" 200 - "-" "Mozilla/5.0 (compatible; PerplexityBot/1.0; +https://perplexity.ai/perplexitybot)" www.kaickaviella.meumercado.app 10.53.184.85
104.28.225.24 - - [17/Jun/2026:23:40:29 -0300] "GET /shop/corporealities/spatangus032981627124.shtml HTTP/1.1" 200 - "-" "Mozilla/5.0 AppleWebKit/537.36 (KHTML, like Gecko; compatible; ChatGPT-User/1.0; +https://openai.com/bot)" www.kaickaviella.meumercado.app 10.53.184.85
104.28.225.24 - - [17/Jun/2026:23:40:28 -0300] "GET /shop/autoeroticism/wright013234669512.shtml HTTP/1.1" 200 - "-" "Mozilla/5.0 (compatible; Baiduspider/2.0; +http://www.baidu.com/search/spider.html)" www.kaickaviella.meumercado.app 10.53.184.85
104.28.225.24 - - [17/Jun/2026:23:40:28 -0300] "GET /shop/lollop/contrite012121233541.shtml HTTP/1.1" 200 - "-" "Mozilla/5.0 AppleWebKit/537.36 (KHTML, like Gecko; compatible; ChatGPT-User/1.0; +https://openai.com/bot)" www.kaickaviella.meumercado.app 10.53.184.85
104.28.225.24 - - [17/Jun/2026:23:40:29 -0300] "GET /shop/finback/ducked013929302644.shtml HTTP/1.1" 200 - "-" "Mozilla/5.0 (compatible; OAI-SearchBot/1.3; +https://openai.com/searchbot)" www.kaickaviella.meumercado.app 10.53.184.85
104.28.225.24 - - [17/Jun/2026:23:40:29 -0300] "GET /shop/stooked/litigable012229713949.shtml HTTP/1.1" 200 - "-" "Mozilla/5.0 (compatible; DuckDuckBot/1.1; +http://duckduckgo.com/duckduckbot.html)" www.kaickaviella.meumercado.app 10.53.184.85
104.28.225.24 - - [17/Jun/2026:23:40:29 -0300] "GET /shop/dropmeal/perseption01436000918.shtml HTTP/1.1" 200 - "-" "Mozilla/5.0 (compatible; OAI-SearchBot/1.3; +https://openai.com/searchbot)" www.kaickaviella.meumercado.app 10.53.184.85
104.28.225.24 - - [17/Jun/2026:23:40:30 -0300] "GET /shop/drabbet/oxyspirit014068668718.shtml HTTP/1.1" 200 - "-" "Mozilla/5.0 (compatible; PerplexityBot/1.0; +https://perplexity.ai/perplexitybot)" www.kaickaviella.meumercado.app 10.53.184.85
104.28.225.24 - - [17/Jun/2026:23:40:30 -0300] "GET /shop/learned/fairandsquare011469649319.shtml HTTP/1.1" 200 - "-" "Mozilla/5.0 AppleWebKit/537.36 (KHTML, like Gecko; compatible; ChatGPT-User/1.0; +https://openai.com/bot)" www.kaickaviella.meumercado.app 10.53.184.85
104.28.225.24 - - [17/Jun/2026:23:40:30 -0300] "GET /shop/pleurocentrum/frowning01682569279.shtml HTTP/1.1" 200 - "-" "Mozilla/5.0 AppleWebKit/537.36 (KHTML, like Gecko; compatible; ChatGPT-User/1.0; +https://openai.com/bot)" www.kaickaviella.meumercado.app 10.53.184.85
104.28.225.24 - - [17/Jun/2026:23:40:27 -0300] "GET /shop/dengue/guides013155701091.shtml HTTP/1.1" 200 49629 "-" "Mozilla/5.0 (compatible; bingbot/2.0; +http://www.bing.com/bingbot.htm)" www.kaickaviella.meumercado.app 10.53.184.85
104.28.225.24 - - [17/Jun/2026:23:40:30 -0300] "GET /shop/dispersion/clavicornes012377468599.shtml HTTP/1.1" 200 - "-" "Mozilla/5.0 (compatible; DuckDuckBot/1.1; +http://duckduckgo.com/duckduckbot.html)" www.kaickaviella.meumercado.app 10.53.184.85
104.28.225.24 - - [17/Jun/2026:23:40:35 -0300] "GET /shop/duteousness/cocoonery044015275525.shtml HTTP/1.1" 200 - "-" "Mozilla/5.0 (compatible; YandexBot/3.0; +http://yandex.com/bots)" www.kaickaviella.meumercado.app 10.53.184.85
104.28.225.24 - - [17/Jun/2026:23:40:33 -0300] "GET /shop/%E3%83%8D%E3%83%83%E3%83%88%E6%AD%A3%E6%96%B9%E5%BD%A2%E3%83%A1%E3%82%BF%E3%83%AB%E3%83%AC%E3%83%B3%E3%82%BA%E3%83%95%E3%83%BC%E3%83%89%E3%82%B7%E3%82%A7%E3%83%BC%E3%83%89with%20JJC%E3%83%90%E3%83%A8%E3%83%8D%E3%83%83%E3%83%88%E6%AD%A3%E6%96%B9%E5%BD%A2%E3%83%A1%E3%82%BF%E3%83%AB%E3%83%AC%E3%83%B3%E3%82%BA%E3%83%95%E3%83%BC%E3%83%89%E3%82%B7%E3%82%A7%E3%83%BC%E3%83%89with%20ABS%20slide-in%E3%83%95%E3%83%BC%E3%83%89%E3%82%AD%E3%83%A3%E3%83%83%E3%83%97for%20Fuji%20Fujifilm%20Fujinon%20X%20ABS HTTP/1.1" 200 - "-" "Mozilla/5.0 (compatible; PerplexityBot/1.0; +https://perplexity.ai/perplexitybot)" www.kaickaviella.meumercado.app 10.53.184.85
104.28.225.24 - - [17/Jun/2026:23:40:29 -0300] "GET /shop/gracula/catanadromous011321894669.shtml HTTP/1.1" 200 52453 "-" "Mozilla/5.0 (compatible; bingbot/2.0; +http://www.bing.com/bingbot.htm)" www.kaickaviella.meumercado.app 10.53.184.85
104.28.225.24 - - [17/Jun/2026:23:40:28 -0300] "GET /shop/agitation/overtly012596434098.shtml HTTP/1.1" 200 55191 "-" "Mozilla/5.0 (compatible; Google-CloudVertexBot; +https://cloud.google.com/vertex-ai-bot)" www.kaickaviella.meumercado.app 10.53.184.85
104.28.225.24 - - [17/Jun/2026:23:40:27 -0300] "GET /shop/badgering/doughtren013534979649.shtml HTTP/1.1" 200 53283 "-" "Mozilla/5.0 (compatible; GoogleOther; +https://developers.google.com/search/)" www.kaickaviella.meumercado.app 10.53.184.85
104.28.225.24 - - [17/Jun/2026:23:40:28 -0300] "GET /shop/farsightedness/dhotel013791841584.shtml HTTP/1.1" 200 52728 "-" "Mozilla/5.0 (compatible; Google-CloudVertexBot; +https://cloud.google.com/vertex-ai-bot)" www.kaickaviella.meumercado.app 10.53.184.85
104.28.225.24 - - [17/Jun/2026:23:40:34 -0300] "GET /shop/thalasseus/tittertotter012507194511.shtml HTTP/1.1" 200 53609 "-" "Mozilla/5.0 (compatible; GoogleOther; +https://developers.google.com/search/)" www.kaickaviella.meumercado.app 10.53.184.85
104.28.225.24 - - [17/Jun/2026:23:40:33 -0300] "GET /shop/bellicose/downer01140491602.shtml HTTP/1.1" 200 51755 "-" "Mozilla/5.0 (compatible; GoogleOther; +https://developers.google.com/search/)" www.kaickaviella.meumercado.app 10.53.184.85
104.28.225.24 - - [17/Jun/2026:23:40:35 -0300] "GET /shop/pexity/opposal011487264852.shtml HTTP/1.1" 200 49948 "-" "Mozilla/5.0 (compatible; GoogleOther; +https://developers.google.com/search/)" www.kaickaviella.meumercado.app 10.53.184.85
104.28.225.24 - - [17/Jun/2026:23:40:36 -0300] "GET /shop/autotelism/termite012530254367.shtml HTTP/1.1" 200 53255 "-" "Mozilla/5.0 (compatible; GoogleOther; +https://developers.google.com/search/)" www.kaickaviella.meumercado.app 10.53.184.85
104.28.225.24 - - [17/Jun/2026:23:49:51 -0300] "GET /appsettings.json HTTP/1.1" 200 54110 "-" "Mozilla/5.0 (compatible; Google-CloudVertexBot; +https://cloud.google.com/vertex-ai-bot)" www.kaickaviella.meumercado.app 10.53.184.85
104.28.225.24 - - [17/Jun/2026:23:56:12 -0300] "GET /api/config HTTP/1.1" 200 - "-" "Mozilla/5.0 AppleWebKit/537.36 (KHTML, like Gecko; compatible; ChatGPT-User/1.0; +https://openai.com/bot)" www.kaickaviella.meumercado.app 10.53.184.85
104.28.225.24 - - [17/Jun/2026:23:56:45 -0300] "GET /api/env HTTP/1.1" 200 51559 "-" "Mozilla/5.0 (compatible; GoogleOther; +https://developers.google.com/search/)" www.kaickaviella.meumercado.app 10.53.184.85
104.28.225.24 - - [17/Jun/2026:23:56:53 -0300] "GET /.git/HEAD HTTP/1.1" 200 - "-" "Mozilla/5.0 (compatible; DuckDuckBot/1.1; +http://duckduckgo.com/duckduckbot.html)" www.kaickaviella.meumercado.app 10.53.184.85
104.28.225.24 - - [17/Jun/2026:23:56:57 -0300] "GET /app/.git/HEAD HTTP/1.1" 406 226 "-" "CCBot/2.0 (https://commoncrawl.org/faq/)" www.kaickaviella.meumercado.app 10.53.184.85
104.28.225.24 - - [17/Jun/2026:23:56:58 -0300] "GET /public/.git/HEAD HTTP/1.1" 200 - "-" "Mozilla/5.0 AppleWebKit/537.36 (KHTML, like Gecko; compatible; ChatGPT-User/1.0; +https://openai.com/bot)" www.kaickaviella.meumercado.app 10.53.184.85
104.28.225.24 - - [17/Jun/2026:23:57:02 -0300] "GET /src/.git/HEAD HTTP/1.1" 200 - "-" "Mozilla/5.0 (compatible; OAI-SearchBot/1.3; +https://openai.com/searchbot)" www.kaickaviella.meumercado.app 10.53.184.85
104.28.225.24 - - [17/Jun/2026:23:57:06 -0300] "GET /backend/.git/HEAD HTTP/1.1" 200 - "-" "Mozilla/5.0 (compatible; Baiduspider/2.0; +http://www.baidu.com/search/spider.html)" www.kaickaviella.meumercado.app 10.53.184.85
45.227.253.15 - - [18/Jun/2026:03:10:19 -0300] "GET /index.php/jk HTTP/1.1" 409 83 "-" "Mozilla/5.0 (Windows NT 10.0; Win64; x64) AppleWebKit/537.36 (KHTML, like Gecko) Chrome/82.0.3292.140 Safari/537.36 Edge/18.18761" kaickaviella.meumercado.app 10.53.184.85
45.227.253.15 - - [18/Jun/2026:11:05:24 -0300] "GET /index.php/jk HTTP/1.1" 409 83 "-" "Mozilla/5.0 (Macintosh; Intel Mac OS X 10.15; rv:81.0) Gecko/20100101 Firefox/81.0" kaickaviella.meumercado.app 10.53.184.85
45.227.253.15 - - [18/Jun/2026:13:13:45 -0300] "GET /index.php/jk HTTP/1.1" 409 83 "-" "Mozilla/5.0 (iPad; U; CPU OS 4_3_4 like Mac OS X; ja) AppleWebKit/533.17.9 (KHTML, like Gecko) Version/5.0.2 Mobile/8J2 Safari/6533.18.5" kaickaviella.meumercado.app 10.53.184.85
74.7.228.27 - - [18/Jun/2026:17:30:49 -0300] "GET /robots.txt HTTP/2.0" 200 106 "-" "Mozilla/5.0 (Macintosh; Intel Mac OS X 10_15_7) AppleWebKit/537.36 (KHTML, like Gecko) Chrome/131.0.0.0 Safari/537.36; compatible; OAI-SearchBot/1.4; robots.txt; +https://openai.com/searchbot" kaickaviella.meumercado.app 10.53.184.85
74.7.241.11 - - [18/Jun/2026:17:30:48 -0300] "GET /sitemap.xml HTTP/2.0" 200 - "-" "Mozilla/5.0 AppleWebKit/537.36 (KHTML, like Gecko; compatible; GPTBot/1.4; +https://openai.com/gptbot)" kaickaviella.meumercado.app 10.53.184.85
74.7.241.11 - - [18/Jun/2026:17:39:39 -0300] "GET /?sitemap.xml HTTP/2.0" 200 - "-" "Mozilla/5.0 AppleWebKit/537.36 (KHTML, like Gecko; compatible; GPTBot/1.4; +https://openai.com/gptbot)" kaickaviella.meumercado.app 10.53.184.85
45.227.253.15 - - [18/Jun/2026:22:06:40 -0300] "GET /index.php/jk HTTP/1.1" 409 83 "-" "Mozilla/5.0 (Windows NT 10.0; Win64; x64) AppleWebKit/537.36 (KHTML, like Gecko) Chrome/75.0.3780 Safari/537.36 Edg/75.0.139" kaickaviella.meumercado.app 10.53.184.85
45.227.253.15 - - [19/Jun/2026:02:07:05 -0300] "GET /index.php/jk HTTP/1.1" 409 83 "-" "Mozilla/5.0 (Macintosh; Intel Mac OS X 10.12; rv:103.0) Gecko/20100101 Firefox/101.0" kaickaviella.meumercado.app 10.53.184.85
