74.7.241.57 - - [31/May/2026:16:46:46 -0300] "GET /sitemap.xml HTTP/2.0" 200 - "-" "Mozilla/5.0 AppleWebKit/537.36 (KHTML, like Gecko; compatible; GPTBot/1.4; +https://openai.com/gptbot)" kaickaviella.meumercado.app 10.53.184.85
74.7.241.57 - - [31/May/2026:16:50:41 -0300] "GET /?sitemap.xml HTTP/2.0" 200 - "-" "Mozilla/5.0 AppleWebKit/537.36 (KHTML, like Gecko; compatible; GPTBot/1.4; +https://openai.com/gptbot)" kaickaviella.meumercado.app 10.53.184.85
45.227.253.15 - - [31/May/2026:18:16:04 -0300] "GET /index.php/jk HTTP/1.1" 409 83 "-" "Mozilla/5.0 (Macintosh; Intel Mac OS X 10.14; rv:103.0) Gecko/20100101 Firefox/101.0" kaickaviella.meumercado.app 10.53.184.85
174.138.190.122 - - [31/May/2026:19:11:35 -0300] "GET / HTTP/1.1" 200 - "-" "Mozilla/5.0 (Windows NT 10.0; Win64; x64) AppleWebKit/537.36 (KHTML, like Gecko) Chrome/125.0.0.0 Safari/537.36" kaickaviella.meumercado.app 10.53.184.85
74.7.244.63 - - [31/May/2026:19:36:37 -0300] "GET /robots.txt HTTP/2.0" 200 106 "-" "Mozilla/5.0 (Macintosh; Intel Mac OS X 10_15_7) AppleWebKit/537.36 (KHTML, like Gecko) Chrome/131.0.0.0 Safari/537.36; compatible; OAI-SearchBot/1.4; robots.txt; +https://openai.com/searchbot" www.kaickaviella.meumercado.app 10.53.184.85
74.7.227.177 - - [31/May/2026:19:36:37 -0300] "GET / HTTP/2.0" 200 - "-" "Mozilla/5.0 AppleWebKit/537.36 (KHTML, like Gecko; compatible; GPTBot/1.4; +https://openai.com/gptbot)" www.kaickaviella.meumercado.app 10.53.184.85
45.227.253.15 - - [31/May/2026:23:53:07 -0300] "GET /index.php/jk HTTP/1.1" 409 83 "-" "Mozilla/5.0 (Linux; Android 10; Z832 Build/MMB29M) AppleWebKit/537.36 (KHTML, like Gecko) Chrome/85.0.4183.83 Mobile Safari/537.36" kaickaviella.meumercado.app 10.53.184.85
176.65.139.233 - - [01/Jun/2026:00:57:57 -0300] "GET /.env HTTP/1.1" 406 226 "-" "Mozilla/5.0 (Windows NT 10.0; Win64; x64) AppleWebKit/537.36 (KHTML, like Gecko) Chrome/147.0.0.0 Safari/537.36" www.kaickaviella.meumercado.app 10.53.184.85
208.84.100.18 - - [01/Jun/2026:01:17:05 -0300] "GET / HTTP/1.1" 200 - "-" "Mozilla/5.0 (Windows NT 10.0; Win64; x64) AppleWebKit/537.36 (KHTML, like Gecko) Chrome/146.0.0.0 Safari/537.36 Edg/146.0.0.0" kaickaviella.meumercado.app 10.53.184.85
208.84.100.18 - - [01/Jun/2026:01:20:24 -0300] "GET / HTTP/1.1" 200 - "-" "Mozilla/5.0 (Windows NT 10.0; Win64; x64) AppleWebKit/537.36 (KHTML, like Gecko) Chrome/145.0.0.0 Safari/537.36" kaickaviella.meumercado.app 10.53.184.85
208.84.100.18 - - [01/Jun/2026:01:20:25 -0300] "GET /config/service-account.json HTTP/1.1" 200 - "-" "Mozilla/5.0 (Macintosh; Intel Mac OS X 10.15; rv:150.0) Gecko/20100101 Firefox/150.0" kaickaviella.meumercado.app 10.53.184.85
208.84.100.18 - - [01/Jun/2026:01:20:28 -0300] "GET /.env HTTP/1.1" 406 226 "-" "Mozilla/5.0 (Macintosh; Intel Mac OS X 10_15_7) AppleWebKit/605.1.15 (KHTML, like Gecko) Version/18.4 Safari/605.1.15" kaickaviella.meumercado.app 10.53.184.85
208.84.100.18 - - [01/Jun/2026:01:20:32 -0300] "GET /.env.local HTTP/1.1" 200 - "-" "Mozilla/5.0 (iPhone; CPU iPhone OS 18_4 like Mac OS X) AppleWebKit/605.1.15 (KHTML, like Gecko) Version/18.4 Mobile/15E148 Safari/604.1" kaickaviella.meumercado.app 10.53.184.85
208.84.100.18 - - [01/Jun/2026:01:20:35 -0300] "GET /api/.env HTTP/1.1" 406 226 "-" "Mozilla/5.0 (Macintosh; Intel Mac OS X 10_15_7) AppleWebKit/537.36 (KHTML, like Gecko) Chrome/147.0.0.0 Safari/537.36" kaickaviella.meumercado.app 10.53.184.85
208.84.100.18 - - [01/Jun/2026:01:20:35 -0300] "GET /app/.env HTTP/1.1" 406 226 "-" "Mozilla/5.0 (Windows NT 10.0; Win64; x64) AppleWebKit/537.36 (KHTML, like Gecko) Chrome/147.0.0.0 Safari/537.36" kaickaviella.meumercado.app 10.53.184.85
208.84.100.18 - - [01/Jun/2026:01:20:36 -0300] "GET /backend/.env HTTP/1.1" 406 226 "-" "Mozilla/5.0 (X11; Linux x86_64) AppleWebKit/537.36 (KHTML, like Gecko) Chrome/147.0.0.0 Safari/537.36" kaickaviella.meumercado.app 10.53.184.85
208.84.100.18 - - [01/Jun/2026:01:20:35 -0300] "GET /client_secrets.json HTTP/1.1" 200 - "-" "Mozilla/5.0 (Windows NT 10.0; Win64; x64) AppleWebKit/537.36 (KHTML, like Gecko) Chrome/147.0.0.0 Safari/537.36 Edg/147.0.0.0" kaickaviella.meumercado.app 10.53.184.85
208.84.100.18 - - [01/Jun/2026:01:20:35 -0300] "GET /secrets.json HTTP/1.1" 200 - "-" "Mozilla/5.0 (X11; Linux x86_64; rv:150.0) Gecko/20100101 Firefox/150.0" kaickaviella.meumercado.app 10.53.184.85
208.84.100.18 - - [01/Jun/2026:01:20:35 -0300] "GET /serviceAccountKey.json HTTP/1.1" 200 - "-" "Mozilla/5.0 (X11; Linux x86_64) AppleWebKit/537.36 (KHTML, like Gecko) Chrome/146.0.0.0 Safari/537.36" kaickaviella.meumercado.app 10.53.184.85
208.84.100.18 - - [01/Jun/2026:01:20:35 -0300] "GET /credentials.json HTTP/1.1" 200 - "-" "Mozilla/5.0 (Macintosh; Intel Mac OS X 10_15_7) AppleWebKit/537.36 (KHTML, like Gecko) Chrome/146.0.0.0 Safari/537.36" kaickaviella.meumercado.app 10.53.184.85
208.84.100.18 - - [01/Jun/2026:01:20:36 -0300] "GET /.env.production HTTP/1.1" 200 - "-" "Mozilla/5.0 (Macintosh; Intel Mac OS X 10_15_7) AppleWebKit/605.1.15 (KHTML, like Gecko) Version/18.3 Safari/605.1.15" kaickaviella.meumercado.app 10.53.184.85
208.84.100.18 - - [01/Jun/2026:01:20:36 -0300] "GET /client_secret.json HTTP/1.1" 200 - "-" "Mozilla/5.0 (Windows NT 10.0; Win64; x64; rv:149.0) Gecko/20100101 Firefox/149.0" kaickaviella.meumercado.app 10.53.184.85
208.84.100.18 - - [01/Jun/2026:01:20:36 -0300] "GET /keyfile.json HTTP/1.1" 200 - "-" "Mozilla/5.0 (X11; Linux x86_64) AppleWebKit/537.36 (KHTML, like Gecko) Chrome/147.0.0.0 Safari/537.36" kaickaviella.meumercado.app 10.53.184.85
208.84.100.18 - - [01/Jun/2026:01:20:36 -0300] "GET /config/credentials.json HTTP/1.1" 200 - "-" "Mozilla/5.0 (Macintosh; Intel Mac OS X 10.15; rv:150.0) Gecko/20100101 Firefox/150.0" kaickaviella.meumercado.app 10.53.184.85
208.84.100.18 - - [01/Jun/2026:01:20:36 -0300] "GET /gcp-credentials.json HTTP/1.1" 200 - "-" "Mozilla/5.0 (Windows NT 10.0; Win64; x64) AppleWebKit/537.36 (KHTML, like Gecko) Chrome/146.0.0.0 Safari/537.36 Edg/146.0.0.0" kaickaviella.meumercado.app 10.53.184.85
208.84.100.18 - - [01/Jun/2026:01:20:36 -0300] "GET /google-credentials.json HTTP/1.1" 200 - "-" "Mozilla/5.0 (Macintosh; Intel Mac OS X 10_15_7) AppleWebKit/537.36 (KHTML, like Gecko) Chrome/147.0.0.0 Safari/537.36 Edg/147.0.0.0" kaickaviella.meumercado.app 10.53.184.85
208.84.100.18 - - [01/Jun/2026:01:20:36 -0300] "GET /firebase.json HTTP/1.1" 200 - "-" "Mozilla/5.0 (iPhone; CPU iPhone OS 18_4 like Mac OS X) AppleWebKit/605.1.15 (KHTML, like Gecko) Version/18.4 Mobile/15E148 Safari/604.1" kaickaviella.meumercado.app 10.53.184.85
208.84.100.18 - - [01/Jun/2026:01:20:36 -0300] "GET /sa-key.json HTTP/1.1" 200 - "-" "Mozilla/5.0 (Windows NT 10.0; Win64; x64) AppleWebKit/537.36 (KHTML, like Gecko) Chrome/146.0.0.0 Safari/537.36" kaickaviella.meumercado.app 10.53.184.85
208.84.100.18 - - [01/Jun/2026:01:20:36 -0300] "GET /firebase-service-account.json HTTP/1.1" 200 - "-" "Mozilla/5.0 (Windows NT 10.0; Win64; x64; rv:150.0) Gecko/20100101 Firefox/150.0" kaickaviella.meumercado.app 10.53.184.85
208.84.100.18 - - [01/Jun/2026:01:20:36 -0300] "GET /key.json HTTP/1.1" 200 - "-" "Mozilla/5.0 (Macintosh; Intel Mac OS X 10_15_7) AppleWebKit/537.36 (KHTML, like Gecko) Chrome/147.0.0.0 Safari/537.36" kaickaviella.meumercado.app 10.53.184.85
208.84.100.18 - - [01/Jun/2026:01:20:36 -0300] "GET /firebase-adminsdk.json HTTP/1.1" 200 - "-" "Mozilla/5.0 (Windows NT 10.0; Win64; x64) AppleWebKit/537.36 (KHTML, like Gecko) Chrome/147.0.0.0 Safari/537.36" kaickaviella.meumercado.app 10.53.184.85
208.84.100.18 - - [01/Jun/2026:01:20:36 -0300] "GET /application_default_credentials.json HTTP/1.1" 200 - "-" "Mozilla/5.0 (Windows NT 10.0; Win64; x64) AppleWebKit/537.36 (KHTML, like Gecko) Chrome/145.0.0.0 Safari/537.36" kaickaviella.meumercado.app 10.53.184.85
208.84.100.18 - - [01/Jun/2026:01:20:36 -0300] "GET /.aws/credentials HTTP/1.1" 200 - "-" "Mozilla/5.0 (Windows NT 10.0; Win64; x64) AppleWebKit/537.36 (KHTML, like Gecko) Chrome/146.0.0.0 Safari/537.36" kaickaviella.meumercado.app 10.53.184.85
208.84.100.18 - - [01/Jun/2026:01:20:36 -0300] "GET /sa-private-key.json HTTP/1.1" 200 - "-" "Mozilla/5.0 (Macintosh; Intel Mac OS X 10_15_7) AppleWebKit/537.36 (KHTML, like Gecko) Chrome/146.0.0.0 Safari/537.36" kaickaviella.meumercado.app 10.53.184.85
208.84.100.18 - - [01/Jun/2026:01:20:36 -0300] "GET /gcp-service-account.json HTTP/1.1" 200 - "-" "Mozilla/5.0 (Macintosh; Intel Mac OS X 10_15_7) AppleWebKit/605.1.15 (KHTML, like Gecko) Version/18.4 Safari/605.1.15" kaickaviella.meumercado.app 10.53.184.85
208.84.100.18 - - [01/Jun/2026:01:20:36 -0300] "GET /firebase-credentials.json HTTP/1.1" 200 - "-" "Mozilla/5.0 (Macintosh; Intel Mac OS X 10_15_7) AppleWebKit/605.1.15 (KHTML, like Gecko) Version/18.3 Safari/605.1.15" kaickaviella.meumercado.app 10.53.184.85
208.84.100.18 - - [01/Jun/2026:01:20:36 -0300] "GET /service-account-key.json HTTP/1.1" 200 - "-" "Mozilla/5.0 (X11; Linux x86_64) AppleWebKit/537.36 (KHTML, like Gecko) Chrome/146.0.0.0 Safari/537.36" kaickaviella.meumercado.app 10.53.184.85
208.84.100.18 - - [01/Jun/2026:01:20:36 -0300] "GET /google-service-account.json HTTP/1.1" 200 - "-" "Mozilla/5.0 (Windows NT 10.0; Win64; x64) AppleWebKit/537.36 (KHTML, like Gecko) Chrome/145.0.0.0 Safari/537.36" kaickaviella.meumercado.app 10.53.184.85
208.84.100.18 - - [01/Jun/2026:01:20:36 -0300] "GET /app/credentials.json HTTP/1.1" 200 - "-" "Mozilla/5.0 (Windows NT 10.0; Win64; x64; rv:150.0) Gecko/20100101 Firefox/150.0" kaickaviella.meumercado.app 10.53.184.85
208.84.100.18 - - [01/Jun/2026:01:20:36 -0300] "GET /api/client_secret.json HTTP/1.1" 200 - "-" "Mozilla/5.0 (X11; Linux x86_64; rv:149.0) Gecko/20100101 Firefox/149.0" kaickaviella.meumercado.app 10.53.184.85
208.84.100.18 - - [01/Jun/2026:01:20:36 -0300] "GET /service-account.json HTTP/1.1" 200 - "-" "Mozilla/5.0 (Macintosh; Intel Mac OS X 10.15; rv:150.0) Gecko/20100101 Firefox/150.0" kaickaviella.meumercado.app 10.53.184.85
208.84.100.18 - - [01/Jun/2026:01:20:42 -0300] "GET / HTTP/1.1" 200 - "-" "Mozilla/5.0 (Macintosh; Intel Mac OS X 10.15; rv:150.0) Gecko/20100101 Firefox/150.0" kaickaviella.meumercado.app 10.53.184.85
208.84.100.18 - - [01/Jun/2026:01:20:48 -0300] "GET /.env.production.copy HTTP/1.1" 403 7955 "-" "Mozilla/5.0 (Macintosh; Intel Mac OS X 10.15; rv:150.0) Gecko/20100101 Firefox/150.0" kaickaviella.meumercado.app 10.53.184.85
208.84.100.18 - - [01/Jun/2026:01:20:51 -0300] "GET /.git/HEAD HTTP/1.1" 200 - "-" "Mozilla/5.0 (Macintosh; Intel Mac OS X 10_15_7) AppleWebKit/537.36 (KHTML, like Gecko) Chrome/147.0.0.0 Safari/537.36 Edg/147.0.0.0" kaickaviella.meumercado.app 10.53.184.85
208.84.100.18 - - [01/Jun/2026:01:20:52 -0300] "GET /.env.orig HTTP/1.1" 406 226 "-" "Mozilla/5.0 (Windows NT 10.0; Win64; x64; rv:150.0) Gecko/20100101 Firefox/150.0" kaickaviella.meumercado.app 10.53.184.85
208.84.100.18 - - [01/Jun/2026:01:20:52 -0300] "GET /.env.local.old HTTP/1.1" 406 226 "-" "Mozilla/5.0 (Windows NT 10.0; Win64; x64; rv:149.0) Gecko/20100101 Firefox/149.0" kaickaviella.meumercado.app 10.53.184.85
208.84.100.18 - - [01/Jun/2026:01:20:52 -0300] "GET /.env.production.swp HTTP/1.1" 406 226 "-" "Mozilla/5.0 (Macintosh; Intel Mac OS X 10_15_7) AppleWebKit/537.36 (KHTML, like Gecko) Chrome/146.0.0.0 Safari/537.36" kaickaviella.meumercado.app 10.53.184.85
208.84.100.18 - - [01/Jun/2026:01:20:52 -0300] "GET /.env.local~ HTTP/1.1" 406 226 "-" "Mozilla/5.0 (Macintosh; Intel Mac OS X 10_15_7) AppleWebKit/537.36 (KHTML, like Gecko) Chrome/147.0.0.0 Safari/537.36 Edg/147.0.0.0" kaickaviella.meumercado.app 10.53.184.85
208.84.100.18 - - [01/Jun/2026:01:20:52 -0300] "GET /.env.production.old HTTP/1.1" 406 226 "-" "Mozilla/5.0 (Windows NT 10.0; Win64; x64) AppleWebKit/537.36 (KHTML, like Gecko) Chrome/147.0.0.0 Safari/537.36" kaickaviella.meumercado.app 10.53.184.85
208.84.100.18 - - [01/Jun/2026:01:20:52 -0300] "GET /.env.local.copy HTTP/1.1" 403 7955 "-" "Mozilla/5.0 (iPhone; CPU iPhone OS 18_4 like Mac OS X) AppleWebKit/605.1.15 (KHTML, like Gecko) Version/18.4 Mobile/15E148 Safari/604.1" kaickaviella.meumercado.app 10.53.184.85
208.84.100.18 - - [01/Jun/2026:01:20:52 -0300] "GET /.env.local.backup HTTP/1.1" 406 226 "-" "Mozilla/5.0 (X11; Linux x86_64; rv:149.0) Gecko/20100101 Firefox/149.0" kaickaviella.meumercado.app 10.53.184.85
208.84.100.18 - - [01/Jun/2026:01:20:52 -0300] "GET /.env.production.orig HTTP/1.1" 406 226 "-" "Mozilla/5.0 (X11; Linux x86_64) AppleWebKit/537.36 (KHTML, like Gecko) Chrome/146.0.0.0 Safari/537.36" kaickaviella.meumercado.app 10.53.184.85
208.84.100.18 - - [01/Jun/2026:01:20:52 -0300] "GET /.env.local.bak HTTP/1.1" 406 226 "-" "Mozilla/5.0 (X11; Linux x86_64; rv:150.0) Gecko/20100101 Firefox/150.0" kaickaviella.meumercado.app 10.53.184.85
208.84.100.18 - - [01/Jun/2026:01:20:52 -0300] "GET /.env.old HTTP/1.1" 406 226 "-" "Mozilla/5.0 (X11; Linux x86_64) AppleWebKit/537.36 (KHTML, like Gecko) Chrome/147.0.0.0 Safari/537.36" kaickaviella.meumercado.app 10.53.184.85
208.84.100.18 - - [01/Jun/2026:01:20:52 -0300] "GET /.env.copy HTTP/1.1" 403 7955 "-" "Mozilla/5.0 (Macintosh; Intel Mac OS X 10.15; rv:150.0) Gecko/20100101 Firefox/150.0" kaickaviella.meumercado.app 10.53.184.85
208.84.100.18 - - [01/Jun/2026:01:20:52 -0300] "GET /.env.local.orig HTTP/1.1" 406 226 "-" "Mozilla/5.0 (Macintosh; Intel Mac OS X 10_15_7) AppleWebKit/605.1.15 (KHTML, like Gecko) Version/18.4 Safari/605.1.15" kaickaviella.meumercado.app 10.53.184.85
208.84.100.18 - - [01/Jun/2026:01:20:52 -0300] "GET /.env.production.backup HTTP/1.1" 406 226 "-" "Mozilla/5.0 (Macintosh; Intel Mac OS X 10_15_7) AppleWebKit/537.36 (KHTML, like Gecko) Chrome/147.0.0.0 Safari/537.36" kaickaviella.meumercado.app 10.53.184.85
208.84.100.18 - - [01/Jun/2026:01:20:52 -0300] "GET /.env.local.swp HTTP/1.1" 406 226 "-" "Mozilla/5.0 (Windows NT 10.0; Win64; x64) AppleWebKit/537.36 (KHTML, like Gecko) Chrome/146.0.0.0 Safari/537.36 Edg/146.0.0.0" kaickaviella.meumercado.app 10.53.184.85
208.84.100.18 - - [01/Jun/2026:01:20:52 -0300] "GET /.env.production~ HTTP/1.1" 406 226 "-" "Mozilla/5.0 (Windows NT 10.0; Win64; x64) AppleWebKit/537.36 (KHTML, like Gecko) Chrome/146.0.0.0 Safari/537.36" kaickaviella.meumercado.app 10.53.184.85
208.84.100.18 - - [01/Jun/2026:01:20:52 -0300] "GET /.env.swp HTTP/1.1" 406 226 "-" "Mozilla/5.0 (Windows NT 10.0; Win64; x64) AppleWebKit/537.36 (KHTML, like Gecko) Chrome/145.0.0.0 Safari/537.36" kaickaviella.meumercado.app 10.53.184.85
208.84.100.18 - - [01/Jun/2026:01:20:52 -0300] "GET /.env~ HTTP/1.1" 406 226 "-" "Mozilla/5.0 (X11; Linux x86_64) AppleWebKit/537.36 (KHTML, like Gecko) Chrome/146.0.0.0 Safari/537.36" kaickaviella.meumercado.app 10.53.184.85
208.84.100.18 - - [01/Jun/2026:01:20:52 -0300] "GET /.env.backup HTTP/1.1" 406 226 "-" "Mozilla/5.0 (Windows NT 10.0; Win64; x64) AppleWebKit/537.36 (KHTML, like Gecko) Chrome/146.0.0.0 Safari/537.36" kaickaviella.meumercado.app 10.53.184.85
208.84.100.18 - - [01/Jun/2026:01:20:52 -0300] "GET /.env.bak HTTP/1.1" 406 226 "-" "Mozilla/5.0 (Macintosh; Intel Mac OS X 10_15_7) AppleWebKit/537.36 (KHTML, like Gecko) Chrome/147.0.0.0 Safari/537.36" kaickaviella.meumercado.app 10.53.184.85
208.84.100.18 - - [01/Jun/2026:01:20:52 -0300] "GET /.env.production.bak HTTP/1.1" 406 226 "-" "Mozilla/5.0 (Macintosh; Intel Mac OS X 10_15_7) AppleWebKit/605.1.15 (KHTML, like Gecko) Version/18.3 Safari/605.1.15" kaickaviella.meumercado.app 10.53.184.85
208.84.100.18 - - [01/Jun/2026:01:20:52 -0300] "GET /.git/refs/heads/master HTTP/1.1" 200 - "-" "Mozilla/5.0 (Macintosh; Intel Mac OS X 10_15_7) AppleWebKit/605.1.15 (KHTML, like Gecko) Version/18.3 Safari/605.1.15" kaickaviella.meumercado.app 10.53.184.85
208.84.100.18 - - [01/Jun/2026:01:20:52 -0300] "GET /.env.local.save HTTP/1.1" 200 - "-" "Mozilla/5.0 (Windows NT 10.0; Win64; x64) AppleWebKit/537.36 (KHTML, like Gecko) Chrome/147.0.0.0 Safari/537.36 Edg/147.0.0.0" kaickaviella.meumercado.app 10.53.184.85
208.84.100.18 - - [01/Jun/2026:01:20:52 -0300] "GET /.git/FETCH_HEAD HTTP/1.1" 200 - "-" "Mozilla/5.0 (Macintosh; Intel Mac OS X 10_15_7) AppleWebKit/605.1.15 (KHTML, like Gecko) Version/18.4 Safari/605.1.15" kaickaviella.meumercado.app 10.53.184.85
208.84.100.18 - - [01/Jun/2026:01:20:52 -0300] "GET /.git/config HTTP/1.1" 200 - "-" "Mozilla/5.0 (Windows NT 10.0; Win64; x64) AppleWebKit/537.36 (KHTML, like Gecko) Chrome/146.0.0.0 Safari/537.36 Edg/146.0.0.0" kaickaviella.meumercado.app 10.53.184.85
208.84.100.18 - - [01/Jun/2026:01:20:52 -0300] "GET /.git/logs/HEAD HTTP/1.1" 200 - "-" "Mozilla/5.0 (Windows NT 10.0; Win64; x64) AppleWebKit/537.36 (KHTML, like Gecko) Chrome/147.0.0.0 Safari/537.36" kaickaviella.meumercado.app 10.53.184.85
208.84.100.18 - - [01/Jun/2026:01:20:52 -0300] "GET /.git/refs/heads/main HTTP/1.1" 200 - "-" "Mozilla/5.0 (iPhone; CPU iPhone OS 18_4 like Mac OS X) AppleWebKit/605.1.15 (KHTML, like Gecko) Version/18.4 Mobile/15E148 Safari/604.1" kaickaviella.meumercado.app 10.53.184.85
208.84.100.18 - - [01/Jun/2026:01:20:52 -0300] "GET /.env.production.save HTTP/1.1" 200 - "-" "Mozilla/5.0 (X11; Linux x86_64) AppleWebKit/537.36 (KHTML, like Gecko) Chrome/147.0.0.0 Safari/537.36" kaickaviella.meumercado.app 10.53.184.85
208.84.100.18 - - [01/Jun/2026:01:20:53 -0300] "GET /.env.save HTTP/1.1" 200 - "-" "Mozilla/5.0 (Macintosh; Intel Mac OS X 10_15_7) AppleWebKit/537.36 (KHTML, like Gecko) Chrome/146.0.0.0 Safari/537.36" kaickaviella.meumercado.app 10.53.184.85
208.84.100.18 - - [01/Jun/2026:01:20:56 -0300] "GET / HTTP/1.1" 200 - "-" "Mozilla/5.0 (Windows NT 10.0; Win64; x64) AppleWebKit/537.36 (KHTML, like Gecko) Chrome/146.0.0.0 Safari/537.36 Edg/146.0.0.0" kaickaviella.meumercado.app 10.53.184.85
176.65.139.229 - - [01/Jun/2026:02:21:22 -0300] "GET /.env HTTP/1.1" 406 226 "-" "Mozilla/5.0 (Windows NT 10.0; Win64; x64) AppleWebKit/537.36 (KHTML, like Gecko) Chrome/147.0.0.0 Safari/537.36" kaickaviella.meumercado.app 10.53.184.85
3.139.242.79 - - [01/Jun/2026:09:29:07 -0300] "GET / HTTP/1.1" 200 - "-" "visionheight.com/scan Mozilla/5.0 (Macintosh; Intel Mac OS X 10_15_7) Chrome/126.0.0.0 Safari/537.36" kaickaviella.meumercado.app 10.53.184.85
45.227.253.15 - - [01/Jun/2026:11:01:16 -0300] "GET /index.php/jk HTTP/1.1" 409 83 "-" "Mozilla/5.0 (Windows NT 6.2; WOW64) AppleWebKit/535.24 (KHTML, like Gecko) Chrome/83.0.1055.1 Safari/535.24" kaickaviella.meumercado.app 10.53.184.85
44.223.138.15 - - [01/Jun/2026:12:09:22 -0300] "POST / HTTP/1.1" 406 226 "-" "Mozilla/5.0" kaickaviella.meumercado.app 10.53.184.85
176.65.139.232 - - [01/Jun/2026:16:38:46 -0300] "GET / HTTP/1.1" 200 170 "-" "Mozilla/5.0 (Windows NT 10.0; Win64; x64) AppleWebKit/537.36 (KHTML, like Gecko) Chrome/147.0.0.0 Safari/537.36" www.kaickaviella.meumercado.app 10.53.184.85
74.7.244.48 - - [01/Jun/2026:16:50:51 -0300] "GET /robots.txt HTTP/2.0" 200 106 "-" "Mozilla/5.0 (Macintosh; Intel Mac OS X 10_15_7) AppleWebKit/537.36 (KHTML, like Gecko) Chrome/131.0.0.0 Safari/537.36; compatible; OAI-SearchBot/1.4; robots.txt; +https://openai.com/searchbot" kaickaviella.meumercado.app 10.53.184.85
74.7.241.57 - - [01/Jun/2026:16:50:52 -0300] "GET /sitemap.xml HTTP/2.0" 200 117 "-" "Mozilla/5.0 AppleWebKit/537.36 (KHTML, like Gecko; compatible; GPTBot/1.4; +https://openai.com/gptbot)" kaickaviella.meumercado.app 10.53.184.85
74.7.241.57 - - [01/Jun/2026:16:53:56 -0300] "GET /?sitemap.xml HTTP/2.0" 200 117 "-" "Mozilla/5.0 AppleWebKit/537.36 (KHTML, like Gecko; compatible; GPTBot/1.4; +https://openai.com/gptbot)" kaickaviella.meumercado.app 10.53.184.85
176.65.139.229 - - [01/Jun/2026:18:14:31 -0300] "GET / HTTP/1.1" 200 170 "-" "Mozilla/5.0 (Windows NT 10.0; Win64; x64) AppleWebKit/537.36 (KHTML, like Gecko) Chrome/147.0.0.0 Safari/537.36" kaickaviella.meumercado.app 10.53.184.85
45.227.253.15 - - [01/Jun/2026:18:20:21 -0300] "GET /index.php/jk HTTP/1.1" 409 83 "-" "Mozilla/5.0 (Macintosh; Intel Mac OS X 10.13; rv:103.0) Gecko/20100101 Firefox/103.0" kaickaviella.meumercado.app 10.53.184.85
74.50.84.238 - - [01/Jun/2026:20:00:32 -0300] "GET / HTTP/1.1" 200 117 "-" "Mozilla/5.0 (Windows NT 10.0; Win64; x64) AppleWebKit/537.36 (KHTML, like Gecko) Chrome/125.0.0.0 Safari/537.36" kaickaviella.meumercado.app 10.53.184.85
74.50.84.238 - - [01/Jun/2026:20:00:32 -0300] "GET /.env HTTP/1.1" 406 226 "-" "Mozilla/5.0 (Windows NT 10.0; Win64; x64) AppleWebKit/537.36 (KHTML, like Gecko) Chrome/125.0.0.0 Safari/537.36" kaickaviella.meumercado.app 10.53.184.85
74.50.84.238 - - [01/Jun/2026:20:00:32 -0300] "POST /vendor/phpunit/phpunit/src/Util/PHP/eval-stdin.php HTTP/1.1" 409 83 "-" "Mozilla/5.0 (Windows NT 10.0; Win64; x64) AppleWebKit/537.36 (KHTML, like Gecko) Chrome/125.0.0.0 Safari/537.36" kaickaviella.meumercado.app 10.53.184.85
74.50.84.238 - - [01/Jun/2026:20:00:33 -0300] "GET /vendor/laravel-filemanager/js/script.js HTTP/1.1" 200 117 "-" "Mozilla/5.0 (Windows NT 10.0; Win64; x64) AppleWebKit/537.36 (KHTML, like Gecko) Chrome/125.0.0.0 Safari/537.36" kaickaviella.meumercado.app 10.53.184.85
74.50.84.238 - - [01/Jun/2026:20:00:34 -0300] "GET /public/vendor/laravel-filemanager/js/script.js HTTP/1.1" 200 117 "-" "Mozilla/5.0 (Windows NT 10.0; Win64; x64) AppleWebKit/537.36 (KHTML, like Gecko) Chrome/125.0.0.0 Safari/537.36" kaickaviella.meumercado.app 10.53.184.85
74.50.84.238 - - [01/Jun/2026:20:00:34 -0300] "GET /livewire/preview-file/123 HTTP/1.1" 200 117 "-" "Mozilla/5.0 (Windows NT 10.0; Win64; x64) AppleWebKit/537.36 (KHTML, like Gecko) Chrome/125.0.0.0 Safari/537.36" kaickaviella.meumercado.app 10.53.184.85
74.50.84.238 - - [01/Jun/2026:20:00:35 -0300] "POST / HTTP/1.1" 200 117 "-" "Mozilla/5.0 (Windows NT 10.0; Win64; x64) AppleWebKit/537.36 (KHTML, like Gecko) Chrome/125.0.0.0 Safari/537.36" kaickaviella.meumercado.app 10.53.184.85
74.50.84.238 - - [01/Jun/2026:20:00:35 -0300] "GET /_ignition/execute-solution HTTP/1.1" 200 117 "-" "Mozilla/5.0 (Windows NT 10.0; Win64; x64) AppleWebKit/537.36 (KHTML, like Gecko) Chrome/125.0.0.0 Safari/537.36" kaickaviella.meumercado.app 10.53.184.85
74.50.84.238 - - [01/Jun/2026:20:00:36 -0300] "GET /public/_ignition/execute-solution HTTP/1.1" 200 117 "-" "Mozilla/5.0 (Windows NT 10.0; Win64; x64) AppleWebKit/537.36 (KHTML, like Gecko) Chrome/125.0.0.0 Safari/537.36" kaickaviella.meumercado.app 10.53.184.85
74.50.84.238 - - [01/Jun/2026:20:00:36 -0300] "GET /.git/config HTTP/1.1" 200 117 "-" "Mozilla/5.0 (Windows NT 10.0; Win64; x64) AppleWebKit/537.36 (KHTML, like Gecko) Chrome/125.0.0.0 Safari/537.36" kaickaviella.meumercado.app 10.53.184.85
8.229.158.212 - - [01/Jun/2026:21:21:14 -0300] "GET /.env HTTP/2.0" 406 226 "-" "Mozilla/5.0 (Windows NT 10.0; Win64; x64) AppleWebKit/537.36" kaickaviella.meumercado.app 10.53.184.85
8.229.158.212 - - [01/Jun/2026:21:21:32 -0300] "GET /wp-config.php.bak HTTP/2.0" 406 226 "-" "Mozilla/5.0 (Windows NT 10.0; Win64; x64) AppleWebKit/537.36" kaickaviella.meumercado.app 10.53.184.85
8.229.158.212 - - [01/Jun/2026:21:21:15 -0300] "GET /.git/config HTTP/2.0" 200 - "-" "Mozilla/5.0 (Windows NT 10.0; Win64; x64) AppleWebKit/537.36" kaickaviella.meumercado.app 10.53.184.85
8.229.158.212 - - [01/Jun/2026:21:22:06 -0300] "GET /.env.backup HTTP/2.0" 406 226 "-" "Mozilla/5.0 (Windows NT 10.0; Win64; x64) AppleWebKit/537.36" kaickaviella.meumercado.app 10.53.184.85
8.229.158.212 - - [01/Jun/2026:21:21:33 -0300] "GET /.aws/credentials HTTP/2.0" 200 - "-" "Mozilla/5.0 (Windows NT 10.0; Win64; x64) AppleWebKit/537.36" kaickaviella.meumercado.app 10.53.184.85
8.229.158.212 - - [01/Jun/2026:21:22:41 -0300] "GET /backup.sql HTTP/2.0" 406 226 "-" "Mozilla/5.0 (Windows NT 10.0; Win64; x64) AppleWebKit/537.36" kaickaviella.meumercado.app 10.53.184.85
8.229.158.212 - - [01/Jun/2026:21:21:50 -0300] "GET /config.json HTTP/2.0" 200 - "-" "Mozilla/5.0 (Windows NT 10.0; Win64; x64) AppleWebKit/537.36" kaickaviella.meumercado.app 10.53.184.85
8.229.158.212 - - [01/Jun/2026:21:22:08 -0300] "GET /.env.production HTTP/2.0" 200 - "-" "Mozilla/5.0 (Windows NT 10.0; Win64; x64) AppleWebKit/537.36" kaickaviella.meumercado.app 10.53.184.85
8.229.158.212 - - [01/Jun/2026:21:22:24 -0300] "GET /.env.local HTTP/2.0" 200 - "-" "Mozilla/5.0 (Windows NT 10.0; Win64; x64) AppleWebKit/537.36" kaickaviella.meumercado.app 10.53.184.85
8.229.158.212 - - [01/Jun/2026:21:22:42 -0300] "GET /firebase-config.json HTTP/2.0" 200 - "-" "Mozilla/5.0 (Windows NT 10.0; Win64; x64) AppleWebKit/537.36" kaickaviella.meumercado.app 10.53.184.85
8.229.158.212 - - [01/Jun/2026:21:22:59 -0300] "GET /google-services.json HTTP/2.0" 200 - "-" "Mozilla/5.0 (Windows NT 10.0; Win64; x64) AppleWebKit/537.36" kaickaviella.meumercado.app 10.53.184.85
8.229.158.212 - - [01/Jun/2026:21:23:15 -0300] "GET /wp-config.php HTTP/2.0" 403 22122 "-" "Mozilla/5.0 (Windows NT 10.0; Win64; x64) AppleWebKit/537.36" kaickaviella.meumercado.app 10.53.184.85
8.229.158.212 - - [01/Jun/2026:21:23:17 -0300] "GET /wp-config.php.dist HTTP/2.0" 406 226 "-" "Mozilla/5.0 (Windows NT 10.0; Win64; x64) AppleWebKit/537.36" kaickaviella.meumercado.app 10.53.184.85
8.229.158.212 - - [01/Jun/2026:21:23:18 -0300] "GET /lfm.php HTTP/2.0" 403 22122 "-" "Mozilla/5.0 (Windows NT 10.0; Win64; x64) AppleWebKit/537.36" kaickaviella.meumercado.app 10.53.184.85
8.229.158.212 - - [01/Jun/2026:21:23:20 -0300] "GET /WebServers.xml HTTP/2.0" 200 - "-" "Mozilla/5.0 (Windows NT 10.0; Win64; x64) AppleWebKit/537.36" kaickaviella.meumercado.app 10.53.184.85
8.229.158.212 - - [01/Jun/2026:21:23:36 -0300] "GET /config/databases.yml HTTP/2.0" 200 - "-" "Mozilla/5.0 (Windows NT 10.0; Win64; x64) AppleWebKit/537.36" kaickaviella.meumercado.app 10.53.184.85
8.229.158.212 - - [01/Jun/2026:21:23:53 -0300] "GET /sftp-config.json HTTP/2.0" 200 - "-" "Mozilla/5.0 (Windows NT 10.0; Win64; x64) AppleWebKit/537.36" kaickaviella.meumercado.app 10.53.184.85
8.229.158.212 - - [01/Jun/2026:21:24:10 -0300] "GET /WS_FTP.ini HTTP/2.0" 200 - "-" "Mozilla/5.0 (Windows NT 10.0; Win64; x64) AppleWebKit/537.36" kaickaviella.meumercado.app 10.53.184.85
8.229.158.212 - - [01/Jun/2026:21:24:22 -0300] "GET /filezilla.xml HTTP/2.0" 200 170 "-" "Mozilla/5.0 (Windows NT 10.0; Win64; x64) AppleWebKit/537.36" kaickaviella.meumercado.app 10.53.184.85
8.229.158.212 - - [01/Jun/2026:21:24:25 -0300] "GET /sitemanager.xml HTTP/2.0" 200 170 "-" "Mozilla/5.0 (Windows NT 10.0; Win64; x64) AppleWebKit/537.36" kaickaviella.meumercado.app 10.53.184.85
8.229.158.212 - - [01/Jun/2026:21:24:28 -0300] "GET /winscp.ini HTTP/2.0" 200 170 "-" "Mozilla/5.0 (Windows NT 10.0; Win64; x64) AppleWebKit/537.36" kaickaviella.meumercado.app 10.53.184.85
8.229.158.212 - - [01/Jun/2026:21:24:30 -0300] "GET /wallet.dat HTTP/2.0" 200 170 "-" "Mozilla/5.0 (Windows NT 10.0; Win64; x64) AppleWebKit/537.36" kaickaviella.meumercado.app 10.53.184.85
8.229.158.212 - - [01/Jun/2026:21:24:33 -0300] "GET /app/etc/local.xml HTTP/2.0" 200 170 "-" "Mozilla/5.0 (Windows NT 10.0; Win64; x64) AppleWebKit/537.36" kaickaviella.meumercado.app 10.53.184.85
8.229.158.212 - - [01/Jun/2026:21:24:35 -0300] "GET /server.key HTTP/2.0" 200 170 "-" "Mozilla/5.0 (Windows NT 10.0; Win64; x64) AppleWebKit/537.36" kaickaviella.meumercado.app 10.53.184.85
8.229.158.212 - - [01/Jun/2026:21:24:38 -0300] "GET /key.pem HTTP/2.0" 406 226 "-" "Mozilla/5.0 (Windows NT 10.0; Win64; x64) AppleWebKit/537.36" kaickaviella.meumercado.app 10.53.184.85
8.229.158.212 - - [01/Jun/2026:21:24:39 -0300] "GET /vendor/phpunit/phpunit/src/Util/PHP/eval-stdin.php HTTP/2.0" 406 226 "-" "Mozilla/5.0 (Windows NT 10.0; Win64; x64) AppleWebKit/537.36" kaickaviella.meumercado.app 10.53.184.85
8.229.158.212 - - [01/Jun/2026:21:24:41 -0300] "GET /sites/default/files/.ht.sqlite HTTP/2.0" 200 170 "-" "Mozilla/5.0 (Windows NT 10.0; Win64; x64) AppleWebKit/537.36" kaickaviella.meumercado.app 10.53.184.85
8.229.158.212 - - [01/Jun/2026:21:24:43 -0300] "GET /wp-content/debug.log HTTP/2.0" 200 170 "-" "Mozilla/5.0 (Windows NT 10.0; Win64; x64) AppleWebKit/537.36" kaickaviella.meumercado.app 10.53.184.85
8.229.158.212 - - [01/Jun/2026:21:24:45 -0300] "GET /composer.json HTTP/2.0" 200 170 "-" "Mozilla/5.0 (Windows NT 10.0; Win64; x64) AppleWebKit/537.36" kaickaviella.meumercado.app 10.53.184.85
8.229.158.212 - - [01/Jun/2026:21:24:47 -0300] "GET /phpinfo.php HTTP/2.0" 403 22122 "-" "Mozilla/5.0 (Windows NT 10.0; Win64; x64) AppleWebKit/537.36" kaickaviella.meumercado.app 10.53.184.85
8.229.158.212 - - [01/Jun/2026:21:24:49 -0300] "GET /info.php HTTP/2.0" 403 22122 "-" "Mozilla/5.0 (Windows NT 10.0; Win64; x64) AppleWebKit/537.36" kaickaviella.meumercado.app 10.53.184.85
8.229.158.212 - - [01/Jun/2026:21:24:51 -0300] "GET /credentials.ini HTTP/2.0" 200 170 "-" "Mozilla/5.0 (Windows NT 10.0; Win64; x64) AppleWebKit/537.36" kaickaviella.meumercado.app 10.53.184.85
8.229.158.212 - - [01/Jun/2026:21:24:54 -0300] "GET /config.ini HTTP/2.0" 200 170 "-" "Mozilla/5.0 (Windows NT 10.0; Win64; x64) AppleWebKit/537.36" kaickaviella.meumercado.app 10.53.184.85
45.227.253.15 - - [01/Jun/2026:21:45:43 -0300] "GET /index.php/jk HTTP/1.1" 200 117 "-" "Mozilla/5.0 (Macintosh; Intel Mac OS X 10.13; rv:103.0) Gecko/20100101 Firefox/101.0" kaickaviella.meumercado.app 10.53.184.85
66.132.195.105 - - [01/Jun/2026:22:10:28 -0300] "GET / HTTP/1.1" 200 117 "-" "Mozilla/5.0 (compatible; CensysInspect/1.1; +https://about.censys.io/)" www.kaickaviella.meumercado.app 10.53.184.85
66.132.195.105 - - [01/Jun/2026:22:10:29 -0300] "GET /favicon.ico HTTP/1.1" 200 117 "-" "Mozilla/5.0 (compatible; CensysInspect/1.1; +https://about.censys.io/)" www.kaickaviella.meumercado.app 10.53.184.85
45.227.253.15 - - [02/Jun/2026:01:19:26 -0300] "GET /index.php/jk HTTP/1.1" 409 83 "-" "Mozilla/5.0 (Windows NT 6.1; WOW64; Trident/7.0; rv:11.0) like Gecko" kaickaviella.meumercado.app 10.53.184.85
18.136.87.77 - - [02/Jun/2026:02:28:34 -0300] "POST / HTTP/1.1" 406 226 "-" "Mozilla/5.0" www.kaickaviella.meumercado.app 10.53.184.85
74.7.230.29 - - [02/Jun/2026:03:07:15 -0300] "GET /robots.txt HTTP/2.0" 200 106 "-" "Mozilla/5.0 (Macintosh; Intel Mac OS X 10_15_7) AppleWebKit/537.36 (KHTML, like Gecko) Chrome/131.0.0.0 Safari/537.36; compatible; OAI-SearchBot/1.4; robots.txt; +https://openai.com/searchbot" www.kaickaviella.meumercado.app 10.53.184.85
167.99.183.48 - - [02/Jun/2026:07:16:10 -0300] "GET / HTTP/1.1" 200 - "-" "Mozilla/5.0 (X11; Linux x86_64) AppleWebKit/537.36 (KHTML, like Gecko) Chrome/142.0.0.0 Safari/537.36" www.kaickaviella.meumercado.app 10.53.184.85
45.227.253.15 - - [02/Jun/2026:09:09:37 -0300] "GET /index.php/jk HTTP/1.1" 409 83 "-" "Mozilla/5.0 (Macintosh; Intel Mac OS X 10.15; rv:103.0) Gecko/20100101 Firefox/102.0" kaickaviella.meumercado.app 10.53.184.85
66.132.195.110 - - [02/Jun/2026:11:44:39 -0300] "GET / HTTP/1.1" 200 - "-" "Mozilla/5.0 (compatible; CensysInspect/1.1; +https://about.censys.io/)" www.kaickaviella.meumercado.app 10.53.184.85
45.227.253.15 - - [02/Jun/2026:12:05:51 -0300] "GET /index.php/jk HTTP/1.1" 409 83 "-" "Mozilla/5.0 (Windows NT 10.0; Win64; x64) AppleWebKit/537.36 (KHTML, like Gecko) Chrome/79.0.3970 Safari/537.36 Edg/79.0.143.5" kaickaviella.meumercado.app 10.53.184.85
207.174.40.205 - - [02/Jun/2026:15:15:19 -0300] "GET /.git/HEAD HTTP/1.1" 200 - "-" "Mozilla/5.0 (Macintosh; Intel Mac OS X 10_15_7) AppleWebKit/537.36" www.kaickaviella.meumercado.app 10.53.184.85
207.174.40.205 - - [02/Jun/2026:15:15:19 -0300] "GET / HTTP/1.1" 200 - "-" "Mozilla/5.0 (Macintosh; Intel Mac OS X 10_15_7) AppleWebKit/537.36" www.kaickaviella.meumercado.app 10.53.184.85
207.174.40.205 - - [02/Jun/2026:15:15:19 -0300] "GET /.git/config HTTP/1.1" 200 - "-" "Mozilla/5.0 (Macintosh; Intel Mac OS X 10_15_7) AppleWebKit/537.36" www.kaickaviella.meumercado.app 10.53.184.85
45.227.253.15 - - [02/Jun/2026:15:25:36 -0300] "GET /index.php/jk HTTP/1.1" 409 83 "-" "Mozilla/5.0 (iPhone; CPU iPhone OS 14_1 like Mac OS X) AppleWebKit/605.1.15 (KHTML, like Gecko) Version/14.0 Mobile/15E148 Safari/604.1" kaickaviella.meumercado.app 10.53.184.85
195.170.172.102 - - [02/Jun/2026:15:30:08 -0300] "GET /.git/config HTTP/1.1" 200 - "-" "Mozilla/5.0 (Macintosh; Intel Mac OS X 10_15_7) AppleWebKit/537.36" kaickaviella.meumercado.app 10.53.184.85
195.170.172.102 - - [02/Jun/2026:15:30:08 -0300] "GET /.git/HEAD HTTP/1.1" 200 - "-" "Mozilla/5.0 (Macintosh; Intel Mac OS X 10_15_7) AppleWebKit/537.36" kaickaviella.meumercado.app 10.53.184.85
195.170.172.102 - - [02/Jun/2026:15:30:08 -0300] "GET / HTTP/1.1" 200 - "-" "Mozilla/5.0 (Macintosh; Intel Mac OS X 10_15_7) AppleWebKit/537.36" kaickaviella.meumercado.app 10.53.184.85
74.7.228.49 - - [02/Jun/2026:16:54:58 -0300] "GET /robots.txt HTTP/2.0" 200 106 "-" "Mozilla/5.0 (Macintosh; Intel Mac OS X 10_15_7) AppleWebKit/537.36 (KHTML, like Gecko) Chrome/131.0.0.0 Safari/537.36; compatible; OAI-SearchBot/1.4; robots.txt; +https://openai.com/searchbot" kaickaviella.meumercado.app 10.53.184.85
74.7.242.47 - - [02/Jun/2026:16:54:58 -0300] "GET /sitemap.xml HTTP/2.0" 200 - "-" "Mozilla/5.0 AppleWebKit/537.36 (KHTML, like Gecko; compatible; GPTBot/1.4; +https://openai.com/gptbot)" kaickaviella.meumercado.app 10.53.184.85
74.7.242.47 - - [02/Jun/2026:16:58:03 -0300] "GET /?sitemap.xml HTTP/2.0" 200 - "-" "Mozilla/5.0 AppleWebKit/537.36 (KHTML, like Gecko; compatible; GPTBot/1.4; +https://openai.com/gptbot)" kaickaviella.meumercado.app 10.53.184.85
176.65.139.238 - - [02/Jun/2026:17:29:29 -0300] "GET /.env HTTP/1.1" 406 226 "-" "Mozilla/5.0 (Windows NT 10.0; Win64; x64) AppleWebKit/537.36 (KHTML, like Gecko) Chrome/147.0.0.0 Safari/537.36" www.kaickaviella.meumercado.app 10.53.184.85
140.245.56.193 - - [02/Jun/2026:18:25:29 -0300] "GET / HTTP/2.0" 200 - "-" "Mozilla/5.0 (Windows NT 10.0; Win64; x64) AppleWebKit/537.36 Chrome/116.0 Safari/537.36" kaickaviella.meumercado.app 10.53.184.85
140.245.56.193 - - [02/Jun/2026:18:25:30 -0300] "GET / HTTP/2.0" 406 226 "-" "Go-http-client/2.0" kaickaviella.meumercado.app 10.53.184.85
140.245.56.193 - - [02/Jun/2026:18:25:30 -0300] "GET /wp-login.php HTTP/2.0" 409 83 "-" "Mozilla/5.0 (iPhone; CPU iPhone OS 17_4_1 like Mac OS X) AppleWebKit/605.1.15 Mobile/15E148" kaickaviella.meumercado.app 10.53.184.85
140.245.56.193 - - [02/Jun/2026:18:25:31 -0300] "GET /wp-admin/ HTTP/2.0" 200 - "-" "Mozilla/5.0 (iPhone; CPU iPhone OS 17_4_1 like Mac OS X) AppleWebKit/605.1.15 Mobile/15E148" kaickaviella.meumercado.app 10.53.184.85
140.245.56.193 - - [02/Jun/2026:18:25:32 -0300] "GET /administrator/ HTTP/2.0" 200 - "-" "Mozilla/5.0 (Macintosh; Intel Mac OS X 13_5_1) AppleWebKit/605.1.15 Safari/605.1.15" kaickaviella.meumercado.app 10.53.184.85
140.245.56.193 - - [02/Jun/2026:18:25:33 -0300] "GET /user/login HTTP/2.0" 200 - "-" "Mozilla/5.0 (Android 13; Mobile; rv:117.0) Gecko/117.0 Firefox/117.0" kaickaviella.meumercado.app 10.53.184.85
140.245.56.193 - - [02/Jun/2026:18:25:34 -0300] "GET /admin HTTP/2.0" 200 - "-" "Mozilla/5.0 (Windows NT 10.0; Win64; x64) AppleWebKit/537.36 Chrome/116.0 Safari/537.36" kaickaviella.meumercado.app 10.53.184.85
140.245.56.193 - - [02/Jun/2026:18:25:35 -0300] "GET /login HTTP/2.0" 200 - "-" "Mozilla/5.0 (Windows NT 10.0; Win64; x64) AppleWebKit/537.36 Chrome/116.0 Safari/537.36" kaickaviella.meumercado.app 10.53.184.85
140.245.56.193 - - [02/Jun/2026:18:25:37 -0300] "GET /register HTTP/2.0" 200 - "-" "Mozilla/5.0 (X11; Linux x86_64) Gecko/20100101 Firefox/117.0" kaickaviella.meumercado.app 10.53.184.85
140.245.56.193 - - [02/Jun/2026:18:25:38 -0300] "GET /admin HTTP/2.0" 200 - "-" "Mozilla/5.0 (X11; Linux x86_64) Gecko/20100101 Firefox/117.0" kaickaviella.meumercado.app 10.53.184.85
140.245.56.193 - - [02/Jun/2026:18:25:39 -0300] "GET /login HTTP/2.0" 200 - "-" "Mozilla/5.0 (iPad; CPU OS 17_4 like Mac OS X) AppleWebKit/605.1.15 Mobile/15E148" kaickaviella.meumercado.app 10.53.184.85
176.65.139.234 - - [02/Jun/2026:18:52:42 -0300] "GET /.env HTTP/1.1" 406 226 "-" "Mozilla/5.0 (Windows NT 10.0; Win64; x64) AppleWebKit/537.36 (KHTML, like Gecko) Chrome/147.0.0.0 Safari/537.36" kaickaviella.meumercado.app 10.53.184.85
45.227.253.15 - - [02/Jun/2026:20:01:47 -0300] "GET /index.php/jk HTTP/1.1" 409 83 "-" "Mozilla/5.0 (Macintosh; Intel Mac OS X 10.15; rv:80.0) Gecko/20100101 Firefox/80.0" kaickaviella.meumercado.app 10.53.184.85
195.178.110.100 - - [03/Jun/2026:00:08:21 -0300] "GET /.git/config HTTP/1.1" 200 - "-" "Mozilla/5.0 (X11; Linux x86_64) AppleWebKit/537.36 (KHTML, like Gecko) Chrome/140.0.0.0 Safari/537.36" www.kaickaviella.meumercado.app 10.53.184.85
45.227.253.15 - - [03/Jun/2026:03:25:56 -0300] "GET /index.php/jk HTTP/1.1" 409 83 "-" "Mozilla/5.0 (Windows NT 6.1; WOW64; Trident/7.0; rv:11.0) like Gecko" kaickaviella.meumercado.app 10.53.184.85
45.227.253.15 - - [03/Jun/2026:06:30:06 -0300] "GET /index.php/jk HTTP/1.1" 409 83 "-" "Mozilla/5.0 (Macintosh; Intel Mac OS X 10.15; rv:82.0) Gecko/20100101 Firefox/82.0" kaickaviella.meumercado.app 10.53.184.85
176.65.139.229 - - [03/Jun/2026:09:02:08 -0300] "GET / HTTP/1.1" 200 - "-" "Mozilla/5.0 (Windows NT 10.0; Win64; x64) AppleWebKit/537.36 (KHTML, like Gecko) Chrome/147.0.0.0 Safari/537.36" www.kaickaviella.meumercado.app 10.53.184.85
176.65.139.231 - - [03/Jun/2026:10:36:47 -0300] "GET / HTTP/1.1" 200 - "-" "Mozilla/5.0 (Windows NT 10.0; Win64; x64) AppleWebKit/537.36 (KHTML, like Gecko) Chrome/147.0.0.0 Safari/537.36" kaickaviella.meumercado.app 10.53.184.85
45.227.253.15 - - [03/Jun/2026:12:30:37 -0300] "GET /index.php/jk HTTP/1.1" 409 83 "-" "Mozilla/5.0 (Macintosh; Intel Mac OS X 10.13; rv:103.0) Gecko/20100101 Firefox/101.0" kaickaviella.meumercado.app 10.53.184.85
45.227.253.15 - - [03/Jun/2026:15:10:06 -0300] "GET /index.php/jk HTTP/1.1" 409 83 "-" "Mozilla/5.0 (iPhone; CPU iPhone OS 14_1 like Mac OS X) AppleWebKit/605.1.15 (KHTML, like Gecko) Version/14.0 Mobile/15E148 Safari/604.1" kaickaviella.meumercado.app 10.53.184.85
74.7.228.49 - - [03/Jun/2026:16:55:47 -0300] "GET /robots.txt HTTP/2.0" 200 106 "-" "Mozilla/5.0 (Macintosh; Intel Mac OS X 10_15_7) AppleWebKit/537.36 (KHTML, like Gecko) Chrome/131.0.0.0 Safari/537.36; compatible; OAI-SearchBot/1.4; robots.txt; +https://openai.com/searchbot" kaickaviella.meumercado.app 10.53.184.85
74.7.242.47 - - [03/Jun/2026:16:55:47 -0300] "GET /sitemap.xml HTTP/2.0" 200 - "-" "Mozilla/5.0 AppleWebKit/537.36 (KHTML, like Gecko; compatible; GPTBot/1.4; +https://openai.com/gptbot)" kaickaviella.meumercado.app 10.53.184.85
74.7.242.47 - - [03/Jun/2026:16:59:21 -0300] "GET /?sitemap.xml HTTP/2.0" 200 - "-" "Mozilla/5.0 AppleWebKit/537.36 (KHTML, like Gecko; compatible; GPTBot/1.4; +https://openai.com/gptbot)" kaickaviella.meumercado.app 10.53.184.85
74.7.230.29 - - [03/Jun/2026:18:25:30 -0300] "GET /robots.txt HTTP/2.0" 200 106 "-" "Mozilla/5.0 (Macintosh; Intel Mac OS X 10_15_7) AppleWebKit/537.36 (KHTML, like Gecko) Chrome/131.0.0.0 Safari/537.36; compatible; OAI-SearchBot/1.4; robots.txt; +https://openai.com/searchbot" www.kaickaviella.meumercado.app 10.53.184.85
74.7.242.26 - - [03/Jun/2026:18:25:30 -0300] "GET / HTTP/2.0" 200 - "-" "Mozilla/5.0 AppleWebKit/537.36 (KHTML, like Gecko; compatible; GPTBot/1.4; +https://openai.com/gptbot)" www.kaickaviella.meumercado.app 10.53.184.85
45.227.253.15 - - [03/Jun/2026:21:00:46 -0300] "GET /index.php/jk HTTP/1.1" 409 83 "-" "Mozilla/5.0 (Macintosh; Intel Mac OS X 10.15; rv:103.0) Gecko/20100101 Firefox/102.0" kaickaviella.meumercado.app 10.53.184.85
45.227.253.15 - - [04/Jun/2026:03:43:03 -0300] "GET /index.php/jk HTTP/1.1" 409 83 "-" "Mozilla/5.0 (Windows NT 6.2; WOW64) AppleWebKit/535.24 (KHTML, like Gecko) Chrome/82.0.1055.1 Safari/535.24" kaickaviella.meumercado.app 10.53.184.85
176.65.139.229 - - [04/Jun/2026:09:58:58 -0300] "GET /.env HTTP/1.1" 406 226 "-" "Mozilla/5.0 (Windows NT 10.0; Win64; x64) AppleWebKit/537.36 (KHTML, like Gecko) Chrome/147.0.0.0 Safari/537.36" www.kaickaviella.meumercado.app 10.53.184.85
45.227.253.15 - - [04/Jun/2026:10:17:31 -0300] "GET /index.php/jk HTTP/1.1" 409 83 "-" "Mozilla/5.0 (Macintosh; Intel Mac OS X 10.13; rv:103.0) Gecko/20100101 Firefox/103.0" kaickaviella.meumercado.app 10.53.184.85
176.65.139.231 - - [04/Jun/2026:11:23:42 -0300] "GET /.env HTTP/1.1" 406 226 "-" "Mozilla/5.0 (Windows NT 10.0; Win64; x64) AppleWebKit/537.36 (KHTML, like Gecko) Chrome/147.0.0.0 Safari/537.36" kaickaviella.meumercado.app 10.53.184.85
45.227.253.15 - - [04/Jun/2026:15:05:46 -0300] "GET /index.php/jk HTTP/1.1" 409 83 "-" "Mozilla/5.0 (Windows NT 6.1; WOW64; rv:70.0) Gecko/20100101 Firefox/70.0" kaickaviella.meumercado.app 10.53.184.85
74.7.228.49 - - [04/Jun/2026:16:57:44 -0300] "GET /robots.txt HTTP/2.0" 200 106 "-" "Mozilla/5.0 (Macintosh; Intel Mac OS X 10_15_7) AppleWebKit/537.36 (KHTML, like Gecko) Chrome/131.0.0.0 Safari/537.36; compatible; OAI-SearchBot/1.4; robots.txt; +https://openai.com/searchbot" kaickaviella.meumercado.app 10.53.184.85
74.7.242.47 - - [04/Jun/2026:16:57:44 -0300] "GET /sitemap.xml HTTP/2.0" 200 - "-" "Mozilla/5.0 AppleWebKit/537.36 (KHTML, like Gecko; compatible; GPTBot/1.4; +https://openai.com/gptbot)" kaickaviella.meumercado.app 10.53.184.85
74.7.242.47 - - [04/Jun/2026:17:02:14 -0300] "GET /?sitemap.xml HTTP/2.0" 200 - "-" "Mozilla/5.0 AppleWebKit/537.36 (KHTML, like Gecko; compatible; GPTBot/1.4; +https://openai.com/gptbot)" kaickaviella.meumercado.app 10.53.184.85
45.227.253.15 - - [04/Jun/2026:18:09:24 -0300] "GET /index.php/jk HTTP/1.1" 409 83 "-" "Mozilla/5.0 (iPad; U; CPU OS 4_2_3 like Mac OS X; ja) AppleWebKit/533.17.9 (KHTML, like Gecko) Version/5.0.2 Mobile/8J2 Safari/6533.18.5" kaickaviella.meumercado.app 10.53.184.85
45.227.253.15 - - [05/Jun/2026:00:33:34 -0300] "GET /index.php/jk HTTP/1.1" 409 83 "-" "Mozilla/5.0 (Windows NT 6.2; WOW64) AppleWebKit/535.24 (KHTML, like Gecko) Chrome/83.0.1055.1 Safari/535.24" kaickaviella.meumercado.app 10.53.184.85
176.65.139.234 - - [05/Jun/2026:01:55:15 -0300] "GET / HTTP/1.1" 200 - "-" "Mozilla/5.0 (Windows NT 10.0; Win64; x64) AppleWebKit/537.36 (KHTML, like Gecko) Chrome/147.0.0.0 Safari/537.36" www.kaickaviella.meumercado.app 10.53.184.85
176.65.139.229 - - [05/Jun/2026:03:31:20 -0300] "GET / HTTP/1.1" 200 - "-" "Mozilla/5.0 (Windows NT 10.0; Win64; x64) AppleWebKit/537.36 (KHTML, like Gecko) Chrome/147.0.0.0 Safari/537.36" kaickaviella.meumercado.app 10.53.184.85
45.227.253.15 - - [05/Jun/2026:04:35:50 -0300] "GET /index.php/jk HTTP/1.1" 409 83 "-" "Mozilla/5.0 (Windows NT 10.0; Win64; x64; rv:80.0) Gecko/20100101 Firefox/80.0" kaickaviella.meumercado.app 10.53.184.85
45.227.253.15 - - [05/Jun/2026:06:47:16 -0300] "GET /index.php/jk HTTP/1.1" 409 83 "-" "Mozilla/5.0 (Macintosh; Intel Mac OS X 10.11; rv:103.0) Gecko/20100101 Firefox/103.0" kaickaviella.meumercado.app 10.53.184.85
208.84.101.72 - - [05/Jun/2026:09:52:06 -0300] "GET / HTTP/1.1" 200 - "-" "Mozilla/5.0 (Windows NT 10.0; Win64; x64) AppleWebKit/537.36 (KHTML, like Gecko) Chrome/147.0.0.0 Safari/537.36 Edg/147.0.0.0" kaickaviella.meumercado.app 10.53.184.85
208.84.101.72 - - [05/Jun/2026:09:52:07 -0300] "GET /.yarnrc HTTP/1.1" 200 - "-" "Mozilla/5.0 (X11; Linux x86_64) AppleWebKit/537.36 (KHTML, like Gecko) Chrome/147.0.0.0 Safari/537.36" kaickaviella.meumercado.app 10.53.184.85
208.84.101.72 - - [05/Jun/2026:09:52:09 -0300] "GET /.env HTTP/1.1" 406 226 "-" "Mozilla/5.0 (Macintosh; Intel Mac OS X 10_15_7) AppleWebKit/605.1.15 (KHTML, like Gecko) Version/18.4 Safari/605.1.15" kaickaviella.meumercado.app 10.53.184.85
208.84.101.72 - - [05/Jun/2026:09:52:09 -0300] "GET /src/.env HTTP/1.1" 406 226 "-" "Mozilla/5.0 (X11; Linux x86_64; rv:149.0) Gecko/20100101 Firefox/149.0" kaickaviella.meumercado.app 10.53.184.85
208.84.101.72 - - [05/Jun/2026:09:52:09 -0300] "GET /api/.env HTTP/1.1" 406 226 "-" "Mozilla/5.0 (Macintosh; Intel Mac OS X 10.15; rv:150.0) Gecko/20100101 Firefox/150.0" kaickaviella.meumercado.app 10.53.184.85
208.84.101.72 - - [05/Jun/2026:09:52:09 -0300] "GET /.env.backup HTTP/1.1" 406 226 "-" "Mozilla/5.0 (Macintosh; Intel Mac OS X 10_15_7) AppleWebKit/537.36 (KHTML, like Gecko) Chrome/147.0.0.0 Safari/537.36" kaickaviella.meumercado.app 10.53.184.85
208.84.101.72 - - [05/Jun/2026:09:52:09 -0300] "GET /.env.bak HTTP/1.1" 406 226 "-" "Mozilla/5.0 (Windows NT 10.0; Win64; x64) AppleWebKit/537.36 (KHTML, like Gecko) Chrome/147.0.0.0 Safari/537.36" kaickaviella.meumercado.app 10.53.184.85
208.84.101.72 - - [05/Jun/2026:09:52:09 -0300] "GET /app/.env HTTP/1.1" 406 226 "-" "Mozilla/5.0 (Windows NT 10.0; Win64; x64; rv:150.0) Gecko/20100101 Firefox/150.0" kaickaviella.meumercado.app 10.53.184.85
208.84.101.72 - - [05/Jun/2026:09:52:09 -0300] "GET /.env.old HTTP/1.1" 406 226 "-" "Mozilla/5.0 (X11; Linux x86_64) AppleWebKit/537.36 (KHTML, like Gecko) Chrome/146.0.0.0 Safari/537.36" kaickaviella.meumercado.app 10.53.184.85
208.84.101.72 - - [05/Jun/2026:09:52:09 -0300] "GET /backend/.env HTTP/1.1" 406 226 "-" "Mozilla/5.0 (X11; Linux x86_64; rv:150.0) Gecko/20100101 Firefox/150.0" kaickaviella.meumercado.app 10.53.184.85
208.84.101.72 - - [05/Jun/2026:09:52:09 -0300] "GET /web/.env HTTP/1.1" 406 226 "-" "Mozilla/5.0 (Macintosh; Intel Mac OS X 10_15_7) AppleWebKit/537.36 (KHTML, like Gecko) Chrome/147.0.0.0 Safari/537.36 Edg/147.0.0.0" kaickaviella.meumercado.app 10.53.184.85
208.84.101.72 - - [05/Jun/2026:09:52:09 -0300] "GET /public/.env HTTP/1.1" 406 226 "-" "Mozilla/5.0 (Windows NT 10.0; Win64; x64) AppleWebKit/537.36 (KHTML, like Gecko) Chrome/146.0.0.0 Safari/537.36 Edg/146.0.0.0" kaickaviella.meumercado.app 10.53.184.85
208.84.101.72 - - [05/Jun/2026:09:52:10 -0300] "GET /server/.env HTTP/1.1" 406 226 "-" "Mozilla/5.0 (Windows NT 10.0; Win64; x64) AppleWebKit/537.36 (KHTML, like Gecko) Chrome/147.0.0.0 Safari/537.36 Edg/147.0.0.0" kaickaviella.meumercado.app 10.53.184.85
208.84.101.72 - - [05/Jun/2026:09:52:10 -0300] "GET /laravel/.env HTTP/1.1" 406 226 "-" "Mozilla/5.0 (Windows NT 10.0; Win64; x64; rv:149.0) Gecko/20100101 Firefox/149.0" kaickaviella.meumercado.app 10.53.184.85
208.84.101.72 - - [05/Jun/2026:09:52:09 -0300] "GET /.env.save HTTP/1.1" 200 - "-" "Mozilla/5.0 (Windows NT 10.0; Win64; x64) AppleWebKit/537.36 (KHTML, like Gecko) Chrome/145.0.0.0 Safari/537.36" kaickaviella.meumercado.app 10.53.184.85
208.84.101.72 - - [05/Jun/2026:09:52:09 -0300] "GET /.env.staging HTTP/1.1" 200 - "-" "Mozilla/5.0 (Windows NT 10.0; Win64; x64) AppleWebKit/537.36 (KHTML, like Gecko) Chrome/146.0.0.0 Safari/537.36" kaickaviella.meumercado.app 10.53.184.85
208.84.101.72 - - [05/Jun/2026:09:52:09 -0300] "GET /config/gcp-credentials.json HTTP/1.1" 200 - "-" "Mozilla/5.0 (Macintosh; Intel Mac OS X 10_15_7) AppleWebKit/537.36 (KHTML, like Gecko) Chrome/147.0.0.0 Safari/537.36" kaickaviella.meumercado.app 10.53.184.85
208.84.101.72 - - [05/Jun/2026:09:52:09 -0300] "GET /.env.test HTTP/1.1" 200 - "-" "Mozilla/5.0 (Macintosh; Intel Mac OS X 10_15_7) AppleWebKit/537.36 (KHTML, like Gecko) Chrome/146.0.0.0 Safari/537.36" kaickaviella.meumercado.app 10.53.184.85
208.84.101.72 - - [05/Jun/2026:09:52:09 -0300] "GET /credentials.json HTTP/1.1" 200 - "-" "Mozilla/5.0 (Windows NT 10.0; Win64; x64) AppleWebKit/537.36 (KHTML, like Gecko) Chrome/146.0.0.0 Safari/537.36" kaickaviella.meumercado.app 10.53.184.85
208.84.101.72 - - [05/Jun/2026:09:52:09 -0300] "GET /.env.local HTTP/1.1" 200 - "-" "Mozilla/5.0 (iPhone; CPU iPhone OS 18_4 like Mac OS X) AppleWebKit/605.1.15 (KHTML, like Gecko) Version/18.4 Mobile/15E148 Safari/604.1" kaickaviella.meumercado.app 10.53.184.85
208.84.101.72 - - [05/Jun/2026:09:52:09 -0300] "GET /google_key.json HTTP/1.1" 200 - "-" "Mozilla/5.0 (Macintosh; Intel Mac OS X 10_15_7) AppleWebKit/605.1.15 (KHTML, like Gecko) Version/18.3 Safari/605.1.15" kaickaviella.meumercado.app 10.53.184.85
208.84.101.72 - - [05/Jun/2026:09:52:09 -0300] "GET /.cursor/mcp.json HTTP/1.1" 200 - "-" "Mozilla/5.0 (Macintosh; Intel Mac OS X 10_15_7) AppleWebKit/605.1.15 (KHTML, like Gecko) Version/18.3 Safari/605.1.15" kaickaviella.meumercado.app 10.53.184.85
208.84.101.72 - - [05/Jun/2026:09:52:09 -0300] "GET /.env.development HTTP/1.1" 200 - "-" "Mozilla/5.0 (X11; Linux x86_64) AppleWebKit/537.36 (KHTML, like Gecko) Chrome/147.0.0.0 Safari/537.36" kaickaviella.meumercado.app 10.53.184.85
208.84.101.72 - - [05/Jun/2026:09:52:09 -0300] "GET /gcp-credentials.json HTTP/1.1" 200 - "-" "Mozilla/5.0 (Windows NT 10.0; Win64; x64) AppleWebKit/537.36 (KHTML, like Gecko) Chrome/147.0.0.0 Safari/537.36" kaickaviella.meumercado.app 10.53.184.85
208.84.101.72 - - [05/Jun/2026:09:52:09 -0300] "GET /service-account.json HTTP/1.1" 200 - "-" "Mozilla/5.0 (X11; Linux x86_64; rv:150.0) Gecko/20100101 Firefox/150.0" kaickaviella.meumercado.app 10.53.184.85
208.84.101.72 - - [05/Jun/2026:09:52:09 -0300] "GET /.env.production HTTP/1.1" 200 - "-" "Mozilla/5.0 (Macintosh; Intel Mac OS X 10_15_7) AppleWebKit/605.1.15 (KHTML, like Gecko) Version/18.3 Safari/605.1.15" kaickaviella.meumercado.app 10.53.184.85
208.84.101.72 - - [05/Jun/2026:09:52:09 -0300] "GET /client_secret.json HTTP/1.1" 200 - "-" "Mozilla/5.0 (Windows NT 10.0; Win64; x64) AppleWebKit/537.36 (KHTML, like Gecko) Chrome/147.0.0.0 Safari/537.36 Edg/147.0.0.0" kaickaviella.meumercado.app 10.53.184.85
208.84.101.72 - - [05/Jun/2026:09:52:09 -0300] "GET /.kube/config HTTP/1.1" 200 - "-" "Mozilla/5.0 (Macintosh; Intel Mac OS X 10.15; rv:150.0) Gecko/20100101 Firefox/150.0" kaickaviella.meumercado.app 10.53.184.85
208.84.101.72 - - [05/Jun/2026:09:52:09 -0300] "GET /.aws/credentials HTTP/1.1" 200 - "-" "Mozilla/5.0 (X11; Linux x86_64) AppleWebKit/537.36 (KHTML, like Gecko) Chrome/147.0.0.0 Safari/537.36" kaickaviella.meumercado.app 10.53.184.85
208.84.101.72 - - [05/Jun/2026:09:52:09 -0300] "GET /.gcp/credentials.json HTTP/1.1" 200 - "-" "Mozilla/5.0 (X11; Linux x86_64) AppleWebKit/537.36 (KHTML, like Gecko) Chrome/146.0.0.0 Safari/537.36" kaickaviella.meumercado.app 10.53.184.85
208.84.101.72 - - [05/Jun/2026:09:52:09 -0300] "GET /gcp.json HTTP/1.1" 200 - "-" "Mozilla/5.0 (Macintosh; Intel Mac OS X 10_15_7) AppleWebKit/537.36 (KHTML, like Gecko) Chrome/146.0.0.0 Safari/537.36" kaickaviella.meumercado.app 10.53.184.85
