208.84.101.72 - - [05/Jun/2026:09:52:09 -0300] "GET /config/gcp.json HTTP/1.1" 200 - "-" "Mozilla/5.0 (X11; Linux x86_64) AppleWebKit/537.36 (KHTML, like Gecko) Chrome/147.0.0.0 Safari/537.36" kaickaviella.meumercado.app 10.53.184.85
208.84.101.72 - - [05/Jun/2026:09:52:09 -0300] "GET /key.json HTTP/1.1" 200 - "-" "Mozilla/5.0 (X11; Linux x86_64; rv:149.0) Gecko/20100101 Firefox/149.0" kaickaviella.meumercado.app 10.53.184.85
208.84.101.72 - - [05/Jun/2026:09:52:09 -0300] "GET /app/credentials.json HTTP/1.1" 200 - "-" "Mozilla/5.0 (iPhone; CPU iPhone OS 18_4 like Mac OS X) AppleWebKit/605.1.15 (KHTML, like Gecko) Version/18.4 Mobile/15E148 Safari/604.1" kaickaviella.meumercado.app 10.53.184.85
208.84.101.72 - - [05/Jun/2026:09:52:09 -0300] "GET /secrets/gcp-key.json HTTP/1.1" 200 - "-" "Mozilla/5.0 (Macintosh; Intel Mac OS X 10_15_7) AppleWebKit/537.36 (KHTML, like Gecko) Chrome/146.0.0.0 Safari/537.36" kaickaviella.meumercado.app 10.53.184.85
208.84.101.72 - - [05/Jun/2026:09:52:09 -0300] "GET /.config/gcloud/application_default_credentials.json HTTP/1.1" 200 - "-" "Mozilla/5.0 (Windows NT 10.0; Win64; x64) AppleWebKit/537.36 (KHTML, like Gecko) Chrome/145.0.0.0 Safari/537.36" kaickaviella.meumercado.app 10.53.184.85
208.84.101.72 - - [05/Jun/2026:09:52:09 -0300] "GET /.npmrc HTTP/1.1" 200 - "-" "Mozilla/5.0 (X11; Linux x86_64; rv:150.0) Gecko/20100101 Firefox/150.0" kaickaviella.meumercado.app 10.53.184.85
208.84.101.72 - - [05/Jun/2026:09:52:09 -0300] "GET /.docker/config.json HTTP/1.1" 200 - "-" "Mozilla/5.0 (Windows NT 10.0; Win64; x64; rv:150.0) Gecko/20100101 Firefox/150.0" kaickaviella.meumercado.app 10.53.184.85
208.84.101.72 - - [05/Jun/2026:09:52:09 -0300] "GET /config/service-account.json HTTP/1.1" 200 - "-" "Mozilla/5.0 (Windows NT 10.0; Win64; x64) AppleWebKit/537.36 (KHTML, like Gecko) Chrome/147.0.0.0 Safari/537.36" kaickaviella.meumercado.app 10.53.184.85
208.84.101.72 - - [05/Jun/2026:09:52:09 -0300] "GET /secrets/service-account.json HTTP/1.1" 200 - "-" "Mozilla/5.0 (Windows NT 10.0; Win64; x64) AppleWebKit/537.36 (KHTML, like Gecko) Chrome/146.0.0.0 Safari/537.36" kaickaviella.meumercado.app 10.53.184.85
208.84.101.72 - - [05/Jun/2026:09:52:09 -0300] "GET /google-credentials.json HTTP/1.1" 200 - "-" "Mozilla/5.0 (Macintosh; Intel Mac OS X 10_15_7) AppleWebKit/605.1.15 (KHTML, like Gecko) Version/18.4 Safari/605.1.15" kaickaviella.meumercado.app 10.53.184.85
208.84.101.72 - - [05/Jun/2026:09:52:09 -0300] "GET /config/credentials.json HTTP/1.1" 200 - "-" "Mozilla/5.0 (Macintosh; Intel Mac OS X 10_15_7) AppleWebKit/605.1.15 (KHTML, like Gecko) Version/18.3 Safari/605.1.15" kaickaviella.meumercado.app 10.53.184.85
208.84.101.72 - - [05/Jun/2026:09:52:09 -0300] "GET /gcp_key.json HTTP/1.1" 200 - "-" "Mozilla/5.0 (Windows NT 10.0; Win64; x64) AppleWebKit/537.36 (KHTML, like Gecko) Chrome/146.0.0.0 Safari/537.36" kaickaviella.meumercado.app 10.53.184.85
208.84.101.72 - - [05/Jun/2026:09:52:09 -0300] "GET /firebase-credentials.json HTTP/1.1" 200 - "-" "Mozilla/5.0 (Windows NT 10.0; Win64; x64) AppleWebKit/537.36 (KHTML, like Gecko) Chrome/145.0.0.0 Safari/537.36" kaickaviella.meumercado.app 10.53.184.85
208.84.101.72 - - [05/Jun/2026:09:52:09 -0300] "GET /sa-key.json HTTP/1.1" 200 - "-" "Mozilla/5.0 (Macintosh; Intel Mac OS X 10_15_7) AppleWebKit/537.36 (KHTML, like Gecko) Chrome/147.0.0.0 Safari/537.36 Edg/147.0.0.0" kaickaviella.meumercado.app 10.53.184.85
208.84.101.72 - - [05/Jun/2026:09:52:09 -0300] "GET /keyfile.json HTTP/1.1" 200 - "-" "Mozilla/5.0 (Windows NT 10.0; Win64; x64) AppleWebKit/537.36 (KHTML, like Gecko) Chrome/147.0.0.0 Safari/537.36 Edg/147.0.0.0" kaickaviella.meumercado.app 10.53.184.85
208.84.101.72 - - [05/Jun/2026:09:52:09 -0300] "GET /gcp-service-account.json HTTP/1.1" 200 - "-" "Mozilla/5.0 (Macintosh; Intel Mac OS X 10_15_7) AppleWebKit/537.36 (KHTML, like Gecko) Chrome/147.0.0.0 Safari/537.36" kaickaviella.meumercado.app 10.53.184.85
208.84.101.72 - - [05/Jun/2026:09:52:09 -0300] "GET /google-services.json HTTP/1.1" 200 - "-" "Mozilla/5.0 (Macintosh; Intel Mac OS X 10.15; rv:150.0) Gecko/20100101 Firefox/150.0" kaickaviella.meumercado.app 10.53.184.85
208.84.101.72 - - [05/Jun/2026:09:52:09 -0300] "GET /gcloud-service-key.json HTTP/1.1" 200 - "-" "Mozilla/5.0 (Macintosh; Intel Mac OS X 10_15_7) AppleWebKit/605.1.15 (KHTML, like Gecko) Version/18.4 Safari/605.1.15" kaickaviella.meumercado.app 10.53.184.85
208.84.101.72 - - [05/Jun/2026:09:52:09 -0300] "GET /service_account.json HTTP/1.1" 200 - "-" "Mozilla/5.0 (X11; Linux x86_64; rv:149.0) Gecko/20100101 Firefox/149.0" kaickaviella.meumercado.app 10.53.184.85
208.84.101.72 - - [05/Jun/2026:09:52:09 -0300] "GET /application_default_credentials.json HTTP/1.1" 200 - "-" "Mozilla/5.0 (Windows NT 10.0; Win64; x64; rv:149.0) Gecko/20100101 Firefox/149.0" kaickaviella.meumercado.app 10.53.184.85
208.84.101.72 - - [05/Jun/2026:09:52:09 -0300] "GET /google-application-credentials.json HTTP/1.1" 200 - "-" "Mozilla/5.0 (X11; Linux x86_64; rv:150.0) Gecko/20100101 Firefox/150.0" kaickaviella.meumercado.app 10.53.184.85
208.84.101.72 - - [05/Jun/2026:09:52:09 -0300] "GET /firebase-adminsdk.json HTTP/1.1" 200 - "-" "Mozilla/5.0 (Windows NT 10.0; Win64; x64; rv:150.0) Gecko/20100101 Firefox/150.0" kaickaviella.meumercado.app 10.53.184.85
208.84.101.72 - - [05/Jun/2026:09:52:09 -0300] "GET /gcp-key.json HTTP/1.1" 200 - "-" "Mozilla/5.0 (X11; Linux x86_64) AppleWebKit/537.36 (KHTML, like Gecko) Chrome/147.0.0.0 Safari/537.36" kaickaviella.meumercado.app 10.53.184.85
208.84.101.72 - - [05/Jun/2026:09:52:10 -0300] "GET /firebase.json HTTP/1.1" 200 - "-" "Mozilla/5.0 (X11; Linux x86_64) AppleWebKit/537.36 (KHTML, like Gecko) Chrome/146.0.0.0 Safari/537.36" kaickaviella.meumercado.app 10.53.184.85
208.84.101.72 - - [05/Jun/2026:09:52:10 -0300] "GET /client_secrets.json HTTP/1.1" 200 - "-" "Mozilla/5.0 (Windows NT 10.0; Win64; x64) AppleWebKit/537.36 (KHTML, like Gecko) Chrome/146.0.0.0 Safari/537.36 Edg/146.0.0.0" kaickaviella.meumercado.app 10.53.184.85
208.84.101.72 - - [05/Jun/2026:09:52:09 -0300] "GET /google_credentials.json HTTP/1.1" 200 - "-" "Mozilla/5.0 (iPhone; CPU iPhone OS 18_4 like Mac OS X) AppleWebKit/605.1.15 (KHTML, like Gecko) Version/18.4 Mobile/15E148 Safari/604.1" kaickaviella.meumercado.app 10.53.184.85
208.84.101.72 - - [05/Jun/2026:09:52:10 -0300] "GET /sa-private-key.json HTTP/1.1" 200 - "-" "Mozilla/5.0 (Windows NT 10.0; Win64; x64) AppleWebKit/537.36 (KHTML, like Gecko) Chrome/146.0.0.0 Safari/537.36 Edg/146.0.0.0" kaickaviella.meumercado.app 10.53.184.85
208.84.101.72 - - [05/Jun/2026:09:52:10 -0300] "GET /api/client_secret.json HTTP/1.1" 200 - "-" "Mozilla/5.0 (Macintosh; Intel Mac OS X 10_15_7) AppleWebKit/537.36 (KHTML, like Gecko) Chrome/147.0.0.0 Safari/537.36 Edg/147.0.0.0" kaickaviella.meumercado.app 10.53.184.85
208.84.101.72 - - [05/Jun/2026:09:52:10 -0300] "GET /.openai/config.json HTTP/1.1" 200 - "-" "Mozilla/5.0 (Macintosh; Intel Mac OS X 10_15_7) AppleWebKit/605.1.15 (KHTML, like Gecko) Version/18.4 Safari/605.1.15" kaickaviella.meumercado.app 10.53.184.85
208.84.101.72 - - [05/Jun/2026:09:52:10 -0300] "GET /google-service-account.json HTTP/1.1" 200 - "-" "Mozilla/5.0 (Windows NT 10.0; Win64; x64; rv:150.0) Gecko/20100101 Firefox/150.0" kaickaviella.meumercado.app 10.53.184.85
208.84.101.72 - - [05/Jun/2026:09:52:10 -0300] "GET /service-account-key.json HTTP/1.1" 200 - "-" "Mozilla/5.0 (Windows NT 10.0; Win64; x64; rv:149.0) Gecko/20100101 Firefox/149.0" kaickaviella.meumercado.app 10.53.184.85
208.84.101.72 - - [05/Jun/2026:09:52:10 -0300] "GET /.openclaw/agents/main/agent/models.json HTTP/1.1" 200 - "-" "Mozilla/5.0 (Macintosh; Intel Mac OS X 10_15_7) AppleWebKit/537.36 (KHTML, like Gecko) Chrome/147.0.0.0 Safari/537.36" kaickaviella.meumercado.app 10.53.184.85
208.84.101.72 - - [05/Jun/2026:09:52:10 -0300] "GET /.openclaw/openclaw.json HTTP/1.1" 200 - "-" "Mozilla/5.0 (Windows NT 10.0; Win64; x64) AppleWebKit/537.36 (KHTML, like Gecko) Chrome/147.0.0.0 Safari/537.36" kaickaviella.meumercado.app 10.53.184.85
208.84.101.72 - - [05/Jun/2026:09:52:10 -0300] "GET /firebase-service-account.json HTTP/1.1" 200 - "-" "Mozilla/5.0 (Macintosh; Intel Mac OS X 10.15; rv:150.0) Gecko/20100101 Firefox/150.0" kaickaviella.meumercado.app 10.53.184.85
208.84.101.72 - - [05/Jun/2026:09:52:10 -0300] "GET /config.json HTTP/1.1" 200 - "-" "Mozilla/5.0 (X11; Linux x86_64) AppleWebKit/537.36 (KHTML, like Gecko) Chrome/146.0.0.0 Safari/537.36" kaickaviella.meumercado.app 10.53.184.85
208.84.101.72 - - [05/Jun/2026:09:52:10 -0300] "GET /serviceAccountKey.json HTTP/1.1" 200 - "-" "Mozilla/5.0 (Macintosh; Intel Mac OS X 10_15_7) AppleWebKit/537.36 (KHTML, like Gecko) Chrome/146.0.0.0 Safari/537.36" kaickaviella.meumercado.app 10.53.184.85
208.84.101.72 - - [05/Jun/2026:09:52:10 -0300] "GET /.anthropic/config.json HTTP/1.1" 200 - "-" "Mozilla/5.0 (iPhone; CPU iPhone OS 18_4 like Mac OS X) AppleWebKit/605.1.15 (KHTML, like Gecko) Version/18.4 Mobile/15E148 Safari/604.1" kaickaviella.meumercado.app 10.53.184.85
208.84.101.72 - - [05/Jun/2026:09:52:10 -0300] "GET /secrets.json HTTP/1.1" 200 - "-" "Mozilla/5.0 (Windows NT 10.0; Win64; x64) AppleWebKit/537.36 (KHTML, like Gecko) Chrome/145.0.0.0 Safari/537.36" kaickaviella.meumercado.app 10.53.184.85
208.84.101.72 - - [05/Jun/2026:09:52:13 -0300] "GET / HTTP/1.1" 200 - "-" "Mozilla/5.0 (Macintosh; Intel Mac OS X 10_15_7) AppleWebKit/537.36 (KHTML, like Gecko) Chrome/146.0.0.0 Safari/537.36" kaickaviella.meumercado.app 10.53.184.85
208.84.101.72 - - [05/Jun/2026:09:52:16 -0300] "GET /.env.production.copy HTTP/1.1" 403 7955 "-" "Mozilla/5.0 (Macintosh; Intel Mac OS X 10_15_7) AppleWebKit/537.36 (KHTML, like Gecko) Chrome/146.0.0.0 Safari/537.36" kaickaviella.meumercado.app 10.53.184.85
208.84.101.72 - - [05/Jun/2026:09:52:16 -0300] "GET /.git/FETCH_HEAD HTTP/1.1" 200 - "-" "Mozilla/5.0 (Windows NT 10.0; Win64; x64; rv:150.0) Gecko/20100101 Firefox/150.0" kaickaviella.meumercado.app 10.53.184.85
208.84.101.72 - - [05/Jun/2026:09:52:16 -0300] "GET /.git/config HTTP/1.1" 200 - "-" "Mozilla/5.0 (Windows NT 10.0; Win64; x64) AppleWebKit/537.36 (KHTML, like Gecko) Chrome/145.0.0.0 Safari/537.36" kaickaviella.meumercado.app 10.53.184.85
208.84.101.72 - - [05/Jun/2026:09:52:16 -0300] "GET /.git/refs/heads/main HTTP/1.1" 200 - "-" "Mozilla/5.0 (Macintosh; Intel Mac OS X 10.15; rv:150.0) Gecko/20100101 Firefox/150.0" kaickaviella.meumercado.app 10.53.184.85
208.84.101.72 - - [05/Jun/2026:09:52:18 -0300] "GET /.env.production~ HTTP/1.1" 406 226 "-" "Mozilla/5.0 (X11; Linux x86_64; rv:150.0) Gecko/20100101 Firefox/150.0" kaickaviella.meumercado.app 10.53.184.85
208.84.101.72 - - [05/Jun/2026:09:52:18 -0300] "GET /.env.local.orig HTTP/1.1" 406 226 "-" "Mozilla/5.0 (Windows NT 10.0; Win64; x64) AppleWebKit/537.36 (KHTML, like Gecko) Chrome/146.0.0.0 Safari/537.36" kaickaviella.meumercado.app 10.53.184.85
208.84.101.72 - - [05/Jun/2026:09:52:18 -0300] "GET /.env.copy HTTP/1.1" 403 7955 "-" "Mozilla/5.0 (Windows NT 10.0; Win64; x64) AppleWebKit/537.36 (KHTML, like Gecko) Chrome/146.0.0.0 Safari/537.36 Edg/146.0.0.0" kaickaviella.meumercado.app 10.53.184.85
208.84.101.72 - - [05/Jun/2026:09:52:18 -0300] "GET /.env.orig HTTP/1.1" 406 226 "-" "Mozilla/5.0 (Macintosh; Intel Mac OS X 10_15_7) AppleWebKit/537.36 (KHTML, like Gecko) Chrome/147.0.0.0 Safari/537.36 Edg/147.0.0.0" kaickaviella.meumercado.app 10.53.184.85
208.84.101.72 - - [05/Jun/2026:09:52:18 -0300] "GET /.env.local~ HTTP/1.1" 406 226 "-" "Mozilla/5.0 (Macintosh; Intel Mac OS X 10_15_7) AppleWebKit/537.36 (KHTML, like Gecko) Chrome/147.0.0.0 Safari/537.36" kaickaviella.meumercado.app 10.53.184.85
208.84.101.72 - - [05/Jun/2026:09:52:18 -0300] "GET /.env.local.bak HTTP/1.1" 406 226 "-" "Mozilla/5.0 (Macintosh; Intel Mac OS X 10_15_7) AppleWebKit/605.1.15 (KHTML, like Gecko) Version/18.4 Safari/605.1.15" kaickaviella.meumercado.app 10.53.184.85
208.84.101.72 - - [05/Jun/2026:09:52:18 -0300] "GET /.env.local.copy HTTP/1.1" 403 7955 "-" "Mozilla/5.0 (Macintosh; Intel Mac OS X 10_15_7) AppleWebKit/537.36 (KHTML, like Gecko) Chrome/146.0.0.0 Safari/537.36" kaickaviella.meumercado.app 10.53.184.85
208.84.101.72 - - [05/Jun/2026:09:52:18 -0300] "GET /.env.production.swp HTTP/1.1" 406 226 "-" "Mozilla/5.0 (Windows NT 10.0; Win64; x64; rv:149.0) Gecko/20100101 Firefox/149.0" kaickaviella.meumercado.app 10.53.184.85
208.84.101.72 - - [05/Jun/2026:09:52:18 -0300] "GET /.env.production.orig HTTP/1.1" 406 226 "-" "Mozilla/5.0 (Windows NT 10.0; Win64; x64) AppleWebKit/537.36 (KHTML, like Gecko) Chrome/146.0.0.0 Safari/537.36 Edg/146.0.0.0" kaickaviella.meumercado.app 10.53.184.85
208.84.101.72 - - [05/Jun/2026:09:52:18 -0300] "GET /.env~ HTTP/1.1" 406 226 "-" "Mozilla/5.0 (X11; Linux x86_64; rv:149.0) Gecko/20100101 Firefox/149.0" kaickaviella.meumercado.app 10.53.184.85
208.84.101.72 - - [05/Jun/2026:09:52:18 -0300] "GET /.git/logs/HEAD HTTP/1.1" 200 - "-" "Mozilla/5.0 (Windows NT 10.0; Win64; x64; rv:149.0) Gecko/20100101 Firefox/149.0" kaickaviella.meumercado.app 10.53.184.85
208.84.101.72 - - [05/Jun/2026:09:52:18 -0300] "GET /.env.production.save HTTP/1.1" 200 - "-" "Mozilla/5.0 (Macintosh; Intel Mac OS X 10.15; rv:150.0) Gecko/20100101 Firefox/150.0" kaickaviella.meumercado.app 10.53.184.85
208.84.101.72 - - [05/Jun/2026:09:52:18 -0300] "GET /.git/refs/heads/master HTTP/1.1" 200 - "-" "Mozilla/5.0 (X11; Linux x86_64; rv:150.0) Gecko/20100101 Firefox/150.0" kaickaviella.meumercado.app 10.53.184.85
208.84.101.72 - - [05/Jun/2026:09:52:19 -0300] "GET /.env.local.swp HTTP/1.1" 406 226 "-" "Mozilla/5.0 (X11; Linux x86_64) AppleWebKit/537.36 (KHTML, like Gecko) Chrome/147.0.0.0 Safari/537.36" kaickaviella.meumercado.app 10.53.184.85
208.84.101.72 - - [05/Jun/2026:09:52:19 -0300] "GET /.env.local.old HTTP/1.1" 406 226 "-" "Mozilla/5.0 (iPhone; CPU iPhone OS 18_4 like Mac OS X) AppleWebKit/605.1.15 (KHTML, like Gecko) Version/18.4 Mobile/15E148 Safari/604.1" kaickaviella.meumercado.app 10.53.184.85
208.84.101.72 - - [05/Jun/2026:09:52:19 -0300] "GET /.env.swp HTTP/1.1" 406 226 "-" "Mozilla/5.0 (Windows NT 10.0; Win64; x64) AppleWebKit/537.36 (KHTML, like Gecko) Chrome/147.0.0.0 Safari/537.36 Edg/147.0.0.0" kaickaviella.meumercado.app 10.53.184.85
208.84.101.72 - - [05/Jun/2026:09:52:19 -0300] "GET /.env.production.backup HTTP/1.1" 406 226 "-" "Mozilla/5.0 (Windows NT 10.0; Win64; x64; rv:150.0) Gecko/20100101 Firefox/150.0" kaickaviella.meumercado.app 10.53.184.85
208.84.101.72 - - [05/Jun/2026:09:52:19 -0300] "GET /.env.local.backup HTTP/1.1" 406 226 "-" "Mozilla/5.0 (Macintosh; Intel Mac OS X 10_15_7) AppleWebKit/605.1.15 (KHTML, like Gecko) Version/18.3 Safari/605.1.15" kaickaviella.meumercado.app 10.53.184.85
208.84.101.72 - - [05/Jun/2026:09:52:19 -0300] "GET /.env.production.old HTTP/1.1" 406 226 "-" "Mozilla/5.0 (Windows NT 10.0; Win64; x64) AppleWebKit/537.36 (KHTML, like Gecko) Chrome/145.0.0.0 Safari/537.36" kaickaviella.meumercado.app 10.53.184.85
208.84.101.72 - - [05/Jun/2026:09:52:19 -0300] "GET /.env.production.bak HTTP/1.1" 406 226 "-" "Mozilla/5.0 (X11; Linux x86_64) AppleWebKit/537.36 (KHTML, like Gecko) Chrome/146.0.0.0 Safari/537.36" kaickaviella.meumercado.app 10.53.184.85
208.84.101.72 - - [05/Jun/2026:09:52:19 -0300] "GET /.git/HEAD HTTP/1.1" 200 - "-" "Mozilla/5.0 (X11; Linux x86_64) AppleWebKit/537.36 (KHTML, like Gecko) Chrome/146.0.0.0 Safari/537.36" kaickaviella.meumercado.app 10.53.184.85
208.84.101.72 - - [05/Jun/2026:09:52:19 -0300] "GET /.env.local.save HTTP/1.1" 200 - "-" "Mozilla/5.0 (Windows NT 10.0; Win64; x64) AppleWebKit/537.36 (KHTML, like Gecko) Chrome/147.0.0.0 Safari/537.36" kaickaviella.meumercado.app 10.53.184.85
208.84.101.72 - - [05/Jun/2026:09:52:23 -0300] "GET / HTTP/1.1" 200 - "-" "Mozilla/5.0 (Windows NT 10.0; Win64; x64) AppleWebKit/537.36 (KHTML, like Gecko) Chrome/146.0.0.0 Safari/537.36" kaickaviella.meumercado.app 10.53.184.85
134.185.86.134 - - [05/Jun/2026:10:12:14 -0300] "GET / HTTP/2.0" 200 - "-" "Mozilla/5.0 (iPhone; CPU iPhone OS 17_4_1 like Mac OS X) AppleWebKit/605.1.15 Mobile/15E148" kaickaviella.meumercado.app 10.53.184.85
134.185.86.134 - - [05/Jun/2026:10:12:18 -0300] "GET / HTTP/2.0" 200 - "-" "Mozilla/5.0 (Android 13; Mobile; rv:117.0) Gecko/117.0 Firefox/117.0" kaickaviella.meumercado.app 10.53.184.85
134.185.86.134 - - [05/Jun/2026:10:12:22 -0300] "GET / HTTP/2.0" 406 226 "-" "Go-http-client/2.0" kaickaviella.meumercado.app 10.53.184.85
134.185.86.134 - - [05/Jun/2026:10:12:23 -0300] "GET /wp-login.php HTTP/2.0" 409 83 "-" "Mozilla/5.0 (X11; Linux x86_64) Gecko/20100101 Firefox/117.0" kaickaviella.meumercado.app 10.53.184.85
134.185.86.134 - - [05/Jun/2026:10:12:23 -0300] "GET /wp-admin/ HTTP/2.0" 200 - "-" "Mozilla/5.0 (X11; Linux x86_64) Gecko/20100101 Firefox/117.0" kaickaviella.meumercado.app 10.53.184.85
134.185.86.134 - - [05/Jun/2026:10:12:26 -0300] "GET /administrator/ HTTP/2.0" 200 - "-" "Mozilla/5.0 (iPhone; CPU iPhone OS 17_4_1 like Mac OS X) AppleWebKit/605.1.15 Mobile/15E148" kaickaviella.meumercado.app 10.53.184.85
134.185.86.134 - - [05/Jun/2026:10:12:29 -0300] "GET /user/login HTTP/2.0" 200 - "-" "Mozilla/5.0 (Windows NT 10.0; Win64; x64) AppleWebKit/537.36 Chrome/116.0 Safari/537.36" kaickaviella.meumercado.app 10.53.184.85
134.185.86.134 - - [05/Jun/2026:10:12:31 -0300] "GET /admin HTTP/2.0" 200 - "-" "Mozilla/5.0 (X11; Linux x86_64) Gecko/20100101 Firefox/117.0" kaickaviella.meumercado.app 10.53.184.85
134.185.86.134 - - [05/Jun/2026:10:12:34 -0300] "GET /login HTTP/2.0" 200 - "-" "Mozilla/5.0 (iPad; CPU OS 17_4 like Mac OS X) AppleWebKit/605.1.15 Mobile/15E148" kaickaviella.meumercado.app 10.53.184.85
134.185.86.134 - - [05/Jun/2026:10:12:36 -0300] "GET /register HTTP/2.0" 200 - "-" "Mozilla/5.0 (X11; Linux x86_64) Gecko/20100101 Firefox/117.0" kaickaviella.meumercado.app 10.53.184.85
134.185.86.134 - - [05/Jun/2026:10:12:38 -0300] "GET /admin HTTP/2.0" 200 - "-" "Mozilla/5.0 (Windows NT 10.0; Win64; x64) AppleWebKit/537.36 Chrome/116.0 Safari/537.36" kaickaviella.meumercado.app 10.53.184.85
134.185.86.134 - - [05/Jun/2026:10:12:40 -0300] "GET /login HTTP/2.0" 200 - "-" "Mozilla/5.0 (iPhone; CPU iPhone OS 17_4_1 like Mac OS X) AppleWebKit/605.1.15 Mobile/15E148" kaickaviella.meumercado.app 10.53.184.85
45.227.253.15 - - [05/Jun/2026:14:15:36 -0300] "GET /index.php/jk HTTP/1.1" 409 83 "-" "Mozilla/5.0 (Macintosh; Intel Mac OS X 10.11; rv:103.0) Gecko/20100101 Firefox/101.0" kaickaviella.meumercado.app 10.53.184.85
74.7.175.148 - - [05/Jun/2026:16:59:24 -0300] "GET /robots.txt HTTP/2.0" 200 106 "-" "Mozilla/5.0 (Macintosh; Intel Mac OS X 10_15_7) AppleWebKit/537.36 (KHTML, like Gecko) Chrome/131.0.0.0 Safari/537.36; compatible; OAI-SearchBot/1.4; robots.txt; +https://openai.com/searchbot" kaickaviella.meumercado.app 10.53.184.85
74.7.242.32 - - [05/Jun/2026:16:59:24 -0300] "GET /sitemap.xml HTTP/2.0" 200 - "-" "Mozilla/5.0 AppleWebKit/537.36 (KHTML, like Gecko; compatible; GPTBot/1.4; +https://openai.com/gptbot)" kaickaviella.meumercado.app 10.53.184.85
74.7.242.32 - - [05/Jun/2026:17:03:11 -0300] "GET /?sitemap.xml HTTP/2.0" 200 - "-" "Mozilla/5.0 AppleWebKit/537.36 (KHTML, like Gecko; compatible; GPTBot/1.4; +https://openai.com/gptbot)" kaickaviella.meumercado.app 10.53.184.85
45.227.253.15 - - [05/Jun/2026:17:53:52 -0300] "GET /index.php/jk HTTP/1.1" 409 83 "-" "Mozilla/5.0 (iPhone; CPU iPhone OS 12_4 like Mac OS X) AppleWebKit/605.1.15 (KHTML, like Gecko) Version/12.4.2 Mobile/15E148 Safari/604.1" kaickaviella.meumercado.app 10.53.184.85
45.227.253.15 - - [05/Jun/2026:20:47:11 -0300] "GET /index.php/jk HTTP/1.1" 409 83 "-" "Mozilla/5.0 (Windows NT 6.2; Win64; x64) AppleWebKit/537.36 (KHTML, like Gecko) Chrome/86.0.4240.111 Safari/537.36" kaickaviella.meumercado.app 10.53.184.85
44.217.144.79 - - [05/Jun/2026:22:12:33 -0300] "GET / HTTP/1.1" 200 - "-" "Mozilla/5.0 (Windows NT 6.1; WOW64; Trident/7.0; rv:11.0) like Gecko" www.kaickaviella.meumercado.app 10.53.184.85
45.227.253.15 - - [06/Jun/2026:01:15:14 -0300] "GET /index.php/jk HTTP/1.1" 409 83 "-" "Mozilla/5.0 (Windows NT 10.0; Win64; x64) AppleWebKit/537.36 (KHTML, like Gecko) Chrome/83.0.3302.140 Safari/537.36 Edge/18.18960" kaickaviella.meumercado.app 10.53.184.85
176.65.139.238 - - [06/Jun/2026:02:42:41 -0300] "GET /.env HTTP/1.1" 406 226 "-" "Mozilla/5.0 (Windows NT 10.0; Win64; x64) AppleWebKit/537.36 (KHTML, like Gecko) Chrome/147.0.0.0 Safari/537.36" www.kaickaviella.meumercado.app 10.53.184.85
176.65.139.232 - - [06/Jun/2026:04:06:29 -0300] "GET /.env HTTP/1.1" 406 226 "-" "Mozilla/5.0 (Windows NT 10.0; Win64; x64) AppleWebKit/537.36 (KHTML, like Gecko) Chrome/147.0.0.0 Safari/537.36" kaickaviella.meumercado.app 10.53.184.85
45.227.253.15 - - [06/Jun/2026:06:07:14 -0300] "GET /index.php/jk HTTP/1.1" 409 83 "-" "Mozilla/5.0 (Macintosh; Intel Mac OS X 10.15; rv:82.0) Gecko/20100101 Firefox/82.0" kaickaviella.meumercado.app 10.53.184.85
66.187.7.97 - - [06/Jun/2026:09:22:53 -0300] "GET / HTTP/1.1" 200 - "-" "Mozilla/5.0 (Macintosh; Intel Mac OS X 10_15_7) AppleWebKit/537.36" www.kaickaviella.meumercado.app 10.53.184.85
66.187.7.97 - - [06/Jun/2026:09:22:53 -0300] "GET /.git/config HTTP/1.1" 200 - "-" "Mozilla/5.0 (Macintosh; Intel Mac OS X 10_15_7) AppleWebKit/537.36" www.kaickaviella.meumercado.app 10.53.184.85
66.187.7.97 - - [06/Jun/2026:09:22:53 -0300] "GET /.git/HEAD HTTP/1.1" 200 - "-" "Mozilla/5.0 (Macintosh; Intel Mac OS X 10_15_7) AppleWebKit/537.36" www.kaickaviella.meumercado.app 10.53.184.85
45.227.253.15 - - [06/Jun/2026:11:31:11 -0300] "GET /index.php/jk HTTP/1.1" 409 83 "-" "Mozilla/5.0 (Windows NT 10.0; Win64; x64) AppleWebKit/537.36 (KHTML, like Gecko) Chrome/77.0.3760. Safari/537.36 Edg/77.0.141.7" kaickaviella.meumercado.app 10.53.184.85
45.227.253.15 - - [06/Jun/2026:16:34:24 -0300] "GET /index.php/jk HTTP/1.1" 409 83 "-" "Mozilla/5.0 (iPad; U; CPU OS 4_3_3 like Mac OS X; ja) AppleWebKit/533.17.9 (KHTML, like Gecko) Version/5.0.2 Mobile/8J2 Safari/6533.18.5" kaickaviella.meumercado.app 10.53.184.85
74.7.175.148 - - [06/Jun/2026:17:01:40 -0300] "GET /robots.txt HTTP/2.0" 200 106 "-" "Mozilla/5.0 (Macintosh; Intel Mac OS X 10_15_7) AppleWebKit/537.36 (KHTML, like Gecko) Chrome/131.0.0.0 Safari/537.36; compatible; OAI-SearchBot/1.4; robots.txt; +https://openai.com/searchbot" kaickaviella.meumercado.app 10.53.184.85
74.7.242.32 - - [06/Jun/2026:17:01:40 -0300] "GET /sitemap.xml HTTP/2.0" 200 - "-" "Mozilla/5.0 AppleWebKit/537.36 (KHTML, like Gecko; compatible; GPTBot/1.4; +https://openai.com/gptbot)" kaickaviella.meumercado.app 10.53.184.85
74.7.242.32 - - [06/Jun/2026:17:05:52 -0300] "GET /?sitemap.xml HTTP/2.0" 200 - "-" "Mozilla/5.0 AppleWebKit/537.36 (KHTML, like Gecko; compatible; GPTBot/1.4; +https://openai.com/gptbot)" kaickaviella.meumercado.app 10.53.184.85
176.65.139.229 - - [06/Jun/2026:18:27:26 -0300] "GET / HTTP/1.1" 200 - "-" "Mozilla/5.0 (Windows NT 10.0; Win64; x64) AppleWebKit/537.36 (KHTML, like Gecko) Chrome/147.0.0.0 Safari/537.36" www.kaickaviella.meumercado.app 10.53.184.85
45.227.253.15 - - [06/Jun/2026:19:17:57 -0300] "GET /index.php/jk HTTP/1.1" 409 83 "-" "Mozilla/5.0 (Macintosh; Intel Mac OS X 10.11; rv:103.0) Gecko/20100101 Firefox/101.0" kaickaviella.meumercado.app 10.53.184.85
176.65.139.238 - - [06/Jun/2026:20:03:00 -0300] "GET / HTTP/1.1" 200 - "-" "Mozilla/5.0 (Windows NT 10.0; Win64; x64) AppleWebKit/537.36 (KHTML, like Gecko) Chrome/147.0.0.0 Safari/537.36" kaickaviella.meumercado.app 10.53.184.85
45.227.253.15 - - [06/Jun/2026:23:05:55 -0300] "GET /index.php/jk HTTP/1.1" 409 83 "-" "Mozilla/5.0 (Macintosh; Intel Mac OS X 10_15_7) AppleWebKit/537.36 (KHTML, like Gecko) Chrome/86.0.4240.111 Safari/537.36" kaickaviella.meumercado.app 10.53.184.85
95.169.173.32 - - [07/Jun/2026:01:43:02 -0300] "GET /.git/HEAD HTTP/1.1" 406 226 "-" "CCBot/2.0 (https://commoncrawl.org/faq/)" www.kaickaviella.meumercado.app 10.53.184.85
95.169.173.32 - - [07/Jun/2026:01:43:02 -0300] "GET /.git/config HTTP/1.1" 200 - "-" "Mozilla/5.0 AppleWebKit/537.36 (KHTML, like Gecko; compatible; GPTBot/1.3; +https://openai.com/gptbot)" www.kaickaviella.meumercado.app 10.53.184.85
95.169.173.32 - - [07/Jun/2026:01:43:02 -0300] "GET / HTTP/1.1" 200 - "-" "Mozilla/5.0 (compatible; PerplexityBot/1.0; +https://perplexity.ai/perplexitybot)" www.kaickaviella.meumercado.app 10.53.184.85
64.50.191.33 - - [07/Jun/2026:01:47:07 -0300] "GET /.git/config HTTP/1.1" 200 - "-" "Mozilla/5.0 (compatible; PerplexityBot/1.0; +https://perplexity.ai/perplexitybot)" kaickaviella.meumercado.app 10.53.184.85
64.50.191.33 - - [07/Jun/2026:01:47:07 -0300] "GET /.git/HEAD HTTP/1.1" 200 51173 "-" "Mozilla/5.0 (compatible; Googlebot/2.1; +http://www.google.com/bot.html)" kaickaviella.meumercado.app 10.53.184.85
64.50.191.33 - - [07/Jun/2026:01:47:07 -0300] "GET / HTTP/1.1" 200 49859 "-" "Mozilla/5.0 (compatible; Googlebot/2.1; +http://www.google.com/bot.html)" kaickaviella.meumercado.app 10.53.184.85
64.50.191.33 - - [07/Jun/2026:01:47:09 -0300] "GET /.env HTTP/1.1" 406 226 "-" "Mozilla/5.0 AppleWebKit/537.36 (KHTML, like Gecko; compatible; ChatGPT-User/1.0; +https://openai.com/bot)" kaickaviella.meumercado.app 10.53.184.85
64.50.191.33 - - [07/Jun/2026:01:47:10 -0300] "GET /.env.bak HTTP/1.1" 406 226 "-" "Mozilla/5.0 (compatible; xAI-SearchBot/1.0; +https://x.ai)" kaickaviella.meumercado.app 10.53.184.85
64.50.191.33 - - [07/Jun/2026:01:47:10 -0300] "GET /.env.backup HTTP/1.1" 406 226 "-" "Mozilla/5.0 (compatible; Baiduspider/2.0; +http://www.baidu.com/search/spider.html)" kaickaviella.meumercado.app 10.53.184.85
64.50.191.33 - - [07/Jun/2026:01:47:10 -0300] "GET /robots.txt HTTP/1.1" 200 106 "-" "Mozilla/5.0 (compatible; xAI-SearchBot/1.0; +https://x.ai)" kaickaviella.meumercado.app 10.53.184.85
64.50.191.33 - - [07/Jun/2026:01:47:10 -0300] "GET /service-account.json HTTP/1.1" 406 226 "-" "CCBot/2.0 (https://commoncrawl.org/faq/)" kaickaviella.meumercado.app 10.53.184.85
64.50.191.33 - - [07/Jun/2026:01:47:09 -0300] "GET /.env.production HTTP/1.1" 200 - "-" "Mozilla/5.0 AppleWebKit/537.36 (KHTML, like Gecko; compatible; ChatGPT-User/1.0; +https://openai.com/bot)" kaickaviella.meumercado.app 10.53.184.85
64.50.191.33 - - [07/Jun/2026:01:47:09 -0300] "GET /.env.local HTTP/1.1" 200 - "-" "Mozilla/5.0 (compatible; DeepSeekBot/1.0; +https://www.deepseek.com/bot)" kaickaviella.meumercado.app 10.53.184.85
64.50.191.33 - - [07/Jun/2026:01:47:09 -0300] "GET /.env.development HTTP/1.1" 200 - "-" "Mozilla/5.0 (compatible; YandexBot/3.0; +http://yandex.com/bots)" kaickaviella.meumercado.app 10.53.184.85
64.50.191.33 - - [07/Jun/2026:01:47:10 -0300] "GET /gcp-credentials.json HTTP/1.1" 200 - "-" "Mozilla/5.0 (compatible; YandexBot/3.0; +http://yandex.com/bots)" kaickaviella.meumercado.app 10.53.184.85
64.50.191.33 - - [07/Jun/2026:01:47:10 -0300] "GET /secrets.json HTTP/1.1" 200 - "-" "Mozilla/5.0 (compatible; PerplexityBot/1.0; +https://perplexity.ai/perplexitybot)" kaickaviella.meumercado.app 10.53.184.85
64.50.191.33 - - [07/Jun/2026:01:47:10 -0300] "GET /firebase.json HTTP/1.1" 200 - "-" "Mozilla/5.0 (compatible; OAI-SearchBot/1.3; +https://openai.com/searchbot)" kaickaviella.meumercado.app 10.53.184.85
64.50.191.33 - - [07/Jun/2026:01:47:10 -0300] "GET /actuator/env HTTP/1.1" 200 - "-" "Mozilla/5.0 (compatible; DeepSeekBot/1.0; +https://www.deepseek.com/bot)" kaickaviella.meumercado.app 10.53.184.85
64.50.191.33 - - [07/Jun/2026:01:47:10 -0300] "GET /api/env HTTP/1.1" 200 - "-" "Mozilla/5.0 (compatible; PerplexityBot/1.0; +https://perplexity.ai/perplexitybot)" kaickaviella.meumercado.app 10.53.184.85
64.50.191.33 - - [07/Jun/2026:01:47:10 -0300] "GET /api/config HTTP/1.1" 200 - "-" "Mozilla/5.0 AppleWebKit/537.36 (KHTML, like Gecko; compatible; GPTBot/1.3; +https://openai.com/gptbot)" kaickaviella.meumercado.app 10.53.184.85
64.50.191.33 - - [07/Jun/2026:01:47:10 -0300] "GET /account.json HTTP/1.1" 200 - "-" "Mozilla/5.0 (compatible; Baiduspider/2.0; +http://www.baidu.com/search/spider.html)" kaickaviella.meumercado.app 10.53.184.85
64.50.191.33 - - [07/Jun/2026:01:47:10 -0300] "GET /config.json HTTP/1.1" 200 - "-" "Mozilla/5.0 (compatible; OAI-SearchBot/1.3; +https://openai.com/searchbot)" kaickaviella.meumercado.app 10.53.184.85
64.50.191.33 - - [07/Jun/2026:01:47:10 -0300] "GET /appsettings.json HTTP/1.1" 200 - "-" "Mozilla/5.0 AppleWebKit/537.36 (KHTML, like Gecko; compatible; ChatGPT-User/1.0; +https://openai.com/bot)" kaickaviella.meumercado.app 10.53.184.85
64.50.191.33 - - [07/Jun/2026:01:47:10 -0300] "GET /google-credentials.json HTTP/1.1" 200 49510 "-" "Mozilla/5.0 (compatible; bingbot/2.0; +http://www.bing.com/bingbot.htm)" kaickaviella.meumercado.app 10.53.184.85
64.50.191.33 - - [07/Jun/2026:01:47:10 -0300] "GET /credentials.json HTTP/1.1" 200 53847 "-" "Mozilla/5.0 (compatible; bingbot/2.0; +http://www.bing.com/bingbot.htm)" kaickaviella.meumercado.app 10.53.184.85
64.50.191.33 - - [07/Jun/2026:01:47:10 -0300] "GET /key.json HTTP/1.1" 200 56388 "-" "Mozilla/5.0 (compatible; Googlebot/2.1; +http://www.google.com/bot.html)" kaickaviella.meumercado.app 10.53.184.85
64.50.191.33 - - [07/Jun/2026:01:47:10 -0300] "GET /keyfile.json HTTP/1.1" 200 51618 "-" "Mozilla/5.0 (compatible; Googlebot/2.1; +http://www.google.com/bot.html)" kaickaviella.meumercado.app 10.53.184.85
64.50.191.33 - - [07/Jun/2026:01:47:10 -0300] "GET /firebase-adminsdk.json HTTP/1.1" 200 49301 "-" "Mozilla/5.0 (compatible; Googlebot/2.1; +http://www.google.com/bot.html)" kaickaviella.meumercado.app 10.53.184.85
64.50.191.33 - - [07/Jun/2026:01:47:10 -0300] "GET /sitemap.xml HTTP/1.1" 200 40218 "-" "Mozilla/5.0 (compatible; Baiduspider/2.0; +http://www.baidu.com/search/spider.html)" kaickaviella.meumercado.app 10.53.184.85
64.50.191.33 - - [07/Jun/2026:01:47:15 -0300] "GET /shop/category/categorylist.aspx HTTP/1.1" 200 - "-" "Mozilla/5.0 AppleWebKit/537.36 (KHTML, like Gecko; compatible; GPTBot/1.3; +https://openai.com/gptbot)" kaickaviella.meumercado.app 10.53.184.85
64.50.191.33 - - [07/Jun/2026:01:47:15 -0300] "GET /shop/storeSearch/CriteriaInput.aspx HTTP/1.1" 200 - "-" "Mozilla/5.0 AppleWebKit/537.36 (KHTML, like Gecko; compatible; GPTBot/1.3; +https://openai.com/gptbot)" kaickaviella.meumercado.app 10.53.184.85
64.50.191.33 - - [07/Jun/2026:01:47:15 -0300] "GET /shop/storeSearch/KeepCriteriaInput.aspx HTTP/1.1" 200 - "-" "Mozilla/5.0 (compatible; PerplexityBot/1.0; +https://perplexity.ai/perplexitybot)" kaickaviella.meumercado.app 10.53.184.85
64.50.191.33 - - [07/Jun/2026:01:47:15 -0300] "GET /shop/pg/1005024240 HTTP/1.1" 200 - "-" "Mozilla/5.0 (compatible; Baiduspider/2.0; +http://www.baidu.com/search/spider.html)" kaickaviella.meumercado.app 10.53.184.85
64.50.191.33 - - [07/Jun/2026:01:47:15 -0300] "GET /contents/event/kansyasai HTTP/1.1" 200 - "-" "Mozilla/5.0 (compatible; Baiduspider/2.0; +http://www.baidu.com/search/spider.html)" kaickaviella.meumercado.app 10.53.184.85
64.50.191.33 - - [07/Jun/2026:01:47:15 -0300] "GET /shop/customer/entry.aspx HTTP/1.1" 200 - "-" "Mozilla/5.0 (compatible; OAI-SearchBot/1.3; +https://openai.com/searchbot)" kaickaviella.meumercado.app 10.53.184.85
64.50.191.33 - - [07/Jun/2026:01:47:15 -0300] "GET /shop/customer/menu.aspx HTTP/1.1" 200 - "-" "Mozilla/5.0 (compatible; OAI-SearchBot/1.3; +https://openai.com/searchbot)" kaickaviella.meumercado.app 10.53.184.85
64.50.191.33 - - [07/Jun/2026:01:47:15 -0300] "GET /shop/cart/cart.aspx HTTP/1.1" 200 - "-" "Mozilla/5.0 (compatible; OAI-SearchBot/1.3; +https://openai.com/searchbot)" kaickaviella.meumercado.app 10.53.184.85
64.50.191.33 - - [07/Jun/2026:01:47:16 -0300] "GET /shop/ctenostomata/sorema01487265906.shtml HTTP/1.1" 406 226 "-" "CCBot/2.0 (https://commoncrawl.org/faq/)" kaickaviella.meumercado.app 10.53.184.85
64.50.191.33 - - [07/Jun/2026:01:47:15 -0300] "GET /shop/pg/1howto HTTP/1.1" 200 48973 "-" "Mozilla/5.0 (compatible; bingbot/2.0; +http://www.bing.com/bingbot.htm)" kaickaviella.meumercado.app 10.53.184.85
64.50.191.33 - - [07/Jun/2026:01:47:15 -0300] "GET /shop/pg/1AvailableInfo HTTP/1.1" 200 48998 "-" "Mozilla/5.0 (compatible; Google-CloudVertexBot; +https://cloud.google.com/vertex-ai-bot)" kaickaviella.meumercado.app 10.53.184.85
64.50.191.33 - - [07/Jun/2026:01:47:16 -0300] "GET /toyu/top/CKmSpSfTop.jsp HTTP/1.1" 200 - "-" "Mozilla/5.0 AppleWebKit/537.36 (KHTML, like Gecko; compatible; ChatGPT-User/1.0; +https://openai.com/bot)" kaickaviella.meumercado.app 10.53.184.85
64.50.191.33 - - [07/Jun/2026:01:47:16 -0300] "GET /reserve/tool HTTP/1.1" 200 - "-" "Mozilla/5.0 AppleWebKit/537.36 (KHTML, like Gecko; compatible; ChatGPT-User/1.0; +https://openai.com/bot)" kaickaviella.meumercado.app 10.53.184.85
64.50.191.33 - - [07/Jun/2026:01:47:16 -0300] "GET /shop/consciousness/trepanned013094673881.shtml HTTP/1.1" 200 - "-" "Mozilla/5.0 AppleWebKit/537.36 (KHTML, like Gecko; compatible; ChatGPT-User/1.0; +https://openai.com/bot)" kaickaviella.meumercado.app 10.53.184.85
64.50.191.33 - - [07/Jun/2026:01:47:16 -0300] "GET /shop/hydrothorax/limited01661577057.shtml HTTP/1.1" 200 - "-" "Mozilla/5.0 (compatible; DeepSeekBot/1.0; +https://www.deepseek.com/bot)" kaickaviella.meumercado.app 10.53.184.85
64.50.191.33 - - [07/Jun/2026:01:47:16 -0300] "GET /shop/sudoriparous/embryotomy014128322282.shtml HTTP/1.1" 200 - "-" "Mozilla/5.0 (compatible; xAI-SearchBot/1.0; +https://x.ai)" kaickaviella.meumercado.app 10.53.184.85
64.50.191.33 - - [07/Jun/2026:01:47:17 -0300] "GET /shop/territorialized/betitle01742222859.shtml HTTP/1.1" 200 - "-" "Mozilla/5.0 (compatible; xAI-SearchBot/1.0; +https://x.ai)" kaickaviella.meumercado.app 10.53.184.85
64.50.191.33 - - [07/Jun/2026:01:47:16 -0300] "GET /shop/gomarist/consectaneous011113112777.shtml HTTP/1.1" 200 55706 "-" "Mozilla/5.0 (compatible; Google-CloudVertexBot; +https://cloud.google.com/vertex-ai-bot)" kaickaviella.meumercado.app 10.53.184.85
64.50.191.33 - - [07/Jun/2026:01:47:16 -0300] "GET /shop/proteid/heliometry011260867443.shtml HTTP/1.1" 200 58490 "-" "Mozilla/5.0 (compatible; Googlebot/2.1; +http://www.google.com/bot.html)" kaickaviella.meumercado.app 10.53.184.85
64.50.191.33 - - [07/Jun/2026:01:47:17 -0300] "GET /shop/boogeyman/reabsorb012160298115.shtml HTTP/1.1" 200 - "-" "Mozilla/5.0 (compatible; ClaudeBot/1.0; +claudebot@anthropic.com)" kaickaviella.meumercado.app 10.53.184.85
45.227.253.15 - - [07/Jun/2026:04:20:42 -0300] "GET /index.php/jk HTTP/1.1" 409 83 "-" "Mozilla/5.0 (iPhone; CPU iPhone OS 13_6 like Mac OS X) AppleWebKit/605.1.15 (KHTML, like Gecko) Version/13.6 Mobile/15E148 Safari/604.1" kaickaviella.meumercado.app 10.53.184.85
45.227.253.15 - - [07/Jun/2026:08:17:37 -0300] "GET /index.php/jk HTTP/1.1" 409 83 "-" "Mozilla/5.0 (iPhone; CPU iPhone OS 13_4 like Mac OS X) AppleWebKit/605.1.15 (KHTML, like Gecko) Version/13.4.4 Mobile/15E148 Safari/604.1" kaickaviella.meumercado.app 10.53.184.85
45.227.253.15 - - [07/Jun/2026:10:52:42 -0300] "GET /index.php/jk HTTP/1.1" 409 83 "-" "Mozilla/5.0 (Windows NT 10.0; Win64; x64) AppleWebKit/537.36 (KHTML, like Gecko) Chrome/77.0.3760. Safari/537.36 Edg/77.0.141.7" kaickaviella.meumercado.app 10.53.184.85
40.87.20.23 - - [07/Jun/2026:12:05:05 -0300] "POST / HTTP/1.1" 200 - "https://www.kaickaviella.meumercado.app/" "Mozilla/5.0 (Macintosh; Intel Mac OS X 10_15_7) AppleWebKit/537.36 (KHTML, like Gecko) Chrome/145.0.0.0 Safari/537.36" www.kaickaviella.meumercado.app 10.53.184.85
74.7.175.148 - - [07/Jun/2026:17:05:25 -0300] "GET /robots.txt HTTP/2.0" 200 106 "-" "Mozilla/5.0 (Macintosh; Intel Mac OS X 10_15_7) AppleWebKit/537.36 (KHTML, like Gecko) Chrome/131.0.0.0 Safari/537.36; compatible; OAI-SearchBot/1.4; robots.txt; +https://openai.com/searchbot" kaickaviella.meumercado.app 10.53.184.85
74.7.242.32 - - [07/Jun/2026:17:05:25 -0300] "GET /sitemap.xml HTTP/2.0" 200 - "-" "Mozilla/5.0 AppleWebKit/537.36 (KHTML, like Gecko; compatible; GPTBot/1.4; +https://openai.com/gptbot)" kaickaviella.meumercado.app 10.53.184.85
74.7.242.32 - - [07/Jun/2026:17:08:05 -0300] "GET /?sitemap.xml HTTP/2.0" 200 - "-" "Mozilla/5.0 AppleWebKit/537.36 (KHTML, like Gecko; compatible; GPTBot/1.4; +https://openai.com/gptbot)" kaickaviella.meumercado.app 10.53.184.85
45.227.253.15 - - [07/Jun/2026:17:50:39 -0300] "GET /index.php/jk HTTP/1.1" 409 83 "-" "Mozilla/5.0 (Macintosh; Intel Mac OS X 10.11; rv:103.0) Gecko/20100101 Firefox/102.0" kaickaviella.meumercado.app 10.53.184.85
176.65.139.235 - - [07/Jun/2026:19:06:20 -0300] "GET /.env HTTP/1.1" 406 226 "-" "Mozilla/5.0 (Windows NT 10.0; Win64; x64) AppleWebKit/537.36 (KHTML, like Gecko) Chrome/147.0.0.0 Safari/537.36" www.kaickaviella.meumercado.app 10.53.184.85
176.65.139.238 - - [07/Jun/2026:20:31:17 -0300] "GET /.env HTTP/1.1" 406 226 "-" "Mozilla/5.0 (Windows NT 10.0; Win64; x64) AppleWebKit/537.36 (KHTML, like Gecko) Chrome/147.0.0.0 Safari/537.36" kaickaviella.meumercado.app 10.53.184.85
45.227.253.15 - - [07/Jun/2026:22:33:57 -0300] "GET /index.php/jk HTTP/1.1" 409 83 "-" "Mozilla/5.0 (Windows NT 6.1; WOW64; Trident/7.0; rv:11.0) like Gecko" kaickaviella.meumercado.app 10.53.184.85
45.227.253.15 - - [07/Jun/2026:23:47:23 -0300] "GET /index.php/jk HTTP/1.1" 409 83 "-" "Mozilla/5.0 (Windows NT 6.2; WOW64; rv:73.0) Gecko/20100101 Firefox/73.0" kaickaviella.meumercado.app 10.53.184.85
40.87.20.23 - - [08/Jun/2026:02:09:54 -0300] "POST / HTTP/1.1" 200 - "https://www.kaickaviella.meumercado.app/" "Mozilla/5.0 (Macintosh; Intel Mac OS X 10_15_7) AppleWebKit/537.36 (KHTML, like Gecko) Chrome/146.0.0.0 Safari/537.36" www.kaickaviella.meumercado.app 10.53.184.85
104.197.247.238 - - [08/Jun/2026:05:19:29 -0300] "GET /.git/config HTTP/1.1" 200 - "-" "Mozilla/5.0 (Linux; Android 9; ONEPLUS A6013) AppleWebKit/537.36 (KHTML, like Gecko) Chrome/76.0.3809.111 Mobile Safari/537.36" www.kaickaviella.meumercado.app 10.53.184.85
45.227.253.15 - - [08/Jun/2026:05:47:05 -0300] "GET /index.php/jk HTTP/1.1" 409 83 "-" "Mozilla/5.0 (Windows NT 10.0; Win64; x64) AppleWebKit/537.36 (KHTML, like Gecko) Chrome/75.0.3780 Safari/537.36 Edg/75.0.139" kaickaviella.meumercado.app 10.53.184.85
45.227.253.15 - - [08/Jun/2026:09:05:40 -0300] "GET /index.php/jk HTTP/1.1" 409 83 "-" "Mozilla/5.0 (Windows NT 6.3; WOW64; rv:74.0) Gecko/20100101 Firefox/74.0" kaickaviella.meumercado.app 10.53.184.85
176.65.139.236 - - [08/Jun/2026:10:51:54 -0300] "GET / HTTP/1.1" 200 - "-" "Mozilla/5.0 (Windows NT 10.0; Win64; x64) AppleWebKit/537.36 (KHTML, like Gecko) Chrome/147.0.0.0 Safari/537.36" www.kaickaviella.meumercado.app 10.53.184.85
34.32.247.234 - - [08/Jun/2026:12:02:18 -0300] "GET / HTTP/1.1" 406 226 "-" "Scrapy/2.16.0 (+https://scrapy.org)" kaickaviella.meumercado.app 10.53.184.85
176.65.139.232 - - [08/Jun/2026:12:27:33 -0300] "GET / HTTP/1.1" 200 - "-" "Mozilla/5.0 (Windows NT 10.0; Win64; x64) AppleWebKit/537.36 (KHTML, like Gecko) Chrome/147.0.0.0 Safari/537.36" kaickaviella.meumercado.app 10.53.184.85
45.227.253.15 - - [08/Jun/2026:14:39:21 -0300] "GET /index.php/jk HTTP/1.1" 409 83 "-" "Mozilla/5.0 (Windows NT 10.0; Win64; x64; rv:81.0) Gecko/20100101 Firefox/81.0" kaickaviella.meumercado.app 10.53.184.85
74.7.175.148 - - [08/Jun/2026:17:09:14 -0300] "GET /robots.txt HTTP/2.0" 200 106 "-" "Mozilla/5.0 (Macintosh; Intel Mac OS X 10_15_7) AppleWebKit/537.36 (KHTML, like Gecko) Chrome/131.0.0.0 Safari/537.36; compatible; OAI-SearchBot/1.4; robots.txt; +https://openai.com/searchbot" kaickaviella.meumercado.app 10.53.184.85
74.7.242.32 - - [08/Jun/2026:17:09:14 -0300] "GET /sitemap.xml HTTP/2.0" 200 - "-" "Mozilla/5.0 AppleWebKit/537.36 (KHTML, like Gecko; compatible; GPTBot/1.4; +https://openai.com/gptbot)" kaickaviella.meumercado.app 10.53.184.85
74.7.242.32 - - [08/Jun/2026:17:12:13 -0300] "GET /?sitemap.xml HTTP/2.0" 200 - "-" "Mozilla/5.0 AppleWebKit/537.36 (KHTML, like Gecko; compatible; GPTBot/1.4; +https://openai.com/gptbot)" kaickaviella.meumercado.app 10.53.184.85
146.148.85.182 - - [08/Jun/2026:18:04:56 -0300] "GET /.git/config HTTP/1.1" 200 - "-" "-" www.kaickaviella.meumercado.app 10.53.184.85
34.158.189.244 - - [08/Jun/2026:18:27:28 -0300] "GET /wp-json/gravitysmtp/v1/settings HTTP/1.1" 200 - "-" "Mozilla/4.0 (compatible; MSIE 6.0; j2me) ReqwirelessWeb/3.5" www.kaickaviella.meumercado.app 10.53.184.85
34.158.189.244 - - [08/Jun/2026:18:27:28 -0300] "GET /wp-json/gravitysmtp/v1/config HTTP/1.1" 200 - "-" "Mozilla/5.0 (Linux; Android 7.1.2; Redmi 5) AppleWebKit/537.36 (KHTML, like Gecko) Chrome/74.0.3729.157 Mobile Safari/537.36" www.kaickaviella.meumercado.app 10.53.184.85
34.158.189.244 - - [08/Jun/2026:18:27:28 -0300] "GET /wp-json/gravitysmtp/v1/tests/mock-data HTTP/1.1" 200 - "-" "Mozilla/5.0 (Linux; U; Android 2.2; en-us; SCH-I800 Build/FROYO) AppleWebKit/533.1 (KHTML, like Gecko) Version/4.0 Mobile Safari/533.1" www.kaickaviella.meumercado.app 10.53.184.85
34.158.189.244 - - [08/Jun/2026:18:27:28 -0300] "GET /wp-json/gravitysmtp/v1/tests/mock-data?page=gravitysmtp-settings HTTP/1.1" 200 - "-" "Mozilla/5.0 (Linux; Android 9; CLT-AL00 Build/HUAWEICLT-AL00; wv) AppleWebKit/537.36 (KHTML, like Gecko) Version/4.0 Chrome/66.0.3359.126 MQQBrowser/6.2 TBS/044807 Mobile Safari/537.36 MMWEBID/9069 MicroMessenger/7.0.6.1460(0x27000634) Process/tools NetType/WIFI Language/zh_CN" www.kaickaviella.meumercado.app 10.53.184.85
34.158.189.244 - - [08/Jun/2026:18:27:28 -0300] "GET /wp-json/wp/v2/settings HTTP/1.1" 200 - "-" "Mozilla/5.0 (Windows NT 6.1; WOW64) AppleWebKit/537.36 (KHTML, like Gecko) Chrome/63.0.3239.132 Safari/537.36" www.kaickaviella.meumercado.app 10.53.184.85
45.227.253.15 - - [08/Jun/2026:19:09:08 -0300] "GET /index.php/jk HTTP/1.1" 409 83 "-" "Mozilla/5.0 (Windows NT 10.0; Win64; x64) AppleWebKit/537.36 (KHTML, like Gecko) Chrome/75.0.3780 Safari/537.36 Edg/75.0.139" kaickaviella.meumercado.app 10.53.184.85
44.242.158.45 - - [08/Jun/2026:21:45:13 -0300] "GET /robots.txt HTTP/2.0" 200 106 "-" "Mozilla/5.0 (compatible; wpbot/1.4; +https://forms.gle/ajBaxygz9jSR8p8G9)" kaickaviella.meumercado.app 10.53.184.85
44.242.158.45 - - [08/Jun/2026:21:45:13 -0300] "GET / HTTP/2.0" 200 - "-" "Mozilla/5.0 (compatible; wpbot/1.4; +https://forms.gle/ajBaxygz9jSR8p8G9)" kaickaviella.meumercado.app 10.53.184.85
45.227.253.15 - - [08/Jun/2026:23:40:59 -0300] "GET /index.php/jk HTTP/1.1" 409 83 "-" "Mozilla/5.0 (Macintosh; Intel Mac OS X 10.15; rv:103.0) Gecko/20100101 Firefox/103.0" kaickaviella.meumercado.app 10.53.184.85
45.227.253.15 - - [09/Jun/2026:02:59:46 -0300] "GET /index.php/jk HTTP/1.1" 409 83 "-" "Mozilla/5.0 (Macintosh; Intel Mac OS X 10.15; rv:80.0) Gecko/20100101 Firefox/80.0" kaickaviella.meumercado.app 10.53.184.85
185.213.175.173 - - [09/Jun/2026:05:12:04 -0300] "GET /.git/config HTTP/1.1" 200 - "-" "Mozilla/5.0 (Macintosh; Intel Mac OS X 10_15_7) AppleWebKit/537.36" www.kaickaviella.meumercado.app 10.53.184.85
185.213.175.173 - - [09/Jun/2026:05:12:05 -0300] "GET /.git/HEAD HTTP/1.1" 200 - "-" "Mozilla/5.0 (Macintosh; Intel Mac OS X 10_15_7) AppleWebKit/537.36" www.kaickaviella.meumercado.app 10.53.184.85
185.213.175.173 - - [09/Jun/2026:05:12:05 -0300] "GET / HTTP/1.1" 200 - "-" "Mozilla/5.0 (Macintosh; Intel Mac OS X 10_15_7) AppleWebKit/537.36" www.kaickaviella.meumercado.app 10.53.184.85
66.187.7.97 - - [09/Jun/2026:05:33:12 -0300] "GET / HTTP/1.1" 200 - "-" "Mozilla/5.0 (Macintosh; Intel Mac OS X 10_15_7) AppleWebKit/537.36" kaickaviella.meumercado.app 10.53.184.85
66.187.7.97 - - [09/Jun/2026:05:33:13 -0300] "GET /.git/HEAD HTTP/1.1" 200 - "-" "Mozilla/5.0 (Macintosh; Intel Mac OS X 10_15_7) AppleWebKit/537.36" kaickaviella.meumercado.app 10.53.184.85
66.187.7.97 - - [09/Jun/2026:05:33:17 -0300] "GET /.git/config HTTP/1.1" 200 - "-" "Mozilla/5.0 (Macintosh; Intel Mac OS X 10_15_7) AppleWebKit/537.36" kaickaviella.meumercado.app 10.53.184.85
45.227.253.15 - - [09/Jun/2026:07:58:31 -0300] "GET /index.php/jk HTTP/1.1" 409 83 "-" "Mozilla/5.0 (Macintosh; Intel Mac OS X 10.14; rv:103.0) Gecko/20100101 Firefox/103.0" kaickaviella.meumercado.app 10.53.184.85
34.151.70.229 - - [09/Jun/2026:11:59:59 -0300] "GET /.git/config HTTP/1.1" 200 - "-" "Mozilla/5.0 (Linux; Android 9; SM-N960F) AppleWebKit/537.36 (KHTML, like Gecko) Chrome/76.0.3809.111 Mobile Safari/537.36" www.kaickaviella.meumercado.app 10.53.184.85
176.65.139.232 - - [09/Jun/2026:12:36:35 -0300] "GET /.env HTTP/1.1" 406 226 "-" "Mozilla/5.0 (Windows NT 10.0; Win64; x64) AppleWebKit/537.36 (KHTML, like Gecko) Chrome/147.0.0.0 Safari/537.36" kaickaviella.meumercado.app 10.53.184.85
45.227.253.15 - - [09/Jun/2026:13:03:46 -0300] "GET /index.php/jk HTTP/1.1" 409 83 "-" "Mozilla/5.0 (Linux; Android 10; Z832 Build/MMB29M) AppleWebKit/537.36 (KHTML, like Gecko) Chrome/85.0.4183.83 Mobile Safari/537.36" kaickaviella.meumercado.app 10.53.184.85
45.227.253.15 - - [09/Jun/2026:16:58:19 -0300] "GET /index.php/jk HTTP/1.1" 409 83 "-" "Mozilla/5.0 (Macintosh; Intel Mac OS X 10.11; rv:103.0) Gecko/20100101 Firefox/103.0" kaickaviella.meumercado.app 10.53.184.85
74.7.175.148 - - [09/Jun/2026:17:10:11 -0300] "GET /robots.txt HTTP/2.0" 200 106 "-" "Mozilla/5.0 (Macintosh; Intel Mac OS X 10_15_7) AppleWebKit/537.36 (KHTML, like Gecko) Chrome/131.0.0.0 Safari/537.36; compatible; OAI-SearchBot/1.4; robots.txt; +https://openai.com/searchbot" kaickaviella.meumercado.app 10.53.184.85
74.7.242.32 - - [09/Jun/2026:17:10:11 -0300] "GET /sitemap.xml HTTP/2.0" 200 - "-" "Mozilla/5.0 AppleWebKit/537.36 (KHTML, like Gecko; compatible; GPTBot/1.4; +https://openai.com/gptbot)" kaickaviella.meumercado.app 10.53.184.85
74.7.242.32 - - [09/Jun/2026:17:14:22 -0300] "GET /?sitemap.xml HTTP/2.0" 200 - "-" "Mozilla/5.0 AppleWebKit/537.36 (KHTML, like Gecko; compatible; GPTBot/1.4; +https://openai.com/gptbot)" kaickaviella.meumercado.app 10.53.184.85
45.227.253.15 - - [09/Jun/2026:19:56:59 -0300] "GET /index.php/jk HTTP/1.1" 409 83 "-" "Mozilla/5.0 (Windows NT 6.2; WOW64) AppleWebKit/535.24 (KHTML, like Gecko) Chrome/82.0.1055.1 Safari/535.24" kaickaviella.meumercado.app 10.53.184.85
199.45.155.89 - - [09/Jun/2026:21:40:10 -0300] "GET / HTTP/1.1" 200 - "-" "Mozilla/5.0 (compatible; CensysInspect/1.1; +https://about.censys.io/)" www.kaickaviella.meumercado.app 10.53.184.85
199.45.155.89 - - [09/Jun/2026:21:40:14 -0300] "GET /favicon.ico HTTP/1.1" 200 - "-" "Mozilla/5.0 (compatible; CensysInspect/1.1; +https://about.censys.io/)" www.kaickaviella.meumercado.app 10.53.184.85
143.244.179.124 - - [09/Jun/2026:23:17:51 -0300] "GET / HTTP/1.1" 200 - "-" "Mozilla/5.0 (X11; Linux x86_64) AppleWebKit/537.36 (KHTML, like Gecko) Chrome/142.0.0.0 Safari/537.36" kaickaviella.meumercado.app 10.53.184.85
143.244.179.124 - - [09/Jun/2026:23:17:56 -0300] "GET /favicon.ico HTTP/1.1" 200 - "https://kaickaviella.meumercado.app/" "Mozilla/5.0 (X11; Linux x86_64) AppleWebKit/537.36 (KHTML, like Gecko) Chrome/142.0.0.0 Safari/537.36" kaickaviella.meumercado.app 10.53.184.85
45.227.253.15 - - [10/Jun/2026:00:55:14 -0300] "GET /index.php/jk HTTP/1.1" 409 83 "-" "Mozilla/5.0 (Windows NT 6.1; WOW64; rv:71.0) Gecko/20100101 Firefox/71.0" kaickaviella.meumercado.app 10.53.184.85
45.227.253.15 - - [10/Jun/2026:07:01:59 -0300] "GET /index.php/jk HTTP/1.1" 409 83 "-" "Mozilla/5.0 (Macintosh; Intel Mac OS X 10.13; rv:103.0) Gecko/20100101 Firefox/102.0" kaickaviella.meumercado.app 10.53.184.85
104.168.115.241 - - [10/Jun/2026:07:19:36 -0300] "GET /.git/HEAD HTTP/1.1" 200 - "-" "Mozilla/5.0 (Macintosh; Intel Mac OS X 10_15_7) AppleWebKit/537.36" kaickaviella.meumercado.app 10.53.184.85
104.168.115.241 - - [10/Jun/2026:07:19:36 -0300] "GET / HTTP/1.1" 200 - "-" "Mozilla/5.0 (Macintosh; Intel Mac OS X 10_15_7) AppleWebKit/537.36" kaickaviella.meumercado.app 10.53.184.85
104.168.115.241 - - [10/Jun/2026:07:19:36 -0300] "GET /.git/config HTTP/1.1" 200 - "-" "Mozilla/5.0 (Macintosh; Intel Mac OS X 10_15_7) AppleWebKit/537.36" kaickaviella.meumercado.app 10.53.184.85
45.227.253.15 - - [10/Jun/2026:11:32:06 -0300] "GET /index.php/jk HTTP/1.1" 409 83 "-" "Mozilla/5.0 (iPhone; CPU iPhone OS 13_6 like Mac OS X) AppleWebKit/605.1.15 (KHTML, like Gecko) Version/13.6 Mobile/15E148 Safari/604.1" kaickaviella.meumercado.app 10.53.184.85
45.227.253.15 - - [10/Jun/2026:13:27:34 -0300] "GET /index.php/jk HTTP/1.1" 409 83 "-" "Mozilla/5.0 (iPad; U; CPU OS 4_3_3 like Mac OS X; ja) AppleWebKit/533.17.9 (KHTML, like Gecko) Version/5.0.2 Mobile/8J2 Safari/6533.18.5" kaickaviella.meumercado.app 10.53.184.85
74.7.175.148 - - [10/Jun/2026:17:14:40 -0300] "GET /robots.txt HTTP/2.0" 200 106 "-" "Mozilla/5.0 (Macintosh; Intel Mac OS X 10_15_7) AppleWebKit/537.36 (KHTML, like Gecko) Chrome/131.0.0.0 Safari/537.36; compatible; OAI-SearchBot/1.4; robots.txt; +https://openai.com/searchbot" kaickaviella.meumercado.app 10.53.184.85
74.7.242.32 - - [10/Jun/2026:17:14:40 -0300] "GET /sitemap.xml HTTP/2.0" 200 - "-" "Mozilla/5.0 AppleWebKit/537.36 (KHTML, like Gecko; compatible; GPTBot/1.4; +https://openai.com/gptbot)" kaickaviella.meumercado.app 10.53.184.85
74.7.242.32 - - [10/Jun/2026:17:15:20 -0300] "GET /?sitemap.xml HTTP/2.0" 200 - "-" "Mozilla/5.0 AppleWebKit/537.36 (KHTML, like Gecko; compatible; GPTBot/1.4; +https://openai.com/gptbot)" kaickaviella.meumercado.app 10.53.184.85
87.236.176.45 - - [10/Jun/2026:18:45:10 -0300] "GET / HTTP/1.1" 200 - "-" "Mozilla/5.0 (compatible; InternetMeasurement/1.0; +https://internet-measurement.com/)" www.kaickaviella.meumercado.app 10.53.184.85
100.23.210.243 - - [10/Jun/2026:19:00:14 -0300] "GET /robots.txt HTTP/2.0" 200 106 "-" "Mozilla/5.0 (compatible; wpbot/1.4; +https://forms.gle/ajBaxygz9jSR8p8G9)" www.kaickaviella.meumercado.app 10.53.184.85
100.23.210.243 - - [10/Jun/2026:19:00:14 -0300] "GET / HTTP/2.0" 200 - "-" "Mozilla/5.0 (compatible; wpbot/1.4; +https://forms.gle/ajBaxygz9jSR8p8G9)" www.kaickaviella.meumercado.app 10.53.184.85
